[INFO] fetching crate sidestr-agent 0.6.0...
[INFO] testing sidestr-agent-0.6.0 against 1.100.0-beta.1 for beta-1.100-2
[INFO] extracting crate sidestr-agent 0.6.0 into /workspace/builds/worker-2-tc2/source
[INFO] started tweaking crates.io crate sidestr-agent 0.6.0
[INFO] removed 0 missing tests
[INFO] finished tweaking crates.io crate sidestr-agent 0.6.0
[INFO] tweaked toml for crates.io crate sidestr-agent 0.6.0 written to /workspace/builds/worker-2-tc2/source/Cargo.toml
[INFO] validating manifest of crates.io crate sidestr-agent 0.6.0 on toolchain 1.100.0-beta.1
[INFO] running `Command { std: CARGO_HOME="/workspace/cargo-home" RUSTUP_HOME="/workspace/rustup-home" "/workspace/cargo-home/bin/cargo" "+1.100.0-beta.1" "metadata" "--manifest-path" "Cargo.toml" "--no-deps", kill_on_drop: false }`
[INFO] crate crates.io crate sidestr-agent 0.6.0 already has a lockfile, it will not be regenerated
[INFO] running `Command { std: CARGO_HOME="/workspace/cargo-home" RUSTUP_HOME="/workspace/rustup-home" "/workspace/cargo-home/bin/cargo" "+1.100.0-beta.1" "fetch" "--manifest-path" "Cargo.toml", kill_on_drop: false }`
[INFO] [stderr] warning: `package.homepage` is redundant with `package.repository`
[INFO] [stderr]    --> Cargo.toml:98:12
[INFO] [stderr]     |
[INFO] [stderr]  98 | homepage = "https://github.com/DreamLab-AI/sidestr-rs"
[INFO] [stderr]     |            ^^^^^^^^^^^^^^^^^^^^^^^^^^^^^^^^^^^^^^^^^^^
[INFO] [stderr] ...
[INFO] [stderr] 105 | repository = "https://github.com/DreamLab-AI/sidestr-rs"
[INFO] [stderr]     |              -------------------------------------------
[INFO] [stderr]     |
[INFO] [stderr]     = note: `cargo::redundant_homepage` is set to `warn` by default
[INFO] [stderr] help: consider removing `package.homepage`
[INFO] [stderr] warning: `sidestr-agent` (manifest) generated 1 warning
[INFO] running `Command { std: "docker" "create" "-v" "/var/lib/crater-agent-workspace/builds/worker-2-tc2/source:/opt/rustwide/workdir:ro,Z" "-v" "/var/lib/crater-agent-workspace/builds/worker-2-tc2/target:/opt/rustwide/target:rw,Z" "-v" "/var/lib/crater-agent-workspace/cargo-home:/opt/rustwide/cargo-home:ro,Z" "-v" "/var/lib/crater-agent-workspace/rustup-home:/opt/rustwide/rustup-home:ro,Z" "-m" "1610612736" "--network" "none" "ghcr.io/rust-lang/crates-build-env/linux@sha256:3111399a4047eeb3a02b7a90e478d715f38a8c6669b5c4b49d30a17385265909" "sleep" "infinity", kill_on_drop: false }`
[INFO] [stdout] dd45307660f7fb083d9447ad290d6bf1c2b383a8dcd5bf5c1b7da94c0623b632
[INFO] running `Command { std: "docker" "start" "dd45307660f7fb083d9447ad290d6bf1c2b383a8dcd5bf5c1b7da94c0623b632", kill_on_drop: false }`
[INFO] running `Command { std: "docker" "inspect" "dd45307660f7fb083d9447ad290d6bf1c2b383a8dcd5bf5c1b7da94c0623b632", kill_on_drop: false }`
[INFO] running `Command { std: "docker" "exec" "-e" "SOURCE_DIR=/opt/rustwide/workdir" "-e" "CARGO_HOME=/opt/rustwide/cargo-home" "-e" "RUSTUP_HOME=/opt/rustwide/rustup-home" "-e" "CARGO_TARGET_DIR=/opt/rustwide/target" "-w" "/opt/rustwide/workdir" "--user" "0:0" "dd45307660f7fb083d9447ad290d6bf1c2b383a8dcd5bf5c1b7da94c0623b632" "/opt/rustwide/cargo-home/bin/cargo" "+1.100.0-beta.1" "metadata" "--no-deps" "--format-version=1", kill_on_drop: false }`
[INFO] running `Command { std: "docker" "inspect" "dd45307660f7fb083d9447ad290d6bf1c2b383a8dcd5bf5c1b7da94c0623b632", kill_on_drop: false }`
[INFO] running `Command { std: "docker" "exec" "-e" "SOURCE_DIR=/opt/rustwide/workdir" "-e" "CARGO_HOME=/opt/rustwide/cargo-home" "-e" "RUSTUP_HOME=/opt/rustwide/rustup-home" "-e" "CARGO_TARGET_DIR=/opt/rustwide/target" "-e" "CARGO_INCREMENTAL=0" "-e" "RUST_BACKTRACE=full" "-e" "RUSTFLAGS=--cap-lints=warn" "-e" "RUSTDOCFLAGS=--cap-lints=warn" "-w" "/opt/rustwide/workdir" "--user" "0:0" "dd45307660f7fb083d9447ad290d6bf1c2b383a8dcd5bf5c1b7da94c0623b632" "/opt/rustwide/cargo-home/bin/cargo" "+1.100.0-beta.1" "build" "--frozen" "--message-format=json", kill_on_drop: false }`
[INFO] [stderr] warning: `package.homepage` is redundant with `package.repository`
[INFO] [stderr]    --> Cargo.toml:98:12
[INFO] [stderr]     |
[INFO] [stderr]  98 | homepage = "https://github.com/DreamLab-AI/sidestr-rs"
[INFO] [stderr]     |            ^^^^^^^^^^^^^^^^^^^^^^^^^^^^^^^^^^^^^^^^^^^
[INFO] [stderr] ...
[INFO] [stderr] 105 | repository = "https://github.com/DreamLab-AI/sidestr-rs"
[INFO] [stderr]     |              -------------------------------------------
[INFO] [stderr]     |
[INFO] [stderr]     = note: `cargo::redundant_homepage` is set to `warn` by default
[INFO] [stderr] help: consider removing `package.homepage`
[INFO] [stderr] warning: `sidestr-agent` (manifest) generated 1 warning
[INFO] [stderr]    Compiling find-msvc-tools v0.1.13
[INFO] [stderr]    Compiling bitcoin-io v0.1.101
[INFO] [stderr]    Compiling thiserror v2.0.20
[INFO] [stderr]    Compiling generic-array v0.14.7
[INFO] [stderr]    Compiling serde_derive v1.0.229
[INFO] [stderr]    Compiling hex-conservative v0.2.3
[INFO] [stderr]    Compiling hex_lit v0.1.1
[INFO] [stderr]    Compiling thiserror-impl v2.0.20
[INFO] [stderr]    Compiling bitcoin v0.32.102
[INFO] [stderr]    Compiling base64 v0.21.7
[INFO] [stderr]    Compiling rustls v0.23.45
[INFO] [stderr]    Compiling serde_json v1.0.151
[INFO] [stderr]    Compiling getrandom v0.2.17
[INFO] [stderr]    Compiling bech32 v0.11.1
[INFO] [stderr]    Compiling zerocopy v0.8.57
[INFO] [stderr]    Compiling hashbrown v0.17.1
[INFO] [stderr]    Compiling getrandom v0.3.4
[INFO] [stderr]    Compiling hex v0.4.3
[INFO] [stderr]    Compiling webpki-roots v1.0.9
[INFO] [stderr]    Compiling cc v1.4.7
[INFO] [stderr]    Compiling mio v1.2.3
[INFO] [stderr]    Compiling tokio-macros v2.7.2
[INFO] [stderr]    Compiling utf-8 v0.7.6
[INFO] [stderr]    Compiling data-encoding v2.11.1
[INFO] [stderr]    Compiling base64 v0.23.1
[INFO] [stderr]    Compiling futures-sink v0.3.34
[INFO] [stderr]    Compiling rustix v1.1.5
[INFO] [stderr]    Compiling futures-util v0.3.34
[INFO] [stderr]    Compiling rand_core v0.9.5
[INFO] [stderr]    Compiling webpki-roots v0.26.11
[INFO] [stderr]    Compiling utf8-zero v0.8.1
[INFO] [stderr]    Compiling clap_derive v4.6.7
[INFO] [stderr]    Compiling tokio v1.53.1
[INFO] [stderr]    Compiling ureq-proto v0.6.4
[INFO] [stderr]    Compiling indexmap v2.14.2
[INFO] [stderr]    Compiling block-buffer v0.10.4
[INFO] [stderr]    Compiling crypto-common v0.1.7
[INFO] [stderr]    Compiling digest v0.10.7
[INFO] [stderr]    Compiling sha2 v0.10.9
[INFO] [stderr]    Compiling sha1 v0.10.7
[INFO] [stderr]    Compiling blake2 v0.10.6
[INFO] [stderr]    Compiling hmac v0.12.1
[INFO] [stderr]    Compiling secp256k1-sys v0.10.1
[INFO] [stderr]    Compiling ring v0.17.14
[INFO] [stderr]    Compiling clap v4.6.7
[INFO] [stderr]    Compiling serde v1.0.229
[INFO] [stderr]    Compiling bitcoin_hashes v0.14.101
[INFO] [stderr]    Compiling bitcoin-units v0.1.101
[INFO] [stderr]    Compiling base58ck v0.1.101
[INFO] [stderr]    Compiling ppv-lite86 v0.2.21
[INFO] [stderr]    Compiling rand_chacha v0.9.0
[INFO] [stderr]    Compiling rand v0.9.5
[INFO] [stderr]    Compiling secp256k1 v0.29.1
[INFO] [stderr]    Compiling rustls-webpki v0.103.15
[INFO] [stderr]    Compiling tokio-rustls v0.26.5
[INFO] [stderr]    Compiling tungstenite v0.26.2
[INFO] [stderr]    Compiling ureq v3.4.2
[INFO] [stderr]    Compiling tokio-tungstenite v0.26.2
[INFO] [stderr]    Compiling sidestr-core v0.4.2
[INFO] [stderr]    Compiling miniscript v12.3.7
[INFO] [stderr]    Compiling sidestr-header v0.3.1
[INFO] [stderr]    Compiling sidestr-nostr v0.6.0
[INFO] [stderr]    Compiling sidestr-hitch v0.2.1
[INFO] [stderr]    Compiling sidestr-wallet v0.5.3
[INFO] [stderr]    Compiling sidestr-round v0.5.0
[INFO] [stderr]    Compiling sidestr-agent v0.6.0 (/opt/rustwide/workdir)
[INFO] [stderr]     Finished `dev` profile [unoptimized + debuginfo] target(s) in 1m 12s
[INFO] running `Command { std: "docker" "inspect" "dd45307660f7fb083d9447ad290d6bf1c2b383a8dcd5bf5c1b7da94c0623b632", kill_on_drop: false }`
[INFO] running `Command { std: "docker" "exec" "-e" "SOURCE_DIR=/opt/rustwide/workdir" "-e" "CARGO_HOME=/opt/rustwide/cargo-home" "-e" "RUSTUP_HOME=/opt/rustwide/rustup-home" "-e" "CARGO_TARGET_DIR=/opt/rustwide/target" "-e" "CARGO_INCREMENTAL=0" "-e" "RUST_BACKTRACE=full" "-e" "RUSTFLAGS=--cap-lints=warn" "-e" "RUSTDOCFLAGS=--cap-lints=warn" "-w" "/opt/rustwide/workdir" "--user" "0:0" "dd45307660f7fb083d9447ad290d6bf1c2b383a8dcd5bf5c1b7da94c0623b632" "/opt/rustwide/cargo-home/bin/cargo" "+1.100.0-beta.1" "test" "--frozen" "--no-run" "--message-format=json", kill_on_drop: false }`
[INFO] [stderr] warning: `package.homepage` is redundant with `package.repository`
[INFO] [stderr]    --> Cargo.toml:98:12
[INFO] [stderr]     |
[INFO] [stderr]  98 | homepage = "https://github.com/DreamLab-AI/sidestr-rs"
[INFO] [stderr]     |            ^^^^^^^^^^^^^^^^^^^^^^^^^^^^^^^^^^^^^^^^^^^
[INFO] [stderr] ...
[INFO] [stderr] 105 | repository = "https://github.com/DreamLab-AI/sidestr-rs"
[INFO] [stderr]     |              -------------------------------------------
[INFO] [stderr]     |
[INFO] [stderr]     = note: `cargo::redundant_homepage` is set to `warn` by default
[INFO] [stderr] help: consider removing `package.homepage`
[INFO] [stderr] warning: `sidestr-agent` (manifest) generated 1 warning
[INFO] [stderr]    Compiling sidestr-agent v0.6.0 (/opt/rustwide/workdir)
[INFO] [stderr]     Finished `test` profile [unoptimized + debuginfo] target(s) in 16.71s
[INFO] running `Command { std: "docker" "inspect" "dd45307660f7fb083d9447ad290d6bf1c2b383a8dcd5bf5c1b7da94c0623b632", kill_on_drop: false }`
[INFO] running `Command { std: "docker" "exec" "-e" "SOURCE_DIR=/opt/rustwide/workdir" "-e" "CARGO_HOME=/opt/rustwide/cargo-home" "-e" "RUSTUP_HOME=/opt/rustwide/rustup-home" "-e" "CARGO_TARGET_DIR=/opt/rustwide/target" "-e" "CARGO_INCREMENTAL=0" "-e" "RUST_BACKTRACE=full" "-e" "RUSTFLAGS=--cap-lints=warn" "-e" "RUSTDOCFLAGS=--cap-lints=warn" "-w" "/opt/rustwide/workdir" "--user" "0:0" "dd45307660f7fb083d9447ad290d6bf1c2b383a8dcd5bf5c1b7da94c0623b632" "/opt/rustwide/cargo-home/bin/cargo" "+1.100.0-beta.1" "test" "--frozen", kill_on_drop: false }`
[INFO] [stderr] warning: `package.homepage` is redundant with `package.repository`
[INFO] [stderr]    --> Cargo.toml:98:12
[INFO] [stderr]     |
[INFO] [stderr]  98 | homepage = "https://github.com/DreamLab-AI/sidestr-rs"
[INFO] [stderr]     |            ^^^^^^^^^^^^^^^^^^^^^^^^^^^^^^^^^^^^^^^^^^^
[INFO] [stderr] ...
[INFO] [stderr] 105 | repository = "https://github.com/DreamLab-AI/sidestr-rs"
[INFO] [stderr]     |              -------------------------------------------
[INFO] [stderr]     |
[INFO] [stderr]     = note: `cargo::redundant_homepage` is set to `warn` by default
[INFO] [stderr] help: consider removing `package.homepage`
[INFO] [stderr] warning: `sidestr-agent` (manifest) generated 1 warning
[INFO] [stderr]     Finished `test` profile [unoptimized + debuginfo] target(s) in 0.24s
[INFO] [stderr]      Running unittests src/lib.rs (/opt/rustwide/target/debug/build/sidestr-agent/6b1ba2f7670a77e2/out/sidestr_agent-6b1ba2f7670a77e2)
[INFO] [stdout] 
[INFO] [stdout] running 15 tests
[INFO] [stdout] test hitch::host::tests::a_command_travels_as_json ... ok
[INFO] [stdout] test hitch::host::tests::nothing_is_sent_before_its_locks ... ok
[INFO] [stdout] test chain::tests::a_level_2_document_is_signed_by_one_of_its_signers ... ok
[INFO] [stdout] test hitch::binding::tests::a_binding_for_another_chain_or_genesis_is_refused ... ok
[INFO] [stdout] test hitch::follow::tests::the_live_dreamlab_txbt4_genesis_is_followed ... ok
[INFO] [stdout] test hitch::binding::tests::a_minted_spend_key_is_the_entropy_given ... ok
[INFO] [stdout] test chain::tests::only_the_chain_s_signer_signs_its_document ... ok
[INFO] [stdout] test hitch::store::tests::a_leaky_file_or_a_path_outside_is_refused ... ok
[INFO] [stdout] test hitch::store::tests::a_spend_key_is_written_once_and_never_replaced ... ok
[INFO] [stdout] test chain::tests::the_file_is_written_as_siding_writes_it ... ok
[INFO] [stdout] test hitch::envelope::tests::a_tampered_or_mislabelled_message_is_refused ... ok
[INFO] [stdout] test hitch::store::tests::files_are_owner_only_and_replaced_whole ... ok
[INFO] [stdout] test hitch::binding::tests::the_newest_valid_binding_wins ... ok
[INFO] [stdout] test hitch::follow::tests::a_forged_or_unlinked_block_is_refused_and_nothing_changes ... ok
[INFO] [stdout] test hitch::follow::tests::a_reorganisation_is_found_measured_and_undone ... ok
[INFO] [stdout] 
[INFO] [stdout] test result: ok. 15 passed; 0 failed; 0 ignored; 0 measured; 0 filtered out; finished in 0.55s
[INFO] [stdout] 
[INFO] [stderr]      Running unittests src/main.rs (/opt/rustwide/target/debug/build/sidestr-agent/f6e112572070d7eb/out/sidestr_agent-f6e112572070d7eb)
[INFO] [stdout] 
[INFO] [stderr]      Running tests/announced_peg.rs (/opt/rustwide/target/debug/build/sidestr-agent/351de9d2730fc354/out/announced_peg-351de9d2730fc354)
[INFO] [stdout] running 0 tests
[INFO] [stdout] 
[INFO] [stdout] test result: ok. 0 passed; 0 failed; 0 ignored; 0 measured; 0 filtered out; finished in 0.00s
[INFO] [stdout] 
[INFO] [stdout] 
[INFO] [stdout] running 1 test
[INFO] [stderr]      Running tests/audit_regressions_0_0_3.rs (/opt/rustwide/target/debug/build/sidestr-agent/fc28279029dd4737/out/audit_regressions_0_0_3-fc28279029dd4737)
[INFO] [stdout] test the_newest_announcement_by_the_chain_s_signer_names_the_peg ... ok
[INFO] [stdout] 
[INFO] [stdout] test result: ok. 1 passed; 0 failed; 0 ignored; 0 measured; 0 filtered out; finished in 0.18s
[INFO] [stdout] 
[INFO] [stdout] 
[INFO] [stdout] running 2 tests
[INFO] [stdout] test nip19_is_bech32_not_bech32m ... ok
[INFO] [stderr]      Running tests/audit_regressions_0_2_0.rs (/opt/rustwide/target/debug/build/sidestr-agent/86cc155a83be47a2/out/audit_regressions_0_2_0-86cc155a83be47a2)
[INFO] [stdout] test a_secret_is_never_a_destination_and_never_echoed ... ok
[INFO] [stdout] 
[INFO] [stdout] test result: ok. 2 passed; 0 failed; 0 ignored; 0 measured; 0 filtered out; finished in 0.09s
[INFO] [stdout] 
[INFO] [stdout] 
[INFO] [stdout] running 6 tests
[INFO] [stdout] test item5_live_fixture_derivation_and_input_sensitivity ... ok
[INFO] [stdout] test item3_opt_in_varied_timelocks_checksum_and_cli_conflict ... ok
[INFO] [stdout] test item2_federated_cli_default_is_challenge_independent_of_refund ... ok
[INFO] [stdout] test secret_refusal_covers_every_parser_form ... ok
[INFO] [stdout] test item4_secret_refusal_precedes_other_errors_and_never_echoes ... ok
[INFO] [stdout] test item1_level1_without_signer_requires_and_preserves_explicit_address ... ok
[INFO] [stderr]      Running tests/chain_event.rs (/opt/rustwide/target/debug/build/sidestr-agent/c9ed623dd89ab1a5/out/chain_event-c9ed623dd89ab1a5)
[INFO] [stdout] 
[INFO] [stdout] test result: ok. 6 passed; 0 failed; 0 ignored; 0 measured; 0 filtered out; finished in 6.15s
[INFO] [stdout] 
[INFO] [stdout] 
[INFO] [stdout] running 4 tests
[INFO] [stdout] test chain_event_refuses_a_key_that_is_not_the_chain_s_signer ... ok
[INFO] [stdout] test chain_event_writes_the_event_beside_the_document ... ok
[INFO] [stdout] test a_chain_made_before_0_0_5_resolves_by_its_mirror ... ok
[INFO] [stdout] test a_chain_is_found_by_its_alias_or_its_hash ... ok
[INFO] [stdout] 
[INFO] [stdout] test result: ok. 4 passed; 0 failed; 0 ignored; 0 measured; 0 filtered out; finished in 0.52s
[INFO] [stdout] 
[INFO] [stderr]      Running tests/evm_deposit.rs (/opt/rustwide/target/debug/build/sidestr-agent/289dbc986de4f53d/out/evm_deposit-289dbc986de4f53d)
[INFO] [stdout] 
[INFO] [stdout] running 2 tests
[INFO] [stdout] test the_library_keeps_the_deposit_off_an_asset ... ok
[INFO] [stderr]      Running tests/hitch_binding_kat.rs (/opt/rustwide/target/debug/build/sidestr-agent/9cbd3ea6ff5ff13c/out/hitch_binding_kat-9cbd3ea6ff5ff13c)
[INFO] [stdout] test send_evm_dry_run ... ok
[INFO] [stdout] 
[INFO] [stdout] test result: ok. 2 passed; 0 failed; 0 ignored; 0 measured; 0 filtered out; finished in 0.46s
[INFO] [stdout] 
[INFO] [stdout] 
[INFO] [stdout] running 4 tests
[INFO] [stdout] test the_identity_is_never_bound_as_its_own_spend_key ... ok
[INFO] [stdout] test an_agentbox_minted_binding_verifies ... ok
[INFO] [stdout] test the_binding_matches_the_independent_vector_byte_for_byte ... ok
[INFO] [stdout] test the_host_refuses_to_spend_with_k_id ... ok
[INFO] [stderr]      Running tests/hitch_loopback.rs (/opt/rustwide/target/debug/build/sidestr-agent/4f6c8c68329dac21/out/hitch_loopback-4f6c8c68329dac21)
[INFO] [stdout] 
[INFO] [stdout] test result: ok. 4 passed; 0 failed; 0 ignored; 0 measured; 0 filtered out; finished in 0.21s
[INFO] [stdout] 
[INFO] [stdout] 
[INFO] [stdout] running 8 tests
[INFO] [stdout] test a_reorganisation_during_a_cooperative_close_is_survived ... ok
[INFO] [stdout] test a_force_closes_and_sweeps_after_the_delay ... ok
[INFO] [stdout] test a_revoked_commitment_is_punished_within_the_csv_window ... ok
[INFO] [stdout] test a_refused_broadcast_is_resent_with_a_fresh_witness_and_never_early ... ok
[INFO] [stdout] test open_pay_and_close_cooperatively_beside_txbt4 ... ok
[INFO] [stdout] test an_unanswered_htlc_is_refunded_on_the_chain_after_its_expiry ... ok
[INFO] [stderr]      Running tests/offline.rs (/opt/rustwide/target/debug/build/sidestr-agent/a1532405f17a2d2f/out/offline-a1532405f17a2d2f)
[INFO] [stdout] test b_force_closes_and_sweeps_after_the_delay ... ok
[INFO] [stdout] test open_pay_and_close_cooperatively ... ok
[INFO] [stdout] 
[INFO] [stdout] test result: ok. 8 passed; 0 failed; 0 ignored; 0 measured; 0 filtered out; finished in 0.00s
[INFO] [stdout] 
[INFO] [stdout] 
[INFO] [stdout] running 4 tests
[INFO] [stdout] test keys_and_names ... ok
[INFO] [stdout] test the_pegin_plan ... ok
[INFO] [stdout] test two_agents_trade_and_one_pegs_out ... ok
[INFO] [stdout] test the_binary_offline ... ok
[INFO] [stdout] 
[INFO] [stdout] test result: ok. 4 passed; 0 failed; 0 ignored; 0 measured; 0 filtered out; finished in 6.22s
[INFO] [stdout] 
[INFO] [stderr]      Running tests/pegin_tweak.rs (/opt/rustwide/target/debug/build/sidestr-agent/5f971eac9f6c70d1/out/pegin_tweak-5f971eac9f6c70d1)
[INFO] [stdout] 
[INFO] [stdout] running 3 tests
[INFO] [stdout] test the_marker_plan_is_unchanged ... ok
[INFO] [stdout] test the_tweak_form_is_opt_in_and_needs_a_chain_hash ... ok
[INFO] [stdout] test the_tweak_plan_pays_what_the_reveal_rebuilds ... ok
[INFO] [stdout] 
[INFO] [stdout] test result: ok. 3 passed; 0 failed; 0 ignored; 0 measured; 0 filtered out; finished in 0.08s
[INFO] [stdout] 
[INFO] [stderr]    Doc-tests sidestr_agent
[INFO] [stdout] 
[INFO] [stdout] running 15 tests
[INFO] [stdout] test src/hitch/follow.rs - hitch::follow (line 28) ... ok
[INFO] [stdout] test src/lib.rs - parent_refusal_hint (line 912) ... ok
[INFO] [stdout] test src/lib.rs - AgentKey::parse (line 209) ... FAILED
[INFO] [stdout] test src/lib.rs - read_assets (line 485) ... FAILED
[INFO] [stdout] test src/chain.rs - chain (line 16) has been running for over 60 seconds
[INFO] [stdout] test src/hitch/binding.rs - hitch::binding (line 22) has been running for over 60 seconds
[INFO] [stdout] test src/hitch/envelope.rs - hitch::envelope (line 11) has been running for over 60 seconds
[INFO] [stdout] test src/hitch/store.rs - hitch::store (line 32) has been running for over 60 seconds
[INFO] [stdout] test src/lib.rs - (line 44) has been running for over 60 seconds
[INFO] [stdout] test src/lib.rs - announced_peg_address (line 841) has been running for over 60 seconds
[INFO] [stdout] test src/lib.rs - destination (line 337) has been running for over 60 seconds
[INFO] [stdout] test src/lib.rs - parse_pubkey (line 273) has been running for over 60 seconds
[INFO] [stdout] test src/lib.rs - pegin_plan (line 982) has been running for over 60 seconds
[INFO] [stdout] test src/lib.rs - pegin_tweak_plan (line 744) has been running for over 60 seconds
[INFO] [stdout] test src/lib.rs - prepare_evm_deposit (line 436) has been running for over 60 seconds
[INFO] [stdout] test src/lib.rs - pegin_tweak_plan (line 744) ... ok
[ERROR] error running command: no output for 300 seconds
[INFO] running `Command { std: "docker" "inspect" "dd45307660f7fb083d9447ad290d6bf1c2b383a8dcd5bf5c1b7da94c0623b632", kill_on_drop: false }`
[INFO] running `Command { std: "docker" "rm" "-f" "dd45307660f7fb083d9447ad290d6bf1c2b383a8dcd5bf5c1b7da94c0623b632", kill_on_drop: false }`
[INFO] [stdout] dd45307660f7fb083d9447ad290d6bf1c2b383a8dcd5bf5c1b7da94c0623b632
