[INFO] fetching crate run-kit 0.10.0...
[INFO] testing run-kit-0.10.0 against 1.99.0-beta.8 for beta-1.100-2
[INFO] extracting crate run-kit 0.10.0 into /workspace/builds/worker-4-tc1/source
[INFO] started tweaking crates.io crate run-kit 0.10.0
[INFO] removed 0 missing tests
[INFO] finished tweaking crates.io crate run-kit 0.10.0
[INFO] tweaked toml for crates.io crate run-kit 0.10.0 written to /workspace/builds/worker-4-tc1/source/Cargo.toml
[INFO] validating manifest of crates.io crate run-kit 0.10.0 on toolchain 1.99.0-beta.8
[INFO] running `Command { std: CARGO_HOME="/workspace/cargo-home" RUSTUP_HOME="/workspace/rustup-home" "/workspace/cargo-home/bin/cargo" "+1.99.0-beta.8" "metadata" "--manifest-path" "Cargo.toml" "--no-deps", kill_on_drop: false }`
[INFO] crate crates.io crate run-kit 0.10.0 already has a lockfile, it will not be regenerated
[INFO] running `Command { std: CARGO_HOME="/workspace/cargo-home" RUSTUP_HOME="/workspace/rustup-home" "/workspace/cargo-home/bin/cargo" "+1.99.0-beta.8" "fetch" "--manifest-path" "Cargo.toml", kill_on_drop: false }`
[INFO] [stderr]     Updating crates.io index
[INFO] [stderr]  Downloading crates ...
[INFO] [stderr]   Downloaded quote v1.0.44
[INFO] [stderr]   Downloaded unicode-ident v1.0.23
[INFO] [stderr]   Downloaded wit-parser v0.217.1
[INFO] [stderr]   Downloaded syn v2.0.114
[INFO] [stderr]   Downloaded wasmparser v0.217.1
[INFO] [stderr]   Downloaded zerocopy-derive v0.8.39
[INFO] [stderr]   Downloaded zmij v1.0.20
[INFO] [stderr]   Downloaded zerocopy v0.8.39
[INFO] [stderr]   Downloaded which v6.0.3
[INFO] [stderr]   Downloaded anyhow v1.0.101
[INFO] [stderr]   Downloaded wiggle v25.0.3
[INFO] [stderr]   Downloaded wiggle-generate v25.0.3
[INFO] [stderr]   Downloaded wasm-encoder v0.245.0
[INFO] [stderr]   Downloaded wat v1.245.0
[INFO] [stderr]   Downloaded libredox v0.1.12
[INFO] [stderr]   Downloaded slice-group-by v0.3.1
[INFO] [stderr]   Downloaded wast v245.0.0
[INFO] [stderr]   Downloaded dirs-sys v0.3.7
[INFO] [stderr]   Downloaded dirs v4.0.0
[INFO] [stderr]   Downloaded redox_users v0.4.6
[INFO] [stderr]   Downloaded cranelift-codegen-shared v0.112.3
[INFO] [stderr]   Downloaded wasmtime-winch v25.0.3
[INFO] [stderr]   Downloaded cranelift-bitset v0.112.3
[INFO] [stderr]   Downloaded wasmtime-versioned-export-macros v25.0.3
[INFO] [stderr]   Downloaded rustc-demangle v0.1.27
[INFO] [stderr]   Downloaded wiggle-macro v25.0.3
[INFO] [stderr]   Downloaded wast v35.0.2
[INFO] [stderr]   Downloaded wasmtime-component-util v25.0.3
[INFO] [stderr]   Downloaded cranelift-control v0.112.3
[INFO] [stderr]   Downloaded wasmtime-asm-macros v25.0.3
[INFO] [stderr]   Downloaded leb128 v0.2.5
[INFO] [stderr]   Downloaded wasmtime-types v25.0.3
[INFO] [stderr]   Downloaded cranelift-native v0.112.3
[INFO] [stderr]   Downloaded wasmtime-slab v25.0.3
[INFO] [stderr]   Downloaded wasmtime-jit-debug v25.0.3
[INFO] [stderr]   Downloaded witx v0.9.1
[INFO] [stderr]   Downloaded shellexpand v2.1.2
[INFO] [stderr]   Downloaded redox_syscall v0.7.0
[INFO] [stderr]   Downloaded cranelift-entity v0.112.3
[INFO] [stderr]   Downloaded wasm-encoder v0.217.1
[INFO] [stderr]   Downloaded cranelift-bforest v0.112.3
[INFO] [stderr]   Downloaded wasmtime-jit-icache-coherence v25.0.3
[INFO] [stderr]   Downloaded wasmtime-fiber v25.0.3
[INFO] [stderr]   Downloaded arbitrary v1.4.2
[INFO] [stderr]   Downloaded wasmtime-wit-bindgen v25.0.3
[INFO] [stderr]   Downloaded mach2 v0.4.3
[INFO] [stderr]   Downloaded wasmprinter v0.217.1
[INFO] [stderr]   Downloaded target-lexicon v0.12.16
[INFO] [stderr]   Downloaded cpp_demangle v0.4.5
[INFO] [stderr]   Downloaded wasmtime-cache v25.0.3
[INFO] [stderr]   Downloaded wasmtime-wasi v25.0.3
[INFO] [stderr]   Downloaded winch-codegen v0.23.3
[INFO] [stderr]   Downloaded wasmtime-environ v25.0.3
[INFO] [stderr]   Downloaded wasmtime-cranelift v25.0.3
[INFO] [stderr]   Downloaded cranelift-wasm v0.112.3
[INFO] [stderr]   Downloaded cranelift-frontend v0.112.3
[INFO] [stderr]   Downloaded regalloc2 v0.10.2
[INFO] [stderr]   Downloaded cranelift-isle v0.112.3
[INFO] [stderr]   Downloaded cranelift-codegen-meta v0.112.3
[INFO] [stderr]   Downloaded toml v0.8.23
[INFO] [stderr]   Downloaded toml_write v0.1.2
[INFO] [stderr]   Downloaded serde_spanned v0.6.9
[INFO] [stderr]   Downloaded directories-next v2.0.0
[INFO] [stderr]   Downloaded base64 v0.21.7
[INFO] [stderr]   Downloaded ittapi v0.4.0
[INFO] [stderr]   Downloaded debugid v0.8.0
[INFO] [stderr]   Downloaded wasmtime-component-macro v25.0.3
[INFO] [stderr]   Downloaded winnow v0.7.14
[INFO] [stderr]   Downloaded sptr v0.3.2
[INFO] [stderr]   Downloaded psm v0.1.30
[INFO] [stderr]   Downloaded memfd v0.6.5
[INFO] [stderr]   Downloaded fxprof-processed-profile v0.6.0
[INFO] [stderr]   Downloaded uuid v1.20.0
[INFO] [stderr]   Downloaded addr2line v0.22.0
[INFO] [stderr]   Downloaded wasmparser v0.245.0
[INFO] [stderr]   Downloaded gimli v0.29.0
[INFO] [stderr]   Downloaded ar_archive_writer v0.5.1
[INFO] [stderr]   Downloaded ittapi-sys v0.4.0
[INFO] [stderr]   Downloaded socket2 v0.6.2
[INFO] [stderr]   Downloaded object v0.37.3
[INFO] [stderr]   Downloaded io-lifetimes v2.0.4
[INFO] [stderr]   Downloaded fd-lock v4.0.4
[INFO] [stderr]   Downloaded cap-std v3.4.5
[INFO] [stderr]   Downloaded io-extras v0.18.4
[INFO] [stderr]   Downloaded rustix-linux-procfs v0.1.1
[INFO] [stderr]   Downloaded ambient-authority v0.0.2
[INFO] [stderr]   Downloaded winsafe v0.0.19
[INFO] [stderr]   Downloaded system-interface v0.27.3
[INFO] [stderr]   Downloaded mio v1.1.1
[INFO] [stderr]   Downloaded cap-primitives v3.4.5
[INFO] [stderr]   Downloaded wasmtime v25.0.3
[INFO] [stderr]   Downloaded cap-fs-ext v3.4.5
[INFO] [stderr]   Downloaded cap-time-ext v3.4.5
[INFO] [stderr]   Downloaded cap-net-ext v3.4.5
[INFO] [stderr]   Downloaded urlencoding v2.1.3
[INFO] [stderr]   Downloaded chunked_transfer v1.5.0
[INFO] [stderr]   Downloaded winx v0.36.4
[INFO] [stderr]   Downloaded maybe-owned v0.3.4
[INFO] [stderr]   Downloaded fs-set-times v0.20.3
[INFO] [stderr]   Downloaded cap-rand v3.4.5
[INFO] [stderr]   Downloaded tiny_http v0.12.0
[INFO] [stderr]   Downloaded ascii v1.1.0
[INFO] [stderr]   Downloaded libc v0.2.181
[INFO] [stderr]   Downloaded cranelift-codegen v0.112.3
[INFO] [stderr]   Downloaded tokio v1.49.0
[INFO] [stderr]   Downloaded tempfile v3.25.0
[INFO] [stderr]   Downloaded yaml-rust v0.4.5
[INFO] [stderr]   Downloaded getrandom v0.4.1
[INFO] [stderr]   Downloaded syntect v5.3.0
[INFO] [stderr]   Downloaded unicode-segmentation v1.12.0
[INFO] [stderr]   Downloaded deranged v0.5.6
[INFO] [stderr]   Downloaded onig v6.5.1
[INFO] [stderr]   Downloaded simd-adler32 v0.3.8
[INFO] [stderr]   Downloaded unicode-width v0.1.14
[INFO] [stderr]   Downloaded plist v1.8.0
[INFO] [stderr]   Downloaded serde_yaml v0.9.34+deprecated
[INFO] [stderr]   Downloaded quick-xml v0.38.4
[INFO] [stderr]   Downloaded flate2 v1.1.9
[INFO] [stderr]   Downloaded shell-words v1.1.1
[INFO] [stderr]   Downloaded endian-type v0.1.2
[INFO] [stderr]   Downloaded clipboard-win v5.4.1
[INFO] [stderr]   Downloaded error-code v3.3.2
[INFO] [stderr]   Downloaded unsafe-libyaml v0.2.11
[INFO] [stderr]   Downloaded rustyline v13.0.0
[INFO] [stderr]   Downloaded nix v0.27.1
[INFO] [stderr]   Downloaded iri-string v0.7.10
[INFO] [stderr]   Downloaded native-tls v0.2.14
[INFO] [stderr]   Downloaded regex-syntax v0.8.9
[INFO] [stderr]   Downloaded radix_trie v0.2.1
[INFO] [stderr]   Downloaded mime_guess v2.0.5
[INFO] [stderr]   Downloaded openssl-sys v0.9.111
[INFO] [stderr]   Downloaded onig_sys v69.9.1
[INFO] [stderr]   Downloaded openssl v0.10.75
[INFO] [stderr]   Downloaded notify-debouncer-mini v0.4.1
[INFO] [stderr]   Downloaded rustls-webpki v0.103.9
[INFO] [stderr]   Downloaded predicates v3.1.3
[INFO] [stderr]   Downloaded kqueue-sys v1.0.4
[INFO] [stderr]   Downloaded predicates-core v1.0.9
[INFO] [stderr]   Downloaded difflib v0.4.0
[INFO] [stderr]   Downloaded notify v6.1.1
[INFO] [stderr]   Downloaded rustls v0.23.36
[INFO] [stderr]   Downloaded normalize-line-endings v0.3.0
[INFO] [stderr]   Downloaded inotify v0.9.6
[INFO] [stderr]   Downloaded fsevent-sys v4.1.0
[INFO] [stderr]   Downloaded inotify-sys v0.1.5
[INFO] [stderr]   Downloaded filetime v0.2.27
[INFO] [stderr]   Downloaded dirs v5.0.1
[INFO] [stderr]   Downloaded is-terminal v0.4.17
[INFO] [stderr]   Downloaded mio v0.8.11
[INFO] [stderr]   Downloaded kqueue v1.1.1
[INFO] [stderr]   Downloaded dirs-sys v0.4.1
[INFO] [stderr]   Downloaded criterion-plot v0.5.0
[INFO] [stderr]   Downloaded clap v4.5.57
[INFO] [stderr]   Downloaded criterion v0.5.1
[INFO] [stderr]   Downloaded clap_derive v4.5.55
[INFO] [stderr]   Downloaded clap_builder v4.5.57
[INFO] [stderr]   Downloaded clap_lex v0.7.7
[INFO] [stderr]   Downloaded assert_cmd v2.1.2
[INFO] [stderr]   Downloaded blake3 v1.8.5
[INFO] [stderr]   Downloaded predicates-tree v1.0.12
[INFO] [stderr]   Downloaded chrono v0.4.43
[INFO] [stderr]   Downloaded termtree v0.5.1
[INFO] [stderr]   Downloaded bstr v1.12.1
[INFO] running `Command { std: "docker" "create" "-v" "/var/lib/crater-agent-workspace/builds/worker-4-tc1/source:/opt/rustwide/workdir:ro,Z" "-v" "/var/lib/crater-agent-workspace/builds/worker-4-tc1/target:/opt/rustwide/target:rw,Z" "-v" "/var/lib/crater-agent-workspace/cargo-home:/opt/rustwide/cargo-home:ro,Z" "-v" "/var/lib/crater-agent-workspace/rustup-home:/opt/rustwide/rustup-home:ro,Z" "-m" "1610612736" "--network" "none" "ghcr.io/rust-lang/crates-build-env/linux@sha256:3111399a4047eeb3a02b7a90e478d715f38a8c6669b5c4b49d30a17385265909" "sleep" "infinity", kill_on_drop: false }`
[INFO] [stdout] 3b7ce87740cb2f72199cce7e3b1449b70e087671bce5d3326753be62b273e9d5
[INFO] running `Command { std: "docker" "start" "3b7ce87740cb2f72199cce7e3b1449b70e087671bce5d3326753be62b273e9d5", kill_on_drop: false }`
[INFO] running `Command { std: "docker" "inspect" "3b7ce87740cb2f72199cce7e3b1449b70e087671bce5d3326753be62b273e9d5", kill_on_drop: false }`
[INFO] running `Command { std: "docker" "exec" "-e" "SOURCE_DIR=/opt/rustwide/workdir" "-e" "CARGO_HOME=/opt/rustwide/cargo-home" "-e" "RUSTUP_HOME=/opt/rustwide/rustup-home" "-e" "CARGO_TARGET_DIR=/opt/rustwide/target" "-w" "/opt/rustwide/workdir" "--user" "0:0" "3b7ce87740cb2f72199cce7e3b1449b70e087671bce5d3326753be62b273e9d5" "/opt/rustwide/cargo-home/bin/cargo" "+1.99.0-beta.8" "metadata" "--no-deps" "--format-version=1", kill_on_drop: false }`
[INFO] running `Command { std: "docker" "inspect" "3b7ce87740cb2f72199cce7e3b1449b70e087671bce5d3326753be62b273e9d5", kill_on_drop: false }`
[INFO] running `Command { std: "docker" "exec" "-e" "SOURCE_DIR=/opt/rustwide/workdir" "-e" "CARGO_HOME=/opt/rustwide/cargo-home" "-e" "RUSTUP_HOME=/opt/rustwide/rustup-home" "-e" "CARGO_TARGET_DIR=/opt/rustwide/target" "-e" "CARGO_INCREMENTAL=0" "-e" "RUST_BACKTRACE=full" "-e" "RUSTFLAGS=--cap-lints=warn" "-e" "RUSTDOCFLAGS=--cap-lints=warn" "-w" "/opt/rustwide/workdir" "--user" "0:0" "3b7ce87740cb2f72199cce7e3b1449b70e087671bce5d3326753be62b273e9d5" "/opt/rustwide/cargo-home/bin/cargo" "+1.99.0-beta.8" "build" "--frozen" "--message-format=json", kill_on_drop: false }`
[INFO] [stderr]    Compiling quote v1.0.44
[INFO] [stderr]    Compiling unicode-ident v1.0.23
[INFO] [stderr]    Compiling cfg-if v1.0.4
[INFO] [stderr]    Compiling bitflags v2.10.0
[INFO] [stderr]    Compiling libc v0.2.181
[INFO] [stderr]    Compiling serde v1.0.228
[INFO] [stderr]    Compiling memchr v2.8.0
[INFO] [stderr]    Compiling rustix v1.1.3
[INFO] [stderr]    Compiling shlex v1.3.0
[INFO] [stderr]    Compiling find-msvc-tools v0.1.9
[INFO] [stderr]    Compiling linux-raw-sys v0.11.0
[INFO] [stderr]    Compiling typenum v1.19.0
[INFO] [stderr]    Compiling hashbrown v0.16.1
[INFO] [stderr]    Compiling generic-array v0.14.7
[INFO] [stderr]    Compiling log v0.4.29
[INFO] [stderr]    Compiling zerocopy v0.8.39
[INFO] [stderr]    Compiling io-lifetimes v2.0.4
[INFO] [stderr]    Compiling proc-macro2 v1.0.106
[INFO] [stderr]    Compiling num-traits v0.2.19
[INFO] [stderr]    Compiling crossbeam-utils v0.8.21
[INFO] [stderr]    Compiling zmij v1.0.20
[INFO] [stderr]    Compiling cc v1.2.55
[INFO] [stderr]    Compiling pkg-config v0.3.32
[INFO] [stderr]    Compiling utf8parse v0.2.2
[INFO] [stderr]    Compiling itoa v1.0.17
[INFO] [stderr]    Compiling io-extras v0.18.4
[INFO] [stderr]    Compiling same-file v1.0.6
[INFO] [stderr]    Compiling serde_json v1.0.149
[INFO] [stderr]    Compiling powerfmt v0.2.0
[INFO] [stderr]    Compiling crc32fast v1.5.0
[INFO] [stderr]    Compiling deranged v0.5.6
[INFO] [stderr]    Compiling walkdir v2.5.0
[INFO] [stderr]    Compiling anstyle-parse v0.2.7
[INFO] [stderr]    Compiling thiserror v2.0.18
[INFO] [stderr]    Compiling regex-syntax v0.8.9
[INFO] [stderr]    Compiling colorchoice v1.0.4
[INFO] [stderr]    Compiling indexmap v2.13.0
[INFO] [stderr]    Compiling anstyle v1.0.13
[INFO] [stderr]    Compiling rustix v0.38.44
[INFO] [stderr]    Compiling num-conv v0.2.0
[INFO] [stderr]    Compiling cap-primitives v3.4.5
[INFO] [stderr]    Compiling bitflags v1.3.2
[INFO] [stderr]    Compiling getrandom v0.4.1
[INFO] [stderr]    Compiling syn v2.0.114
[INFO] [stderr]    Compiling simd-adler32 v0.3.8
[INFO] [stderr]    Compiling iana-time-zone v0.1.65
[INFO] [stderr]    Compiling smallvec v1.15.1
[INFO] [stderr]    Compiling adler2 v2.0.1
[INFO] [stderr]    Compiling is_terminal_polyfill v1.70.2
[INFO] [stderr]    Compiling time-core v0.1.8
[INFO] [stderr]    Compiling anstyle-query v1.1.5
[INFO] [stderr]    Compiling anyhow v1.0.101
[INFO] [stderr]    Compiling crossbeam-channel v0.5.15
[INFO] [stderr]    Compiling anstream v0.6.21
[INFO] [stderr]    Compiling miniz_oxide v0.8.9
[INFO] [stderr]    Compiling nibble_vec v0.1.0
[INFO] [stderr]    Compiling chrono v0.4.43
[INFO] [stderr]    Compiling inotify-sys v0.1.5
[INFO] [stderr]    Compiling mio v0.8.11
[INFO] [stderr]    Compiling filetime v0.2.27
[INFO] [stderr]    Compiling inotify v0.9.6
[INFO] [stderr]    Compiling aho-corasick v1.1.4
[INFO] [stderr]    Compiling quick-xml v0.38.4
[INFO] [stderr]    Compiling home v0.5.12
[INFO] [stderr]    Compiling strsim v0.11.1
[INFO] [stderr]    Compiling winnow v0.7.14
[INFO] [stderr]    Compiling ipnet v2.11.0
[INFO] [stderr]    Compiling linked-hash-map v0.5.6
[INFO] [stderr]    Compiling crypto-common v0.1.7
[INFO] [stderr]    Compiling block-buffer v0.10.4
[INFO] [stderr]    Compiling time v0.3.47
[INFO] [stderr]    Compiling toml_write v0.1.2
[INFO] [stderr]    Compiling linux-raw-sys v0.4.15
[INFO] [stderr]    Compiling cap-std v3.4.5
[INFO] [stderr]    Compiling onig_sys v69.9.1
[INFO] [stderr]    Compiling blake3 v1.8.5
[INFO] [stderr]    Compiling option-ext v0.2.0
[INFO] [stderr]    Compiling endian-type v0.1.2
[INFO] [stderr]    Compiling thiserror v1.0.69
[INFO] [stderr]    Compiling clap_lex v0.7.7
[INFO] [stderr]    Compiling maybe-owned v0.3.4
[INFO] [stderr]    Compiling ambient-authority v0.0.2
[INFO] [stderr]    Compiling semver v1.0.27
[INFO] [stderr]    Compiling run-kit v0.10.0 (/opt/rustwide/workdir)
[INFO] [stderr]    Compiling regex-automata v0.4.14
[INFO] [stderr]    Compiling clap_builder v4.5.57
[INFO] [stderr]    Compiling radix_trie v0.2.1
[INFO] [stderr]    Compiling dirs-sys v0.4.1
[INFO] [stderr]    Compiling digest v0.10.7
[INFO] [stderr]    Compiling yaml-rust v0.4.5
[INFO] [stderr]    Compiling flate2 v1.1.9
[INFO] [stderr]    Compiling notify v6.1.1
[INFO] [stderr]    Compiling nix v0.27.1
[INFO] [stderr]    Compiling arrayref v0.3.9
[INFO] [stderr]    Compiling unicode-xid v0.2.6
[INFO] [stderr]    Compiling cpufeatures v0.3.0
[INFO] [stderr]    Compiling unicode-segmentation v1.12.0
[INFO] [stderr]    Compiling id-arena v2.3.0
[INFO] [stderr]    Compiling either v1.15.0
[INFO] [stderr]    Compiling unicode-width v0.1.14
[INFO] [stderr]    Compiling arrayvec v0.7.6
[INFO] [stderr]    Compiling chunked_transfer v1.5.0
[INFO] [stderr]    Compiling ascii v1.1.0
[INFO] [stderr]    Compiling constant_time_eq v0.4.2
[INFO] [stderr]    Compiling fastrand v2.3.0
[INFO] [stderr]    Compiling notify-debouncer-mini v0.4.1
[INFO] [stderr]    Compiling fs-set-times v0.20.3
[INFO] [stderr]    Compiling rustix-linux-procfs v0.1.1
[INFO] [stderr]    Compiling fd-lock v4.0.4
[INFO] [stderr]    Compiling tiny_http v0.12.0
[INFO] [stderr]    Compiling tempfile v3.25.0
[INFO] [stderr]    Compiling sha2 v0.10.9
[INFO] [stderr]    Compiling dirs v5.0.1
[INFO] [stderr]    Compiling shell-words v1.1.1
[INFO] [stderr]    Compiling urlencoding v2.1.3
[INFO] [stderr]    Compiling rustyline v13.0.0
[INFO] [stderr]    Compiling which v6.0.3
[INFO] [stderr]    Compiling regex v1.12.3
[INFO] [stderr]    Compiling serde_derive v1.0.228
[INFO] [stderr]    Compiling thiserror-impl v2.0.18
[INFO] [stderr]    Compiling clap_derive v4.5.55
[INFO] [stderr]    Compiling thiserror-impl v1.0.69
[INFO] [stderr]    Compiling ahash v0.8.12
[INFO] [stderr]    Compiling hashbrown v0.14.5
[INFO] [stderr]    Compiling wasmparser v0.217.1
[INFO] [stderr]    Compiling onig v6.5.1
[INFO] [stderr]    Compiling clap v4.5.57
[INFO] [stderr]    Compiling serde_spanned v0.6.9
[INFO] [stderr]    Compiling toml_datetime v0.6.11
[INFO] [stderr]    Compiling bincode v1.3.3
[INFO] [stderr]    Compiling plist v1.8.0
[INFO] [stderr]    Compiling toml_edit v0.22.27
[INFO] [stderr]    Compiling syntect v5.3.0
[INFO] [stderr]    Compiling toml v0.8.23
[INFO] [stderr]    Compiling wit-parser v0.217.1
[INFO] [stderr]     Finished `dev` profile [unoptimized + debuginfo] target(s) in 1m 03s
[INFO] running `Command { std: "docker" "inspect" "3b7ce87740cb2f72199cce7e3b1449b70e087671bce5d3326753be62b273e9d5", kill_on_drop: false }`
[INFO] running `Command { std: "docker" "exec" "-e" "SOURCE_DIR=/opt/rustwide/workdir" "-e" "CARGO_HOME=/opt/rustwide/cargo-home" "-e" "RUSTUP_HOME=/opt/rustwide/rustup-home" "-e" "CARGO_TARGET_DIR=/opt/rustwide/target" "-e" "CARGO_INCREMENTAL=0" "-e" "RUST_BACKTRACE=full" "-e" "RUSTFLAGS=--cap-lints=warn" "-e" "RUSTDOCFLAGS=--cap-lints=warn" "-w" "/opt/rustwide/workdir" "--user" "0:0" "3b7ce87740cb2f72199cce7e3b1449b70e087671bce5d3326753be62b273e9d5" "/opt/rustwide/cargo-home/bin/cargo" "+1.99.0-beta.8" "test" "--frozen" "--no-run" "--message-format=json", kill_on_drop: false }`
[INFO] [stderr]    Compiling zerocopy v0.8.39
[INFO] [stderr]    Compiling regex-automata v0.4.14
[INFO] [stderr]    Compiling num-traits v0.2.19
[INFO] [stderr]    Compiling either v1.15.0
[INFO] [stderr]    Compiling zerocopy-derive v0.8.39
[INFO] [stderr]    Compiling crossbeam-epoch v0.9.18
[INFO] [stderr]    Compiling crossbeam-channel v0.5.15
[INFO] [stderr]    Compiling futures-core v0.3.31
[INFO] [stderr]    Compiling rayon-core v1.13.0
[INFO] [stderr]    Compiling futures-sink v0.3.31
[INFO] [stderr]    Compiling futures-macro v0.3.31
[INFO] [stderr]    Compiling predicates-core v1.0.9
[INFO] [stderr]    Compiling leb128fmt v0.1.0
[INFO] [stderr]    Compiling slab v0.4.12
[INFO] [stderr]    Compiling ciborium-io v0.2.2
[INFO] [stderr]    Compiling plotters-backend v0.3.7
[INFO] [stderr]    Compiling run-kit v0.10.0 (/opt/rustwide/workdir)
[INFO] [stderr]    Compiling assert_cmd v2.1.2
[INFO] [stderr]    Compiling futures-channel v0.3.31
[INFO] [stderr]    Compiling normalize-line-endings v0.3.0
[INFO] [stderr]    Compiling bumpalo v3.19.1
[INFO] [stderr]    Compiling which v6.0.3
[INFO] [stderr]    Compiling itertools v0.10.5
[INFO] [stderr]    Compiling unicode-width v0.2.2
[INFO] [stderr]    Compiling cast v0.3.0
[INFO] [stderr]    Compiling termtree v0.5.1
[INFO] [stderr]    Compiling wasm-encoder v0.245.0
[INFO] [stderr]    Compiling crossbeam-deque v0.8.6
[INFO] [stderr]    Compiling difflib v0.4.0
[INFO] [stderr]    Compiling predicates-tree v1.0.12
[INFO] [stderr]    Compiling tinytemplate v1.2.1
[INFO] [stderr]    Compiling is-terminal v0.4.17
[INFO] [stderr]    Compiling wait-timeout v0.2.1
[INFO] [stderr]    Compiling oorandom v11.1.5
[INFO] [stderr]    Compiling plotters-svg v0.3.7
[INFO] [stderr]    Compiling anes v0.1.6
[INFO] [stderr]    Compiling notify v6.1.1
[INFO] [stderr]    Compiling futures-util v0.3.31
[INFO] [stderr]    Compiling rayon v1.11.0
[INFO] [stderr]    Compiling notify-debouncer-mini v0.4.1
[INFO] [stderr]    Compiling float-cmp v0.10.0
[INFO] [stderr]    Compiling plotters v0.3.7
[INFO] [stderr]    Compiling wast v245.0.0
[INFO] [stderr]    Compiling criterion-plot v0.5.0
[INFO] [stderr]    Compiling futures-executor v0.3.31
[INFO] [stderr]    Compiling futures v0.3.31
[INFO] [stderr]    Compiling regex v1.12.3
[INFO] [stderr]    Compiling bstr v1.12.1
[INFO] [stderr]    Compiling predicates v3.1.3
[INFO] [stderr]    Compiling ahash v0.8.12
[INFO] [stderr]    Compiling half v2.7.1
[INFO] [stderr]    Compiling hashbrown v0.14.5
[INFO] [stderr]    Compiling ciborium-ll v0.2.2
[INFO] [stderr]    Compiling ciborium v0.2.2
[INFO] [stderr]    Compiling criterion v0.5.1
[INFO] [stderr]    Compiling wasmparser v0.217.1
[INFO] [stderr]    Compiling wat v1.245.0
[INFO] [stderr]    Compiling wit-parser v0.217.1
[INFO] [stderr]     Finished `test` profile [unoptimized + debuginfo] target(s) in 49.02s
[INFO] running `Command { std: "docker" "inspect" "3b7ce87740cb2f72199cce7e3b1449b70e087671bce5d3326753be62b273e9d5", kill_on_drop: false }`
[INFO] running `Command { std: "docker" "exec" "-e" "SOURCE_DIR=/opt/rustwide/workdir" "-e" "CARGO_HOME=/opt/rustwide/cargo-home" "-e" "RUSTUP_HOME=/opt/rustwide/rustup-home" "-e" "CARGO_TARGET_DIR=/opt/rustwide/target" "-e" "CARGO_INCREMENTAL=0" "-e" "RUST_BACKTRACE=full" "-e" "RUSTFLAGS=--cap-lints=warn" "-e" "RUSTDOCFLAGS=--cap-lints=warn" "-w" "/opt/rustwide/workdir" "--user" "0:0" "3b7ce87740cb2f72199cce7e3b1449b70e087671bce5d3326753be62b273e9d5" "/opt/rustwide/cargo-home/bin/cargo" "+1.99.0-beta.8" "test" "--frozen", kill_on_drop: false }`
[INFO] [stderr]    Compiling run-kit v0.10.0 (/opt/rustwide/workdir)
[INFO] [stderr]     Finished `test` profile [unoptimized + debuginfo] target(s) in 13.09s
[INFO] [stderr]      Running unittests src/lib.rs (/opt/rustwide/target/debug/deps/run-c98558343260da4b)
[INFO] [stdout] 
[INFO] [stdout] running 80 tests
[INFO] [stdout] test engine::php::tests::diff_outputs_appends_only_suffix ... ok
[INFO] [stdout] test engine::lua::tests::diff_outputs_appends_only_suffix ... ok
[INFO] [stdout] test highlight::tests::test_all_functional_languages ... ok
[INFO] [stdout] test highlight::tests::test_all_25_languages_work ... ok
[INFO] [stdout] test highlight::tests::test_all_language_aliases ... ok
[INFO] [stdout] test cache::tests::entry_id_is_stable ... ok
[INFO] [stdout] test cache::tests::entry_id_changes_with_toolchain ... ok
[INFO] [stdout] test engine::lua::tests::detects_simple_expression ... ok
[INFO] [stdout] test engine::php::tests::strips_prompt_prefixes ... ok
[INFO] [stdout] test engine::php::tests::preserves_indentation_after_prompt_removal ... ok
[INFO] [stdout] test engine::cpp::tests::pch_cache_key_is_stable_for_same_compiler_path ... ok
[INFO] [stdout] test highlight::tests::test_case_insensitive_language_names ... ok
[INFO] [stdout] test highlight::tests::test_colorterm_environment ... ok
[INFO] [stdout] test engine::cpp::tests::pch_cache_key_changes_with_compiler_path ... ok
[INFO] [stdout] test highlight::tests::test_bash_aliases ... ok
[INFO] [stdout] test cache::tests::stats_empty_index_is_valid ... ok
[INFO] [stdout] test engine::lua::tests::wraps_expression_with_print_block ... ok
[INFO] [stdout] test aliases::tests::rejects_builtin_alias_name ... ok
[INFO] [stdout] test highlight::tests::test_crystal_language ... ok
[INFO] [stdout] test highlight::tests::test_dart_language ... ok
[INFO] [stdout] test highlight::tests::test_empty_code ... ok
[INFO] [stdout] test highlight::tests::test_all_languages_have_syntax ... ok
[INFO] [stdout] test highlight::tests::test_ansi_codes_present_when_colors_enabled ... ok
[INFO] [stdout] test highlight::tests::test_language_mapping ... ok
[INFO] [stdout] test highlight::tests::test_code_with_syntax_errors ... ok
[INFO] [stdout] test highlight::tests::test_kotlin_language ... ok
[INFO] [stdout] test highlight::tests::test_jvm_languages ... ok
[INFO] [stdout] test highlight::tests::test_highlight_basic ... ok
[INFO] [stdout] test highlight::tests::test_empty_lines_in_code ... ok
[INFO] [stdout] test highlight::tests::test_multiline_code ... ok
[INFO] [stdout] test highlight::tests::test_nim_language ... ok
[INFO] [stdout] test highlight::tests::test_no_color_environment ... ok
[INFO] [stdout] test highlight::tests::test_only_comments ... ok
[INFO] [stdout] test highlight::tests::test_color_reset_at_end ... ok
[INFO] [stdout] test highlight::tests::test_highlight_go ... ok
[INFO] [stdout] test highlight::tests::test_mixed_quotes ... ok
[INFO] [stdout] test highlight::tests::test_repl_input_helper ... ok
[INFO] [stdout] test highlight::tests::test_bash_highlighting ... ok
[INFO] [stdout] test highlight::tests::test_highlight_python ... ok
[INFO] [stdout] test highlight::tests::test_special_characters ... ok
[INFO] [stdout] test highlight::tests::test_string_highlighting ... ok
[INFO] [stdout] test highlight::tests::test_string_literal ... ok
[INFO] [stdout] test highlight::tests::test_repl_helpers_consistency ... ok
[INFO] [stdout] test highlight::tests::test_swift_language ... ok
[INFO] [stdout] test highlight::tests::test_syntax_available ... ok
[INFO] [stdout] test highlight::tests::test_syntax_reference_caching ... ok
[INFO] [stdout] test highlight::tests::test_tabs_and_spaces ... ok
[INFO] [stdout] test highlight::tests::test_output_helper ... ok
[INFO] [stdout] test highlight::tests::test_unknown_language_fallback ... ok
[INFO] [stdout] test highlight::tests::test_color_reset_prevents_bleeding ... ok
[INFO] [stdout] test highlight::tests::test_number_highlighting ... ok
[INFO] [stdout] test highlight::tests::test_multiple_statements_one_line ... ok
[INFO] [stdout] test highlight::tests::test_comments_highlighting ... ok
[INFO] [stdout] test highlight::tests::test_zig_language ... ok
[INFO] [stdout] test highlight::tests::test_nested_structures ... ok
[INFO] [stdout] test highlight::tests::test_typescript_mapping ... ok
[INFO] [stdout] test repl::tests::generic_multiline_accepts_preprocessor_lines ... ok
[INFO] [stdout] test repl::tests::generic_multiline_tracks_trailing_equals ... ok
[INFO] [stdout] test highlight::tests::test_highlight_javascript ... ok
[INFO] [stdout] test highlight::tests::test_whitespace_only ... ok
[INFO] [stdout] test repl::tests::python_auto_dedents_return_to_def ... ok
[INFO] [stdout] test repl::tests::generic_multiline_tracks_trailing_dot ... ok
[INFO] [stdout] test repl::tests::python_auto_dedents_else_like_blocks ... ok
[INFO] [stdout] test repl::tests::generic_multiline_tracks_unclosed_delimiters ... ok
[INFO] [stdout] test repl::tests::language_aliases_resolve_in_registry ... ok
[INFO] [stdout] test repl::tests::python_auto_indents_first_line_after_colon_header ... ok
[INFO] [stdout] test repl::tests::python_if_block_with_dedented_body_is_complete ... ok
[INFO] [stdout] test repl::tests::python_dict_literal_colon_does_not_trigger_block ... ok
[INFO] [stdout] test repl::tests::python_auto_indents_nested_blocks ... ok
[INFO] [stdout] test repl::tests::python_class_block_needs_body ... ok
[INFO] [stdout] test repl::tests::python_multiline_def_requires_blank_line_to_execute ... ok
[INFO] [stdout] test highlight::tests::test_sql_like_code_in_supported_language ... ok
[INFO] [stdout] test highlight::tests::test_regex_patterns ... ok
[INFO] [stdout] test highlight::tests::test_r_language ... ok
[INFO] [stdout] test highlight::tests::test_scripting_languages ... ok
[INFO] [stdout] test highlight::tests::test_systems_languages ... ok
[INFO] [stdout] test aliases::tests::add_and_remove_round_trip ... FAILED
[INFO] [stdout] test detect::tests::ambiguous_detection_is_deterministic ... ok
[INFO] [stdout] test detect::tests::detection_handles_crlf_shebang ... ok
[INFO] [stdout] test highlight::tests::test_very_long_code ... ok
[INFO] [stdout] 
[INFO] [stdout] failures:
[INFO] [stdout] 
[INFO] [stdout] ---- aliases::tests::add_and_remove_round_trip stdout ----
[INFO] [stdout] 
[INFO] [stdout] thread 'aliases::tests::add_and_remove_round_trip' (3914) panicked at src/aliases.rs:135:49:
[INFO] [stdout] add: write /tmp/.tmp2gOHBK/config/run-kit/aliases.toml
[INFO] [stdout] 
[INFO] [stdout] Caused by:
[INFO] [stdout]     No such file or directory (os error 2)
[INFO] [stdout] 
[INFO] [stdout] Stack backtrace:
[INFO] [stdout]    0: <core::io::error::Error as anyhow::context::ext::StdError>::ext_context::<alloc::string::String>
[INFO] [stdout]              at /opt/rustwide/cargo-home/registry/src/index.crates.io-1949cf8c6b5b557f/anyhow-1.0.101/src/backtrace.rs:27:14
[INFO] [stdout]    1: <core::result::Result<(), core::io::error::Error> as anyhow::Context<(), core::io::error::Error>>::with_context::<alloc::string::String, run::aliases::save_custom_aliases::{closure#1}>
[INFO] [stdout]              at /opt/rustwide/cargo-home/registry/src/index.crates.io-1949cf8c6b5b557f/anyhow-1.0.101/src/context.rs:65:37
[INFO] [stdout]    2: run::aliases::save_custom_aliases
[INFO] [stdout]              at ./src/aliases.rs:56:36
[INFO] [stdout]    3: run::aliases::add_alias
[INFO] [stdout]              at ./src/aliases.rs:92:5
[INFO] [stdout]    4: run::aliases::tests::add_and_remove_round_trip::{closure#0}
[INFO] [stdout]              at ./src/aliases.rs:135:13
[INFO] [stdout]    5: run::aliases::tests::with_temp_config::<run::aliases::tests::add_and_remove_round_trip::{closure#0}>
[INFO] [stdout]              at ./src/aliases.rs:127:9
[INFO] [stdout]    6: run::aliases::tests::add_and_remove_round_trip
[INFO] [stdout]              at ./src/aliases.rs:133:9
[INFO] [stdout]    7: run::aliases::tests::add_and_remove_round_trip::{closure#0}
[INFO] [stdout]              at ./src/aliases.rs:132:35
[INFO] [stdout]    8: <run::aliases::tests::add_and_remove_round_trip::{closure#0} as core::ops::function::FnOnce<()>>::call_once
[INFO] [stdout]              at /rustc/dfb0accb7f508ae8be965d8629557221c889dd98/library/core/src/ops/function.rs:250:5
[INFO] [stdout]    9: <fn() -> core::result::Result<(), alloc::string::String> as core::ops::function::FnOnce<()>>::call_once
[INFO] [stdout]              at /rustc/dfb0accb7f508ae8be965d8629557221c889dd98/library/core/src/ops/function.rs:250:5
[INFO] [stdout]   10: test::__rust_begin_short_backtrace::<core::result::Result<(), alloc::string::String>, fn() -> core::result::Result<(), alloc::string::String>>
[INFO] [stdout]              at /rustc/dfb0accb7f508ae8be965d8629557221c889dd98/library/test/src/lib.rs:733:18
[INFO] [stdout]   11: test::run_test_in_process::{closure#0}
[INFO] [stdout]              at /rustc/dfb0accb7f508ae8be965d8629557221c889dd98/library/test/src/lib.rs:756:74
[INFO] [stdout]   12: <core::panic::unwind_safe::AssertUnwindSafe<test::run_test_in_process::{closure#0}> as core::ops::function::FnOnce<()>>::call_once
[INFO] [stdout]              at /rustc/dfb0accb7f508ae8be965d8629557221c889dd98/library/core/src/panic/unwind_safe.rs:275:9
[INFO] [stdout]   13: std::panicking::catch_unwind::do_call::<core::panic::unwind_safe::AssertUnwindSafe<test::run_test_in_process::{closure#0}>, core::result::Result<(), alloc::string::String>>
[INFO] [stdout]              at /rustc/dfb0accb7f508ae8be965d8629557221c889dd98/library/std/src/panicking.rs:576:43
[INFO] [stdout]   14: std::panicking::catch_unwind::<core::result::Result<(), alloc::string::String>, core::panic::unwind_safe::AssertUnwindSafe<test::run_test_in_process::{closure#0}>>
[INFO] [stdout]              at /rustc/dfb0accb7f508ae8be965d8629557221c889dd98/library/std/src/panicking.rs:544:19
[INFO] [stdout]   15: std::panic::catch_unwind::<core::panic::unwind_safe::AssertUnwindSafe<test::run_test_in_process::{closure#0}>, core::result::Result<(), alloc::string::String>>
[INFO] [stdout]              at /rustc/dfb0accb7f508ae8be965d8629557221c889dd98/library/std/src/panic.rs:359:14
[INFO] [stdout]   16: test::run_test_in_process
[INFO] [stdout]              at /rustc/dfb0accb7f508ae8be965d8629557221c889dd98/library/test/src/lib.rs:756:27
[INFO] [stdout]   17: test::run_test::{closure#0}
[INFO] [stdout]              at /rustc/dfb0accb7f508ae8be965d8629557221c889dd98/library/test/src/lib.rs:677:43
[INFO] [stdout]   18: test::run_test::{closure#1}
[INFO] [stdout]              at /rustc/dfb0accb7f508ae8be965d8629557221c889dd98/library/test/src/lib.rs:707:41
[INFO] [stdout]   19: std::sys::backtrace::__rust_begin_short_backtrace::<test::run_test::{closure#1}, ()>
[INFO] [stdout]              at /rustc/dfb0accb7f508ae8be965d8629557221c889dd98/library/std/src/sys/backtrace.rs:166:18
[INFO] [stdout]   20: std::thread::lifecycle::spawn_unchecked::<test::run_test::{closure#1}, ()>::{closure#1}::{closure#0}
[INFO] [stdout]              at /rustc/dfb0accb7f508ae8be965d8629557221c889dd98/library/std/src/thread/lifecycle.rs:70:13
[INFO] [stdout]   21: <core::panic::unwind_safe::AssertUnwindSafe<std::thread::lifecycle::spawn_unchecked<test::run_test::{closure#1}, ()>::{closure#1}::{closure#0}> as core::ops::function::FnOnce<()>>::call_once
[INFO] [stdout]              at /rustc/dfb0accb7f508ae8be965d8629557221c889dd98/library/core/src/panic/unwind_safe.rs:275:9
[INFO] [stdout]   22: std::panicking::catch_unwind::do_call::<core::panic::unwind_safe::AssertUnwindSafe<std::thread::lifecycle::spawn_unchecked<test::run_test::{closure#1}, ()>::{closure#1}::{closure#0}>, ()>
[INFO] [stdout]              at /rustc/dfb0accb7f508ae8be965d8629557221c889dd98/library/std/src/panicking.rs:576:43
[INFO] [stdout]   23: std::panicking::catch_unwind::<(), core::panic::unwind_safe::AssertUnwindSafe<std::thread::lifecycle::spawn_unchecked<test::run_test::{closure#1}, ()>::{closure#1}::{closure#0}>>
[INFO] [stdout]              at /rustc/dfb0accb7f508ae8be965d8629557221c889dd98/library/std/src/panicking.rs:544:19
[INFO] [stdout]   24: std::panic::catch_unwind::<core::panic::unwind_safe::AssertUnwindSafe<std::thread::lifecycle::spawn_unchecked<test::run_test::{closure#1}, ()>::{closure#1}::{closure#0}>, ()>
[INFO] [stdout]              at /rustc/dfb0accb7f508ae8be965d8629557221c889dd98/library/std/src/panic.rs:359:14
[INFO] [stdout]   25: std::thread::lifecycle::spawn_unchecked::<test::run_test::{closure#1}, ()>::{closure#1}
[INFO] [stdout]              at /rustc/dfb0accb7f508ae8be965d8629557221c889dd98/library/std/src/thread/lifecycle.rs:68:26
[INFO] [stdout]   26: <std::thread::lifecycle::spawn_unchecked<test::run_test::{closure#1}, ()>::{closure#1} as core::ops::function::FnOnce<()>>::call_once::{shim:vtable#0}
[INFO] [stdout]              at /rustc/dfb0accb7f508ae8be965d8629557221c889dd98/library/core/src/ops/function.rs:250:5
[INFO] [stdout]   27: <alloc::boxed::Box<dyn core::ops::function::FnOnce<(), Output = ()> + core::marker::Send> as core::ops::function::FnOnce<()>>::call_once
[INFO] [stdout]              at /rustc/dfb0accb7f508ae8be965d8629557221c889dd98/library/alloc/src/boxed.rs:2320:9
[INFO] [stdout]   28: <std::sys::thread::unix::Thread>::new::thread_start
[INFO] [stdout]              at /rustc/dfb0accb7f508ae8be965d8629557221c889dd98/library/std/src/sys/thread/unix.rs:123:17
[INFO] [stdout]   29: <unknown>
[INFO] [stdout]   30: clone
[INFO] [stdout] stack backtrace:
[INFO] [stdout]    0:     0x5d1d085626d1 - std[70759c8f55707aa4]::backtrace_rs::backtrace::libunwind::trace
[INFO] [stdout]                                at /rustc/dfb0accb7f508ae8be965d8629557221c889dd98/library/std/src/../../backtrace/src/backtrace/libunwind.rs:117:9
[INFO] [stdout]    1:     0x5d1d085626d1 - std[70759c8f55707aa4]::backtrace_rs::backtrace::trace_unsynchronized::<std[70759c8f55707aa4]::sys::backtrace::_print_fmt::{closure#1}>
[INFO] [stdout]                                at /rustc/dfb0accb7f508ae8be965d8629557221c889dd98/library/std/src/../../backtrace/src/backtrace/mod.rs:66:14
[INFO] [stdout]    2:     0x5d1d085626d1 - std[70759c8f55707aa4]::sys::backtrace::_print_fmt
[INFO] [stdout]                                at /rustc/dfb0accb7f508ae8be965d8629557221c889dd98/library/std/src/sys/backtrace.rs:74:9
[INFO] [stdout]    3:     0x5d1d085626d1 - <<std[70759c8f55707aa4]::sys::backtrace::BacktraceLock>::print::DisplayBacktrace as core[df12db4294e9bfd3]::fmt::Display>::fmt
[INFO] [stdout]                                at /rustc/dfb0accb7f508ae8be965d8629557221c889dd98/library/std/src/sys/backtrace.rs:44:26
[INFO] [stdout]    4:     0x5d1d0857984a - <core[df12db4294e9bfd3]::fmt::rt::Argument>::fmt
[INFO] [stdout]                                at /rustc/dfb0accb7f508ae8be965d8629557221c889dd98/library/core/src/fmt/rt.rs:152:76
[INFO] [stdout]    5:     0x5d1d0857984a - core[df12db4294e9bfd3]::fmt::write
[INFO] [stdout]    6:     0x5d1d0856767c - core[df12db4294e9bfd3]::io::write::default_write_fmt::<alloc[2182bb758b4b3781]::vec::Vec<u8>>
[INFO] [stdout]                                at /rustc/dfb0accb7f508ae8be965d8629557221c889dd98/library/core/src/io/write.rs:402:11
[INFO] [stdout]    7:     0x5d1d0856767c - <alloc[2182bb758b4b3781]::vec::Vec<u8> as core[df12db4294e9bfd3]::io::write::Write>::write_fmt
[INFO] [stdout]                                at /rustc/dfb0accb7f508ae8be965d8629557221c889dd98/library/core/src/io/write.rs:335:13
[INFO] [stdout]    8:     0x5d1d0853a476 - <std[70759c8f55707aa4]::sys::backtrace::BacktraceLock>::print
[INFO] [stdout]                                at /rustc/dfb0accb7f508ae8be965d8629557221c889dd98/library/std/src/sys/backtrace.rs:47:9
[INFO] [stdout]    9:     0x5d1d0853a476 - std[70759c8f55707aa4]::panicking::default_hook::{closure#0}
[INFO] [stdout]                                at /rustc/dfb0accb7f508ae8be965d8629557221c889dd98/library/std/src/panicking.rs:292:27
[INFO] [stdout]   10:     0x5d1d08558ad9 - std[70759c8f55707aa4]::panicking::default_hook
[INFO] [stdout]                                at /rustc/dfb0accb7f508ae8be965d8629557221c889dd98/library/std/src/panicking.rs:316:9
[INFO] [stdout]   11:     0x5d1d0818b570 - <alloc[2182bb758b4b3781]::boxed::Box<dyn for<'a, 'b> core[df12db4294e9bfd3]::ops::function::Fn<(&'a std[70759c8f55707aa4]::panic::PanicHookInfo<'b>,), Output = ()> + core[df12db4294e9bfd3]::marker::Send + core[df12db4294e9bfd3]::marker::Sync> as core[df12db4294e9bfd3]::ops::function::Fn<(&std[70759c8f55707aa4]::panic::PanicHookInfo,)>>::call
[INFO] [stdout]                                at /rustc/dfb0accb7f508ae8be965d8629557221c889dd98/library/alloc/src/boxed.rs:2334:9
[INFO] [stdout]   12:     0x5d1d0818b570 - test[9d35eded1c95d3be]::test_main_inner::<test[9d35eded1c95d3be]::test_main_static::{closure#0}>::{closure#0}
[INFO] [stdout]                                at /rustc/dfb0accb7f508ae8be965d8629557221c889dd98/library/test/src/lib.rs:155:21
[INFO] [stdout]   13:     0x5d1d08558c92 - <alloc[2182bb758b4b3781]::boxed::Box<dyn for<'a, 'b> core[df12db4294e9bfd3]::ops::function::Fn<(&'a std[70759c8f55707aa4]::panic::PanicHookInfo<'b>,), Output = ()> + core[df12db4294e9bfd3]::marker::Send + core[df12db4294e9bfd3]::marker::Sync> as core[df12db4294e9bfd3]::ops::function::Fn<(&std[70759c8f55707aa4]::panic::PanicHookInfo,)>>::call
[INFO] [stdout]                                at /rustc/dfb0accb7f508ae8be965d8629557221c889dd98/library/alloc/src/boxed.rs:2334:9
[INFO] [stdout]   14:     0x5d1d08558c92 - std[70759c8f55707aa4]::panicking::panic_with_hook
[INFO] [stdout]                                at /rustc/dfb0accb7f508ae8be965d8629557221c889dd98/library/std/src/panicking.rs:823:13
[INFO] [stdout]   15:     0x5d1d0853a522 - std[70759c8f55707aa4]::panicking::panic_handler::{closure#0}
[INFO] [stdout]                                at /rustc/dfb0accb7f508ae8be965d8629557221c889dd98/library/std/src/panicking.rs:688:13
[INFO] [stdout]   16:     0x5d1d085327d9 - std[70759c8f55707aa4]::sys::backtrace::__rust_end_short_backtrace::<std[70759c8f55707aa4]::panicking::panic_handler::{closure#0}, !>
[INFO] [stdout]                                at /rustc/dfb0accb7f508ae8be965d8629557221c889dd98/library/std/src/sys/backtrace.rs:182:18
[INFO] [stdout]   17:     0x5d1d0853b5fd - __rustc[8fa7c3cbc660c2b3]::rust_begin_unwind
[INFO] [stdout]                                at /rustc/dfb0accb7f508ae8be965d8629557221c889dd98/library/std/src/panicking.rs:679:5
[INFO] [stdout]   18:     0x5d1d0857a0ec - core[df12db4294e9bfd3]::panicking::panic_fmt
[INFO] [stdout]                                at /rustc/dfb0accb7f508ae8be965d8629557221c889dd98/library/core/src/panicking.rs:80:14
[INFO] [stdout]   19:     0x5d1d08579e42 - core[df12db4294e9bfd3]::result::unwrap_failed
[INFO] [stdout]                                at /rustc/dfb0accb7f508ae8be965d8629557221c889dd98/library/core/src/result.rs:1871:5
[INFO] [stdout]   20:     0x5d1d07f2a3ac - <core[df12db4294e9bfd3]::result::Result<(), anyhow[13367b427bb68a5]::Error>>::expect
[INFO] [stdout]                                at /rustc/dfb0accb7f508ae8be965d8629557221c889dd98/library/core/src/result.rs:1184:23
[INFO] [stdout]   21:     0x5d1d07fdc31e - run[eccdf45e083bfce0]::aliases::tests::add_and_remove_round_trip::{closure#0}
[INFO] [stdout]                                at /opt/rustwide/workdir/src/aliases.rs:135:49
[INFO] [stdout]   22:     0x5d1d07fd7086 - run[eccdf45e083bfce0]::aliases::tests::with_temp_config::<run[eccdf45e083bfce0]::aliases::tests::add_and_remove_round_trip::{closure#0}>
[INFO] [stdout]                                at /opt/rustwide/workdir/src/aliases.rs:127:9
[INFO] [stdout]   23:     0x5d1d07fe8d3e - run[eccdf45e083bfce0]::aliases::tests::add_and_remove_round_trip
[INFO] [stdout]                                at /opt/rustwide/workdir/src/aliases.rs:133:9
[INFO] [stdout]   24:     0x5d1d07fdc247 - run[eccdf45e083bfce0]::aliases::tests::add_and_remove_round_trip::{closure#0}
[INFO] [stdout]                                at /opt/rustwide/workdir/src/aliases.rs:132:35
[INFO] [stdout]   25:     0x5d1d08000366 - <run[eccdf45e083bfce0]::aliases::tests::add_and_remove_round_trip::{closure#0} as core[df12db4294e9bfd3]::ops::function::FnOnce<()>>::call_once
[INFO] [stdout]                                at /rustc/dfb0accb7f508ae8be965d8629557221c889dd98/library/core/src/ops/function.rs:250:5
[INFO] [stdout]   26:     0x5d1d0817e85b - <fn() -> core[df12db4294e9bfd3]::result::Result<(), alloc[2182bb758b4b3781]::string::String> as core[df12db4294e9bfd3]::ops::function::FnOnce<()>>::call_once
[INFO] [stdout]                                at /rustc/dfb0accb7f508ae8be965d8629557221c889dd98/library/core/src/ops/function.rs:250:5
[INFO] [stdout]   27:     0x5d1d0817e85b - test[9d35eded1c95d3be]::__rust_begin_short_backtrace::<core[df12db4294e9bfd3]::result::Result<(), alloc[2182bb758b4b3781]::string::String>, fn() -> core[df12db4294e9bfd3]::result::Result<(), alloc[2182bb758b4b3781]::string::String>>
[INFO] [stdout]                                at /rustc/dfb0accb7f508ae8be965d8629557221c889dd98/library/test/src/lib.rs:733:18
[INFO] [stdout]   28:     0x5d1d0818bec5 - test[9d35eded1c95d3be]::run_test_in_process::{closure#0}
[INFO] [stdout]                                at /rustc/dfb0accb7f508ae8be965d8629557221c889dd98/library/test/src/lib.rs:756:74
[INFO] [stdout]   29:     0x5d1d0818bec5 - <core[df12db4294e9bfd3]::panic::unwind_safe::AssertUnwindSafe<test[9d35eded1c95d3be]::run_test_in_process::{closure#0}> as core[df12db4294e9bfd3]::ops::function::FnOnce<()>>::call_once
[INFO] [stdout]                                at /rustc/dfb0accb7f508ae8be965d8629557221c889dd98/library/core/src/panic/unwind_safe.rs:275:9
[INFO] [stdout]   30:     0x5d1d0818bec5 - std[70759c8f55707aa4]::panicking::catch_unwind::do_call::<core[df12db4294e9bfd3]::panic::unwind_safe::AssertUnwindSafe<test[9d35eded1c95d3be]::run_test_in_process::{closure#0}>, core[df12db4294e9bfd3]::result::Result<(), alloc[2182bb758b4b3781]::string::String>>
[INFO] [stdout]                                at /rustc/dfb0accb7f508ae8be965d8629557221c889dd98/library/std/src/panicking.rs:576:43
[INFO] [stdout]   31:     0x5d1d0818bec5 - std[70759c8f55707aa4]::panicking::catch_unwind::<core[df12db4294e9bfd3]::result::Result<(), alloc[2182bb758b4b3781]::string::String>, core[df12db4294e9bfd3]::panic::unwind_safe::AssertUnwindSafe<test[9d35eded1c95d3be]::run_test_in_process::{closure#0}>>
[INFO] [stdout]                                at /rustc/dfb0accb7f508ae8be965d8629557221c889dd98/library/std/src/panicking.rs:544:19
[INFO] [stdout]   32:     0x5d1d0818bec5 - std[70759c8f55707aa4]::panic::catch_unwind::<core[df12db4294e9bfd3]::panic::unwind_safe::AssertUnwindSafe<test[9d35eded1c95d3be]::run_test_in_process::{closure#0}>, core[df12db4294e9bfd3]::result::Result<(), alloc[2182bb758b4b3781]::string::String>>
[INFO] [stdout]                                at /rustc/dfb0accb7f508ae8be965d8629557221c889dd98/library/std/src/panic.rs:359:14
[INFO] [stdout]   33:     0x5d1d0818bec5 - test[9d35eded1c95d3be]::run_test_in_process
[INFO] [stdout]                                at /rustc/dfb0accb7f508ae8be965d8629557221c889dd98/library/test/src/lib.rs:756:27
[INFO] [stdout]   34:     0x5d1d0818bec5 - test[9d35eded1c95d3be]::run_test::{closure#0}
[INFO] [stdout]                                at /rustc/dfb0accb7f508ae8be965d8629557221c889dd98/library/test/src/lib.rs:677:43
[INFO] [stdout]   35:     0x5d1d08185784 - test[9d35eded1c95d3be]::run_test::{closure#1}
[INFO] [stdout]                                at /rustc/dfb0accb7f508ae8be965d8629557221c889dd98/library/test/src/lib.rs:707:41
[INFO] [stdout]   36:     0x5d1d08185784 - std[70759c8f55707aa4]::sys::backtrace::__rust_begin_short_backtrace::<test[9d35eded1c95d3be]::run_test::{closure#1}, ()>
[INFO] [stdout]                                at /rustc/dfb0accb7f508ae8be965d8629557221c889dd98/library/std/src/sys/backtrace.rs:166:18
[INFO] [stdout]   37:     0x5d1d0818f022 - std[70759c8f55707aa4]::thread::lifecycle::spawn_unchecked::<test[9d35eded1c95d3be]::run_test::{closure#1}, ()>::{closure#1}::{closure#0}
[INFO] [stdout]                                at /rustc/dfb0accb7f508ae8be965d8629557221c889dd98/library/std/src/thread/lifecycle.rs:70:13
[INFO] [stdout]   38:     0x5d1d0818f022 - <core[df12db4294e9bfd3]::panic::unwind_safe::AssertUnwindSafe<std[70759c8f55707aa4]::thread::lifecycle::spawn_unchecked<test[9d35eded1c95d3be]::run_test::{closure#1}, ()>::{closure#1}::{closure#0}> as core[df12db4294e9bfd3]::ops::function::FnOnce<()>>::call_once
[INFO] [stdout]                                at /rustc/dfb0accb7f508ae8be965d8629557221c889dd98/library/core/src/panic/unwind_safe.rs:275:9
[INFO] [stdout]   39:     0x5d1d0818f022 - std[70759c8f55707aa4]::panicking::catch_unwind::do_call::<core[df12db4294e9bfd3]::panic::unwind_safe::AssertUnwindSafe<std[70759c8f55707aa4]::thread::lifecycle::spawn_unchecked<test[9d35eded1c95d3be]::run_test::{closure#1}, ()>::{closure#1}::{closure#0}>, ()>
[INFO] [stdout]                                at /rustc/dfb0accb7f508ae8be965d8629557221c889dd98/library/std/src/panicking.rs:576:43
[INFO] [stdout]   40:     0x5d1d0818f022 - std[70759c8f55707aa4]::panicking::catch_unwind::<(), core[df12db4294e9bfd3]::panic::unwind_safe::AssertUnwindSafe<std[70759c8f55707aa4]::thread::lifecycle::spawn_unchecked<test[9d35eded1c95d3be]::run_test::{closure#1}, ()>::{closure#1}::{closure#0}>>
[INFO] [stdout]                                at /rustc/dfb0accb7f508ae8be965d8629557221c889dd98/library/std/src/panicking.rs:544:19
[INFO] [stdout]   41:     0x5d1d0818f022 - std[70759c8f55707aa4]::panic::catch_unwind::<core[df12db4294e9bfd3]::panic::unwind_safe::AssertUnwindSafe<std[70759c8f55707aa4]::thread::lifecycle::spawn_unchecked<test[9d35eded1c95d3be]::run_test::{closure#1}, ()>::{closure#1}::{closure#0}>, ()>
[INFO] [stdout]                                at /rustc/dfb0accb7f508ae8be965d8629557221c889dd98/library/std/src/panic.rs:359:14
[INFO] [stdout]   42:     0x5d1d0818f022 - std[70759c8f55707aa4]::thread::lifecycle::spawn_unchecked::<test[9d35eded1c95d3be]::run_test::{closure#1}, ()>::{closure#1}
[INFO] [stdout]                                at /rustc/dfb0accb7f508ae8be965d8629557221c889dd98/library/std/src/thread/lifecycle.rs:68:26
[INFO] [stdout]   43:     0x5d1d0818f022 - <std[70759c8f55707aa4]::thread::lifecycle::spawn_unchecked<test[9d35eded1c95d3be]::run_test::{closure#1}, ()>::{closure#1} as core[df12db4294e9bfd3]::ops::function::FnOnce<()>>::call_once::{shim:vtable#0}
[INFO] [stdout]                                at /rustc/dfb0accb7f508ae8be965d8629557221c889dd98/library/core/src/ops/function.rs:250:5
[INFO] [stdout]   44:     0x5d1d08561959 - <alloc[2182bb758b4b3781]::boxed::Box<dyn core[df12db4294e9bfd3]::ops::function::FnOnce<(), Output = ()> + core[df12db4294e9bfd3]::marker::Send> as core[df12db4294e9bfd3]::ops::function::FnOnce<()>>::call_once
[INFO] [stdout]                                at /rustc/dfb0accb7f508ae8be965d8629557221c889dd98/library/alloc/src/boxed.rs:2320:9
[INFO] [stdout]   45:     0x5d1d08561959 - <std[70759c8f55707aa4]::sys::thread::unix::Thread>::new::thread_start
[INFO] [stdout]                                at /rustc/dfb0accb7f508ae8be965d8629557221c889dd98/library/std/src/sys/thread/unix.rs:123:17
[INFO] [stdout]   46:     0x7dd8c0165dfa - <unknown>
[INFO] [stdout]   47:     0x7dd8c01f93d4 - clone
[INFO] [stdout]   48:                0x0 - <unknown>
[INFO] [stdout] 
[INFO] [stdout] 
[INFO] [stdout] failures:
[INFO] [stdout]     aliases::tests::add_and_remove_round_trip
[INFO] [stdout] 
[INFO] [stdout] test result: FAILED. 79 passed; 1 failed; 0 ignored; 0 measured; 0 filtered out; finished in 0.51s
[INFO] [stdout] 
[INFO] [stderr] error: test failed, to rerun pass `--lib`
[INFO] running `Command { std: "docker" "inspect" "3b7ce87740cb2f72199cce7e3b1449b70e087671bce5d3326753be62b273e9d5", kill_on_drop: false }`
[INFO] running `Command { std: "docker" "rm" "-f" "3b7ce87740cb2f72199cce7e3b1449b70e087671bce5d3326753be62b273e9d5", kill_on_drop: false }`
[INFO] [stdout] 3b7ce87740cb2f72199cce7e3b1449b70e087671bce5d3326753be62b273e9d5
