[INFO] fetching crate rave_engine 0.12.0...
[INFO] testing rave_engine-0.12.0 against 1.99.0-beta.8 for beta-1.100-2
[INFO] extracting crate rave_engine 0.12.0 into /workspace/builds/worker-1-tc1/source
[INFO] started tweaking crates.io crate rave_engine 0.12.0
[INFO] removed 0 missing tests
[INFO] finished tweaking crates.io crate rave_engine 0.12.0
[INFO] tweaked toml for crates.io crate rave_engine 0.12.0 written to /workspace/builds/worker-1-tc1/source/Cargo.toml
[INFO] validating manifest of crates.io crate rave_engine 0.12.0 on toolchain 1.99.0-beta.8
[INFO] running `Command { std: CARGO_HOME="/workspace/cargo-home" RUSTUP_HOME="/workspace/rustup-home" "/workspace/cargo-home/bin/cargo" "+1.99.0-beta.8" "metadata" "--manifest-path" "Cargo.toml" "--no-deps", kill_on_drop: false }`
[INFO] crate crates.io crate rave_engine 0.12.0 already has a lockfile, it will not be regenerated
[INFO] running `Command { std: CARGO_HOME="/workspace/cargo-home" RUSTUP_HOME="/workspace/rustup-home" "/workspace/cargo-home/bin/cargo" "+1.99.0-beta.8" "fetch" "--manifest-path" "Cargo.toml", kill_on_drop: false }`
[INFO] [stderr]     Blocking waiting for file lock on package cache
[INFO] [stderr]     Updating crates.io index
[INFO] [stderr]     Blocking waiting for file lock on package cache
[INFO] [stderr]  Downloading crates ...
[INFO] [stderr]   Downloaded zfuel v0.9.1
[INFO] [stderr]   Downloaded serde-transcode v1.1.1
[INFO] [stderr]   Downloaded holochain_wasmer_common v0.0.103
[INFO] [stderr]   Downloaded uuid-rng-internal v1.23.0
[INFO] [stderr]   Downloaded shrinkwraprs v0.3.0
[INFO] [stderr]   Downloaded holochain_timestamp v0.7.0
[INFO] [stderr]   Downloaded holochain_serialized_bytes v0.0.57
[INFO] [stderr]   Downloaded rmp-serde v1.3.0
[INFO] [stderr]   Downloaded thin-vec v0.2.14
[INFO] [stderr]   Downloaded mockall_derive v0.13.1
[INFO] [stderr]   Downloaded holochain_serialized_bytes_derive v0.0.57
[INFO] [stderr]   Downloaded mockall v0.13.1
[INFO] [stderr]   Downloaded fragile v2.1.0
[INFO] [stderr]   Downloaded subtle-encoding v0.5.1
[INFO] [stderr]   Downloaded holochain_nonce v0.7.0
[INFO] [stderr]   Downloaded holochain_util v0.7.0
[INFO] [stderr]   Downloaded holochain_secure_primitive v0.7.0
[INFO] [stderr]   Downloaded must_future v0.1.2
[INFO] [stderr]   Downloaded holochain_wasmer_guest v0.0.103
[INFO] [stderr]   Downloaded rhai_codegen v3.1.0
[INFO] [stderr]   Downloaded fixt v0.7.0
[INFO] [stderr]   Downloaded hdk_derive v0.7.0
[INFO] [stderr]   Downloaded proptest-derive v0.5.1
[INFO] [stderr]   Downloaded schemars_derive v0.9.0
[INFO] [stderr]   Downloaded holo_hash v0.7.0
[INFO] [stderr]   Downloaded holochain_zome_types v0.7.0
[INFO] [stderr]   Downloaded hdk v0.7.0
[INFO] [stderr]   Downloaded proptest-derive v0.8.0
[INFO] [stderr]   Downloaded holochain_integrity_types v0.7.0
[INFO] [stderr]   Downloaded hdi v0.8.0
[INFO] [stderr]   Downloaded rhai v1.24.0
[INFO] running `Command { std: "docker" "create" "-v" "/var/lib/crater-agent-workspace/builds/worker-1-tc1/source:/opt/rustwide/workdir:ro,Z" "-v" "/var/lib/crater-agent-workspace/builds/worker-1-tc1/target:/opt/rustwide/target:rw,Z" "-v" "/var/lib/crater-agent-workspace/cargo-home:/opt/rustwide/cargo-home:ro,Z" "-v" "/var/lib/crater-agent-workspace/rustup-home:/opt/rustwide/rustup-home:ro,Z" "-m" "1610612736" "--network" "none" "ghcr.io/rust-lang/crates-build-env/linux@sha256:3111399a4047eeb3a02b7a90e478d715f38a8c6669b5c4b49d30a17385265909" "sleep" "infinity", kill_on_drop: false }`
[INFO] [stdout] 93cb7df3be614c130d86026931705b719dcc87e0069e993e04ed93f8067f0480
[INFO] running `Command { std: "docker" "start" "93cb7df3be614c130d86026931705b719dcc87e0069e993e04ed93f8067f0480", kill_on_drop: false }`
[INFO] running `Command { std: "docker" "inspect" "93cb7df3be614c130d86026931705b719dcc87e0069e993e04ed93f8067f0480", kill_on_drop: false }`
[INFO] running `Command { std: "docker" "exec" "-e" "SOURCE_DIR=/opt/rustwide/workdir" "-e" "CARGO_HOME=/opt/rustwide/cargo-home" "-e" "RUSTUP_HOME=/opt/rustwide/rustup-home" "-e" "CARGO_TARGET_DIR=/opt/rustwide/target" "-w" "/opt/rustwide/workdir" "--user" "0:0" "93cb7df3be614c130d86026931705b719dcc87e0069e993e04ed93f8067f0480" "/opt/rustwide/cargo-home/bin/cargo" "+1.99.0-beta.8" "metadata" "--no-deps" "--format-version=1", kill_on_drop: false }`
[INFO] running `Command { std: "docker" "inspect" "93cb7df3be614c130d86026931705b719dcc87e0069e993e04ed93f8067f0480", kill_on_drop: false }`
[INFO] running `Command { std: "docker" "exec" "-e" "SOURCE_DIR=/opt/rustwide/workdir" "-e" "CARGO_HOME=/opt/rustwide/cargo-home" "-e" "RUSTUP_HOME=/opt/rustwide/rustup-home" "-e" "CARGO_TARGET_DIR=/opt/rustwide/target" "-e" "CARGO_INCREMENTAL=0" "-e" "RUST_BACKTRACE=full" "-e" "RUSTFLAGS=--cap-lints=warn" "-e" "RUSTDOCFLAGS=--cap-lints=warn" "-w" "/opt/rustwide/workdir" "--user" "0:0" "93cb7df3be614c130d86026931705b719dcc87e0069e993e04ed93f8067f0480" "/opt/rustwide/cargo-home/bin/cargo" "+1.99.0-beta.8" "build" "--frozen" "--message-format=json", kill_on_drop: false }`
[INFO] [stderr]    Compiling serde_core v1.0.228
[INFO] [stderr]    Compiling serde v1.0.228
[INFO] [stderr]    Compiling futures-core v0.3.32
[INFO] [stderr]    Compiling futures-sink v0.3.32
[INFO] [stderr]    Compiling hashbrown v0.16.1
[INFO] [stderr]    Compiling portable-atomic v1.13.1
[INFO] [stderr]    Compiling serde_json v1.0.149
[INFO] [stderr]    Compiling unicode-segmentation v1.13.2
[INFO] [stderr]    Compiling syn v2.0.117
[INFO] [stderr]    Compiling generic-array v0.14.7
[INFO] [stderr]    Compiling libc v0.2.184
[INFO] [stderr]    Compiling dunce v1.0.5
[INFO] [stderr]    Compiling rmp v0.8.15
[INFO] [stderr]    Compiling once_cell v1.21.4
[INFO] [stderr]    Compiling blake2b_simd v1.0.4
[INFO] [stderr]    Compiling subtle v2.6.1
[INFO] [stderr]    Compiling fnv v1.0.7
[INFO] [stderr]    Compiling proc-macro-error-attr v1.0.4
[INFO] [stderr]    Compiling syn v1.0.109
[INFO] [stderr]    Compiling futures-channel v0.3.32
[INFO] [stderr]    Compiling zerocopy v0.8.48
[INFO] [stderr]    Compiling zeroize v1.9.0
[INFO] [stderr]    Compiling aho-corasick v1.1.4
[INFO] [stderr]    Compiling ahash v0.8.12
[INFO] [stderr]    Compiling subtle-encoding v0.5.1
[INFO] [stderr]    Compiling smartstring v1.0.1
[INFO] [stderr]    Compiling strum v0.27.2
[INFO] [stderr]    Compiling bitflags v2.11.0
[INFO] [stderr]    Compiling convert_case v0.10.0
[INFO] [stderr]    Compiling thin-vec v0.2.14
[INFO] [stderr]    Compiling itertools v0.14.0
[INFO] [stderr]    Compiling block-buffer v0.10.4
[INFO] [stderr]    Compiling crypto-common v0.1.7
[INFO] [stderr]    Compiling proc-macro-error v1.0.4
[INFO] [stderr]    Compiling digest v0.10.7
[INFO] [stderr]    Compiling tracing-core v0.1.36
[INFO] [stderr]    Compiling indexmap v2.13.1
[INFO] [stderr]    Compiling sha2 v0.10.9
[INFO] [stderr]    Compiling regex-automata v0.4.14
[INFO] [stderr]    Compiling getrandom v0.2.17
[INFO] [stderr]    Compiling getrandom v0.3.4
[INFO] [stderr]    Compiling const-random-macro v0.1.16
[INFO] [stderr]    Compiling const-random v0.1.18
[INFO] [stderr]    Compiling serde_bytes v0.11.19
[INFO] [stderr]    Compiling semver v1.0.28
[INFO] [stderr]    Compiling regex v1.12.3
[INFO] [stderr]    Compiling darling_core v0.21.3
[INFO] [stderr]    Compiling serde_derive v1.0.228
[INFO] [stderr]    Compiling futures-macro v0.3.32
[INFO] [stderr]    Compiling thiserror-impl v2.0.18
[INFO] [stderr]    Compiling holochain_serialized_bytes_derive v0.0.57
[INFO] [stderr]    Compiling derive_more-impl v2.1.1
[INFO] [stderr]    Compiling tracing-attributes v0.1.31
[INFO] [stderr]    Compiling strum_macros v0.27.2
[INFO] [stderr]    Compiling rhai_codegen v3.1.0
[INFO] [stderr]    Compiling futures-util v0.3.32
[INFO] [stderr]    Compiling rhai v1.24.0
[INFO] [stderr]    Compiling tracing v0.1.44
[INFO] [stderr]    Compiling thiserror v2.0.18
[INFO] [stderr]    Compiling darling_macro v0.21.3
[INFO] [stderr]    Compiling darling v0.21.3
[INFO] [stderr]    Compiling derive_more v2.1.1
[INFO] [stderr]    Compiling serde-transcode v1.1.1
[INFO] [stderr]    Compiling rmp-serde v1.3.0
[INFO] [stderr]    Compiling holochain_secure_primitive v0.7.0
[INFO] [stderr]    Compiling chrono v0.4.44
[INFO] [stderr]    Compiling holochain_timestamp v0.7.0
[INFO] [stderr]    Compiling holochain_serialized_bytes v0.0.57
[INFO] [stderr]    Compiling holochain_wasmer_common v0.0.103
[INFO] [stderr]    Compiling futures-executor v0.3.32
[INFO] [stderr]    Compiling holochain_wasmer_guest v0.0.103
[INFO] [stderr]    Compiling zfuel v0.9.1
[INFO] [stderr]    Compiling futures v0.3.32
[INFO] [stderr]    Compiling must_future v0.1.2
[INFO] [stderr]    Compiling holochain_util v0.7.0
[INFO] [stderr]    Compiling holo_hash v0.7.0
[INFO] [stderr]    Compiling holochain_integrity_types v0.7.0
[INFO] [stderr]    Compiling holochain_nonce v0.7.0
[INFO] [stderr]    Compiling holochain_zome_types v0.7.0
[INFO] [stderr]    Compiling hdk_derive v0.7.0
[INFO] [stderr]    Compiling hdi v0.8.0
[INFO] [stderr]    Compiling hdk v0.7.0
[INFO] [stderr]    Compiling rave_engine v0.12.0 (/opt/rustwide/workdir)
[INFO] [stderr]     Finished `dev` profile [unoptimized + debuginfo] target(s) in 57.66s
[INFO] running `Command { std: "docker" "inspect" "93cb7df3be614c130d86026931705b719dcc87e0069e993e04ed93f8067f0480", kill_on_drop: false }`
[INFO] running `Command { std: "docker" "exec" "-e" "SOURCE_DIR=/opt/rustwide/workdir" "-e" "CARGO_HOME=/opt/rustwide/cargo-home" "-e" "RUSTUP_HOME=/opt/rustwide/rustup-home" "-e" "CARGO_TARGET_DIR=/opt/rustwide/target" "-e" "CARGO_INCREMENTAL=0" "-e" "RUST_BACKTRACE=full" "-e" "RUSTFLAGS=--cap-lints=warn" "-e" "RUSTDOCFLAGS=--cap-lints=warn" "-w" "/opt/rustwide/workdir" "--user" "0:0" "93cb7df3be614c130d86026931705b719dcc87e0069e993e04ed93f8067f0480" "/opt/rustwide/cargo-home/bin/cargo" "+1.99.0-beta.8" "test" "--frozen" "--no-run" "--message-format=json", kill_on_drop: false }`
[INFO] [stderr]    Compiling libc v0.2.184
[INFO] [stderr]    Compiling serde v1.0.228
[INFO] [stderr]    Compiling serde_core v1.0.228
[INFO] [stderr]    Compiling bitflags v2.11.0
[INFO] [stderr]    Compiling ppv-lite86 v0.2.21
[INFO] [stderr]    Compiling serde_json v1.0.149
[INFO] [stderr]    Compiling bit-vec v0.8.0
[INFO] [stderr]    Compiling derive_arbitrary v1.4.2
[INFO] [stderr]    Compiling futures-channel v0.3.32
[INFO] [stderr]    Compiling serde_bytes v0.11.19
[INFO] [stderr]    Compiling proptest-derive v0.5.1
[INFO] [stderr]    Compiling futures-core v0.3.32
[INFO] [stderr]    Compiling darling_core v0.20.11
[INFO] [stderr]    Compiling syn v1.0.109
[INFO] [stderr]    Compiling serde_derive_internals v0.29.1
[INFO] [stderr]    Compiling ref-cast-impl v1.0.25
[INFO] [stderr]    Compiling rustix v1.1.4
[INFO] [stderr]    Compiling futures-util v0.3.32
[INFO] [stderr]    Compiling bit-set v0.8.0
[INFO] [stderr]    Compiling darling_core v0.21.3
[INFO] [stderr]    Compiling ref-cast v1.0.25
[INFO] [stderr]    Compiling proptest-derive v0.8.0
[INFO] [stderr]    Compiling either v1.15.0
[INFO] [stderr]    Compiling arbitrary v1.4.2
[INFO] [stderr]    Compiling predicates-core v1.0.10
[INFO] [stderr]    Compiling mockall_derive v0.13.1
[INFO] [stderr]    Compiling itertools v0.8.2
[INFO] [stderr]    Compiling serde-transcode v1.1.1
[INFO] [stderr]    Compiling rmp-serde v1.3.0
[INFO] [stderr]    Compiling chrono v0.4.44
[INFO] [stderr]    Compiling schemars_derive v0.9.0
[INFO] [stderr]    Compiling holochain_secure_primitive v0.7.0
[INFO] [stderr]    Compiling termtree v0.5.1
[INFO] [stderr]    Compiling bitflags v1.3.2
[INFO] [stderr]    Compiling predicates v3.1.4
[INFO] [stderr]    Compiling getrandom v0.2.17
[INFO] [stderr]    Compiling predicates-tree v1.0.13
[INFO] [stderr]    Compiling getrandom v0.3.4
[INFO] [stderr]    Compiling getrandom v0.4.2
[INFO] [stderr]    Compiling wait-timeout v0.2.1
[INFO] [stderr]    Compiling tempfile v3.27.0
[INFO] [stderr]    Compiling rand_core v0.9.5
[INFO] [stderr]    Compiling parking_lot_core v0.9.12
[INFO] [stderr]    Compiling const-random-macro v0.1.16
[INFO] [stderr]    Compiling rand_chacha v0.9.0
[INFO] [stderr]    Compiling rand_xorshift v0.4.0
[INFO] [stderr]    Compiling parking_lot v0.12.5
[INFO] [stderr]    Compiling uuid v1.21.0
[INFO] [stderr]    Compiling rusty-fork v0.3.1
[INFO] [stderr]    Compiling const-random v0.1.18
[INFO] [stderr]    Compiling fragile v2.1.0
[INFO] [stderr]    Compiling downcast v0.11.0
[INFO] [stderr]    Compiling rand v0.9.2
[INFO] [stderr]    Compiling ahash v0.8.12
[INFO] [stderr]    Compiling proc-macro-error v1.0.4
[INFO] [stderr]    Compiling semver v1.0.28
[INFO] [stderr]    Compiling rhai v1.24.0
[INFO] [stderr]    Compiling schemars v0.9.0
[INFO] [stderr]    Compiling holochain_timestamp v0.7.0
[INFO] [stderr]    Compiling proptest v1.11.0
[INFO] [stderr]    Compiling holochain_nonce v0.7.0
[INFO] [stderr]    Compiling darling_macro v0.20.11
[INFO] [stderr]    Compiling darling_macro v0.21.3
[INFO] [stderr]    Compiling shrinkwraprs v0.3.0
[INFO] [stderr]    Compiling darling v0.20.11
[INFO] [stderr]    Compiling derive_builder_core v0.20.2
[INFO] [stderr]    Compiling darling v0.21.3
[INFO] [stderr]    Compiling futures-executor v0.3.32
[INFO] [stderr]    Compiling derive_builder_macro v0.20.2
[INFO] [stderr]    Compiling futures v0.3.32
[INFO] [stderr]    Compiling holochain_util v0.7.0
[INFO] [stderr]    Compiling must_future v0.1.2
[INFO] [stderr]    Compiling derive_builder v0.20.2
[INFO] [stderr]    Compiling holochain_serialized_bytes v0.0.57
[INFO] [stderr]    Compiling holochain_wasmer_common v0.0.103
[INFO] [stderr]    Compiling holo_hash v0.7.0
[INFO] [stderr]    Compiling mockall v0.13.1
[INFO] [stderr]    Compiling holochain_integrity_types v0.7.0
[INFO] [stderr]    Compiling fixt v0.7.0
[INFO] [stderr]    Compiling holochain_wasmer_guest v0.0.103
[INFO] [stderr]    Compiling zfuel v0.9.1
[INFO] [stderr]    Compiling hdk_derive v0.7.0
[INFO] [stderr]    Compiling holochain_zome_types v0.7.0
[INFO] [stderr]    Compiling hdi v0.8.0
[INFO] [stderr]    Compiling hdk v0.7.0
[INFO] [stderr]    Compiling rave_engine v0.12.0 (/opt/rustwide/workdir)
[INFO] [stderr]     Finished `test` profile [unoptimized + debuginfo] target(s) in 1m 22s
[INFO] running `Command { std: "docker" "inspect" "93cb7df3be614c130d86026931705b719dcc87e0069e993e04ed93f8067f0480", kill_on_drop: false }`
[INFO] running `Command { std: "docker" "exec" "-e" "SOURCE_DIR=/opt/rustwide/workdir" "-e" "CARGO_HOME=/opt/rustwide/cargo-home" "-e" "RUSTUP_HOME=/opt/rustwide/rustup-home" "-e" "CARGO_TARGET_DIR=/opt/rustwide/target" "-e" "CARGO_INCREMENTAL=0" "-e" "RUST_BACKTRACE=full" "-e" "RUSTFLAGS=--cap-lints=warn" "-e" "RUSTDOCFLAGS=--cap-lints=warn" "-w" "/opt/rustwide/workdir" "--user" "0:0" "93cb7df3be614c130d86026931705b719dcc87e0069e993e04ed93f8067f0480" "/opt/rustwide/cargo-home/bin/cargo" "+1.99.0-beta.8" "test" "--frozen", kill_on_drop: false }`
[INFO] [stderr]     Finished `test` profile [unoptimized + debuginfo] target(s) in 0.34s
[INFO] [stderr]      Running unittests src/lib.rs (/opt/rustwide/target/debug/deps/rave_engine-73844a186ddb289d)
[INFO] [stdout] 
[INFO] [stdout] running 345 tests
[INFO] [stdout] test bounded::tests::a_cut_never_splits_a_character ... ok
[INFO] [stdout] test bounded::tests::a_message_past_the_bound_is_cut_and_marked ... ok
[INFO] [stdout] test json_schema_validator::test::tests::a_check_that_runs_out_stays_out ... ok
[INFO] [stdout] test bounded::tests::a_value_that_ignores_the_cut_is_still_cut_and_marked ... ok
[INFO] [stdout] test json_schema_validator::test::tests::a_duplicate_object_is_found_whatever_order_its_keys_are_written_in ... ok
[INFO] [stdout] test helper_fn::tests::the_walk_that_judges_refuses_a_close_and_the_reads_return_it ... ok
[INFO] [stdout] test json_schema_validator::test::tests::a_list_input_is_unwrapped_entry_by_entry ... ok
[INFO] [stdout] test bounded::tests::a_value_that_fails_to_format_is_marked_where_it_stopped ... ok
[INFO] [stdout] test bounded::tests::a_message_within_the_bound_is_formatted_whole ... ok
[INFO] [stdout] test json_schema_validator::test::tests::a_mismatch_names_the_path_to_the_value_that_failed ... ok
[INFO] [stdout] test json_schema_validator::test::tests::a_pattern_is_charged_by_the_bytes_of_its_text ... ok
[INFO] [stdout] test json_schema_validator::test::tests::a_long_name_or_string_costs_in_proportion_to_its_length ... ok
[INFO] [stdout] test hf_swap::tests::a_swap_of_nothing_is_refused ... ok
[INFO] [stdout] test hf_swap::tests::a_swap_missing_either_unit_is_refused ... ok
[INFO] [stdout] test hf_swap::tests::a_swap_naming_a_third_unit_is_refused ... ok
[INFO] [stdout] test json_schema_validator::test::tests::a_plain_check_unwraps_nothing ... ok
[INFO] [stdout] test hf_swap::tests::the_hf_swapper_reads_the_ui_swap_as_its_author_wrote_it ... ok
[INFO] [stdout] test json_schema_validator::test::tests::a_record_named_data_does_not_stand_in_for_the_inputs ... ok
[INFO] [stdout] test json_schema_validator::test::tests::a_pattern_that_ignores_case_is_refused_before_it_compiles ... ok
[INFO] [stdout] test hf_swap::tests::a_swap_of_unequal_amounts_is_refused ... ok
[INFO] [stdout] test json_schema_validator::test::tests::a_pattern_that_will_not_compile_refuses_the_schema_wherever_it_sits ... ok
[INFO] [stdout] test json_schema_validator::test::tests::a_type_list_admits_what_any_of_its_types_admits ... ok
[INFO] [stdout] test hf_swap::tests::a_swap_in_any_other_direction_is_refused ... ok
[INFO] [stdout] test json_schema_validator::test::tests::a_pattern_that_can_match_inside_a_character_is_refused ... ok
[INFO] [stdout] test hf_swap::tests::the_swap_the_ui_sends_is_accepted ... ok
[INFO] [stdout] test bounded::tests::formatting_stops_at_the_cut ... ok
[INFO] [stdout] test hf_swap::tests::a_swap_compares_amounts_at_any_precision ... ok
[INFO] [stdout] test json_schema_validator::test::tests::a_mismatch_bounds_what_the_schema_author_wrote ... ok
[INFO] [stdout] test json_schema_validator::test::tests::a_type_the_check_cannot_read_refuses_the_schema_wherever_it_sits ... ok
[INFO] [stdout] test json_schema_validator::test::tests::an_array_is_not_a_duplicate_of_its_own_reordering ... ok
[INFO] [stdout] test json_schema_validator::test::tests::an_optional_property_that_is_present_is_still_checked ... ok
[INFO] [stdout] test json_schema_validator::test::tests::an_input_is_unwrapped_once ... ok
[INFO] [stdout] test json_schema_validator::test::tests::an_optional_input_records_a_null_and_a_required_one_does_not ... ok
[INFO] [stdout] test json_schema_validator::test::tests::an_optional_property_takes_a_null_and_a_required_one_does_not ... ok
[INFO] [stdout] test json_schema_validator::test::tests::a_sparse_state_is_charged_every_transition_it_scans ... ok
[INFO] [stdout] test json_schema_validator::test::tests::an_integer_is_a_number_with_no_fractional_part ... ok
[INFO] [stdout] test json_schema_validator::test::tests::each_distinct_pattern_compiles_once ... ok
[INFO] [stdout] test json_schema_validator::test::tests::compiling_a_pattern_is_charged_its_weight ... ok
[INFO] [stdout] test json_schema_validator::test::tests::a_pattern_full_of_groups_caches_no_slot_for_them ... ok
[INFO] [stdout] test json_schema_validator::test::tests::every_type_name_a_schema_may_use_admits_a_value_of_its_kind ... ok
[INFO] [stdout] test json_schema_validator::test::tests::a_schema_past_the_pattern_bound_is_refused_before_it_compiles_the_one_past_it ... ok
[INFO] [stdout] test json_schema_validator::test::tests::test_array_validation ... ok
[INFO] [stdout] test json_schema_validator::test::tests::a_mismatch_carries_none_of_the_value_that_failed ... ok
[INFO] [stdout] test json_schema_validator::test::tests::test_basic_types ... ok
[INFO] [stdout] test json_schema_validator::test::tests::test_invalid_schema_missing_type ... ok
[INFO] [stdout] test json_schema_validator::test::tests::test_invalid_schema_unsupported_type ... ok
[INFO] [stdout] test json_schema_validator::test::tests::a_schema_at_the_pattern_bound_still_checks ... ok
[INFO] [stdout] test json_schema_validator::test::tests::test_nested_array_validation ... ok
[INFO] [stdout] test json_schema_validator::test::tests::test_number_constraints ... ok
[INFO] [stdout] test json_schema_validator::test::tests::test_validate_json_schema_invalid ... ok
[INFO] [stdout] test json_schema_validator::test::tests::test_string_constraints ... ok
[INFO] [stdout] test json_schema_validator::test::tests::test_valid_schema ... ok
[INFO] [stdout] test json_schema_validator::test::tests::test_validate_json_schema_valid ... ok
[INFO] [stdout] test json_schema_validator::test::tests::the_two_zeroes_are_one_duplicate ... ok
[INFO] [stdout] test json_schema_validator::tests::test_array_validation ... ok
[INFO] [stdout] test json_schema_validator::tests::test_check_if_type_array_for_key ... ok
[INFO] [stdout] test json_schema_validator::tests::test_get_keys ... ok
[INFO] [stdout] test json_schema_validator::tests::test_is_valid_schema ... ok
[INFO] [stdout] test json_schema_validator::tests::test_number_validation ... ok
[INFO] [stdout] test json_schema_validator::tests::test_string_validation ... ok
[INFO] [stdout] test json_schema_validator::tests::test_validate_json_schema ... ok
[INFO] [stdout] test json_schema_validator::tests::test_complex_object_validation ... ok
[INFO] [stdout] test log_macros::tests::a_log_line_reaches_the_host_prefixed ... ok
[INFO] [stdout] test log_macros::tests::every_log_line_stops_formatting_at_the_cut ... ok
[INFO] [stdout] test rhai_engine::error::tests::a_deferrable_error_is_not_catchable ... ok
[INFO] [stdout] test rhai_engine::error::tests::a_deferrable_error_is_recorded_whole ... ok
[INFO] [stdout] test rhai_engine::error::tests::a_deterministic_error_records_nothing_and_names_its_function ... ok
[INFO] [stdout] test rhai_engine::error::tests::a_host_call_that_succeeded_is_left_alone ... ok
[INFO] [stdout] test rhai_engine::error::tests::a_host_short_circuit_is_recorded_too ... ok
[INFO] [stdout] test rhai_engine::error::tests::a_run_past_its_host_call_budget_is_not_catchable_either ... ok
[INFO] [stdout] test rhai_engine::error::tests::the_first_deferrable_error_is_the_one_kept ... ok
[INFO] [stdout] test rhai_engine::memory::tests::a_count_gigabytes_past_its_start_is_over_on_any_target ... ok
[INFO] [stdout] test json_schema_validator::tests::test_performance ... ok
[INFO] [stdout] test rhai_engine::memory::tests::a_run_that_lets_go_of_what_it_started_with_is_not_over ... ok
[INFO] [stdout] test json_schema_validator::test::tests::a_duplicate_is_found_wherever_it_sits ... ok
[INFO] [stdout] test rhai_engine::rhai_functions::dna_helper::consume_allocations_tests::exact_total_drains_every_source ... ok
[INFO] [stdout] test rhai_engine::rhai_functions::dna_helper::consume_allocations_tests::garbage_amount_errors_naming_the_allocation ... ok
[INFO] [stdout] test rhai_engine::rhai_functions::dna_helper::consume_allocations_tests::insufficient_total_consumes_nothing ... ok
[INFO] [stdout] test json_schema_validator::test::tests::a_type_list_walks_a_value_once_however_deep_the_lists_nest ... ok
[INFO] [stdout] test rhai_engine::rhai_functions::dna_helper::consume_allocations_tests::skips_drained_sources_and_handles_mixed_precision ... ok
[INFO] [stdout] test rhai_engine::rhai_functions::dna_helper::consume_allocations_tests::negative_needed_errors_instead_of_trivially_covering ... ok
[INFO] [stdout] test json_schema_validator::test::tests::a_value_a_nested_unique_items_hashes_again_is_charged_again ... ok
[INFO] [stdout] test json_schema_validator::test::tests::each_value_visited_is_charged ... ok
[INFO] [stdout] test rhai_engine::error::tests::a_run_past_its_memory_budget_is_not_catchable_either ... ok
[INFO] [stdout] test rhai_engine::rhai_functions::dna_helper::consume_allocations_tests::splits_across_sources_when_no_single_one_covers ... ok
[INFO] [stdout] test rhai_engine::rhai_functions::dna_helper::consume_allocations_tests::zero_needed_is_covered_drawing_nothing ... ok
[INFO] [stdout] test rhai_engine::rhai_functions::parsers::tests::test_parse_float_edge_cases ... ok
[INFO] [stdout] test rhai_engine::memory::tests::what_a_run_exempts_is_not_counted ... ok
[INFO] [stdout] test rhai_engine::rhai_functions::parsers::tests::test_parse_float_invalid ... ok
[INFO] [stdout] test rhai_engine::rhai_functions::parsers::tests::test_parse_float_negative ... ok
[INFO] [stdout] test rhai_engine::rhai_functions::parsers::tests::test_parse_float_substring_scenario ... ok
[INFO] [stdout] test rhai_engine::rhai_functions::parsers::tests::test_parse_float_leading_decimal ... ok
[INFO] [stdout] test rhai_engine::rhai_functions::parsers::tests::test_parse_float_with_trim ... ok
[INFO] [stdout] test rhai_engine::rhai_functions::parsers::tests::test_parse_float_positive ... ok
[INFO] [stdout] test json_schema_validator::test::tests::a_schema_is_refused_past_each_bound_it_is_held_to ... ok
[INFO] [stdout] test rhai_engine::rhai_functions::parsers::tests::test_parse_float_integers ... ok
[INFO] [stdout] test rhai_engine::memory::tests::a_run_ends_on_a_count_of_what_it_holds ... ok
[INFO] [stdout] test json_schema_validator::test::tests::a_comparison_is_charged_the_heavier_item ... ok
[INFO] [stdout] test rhai_engine::rhai_functions::parsers::tests::to_num_refuses_non_numeric_types_and_non_finite ... ok
[INFO] [stdout] test rhai_engine::rhai_functions::parsers::tests::to_num_names_the_offending_value_instead_of_silent_zero ... ok
[INFO] [stdout] test rhai_engine::rhai_functions::parsers::tests::to_num_accepts_both_json_shapes ... ok
[INFO] [stdout] test rhai_engine::rhai_functions::utils::tests::a_map_that_is_not_a_record_is_refused_bounded ... ok
[INFO] [stdout] test json_schema_validator::test::tests::one_pattern_compiles_once_however_many_strings_it_checks ... ok
[INFO] [stdout] test rhai_engine::tests::cool_down::a_cool_down_from_a_record_that_is_not_a_parked_link_is_refused ... ok
[INFO] [stdout] test rhai_engine::tests::cool_down::a_fetch_carrying_a_walk_on_could_not_complete_defers ... ok
[INFO] [stdout] test json_schema_validator::test::tests::every_shipped_template_signs_with_valid_schemas ... FAILED
[INFO] [stdout] test rhai_engine::tests::cool_down::a_link_whose_type_the_zome_cannot_place_ends_the_run_as_it_ends_the_ledger ... ok
[INFO] [stdout] test json_schema_validator::test::tests::a_pattern_is_charged_its_weight_times_the_bytes_it_reads_before_it_runs ... ok
[INFO] [stdout] test rhai_engine::tests::cool_down::a_short_chain_is_walked_for_one_charge ... ok
[INFO] [stdout] test rhai_engine::tests::cool_down::a_link_on_a_fork_below_the_walk_is_walked_again_by_its_length ... ok
[INFO] [stdout] test rhai_engine::tests::cool_down::a_link_on_another_fork_is_walked_again_by_its_length ... ok
[INFO] [stdout] test rhai_engine::tests::cool_down::a_walk_is_charged_for_the_entries_it_fetches ... ok
[INFO] [stdout] test rhai_engine::tests::cool_down::a_walk_whose_fetch_could_not_complete_defers_whatever_the_run_spends_after ... ok
[INFO] [stdout] test rhai_engine::tests::cool_down::a_run_walking_many_long_chains_is_refused_by_their_length ... ok
[INFO] [stdout] test rhai_engine::tests::cool_down::an_entry_carrying_a_ledger_is_a_balance_and_not_a_spend ... ok
[INFO] [stdout] test rhai_engine::tests::cool_down::each_link_is_parsed_once_however_often_the_run_asks ... ok
[INFO] [stdout] test rhai_engine::tests::cool_down::a_walk_refused_inside_a_sort_is_the_last_one ... ok
[INFO] [stdout] test rhai_engine::tests::cool_down::a_later_link_carries_the_walk_on_by_fetching_only_the_actions_between ... ok
[INFO] [stdout] test rhai_engine::tests::cool_down::the_balance_is_the_one_the_newest_record_before_the_window_leaves ... ok
[INFO] [stdout] test json_schema_validator::test::tests::comparing_items_that_share_a_bucket_is_charged ... ok
[INFO] [stdout] test rhai_engine::tests::cool_down::the_window_counts_what_is_parked_to_the_agreement_after_it_starts ... ok
[INFO] [stdout] test rhai_engine::tests::cool_down::with_nothing_before_the_window_the_balance_is_zero ... ok
[INFO] [stdout] test rhai_engine::tests::fee_collection::amounts_are_summed_exactly ... FAILED
[INFO] [stdout] test rhai_engine::tests::fee_collection::a_spend_carrying_no_amount_still_names_its_source ... FAILED
[INFO] [stdout] test rhai_engine::tests::fee_collection::nothing_parked_allocates_nothing ... FAILED
[INFO] [stdout] test rhai_engine::tests::fee_collection::every_parked_spend_merges_into_one_allocation ... FAILED
[INFO] [stdout] test rhai_engine::tests::fee_collection::the_collection_computes_no_values ... FAILED
[INFO] [stdout] test rhai_engine::tests::host_error_propagation::a_call_that_reads_per_element_is_charged_per_element ... ok
[INFO] [stdout] test rhai_engine::tests::host_error_propagation::a_caught_deterministic_error_leaves_the_run_authoritative ... ok
[INFO] [stdout] test rhai_engine::tests::host_error_propagation::a_caught_host_error_still_defers ... ok
[INFO] [stdout] test rhai_engine::tests::host_error_propagation::a_cool_down_period_that_runs_off_the_epoch_errors_rather_than_panicking ... ok
[INFO] [stdout] test rhai_engine::tests::host_error_propagation::a_cool_down_window_whose_spends_do_not_sum_is_invalid_not_a_pass ... ok
[INFO] [stdout] test rhai_engine::tests::host_error_propagation::a_deferral_rhai_itself_discards_still_defers ... ok
[INFO] [stdout] test rhai_engine::tests::host_error_propagation::a_deterministic_cool_down_fetch_failure_is_invalid_not_a_deferral ... ok
[INFO] [stdout] test rhai_engine::tests::host_error_propagation::a_deterministic_data_blob_failure_is_invalid_not_a_deferral ... ok
[INFO] [stdout] test rhai_engine::tests::fee_collection::the_most_parked_spends_one_execution_can_consume_merge ... FAILED
[INFO] [stdout] test rhai_engine::tests::host_error_propagation::a_deterministic_parked_link_failure_is_invalid_not_a_deferral ... ok
[INFO] [stdout] test rhai_engine::tests::host_error_propagation::a_deterministic_signature_failure_is_invalid_not_a_deferral ... ok
[INFO] [stdout] test rhai_engine::tests::cool_down::an_earlier_link_is_answered_from_the_walk ... ok
[INFO] [stdout] test json_schema_validator::test::tests::each_schema_property_an_object_is_checked_against_is_charged ... ok
[INFO] [stdout] test rhai_engine::tests::host_error_propagation::a_record_that_will_not_deserialize_is_invalid_not_a_deferral ... ok
[INFO] [stdout] test rhai_engine::tests::host_error_propagation::a_fetch_this_node_could_not_complete_outranks_the_budget ... ok
[INFO] [stdout] test json_schema_validator::test::tests::each_required_entry_an_object_is_checked_against_is_charged ... ok
[INFO] [stdout] test rhai_engine::tests::host_error_propagation::a_run_reads_one_record_once_however_often_it_asks ... ok
[INFO] [stdout] test rhai_engine::tests::host_error_propagation::a_run_walks_one_chain_once_however_often_it_asks ... ok
[INFO] [stdout] test rhai_engine::tests::cool_down::a_kept_walk_is_carried_on_past_the_memos_room_and_the_rest_counts ... ok
[INFO] [stdout] test rhai_engine::tests::host_error_propagation::a_script_bug_is_invalid_not_a_deferral ... ok
[INFO] [stdout] test json_schema_validator::test::tests::checking_for_duplicates_is_linear_in_the_array ... ok
[INFO] [stdout] test rhai_engine::tests::cool_down::carrying_a_walk_on_link_by_link_is_charged_the_chain_each_time ... ok
[INFO] [stdout] test rhai_engine::tests::host_error_propagation::acceding_sort_allocation_defers_rather_than_silently_dropping_a_source ... ok
[INFO] [stdout] test rhai_engine::tests::host_error_propagation::acceding_sort_allocation_keeps_the_sources_that_resolve ... ok
[INFO] [stdout] test rhai_engine::tests::host_error_propagation::an_allocation_without_a_source_errors_rather_than_panicking ... ok
[INFO] [stdout] test rhai_engine::tests::host_error_propagation::an_impossible_cool_down_is_refused_even_when_the_fetch_would_defer ... ok
[INFO] [stdout] test rhai_engine::tests::host_error_propagation::an_output_that_will_not_parse_is_invalid_not_an_empty_output ... ok
[INFO] [stdout] test rhai_engine::tests::host_error_propagation::an_unparseable_hash_is_invalid_not_a_deferral ... ok
[INFO] [stdout] test rhai_engine::tests::host_error_propagation::check_cool_down_period_preserves_a_host_error_reading_a_walked_link ... ok
[INFO] [stdout] test rhai_engine::tests::host_error_propagation::check_cool_down_period_preserves_a_chain_walk_host_error ... ok
[INFO] [stdout] test rhai_engine::tests::host_error_propagation::check_cool_down_period_preserves_a_parked_link_host_error ... ok
[INFO] [stdout] test rhai_engine::tests::host_error_propagation::get_data_blob_preserves_a_host_error ... ok
[INFO] [stdout] test rhai_engine::tests::host_error_propagation::a_fetch_this_node_could_not_complete_outranks_the_memory_budget ... ok
[INFO] [stdout] test rhai_engine::tests::host_error_propagation::get_spend_links_author_preserves_a_host_error ... ok
[INFO] [stdout] test rhai_engine::tests::host_error_propagation::get_spend_links_author_preserves_a_host_short_circuit ... ok
[INFO] [stdout] test rhai_engine::tests::host_error_propagation::hdi_verify_signature_preserves_a_host_error ... ok
[INFO] [stdout] test rhai_engine::tests::host_error_propagation::parse_record_to_parked_amount_and_source_preserves_a_host_error ... ok
[INFO] [stdout] test rhai_engine::tests::host_error_propagation::hdi_verify_record_signature_preserves_a_host_error ... ok
[INFO] [stdout] test rhai_engine::tests::host_error_propagation::the_heaviest_shipped_template_stays_inside_the_budget ... FAILED
[INFO] [stdout] test rhai_engine::tests::cool_down::naming_every_link_of_one_chain_reads_each_action_once ... ok
[INFO] [stdout] test rhai_engine::tests::cool_down::walking_a_chain_again_is_charged_by_the_entries_it_fetches ... ok
[INFO] [stdout] test rhai_engine::tests::numeric_reads::a_float_reaches_the_output_as_a_float_not_a_zero ... ok
[INFO] [stdout] test rhai_engine::tests::input_optionality::reading_data_off_an_absent_input_fails ... ok
[INFO] [stdout] test rhai_engine::tests::numeric_reads::to_num_dispatches_on_both_authored_shapes ... ok
[INFO] [stdout] test rhai_engine::tests::security::a_blob_past_the_cap_is_an_error ... ok
[INFO] [stdout] test rhai_engine::tests::numeric_reads::to_num_garbage_fails_the_run_naming_the_value ... ok
[INFO] [stdout] test rhai_engine::tests::security::a_deep_data_blob_is_an_error ... ok
[INFO] [stdout] test rhai_engine::tests::security::a_closure_cannot_capture ... ok
[INFO] [stdout] test rhai_engine::tests::security::a_deep_output_is_an_error ... ok
[INFO] [stdout] test rhai_engine::tests::host_error_propagation::a_script_cannot_catch_a_read_past_the_budget_either ... ok
[INFO] [stdout] test rhai_engine::tests::security::a_deep_record_is_an_error ... ok
[INFO] [stdout] test rhai_engine::tests::security::a_deep_signature_payload_is_an_error ... ok
[INFO] [stdout] test rhai_engine::tests::security::a_data_blob_that_will_not_parse_is_reported_by_its_size ... ok
[INFO] [stdout] test rhai_engine::tests::host_error_propagation::a_run_past_its_host_call_budget_is_refused ... ok
[INFO] [stdout] test rhai_engine::tests::security::a_record_at_the_deepest_the_guard_allows_is_not_a_depth_error ... ok
[INFO] [stdout] test rhai_engine::tests::host_error_propagation::a_run_inside_its_host_call_budget_runs ... ok
[INFO] [stdout] test rhai_engine::tests::host_error_propagation::a_script_cannot_catch_its_way_past_the_budget ... ok
[INFO] [stdout] test rhai_engine::tests::cool_down::a_first_walk_the_memo_has_no_room_for_is_used_and_let_go ... ok
[INFO] [stdout] test rhai_engine::tests::security::a_thrown_input_is_reported_bounded ... ok
[INFO] [stdout] test rhai_engine::tests::security::an_anonymous_function_still_runs ... ok
[INFO] [stdout] test rhai_engine::tests::security::an_input_at_the_deepest_the_guard_allows_runs ... ok
[INFO] [stdout] test rhai_engine::tests::cool_down::a_walk_over_large_entries_is_refused_before_it_holds_them ... ok
[INFO] [stdout] test rhai_engine::tests::security::a_deep_value_from_a_host_call_is_refused_before_it_is_converted ... ok
[INFO] [stdout] test rhai_engine::tests::security::a_deep_input_is_refused_before_it_is_measured ... ok
[INFO] [stdout] test rhai_engine::tests::security::closures_do_not_nest ... ok
[INFO] [stdout] test rhai_engine::tests::security::doubling_an_array_is_an_error ... ok
[INFO] [stdout] test rhai_engine::tests::security::currying_is_refused ... ok
[INFO] [stdout] test rhai_engine::tests::security::padding_an_array_past_the_cap_is_an_error ... ok
[INFO] [stdout] test rhai_engine::tests::security::eval_is_refused ... ok
[INFO] [stdout] test rhai_engine::tests::security::padding_is_held_to_the_counts_rhai_checks_after_it ... ok
[INFO] [stdout] test rhai_engine::tests::security::letting_go_of_what_a_run_started_with_is_not_over_its_budget ... ok
[INFO] [stdout] test rhai_engine::tests::security::a_deep_input_is_refused_before_it_is_converted ... ok
[INFO] [stdout] test rhai_engine::tests::security::reading_a_data_blob_logs_its_size_not_its_contents ... ok
[INFO] [stdout] test rhai_engine::tests::security::recursion_inside_the_call_limit_runs ... ok
[INFO] [stdout] test rhai_engine::tests::security::doubling_a_map_is_an_error ... ok
[INFO] [stdout] test rhai_engine::tests::security::recursion_past_the_call_limit_is_an_error ... ok
[INFO] [stdout] test rhai_engine::tests::security::test_input_size_limit ... ok
[INFO] [stdout] test rhai_engine::tests::security::test_max_call_depth ... ok
[INFO] [stdout] test rhai_engine::tests::security::test_max_script_size ... ok
[INFO] [stdout] test rhai_engine::tests::security::test_max_operations ... ok
[INFO] [stdout] test rhai_engine::tests::security::test_module_imports ... ok
[INFO] [stdout] test rhai_engine::tests::cool_down::a_walk_the_memo_does_not_keep_counts_against_the_run_while_it_reads ... ok
[INFO] [stdout] test rhai_engine::tests::security::sleep_is_an_error_not_a_panic ... ok
[INFO] [stderr] 
[INFO] [stderr] thread '<unknown>' (3245) has overflowed its stack
[INFO] [stderr] fatal runtime error: stack overflow, aborting
[INFO] [stderr] error: test failed, to rerun pass `--lib`
[INFO] [stderr] 
[INFO] [stderr] Caused by:
[INFO] [stderr]   process didn't exit successfully: `/opt/rustwide/target/debug/deps/rave_engine-73844a186ddb289d` (signal: 6, SIGABRT: process abort signal)
[INFO] running `Command { std: "docker" "inspect" "93cb7df3be614c130d86026931705b719dcc87e0069e993e04ed93f8067f0480", kill_on_drop: false }`
[INFO] running `Command { std: "docker" "rm" "-f" "93cb7df3be614c130d86026931705b719dcc87e0069e993e04ed93f8067f0480", kill_on_drop: false }`
[INFO] [stdout] 93cb7df3be614c130d86026931705b719dcc87e0069e993e04ed93f8067f0480
