[INFO] fetching crate facett 0.1.19...
[INFO] testing facett-0.1.19 against 1.99.0-beta.8 for beta-1.100-2
[INFO] extracting crate facett 0.1.19 into /workspace/builds/worker-2-tc1/source
[INFO] started tweaking crates.io crate facett 0.1.19
[INFO] removed 0 missing examples
[INFO] removed 0 missing tests
[INFO] finished tweaking crates.io crate facett 0.1.19
[INFO] tweaked toml for crates.io crate facett 0.1.19 written to /workspace/builds/worker-2-tc1/source/Cargo.toml
[INFO] validating manifest of crates.io crate facett 0.1.19 on toolchain 1.99.0-beta.8
[INFO] running `Command { std: CARGO_HOME="/workspace/cargo-home" RUSTUP_HOME="/workspace/rustup-home" "/workspace/cargo-home/bin/cargo" "+1.99.0-beta.8" "metadata" "--manifest-path" "Cargo.toml" "--no-deps", kill_on_drop: false }`
[INFO] crate crates.io crate facett 0.1.19 already has a lockfile, it will not be regenerated
[INFO] running `Command { std: CARGO_HOME="/workspace/cargo-home" RUSTUP_HOME="/workspace/rustup-home" "/workspace/cargo-home/bin/cargo" "+1.99.0-beta.8" "fetch" "--manifest-path" "Cargo.toml", kill_on_drop: false }`
[INFO] [stderr]     Blocking waiting for file lock on package cache
[INFO] [stderr]     Updating crates.io index
[INFO] [stderr]     Blocking waiting for file lock on package cache
[INFO] [stderr]  Downloading crates ...
[INFO] [stderr]   Downloaded facett-table v0.1.19
[INFO] [stderr]   Downloaded facett-warehousedeck v0.1.19
[INFO] [stderr]   Downloaded nornir-testmatrix v0.2.8
[INFO] [stderr]   Downloaded rotaryengine v0.1.12
[INFO] [stderr]   Downloaded vello_cpu v0.0.6
[INFO] [stderr]   Downloaded vello_common v0.0.6
[INFO] [stderr]   Downloaded egui-wgpu v0.35.0
[INFO] [stderr]   Downloaded portable-atomic v1.14.0
[INFO] [stderr]   Downloaded ecolor v0.35.0
[INFO] [stderr]   Downloaded emath v0.35.0
[INFO] [stderr]   Downloaded glifo v0.1.1
[INFO] [stderr]   Downloaded mime_guess2 v2.3.1
[INFO] [stderr]   Downloaded arrow-schema v59.2.0
[INFO] [stderr]   Downloaded arrow-data v59.2.0
[INFO] [stderr]   Downloaded egui_extras v0.35.0
[INFO] [stderr]   Downloaded fearless_simd v0.3.0
[INFO] [stderr]   Downloaded epaint v0.35.0
[INFO] [stderr]   Downloaded vello_cpu v0.0.9
[INFO] [stderr]   Downloaded vello_common v0.0.9
[INFO] [stderr]   Downloaded arrow-buffer v59.2.0
[INFO] [stderr]   Downloaded egui_plot v0.36.0
[INFO] [stderr]   Downloaded skrifa v0.42.1
[INFO] [stderr]   Downloaded harfrust v0.7.0
[INFO] [stderr]   Downloaded arrow-array v59.2.0
[INFO] [stderr]   Downloaded facett-plot v0.1.19
[INFO] [stderr]   Downloaded facett-tabbar v0.1.19
[INFO] [stderr]   Downloaded facett-pop v0.1.19
[INFO] [stderr]   Downloaded arrow-ipc v59.2.0
[INFO] [stderr]   Downloaded gltf-derive v1.4.1
[INFO] [stderr]   Downloaded facett-syschart v0.1.19
[INFO] [stderr]   Downloaded facett-plotters v0.1.19
[INFO] [stderr]   Downloaded twox-hash v2.1.3
[INFO] [stderr]   Downloaded gltf-json v1.4.1
[INFO] [stderr]   Downloaded facett-timeline v0.1.19
[INFO] [stderr]   Downloaded facett-plandag v0.1.19
[INFO] [stderr]   Downloaded gltf v1.4.1
[INFO] [stderr]   Downloaded facett-form v0.1.19
[INFO] [stderr]   Downloaded garde v0.23.0
[INFO] [stderr]   Downloaded tiny-skia-path v0.12.0
[INFO] [stderr]   Downloaded facett-helix v0.1.19
[INFO] [stderr]   Downloaded egui v0.35.0
[INFO] [stderr]   Downloaded facett-log v0.1.19
[INFO] [stderr]   Downloaded facett-icebergview v0.1.19
[INFO] [stderr]   Downloaded facett-gantt v0.1.19
[INFO] [stderr]   Downloaded facett-filedialog v0.1.19
[INFO] [stderr]   Downloaded facett-calendar v0.1.19
[INFO] [stderr]   Downloaded facett-git v0.1.19
[INFO] [stderr]   Downloaded garde_derive v0.23.0
[INFO] [stderr]   Downloaded facett-console v0.1.19
[INFO] [stderr]   Downloaded resvg v0.47.0
[INFO] [stderr]   Downloaded read-fonts v0.39.2
[INFO] [stderr]   Downloaded arrow-select v59.2.0
[INFO] [stderr]   Downloaded facett-graph3d v0.1.19
[INFO] [stderr]   Downloaded facett-search v0.1.19
[INFO] [stderr]   Downloaded facett-markdown v0.1.19
[INFO] [stderr]   Downloaded usvg v0.47.0
[INFO] [stderr]   Downloaded facett-graphview v0.1.19
[INFO] [stderr]   Downloaded facett-geomap v0.1.19
[INFO] [stderr]   Downloaded tiny-skia v0.12.0
[INFO] [stderr]   Downloaded epaint_default_fonts v0.35.0
[INFO] [stderr]   Downloaded glam v0.33.3
[INFO] [stderr]   Downloaded facett-docview v0.1.19
[INFO] [stderr]   Downloaded facett-map v0.1.19
[INFO] [stderr]   Downloaded facett-core v0.1.19
[INFO] [stderr]   Downloaded facett-map3d v0.1.19
[INFO] [stderr]   Downloaded parquet v59.2.0
[INFO] [stderr]   Downloaded znippy-zoomies v0.1.25
[INFO] [stderr]   Downloaded pdf-writer v0.12.1
[INFO] [stderr]   Downloaded facett-graph v0.1.19
[INFO] [stderr]   Downloaded facett-jobview v0.1.19
[INFO] [stderr]   Downloaded facett-grid v0.1.19
[INFO] [stderr]   Downloaded facett-toast v0.1.19
[INFO] [stderr]   Downloaded facett-security v0.1.19
[INFO] [stderr]   Downloaded facett-stat v0.1.19
[INFO] [stderr]   Downloaded facett-cfd v0.1.19
[INFO] [stderr]   Downloaded facett-graphpan v0.1.19
[INFO] [stderr]   Downloaded facett-matrix v0.1.19
[INFO] [stderr]   Downloaded facett-arrow v0.1.19
[INFO] [stderr]   Downloaded facett-video v0.1.19
[INFO] [stderr]   Downloaded facett-model3d v0.1.19
[INFO] [stderr]   Downloaded facett-osm v0.1.19
[INFO] [stderr]   Downloaded facett-menu v0.1.19
[INFO] [stderr]   Downloaded facett-pipeline v0.1.19
[INFO] [stderr]   Downloaded facett-card v0.1.19
[INFO] [stderr]   Downloaded egui_form v0.9.0
[INFO] [stderr]   Downloaded facett-file v0.1.19
[INFO] [stderr]   Downloaded facett-kanban v0.1.19
[INFO] [stderr]   Downloaded facett-confirm v0.1.19
[INFO] running `Command { std: "docker" "create" "-v" "/var/lib/crater-agent-workspace/builds/worker-2-tc1/source:/opt/rustwide/workdir:ro,Z" "-v" "/var/lib/crater-agent-workspace/builds/worker-2-tc1/target:/opt/rustwide/target:rw,Z" "-v" "/var/lib/crater-agent-workspace/cargo-home:/opt/rustwide/cargo-home:ro,Z" "-v" "/var/lib/crater-agent-workspace/rustup-home:/opt/rustwide/rustup-home:ro,Z" "-m" "1610612736" "--network" "none" "ghcr.io/rust-lang/crates-build-env/linux@sha256:3111399a4047eeb3a02b7a90e478d715f38a8c6669b5c4b49d30a17385265909" "sleep" "infinity", kill_on_drop: false }`
[INFO] [stdout] 1ce7443f44f131af39544e37f1ea91fb56ee283039cecc275ee3b1259835a1ee
[INFO] running `Command { std: "docker" "start" "1ce7443f44f131af39544e37f1ea91fb56ee283039cecc275ee3b1259835a1ee", kill_on_drop: false }`
[INFO] running `Command { std: "docker" "inspect" "1ce7443f44f131af39544e37f1ea91fb56ee283039cecc275ee3b1259835a1ee", kill_on_drop: false }`
[INFO] running `Command { std: "docker" "exec" "-e" "SOURCE_DIR=/opt/rustwide/workdir" "-e" "CARGO_HOME=/opt/rustwide/cargo-home" "-e" "RUSTUP_HOME=/opt/rustwide/rustup-home" "-e" "CARGO_TARGET_DIR=/opt/rustwide/target" "-w" "/opt/rustwide/workdir" "--user" "0:0" "1ce7443f44f131af39544e37f1ea91fb56ee283039cecc275ee3b1259835a1ee" "/opt/rustwide/cargo-home/bin/cargo" "+1.99.0-beta.8" "metadata" "--no-deps" "--format-version=1", kill_on_drop: false }`
[INFO] running `Command { std: "docker" "inspect" "1ce7443f44f131af39544e37f1ea91fb56ee283039cecc275ee3b1259835a1ee", kill_on_drop: false }`
[INFO] running `Command { std: "docker" "exec" "-e" "SOURCE_DIR=/opt/rustwide/workdir" "-e" "CARGO_HOME=/opt/rustwide/cargo-home" "-e" "RUSTUP_HOME=/opt/rustwide/rustup-home" "-e" "CARGO_TARGET_DIR=/opt/rustwide/target" "-e" "CARGO_INCREMENTAL=0" "-e" "RUST_BACKTRACE=full" "-e" "RUSTFLAGS=--cap-lints=warn" "-e" "RUSTDOCFLAGS=--cap-lints=warn" "-w" "/opt/rustwide/workdir" "--user" "0:0" "1ce7443f44f131af39544e37f1ea91fb56ee283039cecc275ee3b1259835a1ee" "/opt/rustwide/cargo-home/bin/cargo" "+1.99.0-beta.8" "build" "--frozen" "--message-format=json", kill_on_drop: false }`
[INFO] [stderr]    Compiling libc v0.2.189
[INFO] [stderr]    Compiling libm v0.2.16
[INFO] [stderr]    Compiling zerocopy v0.8.55
[INFO] [stderr]    Compiling arrayvec v0.7.8
[INFO] [stderr]    Compiling linebender_resource_handle v0.1.1
[INFO] [stderr]    Compiling bitflags v2.13.1
[INFO] [stderr]    Compiling proc-macro2 v1.0.107
[INFO] [stderr]    Compiling serde_core v1.0.229
[INFO] [stderr]    Compiling num-traits v0.2.19
[INFO] [stderr]    Compiling hashbrown v0.17.1
[INFO] [stderr]    Compiling ahash v0.8.12
[INFO] [stderr]    Compiling once_cell v1.21.4
[INFO] [stderr]    Compiling log v0.4.33
[INFO] [stderr]    Compiling thiserror v2.0.19
[INFO] [stderr]    Compiling either v1.17.0
[INFO] [stderr]    Compiling fearless_simd v0.4.1
[INFO] [stderr]    Compiling unicode-general-category v1.1.0
[INFO] [stderr]    Compiling polycool v0.4.0
[INFO] [stderr]    Compiling profiling v1.0.18
[INFO] [stderr]    Compiling futures-sink v0.3.33
[INFO] [stderr]    Compiling simd-adler32 v0.3.10
[INFO] [stderr]    Compiling self_cell v1.3.0
[INFO] [stderr]    Compiling epaint_default_fonts v0.35.0
[INFO] [stderr]    Compiling futures-core v0.3.33
[INFO] [stderr]    Compiling nohash-hasher v0.2.0
[INFO] [stderr]    Compiling unicode-segmentation v1.13.3
[INFO] [stderr]    Compiling itertools v0.14.0
[INFO] [stderr]    Compiling futures-task v0.3.33
[INFO] [stderr]    Compiling futures-channel v0.3.33
[INFO] [stderr]    Compiling arrow-schema v59.2.0
[INFO] [stderr]    Compiling futures-io v0.3.33
[INFO] [stderr]    Compiling anyhow v1.0.104
[INFO] [stderr]    Compiling miniz_oxide v0.8.9
[INFO] [stderr]    Compiling serde_json v1.0.151
[INFO] [stderr]    Compiling fdeflate v0.3.7
[INFO] [stderr]    Compiling hashbrown v0.16.1
[INFO] [stderr]    Compiling quote v1.0.47
[INFO] [stderr]    Compiling glam v0.33.3
[INFO] [stderr]    Compiling syn v2.0.119
[INFO] [stderr]    Compiling syn v3.0.3
[INFO] [stderr]    Compiling flate2 v1.1.9
[INFO] [stderr]    Compiling unicase v2.9.0
[INFO] [stderr]    Compiling siphasher v1.0.3
[INFO] [stderr]    Compiling png v0.17.16
[INFO] [stderr]    Compiling pkg-config v0.3.33
[INFO] [stderr]    Compiling semver v1.0.28
[INFO] [stderr]    Compiling itertools v0.11.0
[INFO] [stderr]    Compiling phf_shared v0.11.3
[INFO] [stderr]    Compiling rustc_version v0.4.1
[INFO] [stderr]    Compiling euclid v0.22.14
[INFO] [stderr]    Compiling num-integer v0.1.46
[INFO] [stderr]    Compiling num-complex v0.4.6
[INFO] [stderr]    Compiling phf v0.11.3
[INFO] [stderr]    Compiling getrandom v0.3.4
[INFO] [stderr]    Compiling memmap2 v0.9.11
[INFO] [stderr]    Compiling jobserver v0.1.35
[INFO] [stderr]    Compiling mime_guess2 v2.3.1
[INFO] [stderr]    Compiling flatbuffers v25.12.19
[INFO] [stderr]    Compiling castaway v0.2.4
[INFO] [stderr]    Compiling cc v1.4.0
[INFO] [stderr]    Compiling zstd-safe v7.2.4
[INFO] [stderr]    Compiling compact_str v0.9.1
[INFO] [stderr]    Compiling pdf-writer v0.12.1
[INFO] [stderr]    Compiling num-bigint v0.5.1
[INFO] [stderr]    Compiling guillotiere v0.7.0
[INFO] [stderr]    Compiling base64 v0.23.1
[INFO] [stderr]    Compiling twox-hash v2.1.3
[INFO] [stderr]    Compiling seq-macro v0.3.6
[INFO] [stderr]    Compiling uuid v1.24.0
[INFO] [stderr]    Compiling earcutr v0.4.3
[INFO] [stderr]    Compiling serde_derive v1.0.229
[INFO] [stderr]    Compiling thiserror-impl v2.0.19
[INFO] [stderr]    Compiling zstd-sys v2.0.16+zstd.1.5.7
[INFO] [stderr]    Compiling bytemuck_derive v1.11.0
[INFO] [stderr]    Compiling zerocopy-derive v0.8.55
[INFO] [stderr]    Compiling enumn v0.1.14
[INFO] [stderr]    Compiling futures-macro v0.3.33
[INFO] [stderr]    Compiling enum-map-derive v0.17.0
[INFO] [stderr]    Compiling garde_derive v0.23.0
[INFO] [stderr]    Compiling enum-map v2.7.3
[INFO] [stderr]    Compiling futures-util v0.3.33
[INFO] [stderr]    Compiling bytemuck v1.25.2
[INFO] [stderr]    Compiling color v0.3.3
[INFO] [stderr]    Compiling fearless_simd v0.3.0
[INFO] [stderr]    Compiling serde v1.0.229
[INFO] [stderr]    Compiling smallvec v1.15.2
[INFO] [stderr]    Compiling font-types v0.11.3
[INFO] [stderr]    Compiling emath v0.35.0
[INFO] [stderr]    Compiling accesskit v0.24.1
[INFO] [stderr]    Compiling chrono v0.4.45
[INFO] [stderr]    Compiling nornir-testmatrix v0.2.8
[INFO] [stderr]    Compiling kurbo v0.13.1
[INFO] [stderr]    Compiling parking_lot_core v0.9.12
[INFO] [stderr]    Compiling garde v0.23.0
[INFO] [stderr]    Compiling parking_lot v0.12.5
[INFO] [stderr]    Compiling zstd v0.13.3
[INFO] [stderr]    Compiling ecolor v0.35.0
[INFO] [stderr]    Compiling read-fonts v0.39.2
[INFO] [stderr]    Compiling read-fonts v0.37.0
[INFO] [stderr]    Compiling futures-executor v0.3.33
[INFO] [stderr]    Compiling peniko v0.6.1
[INFO] [stderr]    Compiling futures v0.3.33
[INFO] [stderr]    Compiling rotaryengine v0.1.12
[INFO] [stderr]    Compiling vello_common v0.0.9
[INFO] [stderr]    Compiling znippy-zoomies v0.1.25
[INFO] [stderr]    Compiling vello_cpu v0.0.9
[INFO] [stderr]    Compiling half v2.7.1
[INFO] [stderr]    Compiling arrow-buffer v59.2.0
[INFO] [stderr]    Compiling arrow-data v59.2.0
[INFO] [stderr]    Compiling arrow-array v59.2.0
[INFO] [stderr]    Compiling harfrust v0.7.0
[INFO] [stderr]    Compiling skrifa v0.42.1
[INFO] [stderr]    Compiling skrifa v0.40.0
[INFO] [stderr]    Compiling arrow-select v59.2.0
[INFO] [stderr]    Compiling vello_common v0.0.6
[INFO] [stderr]    Compiling epaint v0.35.0
[INFO] [stderr]    Compiling vello_cpu v0.0.6
[INFO] [stderr]    Compiling arrow-ipc v59.2.0
[INFO] [stderr]    Compiling egui v0.35.0
[INFO] [stderr]    Compiling parquet v59.2.0
[INFO] [stderr]    Compiling facett-core v0.1.19
[INFO] [stderr]    Compiling egui_extras v0.35.0
[INFO] [stderr]    Compiling egui_plot v0.36.0
[INFO] [stderr]    Compiling egui_form v0.9.0
[INFO] [stderr]    Compiling facett-confirm v0.1.19
[INFO] [stderr]    Compiling facett-graph v0.1.19
[INFO] [stderr]    Compiling facett-map v0.1.19
[INFO] [stderr]    Compiling facett-cfd v0.1.19
[INFO] [stderr]    Compiling facett-table v0.1.19
[INFO] [stderr]    Compiling facett-stat v0.1.19
[INFO] [stderr]    Compiling facett-grid v0.1.19
[INFO] [stderr]    Compiling facett-form v0.1.19
[INFO] [stderr]    Compiling facett-graphview v0.1.19
[INFO] [stderr]    Compiling facett-syschart v0.1.19
[INFO] [stderr]    Compiling facett-plot v0.1.19
[INFO] [stderr]    Compiling facett-search v0.1.19
[INFO] [stderr]    Compiling facett-timeline v0.1.19
[INFO] [stderr]    Compiling facett-matrix v0.1.19
[INFO] [stderr]    Compiling facett-graphpan v0.1.19
[INFO] [stderr]    Compiling facett-graph3d v0.1.19
[INFO] [stderr]    Compiling facett-pipeline v0.1.19
[INFO] [stderr]    Compiling facett-plandag v0.1.19
[INFO] [stderr]    Compiling facett-arrow v0.1.19
[INFO] [stderr]    Compiling facett-security v0.1.19
[INFO] [stderr]    Compiling facett-card v0.1.19
[INFO] [stderr]    Compiling facett-file v0.1.19
[INFO] [stderr]    Compiling facett-markdown v0.1.19
[INFO] [stderr]    Compiling facett-icebergview v0.1.19
[INFO] [stderr]    Compiling facett-gantt v0.1.19
[INFO] [stderr]    Compiling facett-pop v0.1.19
[INFO] [stderr]    Compiling facett-osm v0.1.19
[INFO] [stderr]    Compiling facett-kanban v0.1.19
[INFO] [stderr]    Compiling facett-calendar v0.1.19
[INFO] [stderr]    Compiling facett-git v0.1.19
[INFO] [stderr]    Compiling facett-jobview v0.1.19
[INFO] [stderr]    Compiling facett-console v0.1.19
[INFO] [stderr]    Compiling facett-filedialog v0.1.19
[INFO] [stderr]    Compiling facett-toast v0.1.19
[INFO] [stderr]    Compiling facett-menu v0.1.19
[INFO] [stderr]    Compiling facett-log v0.1.19
[INFO] [stderr]    Compiling facett-tabbar v0.1.19
[INFO] [stderr]    Compiling facett-map3d v0.1.19
[INFO] [stderr]    Compiling facett-warehousedeck v0.1.19
[INFO] [stderr]    Compiling facett-geomap v0.1.19
[INFO] [stderr]    Compiling facett-helix v0.1.19
[INFO] [stderr]    Compiling facett v0.1.19 (/opt/rustwide/workdir)
[INFO] [stderr]     Finished `dev` profile [unoptimized + debuginfo] target(s) in 2m 41s
[INFO] running `Command { std: "docker" "inspect" "1ce7443f44f131af39544e37f1ea91fb56ee283039cecc275ee3b1259835a1ee", kill_on_drop: false }`
[INFO] running `Command { std: "docker" "exec" "-e" "SOURCE_DIR=/opt/rustwide/workdir" "-e" "CARGO_HOME=/opt/rustwide/cargo-home" "-e" "RUSTUP_HOME=/opt/rustwide/rustup-home" "-e" "CARGO_TARGET_DIR=/opt/rustwide/target" "-e" "CARGO_INCREMENTAL=0" "-e" "RUST_BACKTRACE=full" "-e" "RUSTFLAGS=--cap-lints=warn" "-e" "RUSTDOCFLAGS=--cap-lints=warn" "-w" "/opt/rustwide/workdir" "--user" "0:0" "1ce7443f44f131af39544e37f1ea91fb56ee283039cecc275ee3b1259835a1ee" "/opt/rustwide/cargo-home/bin/cargo" "+1.99.0-beta.8" "test" "--frozen" "--no-run" "--message-format=json", kill_on_drop: false }`
[INFO] [stderr]    Compiling bitflags v2.13.1
[INFO] [stderr]    Compiling once_cell v1.21.4
[INFO] [stderr]    Compiling getrandom v0.4.3
[INFO] [stderr]    Compiling ahash v0.8.12
[INFO] [stderr]    Compiling harfrust v0.7.0
[INFO] [stderr]    Compiling flatbuffers v25.12.19
[INFO] [stderr]    Compiling pdf-writer v0.12.1
[INFO] [stderr]    Compiling rustix v1.1.4
[INFO] [stderr]    Compiling arrow-array v59.2.0
[INFO] [stderr]    Compiling tempfile v3.27.0
[INFO] [stderr]    Compiling epaint v0.35.0
[INFO] [stderr]    Compiling arrow-select v59.2.0
[INFO] [stderr]    Compiling arrow-ipc v59.2.0
[INFO] [stderr]    Compiling egui v0.35.0
[INFO] [stderr]    Compiling parquet v59.2.0
[INFO] [stderr]    Compiling facett-core v0.1.19
[INFO] [stderr]    Compiling egui_extras v0.35.0
[INFO] [stderr]    Compiling egui_plot v0.36.0
[INFO] [stderr]    Compiling egui_form v0.9.0
[INFO] [stderr]    Compiling facett-confirm v0.1.19
[INFO] [stderr]    Compiling facett-map v0.1.19
[INFO] [stderr]    Compiling facett-graph v0.1.19
[INFO] [stderr]    Compiling facett-cfd v0.1.19
[INFO] [stderr]    Compiling facett-table v0.1.19
[INFO] [stderr]    Compiling facett-stat v0.1.19
[INFO] [stderr]    Compiling facett-grid v0.1.19
[INFO] [stderr]    Compiling facett-form v0.1.19
[INFO] [stderr]    Compiling facett-graphview v0.1.19
[INFO] [stderr]    Compiling facett-syschart v0.1.19
[INFO] [stderr]    Compiling facett-plot v0.1.19
[INFO] [stderr]    Compiling facett-search v0.1.19
[INFO] [stderr]    Compiling facett-timeline v0.1.19
[INFO] [stderr]    Compiling facett-calendar v0.1.19
[INFO] [stderr]    Compiling facett-security v0.1.19
[INFO] [stderr]    Compiling facett-pipeline v0.1.19
[INFO] [stderr]    Compiling facett-graph3d v0.1.19
[INFO] [stderr]    Compiling facett-plandag v0.1.19
[INFO] [stderr]    Compiling facett-card v0.1.19
[INFO] [stderr]    Compiling facett-matrix v0.1.19
[INFO] [stderr]    Compiling facett-arrow v0.1.19
[INFO] [stderr]    Compiling facett-graphpan v0.1.19
[INFO] [stderr]    Compiling facett-markdown v0.1.19
[INFO] [stderr]    Compiling facett-osm v0.1.19
[INFO] [stderr]    Compiling facett-icebergview v0.1.19
[INFO] [stderr]    Compiling facett-gantt v0.1.19
[INFO] [stderr]    Compiling facett-console v0.1.19
[INFO] [stderr]    Compiling facett-pop v0.1.19
[INFO] [stderr]    Compiling facett-filedialog v0.1.19
[INFO] [stderr]    Compiling facett-kanban v0.1.19
[INFO] [stderr]    Compiling facett-git v0.1.19
[INFO] [stderr]    Compiling facett-jobview v0.1.19
[INFO] [stderr]    Compiling facett-file v0.1.19
[INFO] [stderr]    Compiling facett-toast v0.1.19
[INFO] [stderr]    Compiling facett-map3d v0.1.19
[INFO] [stderr]    Compiling facett-geomap v0.1.19
[INFO] [stderr]    Compiling facett-warehousedeck v0.1.19
[INFO] [stderr]    Compiling facett-menu v0.1.19
[INFO] [stderr]    Compiling facett-log v0.1.19
[INFO] [stderr]    Compiling facett-tabbar v0.1.19
[INFO] [stderr]    Compiling facett-helix v0.1.19
[INFO] [stderr]    Compiling facett v0.1.19 (/opt/rustwide/workdir)
[INFO] [stderr]     Finished `test` profile [unoptimized + debuginfo] target(s) in 1m 22s
[INFO] running `Command { std: "docker" "inspect" "1ce7443f44f131af39544e37f1ea91fb56ee283039cecc275ee3b1259835a1ee", kill_on_drop: false }`
[INFO] running `Command { std: "docker" "exec" "-e" "SOURCE_DIR=/opt/rustwide/workdir" "-e" "CARGO_HOME=/opt/rustwide/cargo-home" "-e" "RUSTUP_HOME=/opt/rustwide/rustup-home" "-e" "CARGO_TARGET_DIR=/opt/rustwide/target" "-e" "CARGO_INCREMENTAL=0" "-e" "RUST_BACKTRACE=full" "-e" "RUSTFLAGS=--cap-lints=warn" "-e" "RUSTDOCFLAGS=--cap-lints=warn" "-w" "/opt/rustwide/workdir" "--user" "0:0" "1ce7443f44f131af39544e37f1ea91fb56ee283039cecc275ee3b1259835a1ee" "/opt/rustwide/cargo-home/bin/cargo" "+1.99.0-beta.8" "test" "--frozen", kill_on_drop: false }`
[INFO] [stderr]     Finished `test` profile [unoptimized + debuginfo] target(s) in 0.53s
[INFO] [stderr]      Running unittests src/lib.rs (/opt/rustwide/target/debug/deps/facett-3b6e9547060fe4af)
[INFO] [stdout] 
[INFO] [stdout] running 0 tests
[INFO] [stdout] 
[INFO] [stdout] test result: ok. 0 passed; 0 failed; 0 ignored; 0 measured; 0 filtered out; finished in 0.00s
[INFO] [stdout] 
[INFO] [stderr]      Running tests/composition.rs (/opt/rustwide/target/debug/deps/composition-2d788958e79cbcbb)
[INFO] [stdout] 
[INFO] [stdout] running 2 tests
[INFO] [stdout] test glass_surface_degrades_correctly_across_presets ... ok
[INFO] [stderr]      Running tests/facet_completeness.rs (/opt/rustwide/target/debug/deps/facet_completeness-a55bd0a45d0eeacf)
[INFO] [stdout] test dataframe_overlaid_on_a_map_region_stays_picturable_and_interactive ... ok
[INFO] [stdout] 
[INFO] [stdout] test result: ok. 2 passed; 0 failed; 0 ignored; 0 measured; 0 filtered out; finished in 0.16s
[INFO] [stdout] 
[INFO] [stdout] 
[INFO] [stdout] running 2 tests
[INFO] [stdout] test every_facet_surface_is_caps_checked_or_explicitly_exempt ... FAILED
[INFO] [stdout] test discovery_matches_every_syntactic_form ... FAILED
[INFO] [stdout] 
[INFO] [stdout] failures:
[INFO] [stdout] 
[INFO] [stdout] ---- every_facet_surface_is_caps_checked_or_explicitly_exempt stdout ----
[INFO] [stdout] 
[INFO] [stdout] thread 'every_facet_surface_is_caps_checked_or_explicitly_exempt' (3587) panicked at tests/facet_completeness.rs:57:5:
[INFO] [stdout] Facet discovery collapsed: found only 0 surfaces under /opt/rustwide (floor 95). The walker or the column-0 parser is broken — every check below would pass vacuously. Fix discovery before trusting this test.
[INFO] [stderr] error: test failed, to rerun pass `--test facet_completeness`
[INFO] [stdout] stack backtrace:
[INFO] [stdout]    0:     0x5a4953597111 - std[70759c8f55707aa4]::backtrace_rs::backtrace::libunwind::trace
[INFO] [stdout]                                at /rustc/dfb0accb7f508ae8be965d8629557221c889dd98/library/std/src/../../backtrace/src/backtrace/libunwind.rs:117:9
[INFO] [stdout]    1:     0x5a4953597111 - std[70759c8f55707aa4]::backtrace_rs::backtrace::trace_unsynchronized::<std[70759c8f55707aa4]::sys::backtrace::_print_fmt::{closure#1}>
[INFO] [stdout]                                at /rustc/dfb0accb7f508ae8be965d8629557221c889dd98/library/std/src/../../backtrace/src/backtrace/mod.rs:66:14
[INFO] [stdout]    2:     0x5a4953597111 - std[70759c8f55707aa4]::sys::backtrace::_print_fmt
[INFO] [stdout]                                at /rustc/dfb0accb7f508ae8be965d8629557221c889dd98/library/std/src/sys/backtrace.rs:74:9
[INFO] [stdout]    3:     0x5a4953597111 - <<std[70759c8f55707aa4]::sys::backtrace::BacktraceLock>::print::DisplayBacktrace as core[df12db4294e9bfd3]::fmt::Display>::fmt
[INFO] [stdout]                                at /rustc/dfb0accb7f508ae8be965d8629557221c889dd98/library/std/src/sys/backtrace.rs:44:26
[INFO] [stdout]    4:     0x5a49535ab73a - <core[df12db4294e9bfd3]::fmt::rt::Argument>::fmt
[INFO] [stdout]                                at /rustc/dfb0accb7f508ae8be965d8629557221c889dd98/library/core/src/fmt/rt.rs:152:76
[INFO] [stdout]    5:     0x5a49535ab73a - core[df12db4294e9bfd3]::fmt::write
[INFO] [stdout]    6:     0x5a495359b89c - core[df12db4294e9bfd3]::io::write::default_write_fmt::<alloc[2182bb758b4b3781]::vec::Vec<u8>>
[INFO] [stdout]                                at /rustc/dfb0accb7f508ae8be965d8629557221c889dd98/library/core/src/io/write.rs:402:11
[INFO] [stdout]    7:     0x5a495359b89c - <alloc[2182bb758b4b3781]::vec::Vec<u8> as core[df12db4294e9bfd3]::io::write::Write>::write_fmt
[INFO] [stdout]                                at /rustc/dfb0accb7f508ae8be965d8629557221c889dd98/library/core/src/io/write.rs:335:13
[INFO] [stdout]    8:     0x5a49535728a6 - <std[70759c8f55707aa4]::sys::backtrace::BacktraceLock>::print
[INFO] [stdout]                                at /rustc/dfb0accb7f508ae8be965d8629557221c889dd98/library/std/src/sys/backtrace.rs:47:9
[INFO] [stdout]    9:     0x5a49535728a6 - std[70759c8f55707aa4]::panicking::default_hook::{closure#0}
[INFO] [stdout]                                at /rustc/dfb0accb7f508ae8be965d8629557221c889dd98/library/std/src/panicking.rs:292:27
[INFO] [stdout]   10:     0x5a495358f2f9 - std[70759c8f55707aa4]::panicking::default_hook
[INFO] [stdout]                                at /rustc/dfb0accb7f508ae8be965d8629557221c889dd98/library/std/src/panicking.rs:316:9
[INFO] [stdout]   11:     0x5a495352a850 - <alloc[2182bb758b4b3781]::boxed::Box<dyn for<'a, 'b> core[df12db4294e9bfd3]::ops::function::Fn<(&'a std[70759c8f55707aa4]::panic::PanicHookInfo<'b>,), Output = ()> + core[df12db4294e9bfd3]::marker::Send + core[df12db4294e9bfd3]::marker::Sync> as core[df12db4294e9bfd3]::ops::function::Fn<(&std[70759c8f55707aa4]::panic::PanicHookInfo,)>>::call
[INFO] [stdout]                                at /rustc/dfb0accb7f508ae8be965d8629557221c889dd98/library/alloc/src/boxed.rs:2334:9
[INFO] [stdout]   12:     0x5a495352a850 - test[9d35eded1c95d3be]::test_main_inner::<test[9d35eded1c95d3be]::test_main_static::{closure#0}>::{closure#0}
[INFO] [stdout]                                at /rustc/dfb0accb7f508ae8be965d8629557221c889dd98/library/test/src/lib.rs:155:21
[INFO] [stdout]   13:     0x5a495358f4b2 - <alloc[2182bb758b4b3781]::boxed::Box<dyn for<'a, 'b> core[df12db4294e9bfd3]::ops::function::Fn<(&'a std[70759c8f55707aa4]::panic::PanicHookInfo<'b>,), Output = ()> + core[df12db4294e9bfd3]::marker::Send + core[df12db4294e9bfd3]::marker::Sync> as core[df12db4294e9bfd3]::ops::function::Fn<(&std[70759c8f55707aa4]::panic::PanicHookInfo,)>>::call
[INFO] [stdout]                                at /rustc/dfb0accb7f508ae8be965d8629557221c889dd98/library/alloc/src/boxed.rs:2334:9
[INFO] [stdout]   14:     0x5a495358f4b2 - std[70759c8f55707aa4]::panicking::panic_with_hook
[INFO] [stdout]                                at /rustc/dfb0accb7f508ae8be965d8629557221c889dd98/library/std/src/panicking.rs:823:13
[INFO] [stdout]   15:     0x5a4953572952 - std[70759c8f55707aa4]::panicking::panic_handler::{closure#0}
[INFO] [stdout]                                at /rustc/dfb0accb7f508ae8be965d8629557221c889dd98/library/std/src/panicking.rs:688:13
[INFO] [stdout]   16:     0x5a495356b4a9 - std[70759c8f55707aa4]::sys::backtrace::__rust_end_short_backtrace::<std[70759c8f55707aa4]::panicking::panic_handler::{closure#0}, !>
[INFO] [stdout]                                at /rustc/dfb0accb7f508ae8be965d8629557221c889dd98/library/std/src/sys/backtrace.rs:182:18
[INFO] [stdout]   17:     0x5a495357354d - __rustc[8fa7c3cbc660c2b3]::rust_begin_unwind
[INFO] [stdout]                                at /rustc/dfb0accb7f508ae8be965d8629557221c889dd98/library/std/src/panicking.rs:679:5
[INFO] [stdout]   18:     0x5a49535abe6c - core[df12db4294e9bfd3]::panicking::panic_fmt
[INFO] [stdout]                                at /rustc/dfb0accb7f508ae8be965d8629557221c889dd98/library/core/src/panicking.rs:80:14
[INFO] [stdout]   19:     0x5a495350227d - facet_completeness[467db12674e5ae22]::every_facet_surface_is_caps_checked_or_explicitly_exempt
[INFO] [stdout]                                at /opt/rustwide/workdir/tests/facet_completeness.rs:57:5
[INFO] [stdout]   20:     0x5a4953500e57 - facet_completeness[467db12674e5ae22]::every_facet_surface_is_caps_checked_or_explicitly_exempt::{closure#0}
[INFO] [stdout]                                at /opt/rustwide/workdir/tests/facet_completeness.rs:52:62
[INFO] [stdout]   21:     0x5a49535125d6 - <facet_completeness[467db12674e5ae22]::every_facet_surface_is_caps_checked_or_explicitly_exempt::{closure#0} as core[df12db4294e9bfd3]::ops::function::FnOnce<()>>::call_once
[INFO] [stdout]                                at /rustc/dfb0accb7f508ae8be965d8629557221c889dd98/library/core/src/ops/function.rs:250:5
[INFO] [stdout]   22:     0x5a495351db3b - <fn() -> core[df12db4294e9bfd3]::result::Result<(), alloc[2182bb758b4b3781]::string::String> as core[df12db4294e9bfd3]::ops::function::FnOnce<()>>::call_once
[INFO] [stdout]                                at /rustc/dfb0accb7f508ae8be965d8629557221c889dd98/library/core/src/ops/function.rs:250:5
[INFO] [stdout]   23:     0x5a495351db3b - test[9d35eded1c95d3be]::__rust_begin_short_backtrace::<core[df12db4294e9bfd3]::result::Result<(), alloc[2182bb758b4b3781]::string::String>, fn() -> core[df12db4294e9bfd3]::result::Result<(), alloc[2182bb758b4b3781]::string::String>>
[INFO] [stdout]                                at /rustc/dfb0accb7f508ae8be965d8629557221c889dd98/library/test/src/lib.rs:733:18
[INFO] [stdout]   24:     0x5a495352b1a5 - test[9d35eded1c95d3be]::run_test_in_process::{closure#0}
[INFO] [stdout]                                at /rustc/dfb0accb7f508ae8be965d8629557221c889dd98/library/test/src/lib.rs:756:74
[INFO] [stdout]   25:     0x5a495352b1a5 - <core[df12db4294e9bfd3]::panic::unwind_safe::AssertUnwindSafe<test[9d35eded1c95d3be]::run_test_in_process::{closure#0}> as core[df12db4294e9bfd3]::ops::function::FnOnce<()>>::call_once
[INFO] [stdout]                                at /rustc/dfb0accb7f508ae8be965d8629557221c889dd98/library/core/src/panic/unwind_safe.rs:275:9
[INFO] [stdout]   26:     0x5a495352b1a5 - std[70759c8f55707aa4]::panicking::catch_unwind::do_call::<core[df12db4294e9bfd3]::panic::unwind_safe::AssertUnwindSafe<test[9d35eded1c95d3be]::run_test_in_process::{closure#0}>, core[df12db4294e9bfd3]::result::Result<(), alloc[2182bb758b4b3781]::string::String>>
[INFO] [stdout]                                at /rustc/dfb0accb7f508ae8be965d8629557221c889dd98/library/std/src/panicking.rs:576:43
[INFO] [stdout]   27:     0x5a495352b1a5 - std[70759c8f55707aa4]::panicking::catch_unwind::<core[df12db4294e9bfd3]::result::Result<(), alloc[2182bb758b4b3781]::string::String>, core[df12db4294e9bfd3]::panic::unwind_safe::AssertUnwindSafe<test[9d35eded1c95d3be]::run_test_in_process::{closure#0}>>
[INFO] [stdout]                                at /rustc/dfb0accb7f508ae8be965d8629557221c889dd98/library/std/src/panicking.rs:544:19
[INFO] [stdout]   28:     0x5a495352b1a5 - std[70759c8f55707aa4]::panic::catch_unwind::<core[df12db4294e9bfd3]::panic::unwind_safe::AssertUnwindSafe<test[9d35eded1c95d3be]::run_test_in_process::{closure#0}>, core[df12db4294e9bfd3]::result::Result<(), alloc[2182bb758b4b3781]::string::String>>
[INFO] [stdout]                                at /rustc/dfb0accb7f508ae8be965d8629557221c889dd98/library/std/src/panic.rs:359:14
[INFO] [stdout]   29:     0x5a495352b1a5 - test[9d35eded1c95d3be]::run_test_in_process
[INFO] [stdout]                                at /rustc/dfb0accb7f508ae8be965d8629557221c889dd98/library/test/src/lib.rs:756:27
[INFO] [stdout]   30:     0x5a495352b1a5 - test[9d35eded1c95d3be]::run_test::{closure#0}
[INFO] [stdout]                                at /rustc/dfb0accb7f508ae8be965d8629557221c889dd98/library/test/src/lib.rs:677:43
[INFO] [stdout]   31:     0x5a4953524a64 - test[9d35eded1c95d3be]::run_test::{closure#1}
[INFO] [stdout]                                at /rustc/dfb0accb7f508ae8be965d8629557221c889dd98/library/test/src/lib.rs:707:41
[INFO] [stdout]   32:     0x5a4953524a64 - std[70759c8f55707aa4]::sys::backtrace::__rust_begin_short_backtrace::<test[9d35eded1c95d3be]::run_test::{closure#1}, ()>
[INFO] [stdout]                                at /rustc/dfb0accb7f508ae8be965d8629557221c889dd98/library/std/src/sys/backtrace.rs:166:18
[INFO] [stdout]   33:     0x5a495352e302 - std[70759c8f55707aa4]::thread::lifecycle::spawn_unchecked::<test[9d35eded1c95d3be]::run_test::{closure#1}, ()>::{closure#1}::{closure#0}
[INFO] [stdout]                                at /rustc/dfb0accb7f508ae8be965d8629557221c889dd98/library/std/src/thread/lifecycle.rs:70:13
[INFO] [stdout]   34:     0x5a495352e302 - <core[df12db4294e9bfd3]::panic::unwind_safe::AssertUnwindSafe<std[70759c8f55707aa4]::thread::lifecycle::spawn_unchecked<test[9d35eded1c95d3be]::run_test::{closure#1}, ()>::{closure#1}::{closure#0}> as core[df12db4294e9bfd3]::ops::function::FnOnce<()>>::call_once
[INFO] [stdout]                                at /rustc/dfb0accb7f508ae8be965d8629557221c889dd98/library/core/src/panic/unwind_safe.rs:275:9
[INFO] [stdout]   35:     0x5a495352e302 - std[70759c8f55707aa4]::panicking::catch_unwind::do_call::<core[df12db4294e9bfd3]::panic::unwind_safe::AssertUnwindSafe<std[70759c8f55707aa4]::thread::lifecycle::spawn_unchecked<test[9d35eded1c95d3be]::run_test::{closure#1}, ()>::{closure#1}::{closure#0}>, ()>
[INFO] [stdout]                                at /rustc/dfb0accb7f508ae8be965d8629557221c889dd98/library/std/src/panicking.rs:576:43
[INFO] [stdout]   36:     0x5a495352e302 - std[70759c8f55707aa4]::panicking::catch_unwind::<(), core[df12db4294e9bfd3]::panic::unwind_safe::AssertUnwindSafe<std[70759c8f55707aa4]::thread::lifecycle::spawn_unchecked<test[9d35eded1c95d3be]::run_test::{closure#1}, ()>::{closure#1}::{closure#0}>>
[INFO] [stdout]                                at /rustc/dfb0accb7f508ae8be965d8629557221c889dd98/library/std/src/panicking.rs:544:19
[INFO] [stdout]   37:     0x5a495352e302 - std[70759c8f55707aa4]::panic::catch_unwind::<core[df12db4294e9bfd3]::panic::unwind_safe::AssertUnwindSafe<std[70759c8f55707aa4]::thread::lifecycle::spawn_unchecked<test[9d35eded1c95d3be]::run_test::{closure#1}, ()>::{closure#1}::{closure#0}>, ()>
[INFO] [stdout]                                at /rustc/dfb0accb7f508ae8be965d8629557221c889dd98/library/std/src/panic.rs:359:14
[INFO] [stdout]   38:     0x5a495352e302 - std[70759c8f55707aa4]::thread::lifecycle::spawn_unchecked::<test[9d35eded1c95d3be]::run_test::{closure#1}, ()>::{closure#1}
[INFO] [stdout]                                at /rustc/dfb0accb7f508ae8be965d8629557221c889dd98/library/std/src/thread/lifecycle.rs:68:26
[INFO] [stdout]   39:     0x5a495352e302 - <std[70759c8f55707aa4]::thread::lifecycle::spawn_unchecked<test[9d35eded1c95d3be]::run_test::{closure#1}, ()>::{closure#1} as core[df12db4294e9bfd3]::ops::function::FnOnce<()>>::call_once::{shim:vtable#0}
[INFO] [stdout]                                at /rustc/dfb0accb7f508ae8be965d8629557221c889dd98/library/core/src/ops/function.rs:250:5
[INFO] [stdout]   40:     0x5a4953596679 - <alloc[2182bb758b4b3781]::boxed::Box<dyn core[df12db4294e9bfd3]::ops::function::FnOnce<(), Output = ()> + core[df12db4294e9bfd3]::marker::Send> as core[df12db4294e9bfd3]::ops::function::FnOnce<()>>::call_once
[INFO] [stdout]                                at /rustc/dfb0accb7f508ae8be965d8629557221c889dd98/library/alloc/src/boxed.rs:2320:9
[INFO] [stdout]   41:     0x5a4953596679 - <std[70759c8f55707aa4]::sys::thread::unix::Thread>::new::thread_start
[INFO] [stdout]                                at /rustc/dfb0accb7f508ae8be965d8629557221c889dd98/library/std/src/sys/thread/unix.rs:123:17
[INFO] [stdout]   42:     0x7baff7d53dfa - <unknown>
[INFO] [stdout]   43:     0x7baff7de73d4 - clone
[INFO] [stdout]   44:                0x0 - <unknown>
[INFO] [stdout] 
[INFO] [stdout] ---- discovery_matches_every_syntactic_form stdout ----
[INFO] [stdout] 
[INFO] [stdout] thread 'discovery_matches_every_syntactic_form' (3586) panicked at tests/facet_completeness.rs:215:9:
[INFO] [stdout] `facett-graph::GraphView` is a real shipped surface and must be discovered — discovery has gone blind to a whole syntactic form again
[INFO] [stdout] stack backtrace:
[INFO] [stdout]    0:     0x5a4953597111 - std[70759c8f55707aa4]::backtrace_rs::backtrace::libunwind::trace
[INFO] [stdout]                                at /rustc/dfb0accb7f508ae8be965d8629557221c889dd98/library/std/src/../../backtrace/src/backtrace/libunwind.rs:117:9
[INFO] [stdout]    1:     0x5a4953597111 - std[70759c8f55707aa4]::backtrace_rs::backtrace::trace_unsynchronized::<std[70759c8f55707aa4]::sys::backtrace::_print_fmt::{closure#1}>
[INFO] [stdout]                                at /rustc/dfb0accb7f508ae8be965d8629557221c889dd98/library/std/src/../../backtrace/src/backtrace/mod.rs:66:14
[INFO] [stdout]    2:     0x5a4953597111 - std[70759c8f55707aa4]::sys::backtrace::_print_fmt
[INFO] [stdout]                                at /rustc/dfb0accb7f508ae8be965d8629557221c889dd98/library/std/src/sys/backtrace.rs:74:9
[INFO] [stdout]    3:     0x5a4953597111 - <<std[70759c8f55707aa4]::sys::backtrace::BacktraceLock>::print::DisplayBacktrace as core[df12db4294e9bfd3]::fmt::Display>::fmt
[INFO] [stdout]                                at /rustc/dfb0accb7f508ae8be965d8629557221c889dd98/library/std/src/sys/backtrace.rs:44:26
[INFO] [stdout]    4:     0x5a49535ab73a - <core[df12db4294e9bfd3]::fmt::rt::Argument>::fmt
[INFO] [stdout]                                at /rustc/dfb0accb7f508ae8be965d8629557221c889dd98/library/core/src/fmt/rt.rs:152:76
[INFO] [stdout]    5:     0x5a49535ab73a - core[df12db4294e9bfd3]::fmt::write
[INFO] [stdout]    6:     0x5a495359b89c - core[df12db4294e9bfd3]::io::write::default_write_fmt::<alloc[2182bb758b4b3781]::vec::Vec<u8>>
[INFO] [stdout]                                at /rustc/dfb0accb7f508ae8be965d8629557221c889dd98/library/core/src/io/write.rs:402:11
[INFO] [stdout]    7:     0x5a495359b89c - <alloc[2182bb758b4b3781]::vec::Vec<u8> as core[df12db4294e9bfd3]::io::write::Write>::write_fmt
[INFO] [stdout]                                at /rustc/dfb0accb7f508ae8be965d8629557221c889dd98/library/core/src/io/write.rs:335:13
[INFO] [stdout]    8:     0x5a49535728a6 - <std[70759c8f55707aa4]::sys::backtrace::BacktraceLock>::print
[INFO] [stdout]                                at /rustc/dfb0accb7f508ae8be965d8629557221c889dd98/library/std/src/sys/backtrace.rs:47:9
[INFO] [stdout]    9:     0x5a49535728a6 - std[70759c8f55707aa4]::panicking::default_hook::{closure#0}
[INFO] [stdout]                                at /rustc/dfb0accb7f508ae8be965d8629557221c889dd98/library/std/src/panicking.rs:292:27
[INFO] [stdout]   10:     0x5a495358f2f9 - std[70759c8f55707aa4]::panicking::default_hook
[INFO] [stdout]                                at /rustc/dfb0accb7f508ae8be965d8629557221c889dd98/library/std/src/panicking.rs:316:9
[INFO] [stdout]   11:     0x5a495352a850 - <alloc[2182bb758b4b3781]::boxed::Box<dyn for<'a, 'b> core[df12db4294e9bfd3]::ops::function::Fn<(&'a std[70759c8f55707aa4]::panic::PanicHookInfo<'b>,), Output = ()> + core[df12db4294e9bfd3]::marker::Send + core[df12db4294e9bfd3]::marker::Sync> as core[df12db4294e9bfd3]::ops::function::Fn<(&std[70759c8f55707aa4]::panic::PanicHookInfo,)>>::call
[INFO] [stdout]                                at /rustc/dfb0accb7f508ae8be965d8629557221c889dd98/library/alloc/src/boxed.rs:2334:9
[INFO] [stdout]   12:     0x5a495352a850 - test[9d35eded1c95d3be]::test_main_inner::<test[9d35eded1c95d3be]::test_main_static::{closure#0}>::{closure#0}
[INFO] [stdout]                                at /rustc/dfb0accb7f508ae8be965d8629557221c889dd98/library/test/src/lib.rs:155:21
[INFO] [stdout]   13:     0x5a495358f4b2 - <alloc[2182bb758b4b3781]::boxed::Box<dyn for<'a, 'b> core[df12db4294e9bfd3]::ops::function::Fn<(&'a std[70759c8f55707aa4]::panic::PanicHookInfo<'b>,), Output = ()> + core[df12db4294e9bfd3]::marker::Send + core[df12db4294e9bfd3]::marker::Sync> as core[df12db4294e9bfd3]::ops::function::Fn<(&std[70759c8f55707aa4]::panic::PanicHookInfo,)>>::call
[INFO] [stdout]                                at /rustc/dfb0accb7f508ae8be965d8629557221c889dd98/library/alloc/src/boxed.rs:2334:9
[INFO] [stdout]   14:     0x5a495358f4b2 - std[70759c8f55707aa4]::panicking::panic_with_hook
[INFO] [stdout]                                at /rustc/dfb0accb7f508ae8be965d8629557221c889dd98/library/std/src/panicking.rs:823:13
[INFO] [stdout]   15:     0x5a4953572952 - std[70759c8f55707aa4]::panicking::panic_handler::{closure#0}
[INFO] [stdout]                                at /rustc/dfb0accb7f508ae8be965d8629557221c889dd98/library/std/src/panicking.rs:688:13
[INFO] [stdout]   16:     0x5a495356b4a9 - std[70759c8f55707aa4]::sys::backtrace::__rust_end_short_backtrace::<std[70759c8f55707aa4]::panicking::panic_handler::{closure#0}, !>
[INFO] [stdout]                                at /rustc/dfb0accb7f508ae8be965d8629557221c889dd98/library/std/src/sys/backtrace.rs:182:18
[INFO] [stdout]   17:     0x5a495357354d - __rustc[8fa7c3cbc660c2b3]::rust_begin_unwind
[INFO] [stdout]                                at /rustc/dfb0accb7f508ae8be965d8629557221c889dd98/library/std/src/panicking.rs:679:5
[INFO] [stdout]   18:     0x5a49535abe6c - core[df12db4294e9bfd3]::panicking::panic_fmt
[INFO] [stdout]                                at /rustc/dfb0accb7f508ae8be965d8629557221c889dd98/library/core/src/panicking.rs:80:14
[INFO] [stdout]   19:     0x5a4953501cad - facet_completeness[467db12674e5ae22]::discovery_matches_every_syntactic_form
[INFO] [stdout]                                at /opt/rustwide/workdir/tests/facet_completeness.rs:215:9
[INFO] [stdout]   20:     0x5a4953500e27 - facet_completeness[467db12674e5ae22]::discovery_matches_every_syntactic_form::{closure#0}
[INFO] [stdout]                                at /opt/rustwide/workdir/tests/facet_completeness.rs:143:44
[INFO] [stdout]   21:     0x5a49535125b6 - <facet_completeness[467db12674e5ae22]::discovery_matches_every_syntactic_form::{closure#0} as core[df12db4294e9bfd3]::ops::function::FnOnce<()>>::call_once
[INFO] [stdout]                                at /rustc/dfb0accb7f508ae8be965d8629557221c889dd98/library/core/src/ops/function.rs:250:5
[INFO] [stdout]   22:     0x5a495351db3b - <fn() -> core[df12db4294e9bfd3]::result::Result<(), alloc[2182bb758b4b3781]::string::String> as core[df12db4294e9bfd3]::ops::function::FnOnce<()>>::call_once
[INFO] [stdout]                                at /rustc/dfb0accb7f508ae8be965d8629557221c889dd98/library/core/src/ops/function.rs:250:5
[INFO] [stdout]   23:     0x5a495351db3b - test[9d35eded1c95d3be]::__rust_begin_short_backtrace::<core[df12db4294e9bfd3]::result::Result<(), alloc[2182bb758b4b3781]::string::String>, fn() -> core[df12db4294e9bfd3]::result::Result<(), alloc[2182bb758b4b3781]::string::String>>
[INFO] [stdout]                                at /rustc/dfb0accb7f508ae8be965d8629557221c889dd98/library/test/src/lib.rs:733:18
[INFO] [stdout]   24:     0x5a495352b1a5 - test[9d35eded1c95d3be]::run_test_in_process::{closure#0}
[INFO] [stdout]                                at /rustc/dfb0accb7f508ae8be965d8629557221c889dd98/library/test/src/lib.rs:756:74
[INFO] [stdout]   25:     0x5a495352b1a5 - <core[df12db4294e9bfd3]::panic::unwind_safe::AssertUnwindSafe<test[9d35eded1c95d3be]::run_test_in_process::{closure#0}> as core[df12db4294e9bfd3]::ops::function::FnOnce<()>>::call_once
[INFO] [stdout]                                at /rustc/dfb0accb7f508ae8be965d8629557221c889dd98/library/core/src/panic/unwind_safe.rs:275:9
[INFO] [stdout]   26:     0x5a495352b1a5 - std[70759c8f55707aa4]::panicking::catch_unwind::do_call::<core[df12db4294e9bfd3]::panic::unwind_safe::AssertUnwindSafe<test[9d35eded1c95d3be]::run_test_in_process::{closure#0}>, core[df12db4294e9bfd3]::result::Result<(), alloc[2182bb758b4b3781]::string::String>>
[INFO] [stdout]                                at /rustc/dfb0accb7f508ae8be965d8629557221c889dd98/library/std/src/panicking.rs:576:43
[INFO] [stdout]   27:     0x5a495352b1a5 - std[70759c8f55707aa4]::panicking::catch_unwind::<core[df12db4294e9bfd3]::result::Result<(), alloc[2182bb758b4b3781]::string::String>, core[df12db4294e9bfd3]::panic::unwind_safe::AssertUnwindSafe<test[9d35eded1c95d3be]::run_test_in_process::{closure#0}>>
[INFO] [stdout]                                at /rustc/dfb0accb7f508ae8be965d8629557221c889dd98/library/std/src/panicking.rs:544:19
[INFO] [stdout]   28:     0x5a495352b1a5 - std[70759c8f55707aa4]::panic::catch_unwind::<core[df12db4294e9bfd3]::panic::unwind_safe::AssertUnwindSafe<test[9d35eded1c95d3be]::run_test_in_process::{closure#0}>, core[df12db4294e9bfd3]::result::Result<(), alloc[2182bb758b4b3781]::string::String>>
[INFO] [stdout]                                at /rustc/dfb0accb7f508ae8be965d8629557221c889dd98/library/std/src/panic.rs:359:14
[INFO] [stdout]   29:     0x5a495352b1a5 - test[9d35eded1c95d3be]::run_test_in_process
[INFO] [stdout]                                at /rustc/dfb0accb7f508ae8be965d8629557221c889dd98/library/test/src/lib.rs:756:27
[INFO] [stdout]   30:     0x5a495352b1a5 - test[9d35eded1c95d3be]::run_test::{closure#0}
[INFO] [stdout]                                at /rustc/dfb0accb7f508ae8be965d8629557221c889dd98/library/test/src/lib.rs:677:43
[INFO] [stdout]   31:     0x5a4953524a64 - test[9d35eded1c95d3be]::run_test::{closure#1}
[INFO] [stdout]                                at /rustc/dfb0accb7f508ae8be965d8629557221c889dd98/library/test/src/lib.rs:707:41
[INFO] [stdout]   32:     0x5a4953524a64 - std[70759c8f55707aa4]::sys::backtrace::__rust_begin_short_backtrace::<test[9d35eded1c95d3be]::run_test::{closure#1}, ()>
[INFO] [stdout]                                at /rustc/dfb0accb7f508ae8be965d8629557221c889dd98/library/std/src/sys/backtrace.rs:166:18
[INFO] [stdout]   33:     0x5a495352e302 - std[70759c8f55707aa4]::thread::lifecycle::spawn_unchecked::<test[9d35eded1c95d3be]::run_test::{closure#1}, ()>::{closure#1}::{closure#0}
[INFO] [stdout]                                at /rustc/dfb0accb7f508ae8be965d8629557221c889dd98/library/std/src/thread/lifecycle.rs:70:13
[INFO] [stdout]   34:     0x5a495352e302 - <core[df12db4294e9bfd3]::panic::unwind_safe::AssertUnwindSafe<std[70759c8f55707aa4]::thread::lifecycle::spawn_unchecked<test[9d35eded1c95d3be]::run_test::{closure#1}, ()>::{closure#1}::{closure#0}> as core[df12db4294e9bfd3]::ops::function::FnOnce<()>>::call_once
[INFO] [stdout]                                at /rustc/dfb0accb7f508ae8be965d8629557221c889dd98/library/core/src/panic/unwind_safe.rs:275:9
[INFO] [stdout]   35:     0x5a495352e302 - std[70759c8f55707aa4]::panicking::catch_unwind::do_call::<core[df12db4294e9bfd3]::panic::unwind_safe::AssertUnwindSafe<std[70759c8f55707aa4]::thread::lifecycle::spawn_unchecked<test[9d35eded1c95d3be]::run_test::{closure#1}, ()>::{closure#1}::{closure#0}>, ()>
[INFO] [stdout]                                at /rustc/dfb0accb7f508ae8be965d8629557221c889dd98/library/std/src/panicking.rs:576:43
[INFO] [stdout]   36:     0x5a495352e302 - std[70759c8f55707aa4]::panicking::catch_unwind::<(), core[df12db4294e9bfd3]::panic::unwind_safe::AssertUnwindSafe<std[70759c8f55707aa4]::thread::lifecycle::spawn_unchecked<test[9d35eded1c95d3be]::run_test::{closure#1}, ()>::{closure#1}::{closure#0}>>
[INFO] [stdout]                                at /rustc/dfb0accb7f508ae8be965d8629557221c889dd98/library/std/src/panicking.rs:544:19
[INFO] [stdout]   37:     0x5a495352e302 - std[70759c8f55707aa4]::panic::catch_unwind::<core[df12db4294e9bfd3]::panic::unwind_safe::AssertUnwindSafe<std[70759c8f55707aa4]::thread::lifecycle::spawn_unchecked<test[9d35eded1c95d3be]::run_test::{closure#1}, ()>::{closure#1}::{closure#0}>, ()>
[INFO] [stdout]                                at /rustc/dfb0accb7f508ae8be965d8629557221c889dd98/library/std/src/panic.rs:359:14
[INFO] [stdout]   38:     0x5a495352e302 - std[70759c8f55707aa4]::thread::lifecycle::spawn_unchecked::<test[9d35eded1c95d3be]::run_test::{closure#1}, ()>::{closure#1}
[INFO] [stdout]                                at /rustc/dfb0accb7f508ae8be965d8629557221c889dd98/library/std/src/thread/lifecycle.rs:68:26
[INFO] [stdout]   39:     0x5a495352e302 - <std[70759c8f55707aa4]::thread::lifecycle::spawn_unchecked<test[9d35eded1c95d3be]::run_test::{closure#1}, ()>::{closure#1} as core[df12db4294e9bfd3]::ops::function::FnOnce<()>>::call_once::{shim:vtable#0}
[INFO] [stdout]                                at /rustc/dfb0accb7f508ae8be965d8629557221c889dd98/library/core/src/ops/function.rs:250:5
[INFO] [stdout]   40:     0x5a4953596679 - <alloc[2182bb758b4b3781]::boxed::Box<dyn core[df12db4294e9bfd3]::ops::function::FnOnce<(), Output = ()> + core[df12db4294e9bfd3]::marker::Send> as core[df12db4294e9bfd3]::ops::function::FnOnce<()>>::call_once
[INFO] [stdout]                                at /rustc/dfb0accb7f508ae8be965d8629557221c889dd98/library/alloc/src/boxed.rs:2320:9
[INFO] [stdout]   41:     0x5a4953596679 - <std[70759c8f55707aa4]::sys::thread::unix::Thread>::new::thread_start
[INFO] [stdout]                                at /rustc/dfb0accb7f508ae8be965d8629557221c889dd98/library/std/src/sys/thread/unix.rs:123:17
[INFO] [stdout]   42:     0x7baff7d53dfa - <unknown>
[INFO] [stdout]   43:     0x7baff7de73d4 - clone
[INFO] [stdout]   44:                0x0 - <unknown>
[INFO] [stdout] 
[INFO] [stdout] 
[INFO] [stdout] failures:
[INFO] [stdout]     discovery_matches_every_syntactic_form
[INFO] [stdout]     every_facet_surface_is_caps_checked_or_explicitly_exempt
[INFO] [stdout] 
[INFO] [stdout] test result: FAILED. 0 passed; 2 failed; 0 ignored; 0 measured; 0 filtered out; finished in 0.05s
[INFO] [stdout] 
[INFO] running `Command { std: "docker" "inspect" "1ce7443f44f131af39544e37f1ea91fb56ee283039cecc275ee3b1259835a1ee", kill_on_drop: false }`
[INFO] running `Command { std: "docker" "rm" "-f" "1ce7443f44f131af39544e37f1ea91fb56ee283039cecc275ee3b1259835a1ee", kill_on_drop: false }`
[INFO] [stdout] 1ce7443f44f131af39544e37f1ea91fb56ee283039cecc275ee3b1259835a1ee
