[INFO] cloning repository https://github.com/tpanzzz/DiskANN-cache
[INFO] running `Command { std: "git" "-c" "credential.helper=" "-c" "credential.helper=/workspace/cargo-home/bin/git-credential-null" "clone" "--bare" "https://github.com/tpanzzz/DiskANN-cache" "/workspace/cache/git-repos/https%3A%2F%2Fgithub.com%2Ftpanzzz%2FDiskANN-cache", kill_on_drop: false }`
[INFO] [stderr] Cloning into bare repository '/workspace/cache/git-repos/https%3A%2F%2Fgithub.com%2Ftpanzzz%2FDiskANN-cache'...
[INFO] running `Command { std: "git" "rev-parse" "HEAD", kill_on_drop: false }`
[INFO] [stdout] 0767e3a96e68a23687fc92631c8ff039b914cea3
[INFO] testing tpanzzz/DiskANN-cache against 1.99.0-beta.8 for beta-1.100-2
[INFO] running `Command { std: "git" "clone" "/workspace/cache/git-repos/https%3A%2F%2Fgithub.com%2Ftpanzzz%2FDiskANN-cache" "/workspace/builds/worker-0-tc1/source", kill_on_drop: false }`
[INFO] [stderr] Cloning into '/workspace/builds/worker-0-tc1/source'...
[INFO] [stderr] done.
[INFO] removed /workspace/builds/worker-0-tc1/source/.cargo/config.toml
[INFO] removed /workspace/builds/worker-0-tc1/source/rust-toolchain.toml
[INFO] started tweaking git repo https://github.com/tpanzzz/DiskANN-cache
[INFO] finished tweaking git repo https://github.com/tpanzzz/DiskANN-cache
[INFO] tweaked toml for git repo https://github.com/tpanzzz/DiskANN-cache written to /workspace/builds/worker-0-tc1/source/Cargo.toml
[INFO] validating manifest of git repo https://github.com/tpanzzz/DiskANN-cache on toolchain 1.99.0-beta.8
[INFO] running `Command { std: CARGO_HOME="/workspace/cargo-home" RUSTUP_HOME="/workspace/rustup-home" "/workspace/cargo-home/bin/cargo" "+1.99.0-beta.8" "metadata" "--manifest-path" "Cargo.toml" "--no-deps", kill_on_drop: false }`
[INFO] crate git repo https://github.com/tpanzzz/DiskANN-cache already has a lockfile, it will not be regenerated
[INFO] running `Command { std: CARGO_HOME="/workspace/cargo-home" RUSTUP_HOME="/workspace/rustup-home" "/workspace/cargo-home/bin/cargo" "+1.99.0-beta.8" "fetch" "--manifest-path" "Cargo.toml", kill_on_drop: false }`
[INFO] [stderr]     Updating crates.io index
[INFO] [stderr]  Downloading crates ...
[INFO] [stderr]   Downloaded openssl-sys v0.9.116
[INFO] [stderr]   Downloaded typespec_macros v0.7.0
[INFO] [stderr]   Downloaded nano-gemm-c64 v0.1.0
[INFO] [stderr]   Downloaded interpol v0.2.1
[INFO] [stderr]   Downloaded defer v0.2.1
[INFO] [stderr]   Downloaded nano-gemm-f64 v0.1.0
[INFO] [stderr]   Downloaded nano-gemm-core v0.1.0
[INFO] [stderr]   Downloaded gemm-f64 v0.18.2
[INFO] [stderr]   Downloaded qd v0.7.7
[INFO] [stderr]   Downloaded nano-gemm-codegen v0.1.0
[INFO] [stderr]   Downloaded nano-gemm-c32 v0.1.0
[INFO] [stderr]   Downloaded gemm-c32 v0.18.2
[INFO] [stderr]   Downloaded gemm-f32 v0.18.2
[INFO] [stderr]   Downloaded gemm-c64 v0.18.2
[INFO] [stderr]   Downloaded toml v0.9.10+spec-1.1.0
[INFO] [stderr]   Downloaded faer-traits v0.23.2
[INFO] [stderr]   Downloaded zmij v1.0.11
[INFO] [stderr]   Downloaded typespec v0.8.0
[INFO] [stderr]   Downloaded nano-gemm-f32 v0.1.0
[INFO] [stderr]   Downloaded gemm-f16 v0.18.2
[INFO] [stderr]   Downloaded crossbeam v0.8.4
[INFO] [stderr]   Downloaded azure_core_macros v0.2.0
[INFO] [stderr]   Downloaded filetime v0.2.26
[INFO] [stderr]   Downloaded gemm-common v0.18.2
[INFO] [stderr]   Downloaded iai-callgrind-macros v0.5.1
[INFO] [stderr]   Downloaded nano-gemm v0.1.3
[INFO] [stderr]   Downloaded relative-path v2.0.1
[INFO] [stderr]   Downloaded trybuild v1.0.114
[INFO] [stderr]   Downloaded console v0.16.2
[INFO] [stderr]   Downloaded faer-macros v0.22.1
[INFO] [stderr]   Downloaded private-gemm-x86 v0.1.20
[INFO] [stderr]   Downloaded azure_identity v0.28.0
[INFO] [stderr]   Downloaded sdd v4.5.3
[INFO] [stderr]   Downloaded saa v5.4.2
[INFO] [stderr]   Downloaded vfs v0.12.2
[INFO] [stderr]   Downloaded rstest_macros v0.23.0
[INFO] [stderr]   Downloaded rstest v0.23.0
[INFO] [stderr]   Downloaded gemm v0.18.2
[INFO] [stderr]   Downloaded io-uring v0.6.4
[INFO] [stderr]   Downloaded indicatif v0.18.3
[INFO] [stderr]   Downloaded typespec_client_core v0.7.0
[INFO] [stderr]   Downloaded opentelemetry v0.30.0
[INFO] [stderr]   Downloaded azure_core v0.28.0
[INFO] [stderr]   Downloaded iai-callgrind v0.14.2
[INFO] [stderr]   Downloaded roaring v0.11.3
[INFO] [stderr]   Downloaded scc v3.4.10
[INFO] [stderr]   Downloaded pulp v0.21.5
[INFO] [stderr]   Downloaded iai-callgrind-runner v0.14.2
[INFO] [stderr]   Downloaded proptest v1.9.0
[INFO] [stderr]   Downloaded opentelemetry_sdk v0.30.0
[INFO] [stderr]   Downloaded openssl v0.10.80
[INFO] [stderr]   Downloaded redis v0.32.7
[INFO] [stderr]   Downloaded bf-tree v0.4.10
[INFO] [stderr]   Downloaded faer v0.23.2
[INFO] [stderr]   Downloaded libc v0.2.179
[INFO] running `Command { std: "docker" "create" "-v" "/var/lib/crater-agent-workspace/builds/worker-0-tc1/source:/opt/rustwide/workdir:ro,Z" "-v" "/var/lib/crater-agent-workspace/builds/worker-0-tc1/target:/opt/rustwide/target:rw,Z" "-v" "/var/lib/crater-agent-workspace/cargo-home:/opt/rustwide/cargo-home:ro,Z" "-v" "/var/lib/crater-agent-workspace/rustup-home:/opt/rustwide/rustup-home:ro,Z" "-m" "1610612736" "--network" "none" "ghcr.io/rust-lang/crates-build-env/linux@sha256:3111399a4047eeb3a02b7a90e478d715f38a8c6669b5c4b49d30a17385265909" "sleep" "infinity", kill_on_drop: false }`
[INFO] [stdout] 8b3110bc63f854ee8a3bee054c01e0a771e84c9532d6a7a42592379860319184
[INFO] running `Command { std: "docker" "start" "8b3110bc63f854ee8a3bee054c01e0a771e84c9532d6a7a42592379860319184", kill_on_drop: false }`
[INFO] running `Command { std: "docker" "inspect" "8b3110bc63f854ee8a3bee054c01e0a771e84c9532d6a7a42592379860319184", kill_on_drop: false }`
[INFO] running `Command { std: "docker" "exec" "-e" "SOURCE_DIR=/opt/rustwide/workdir" "-e" "CARGO_HOME=/opt/rustwide/cargo-home" "-e" "RUSTUP_HOME=/opt/rustwide/rustup-home" "-e" "CARGO_TARGET_DIR=/opt/rustwide/target" "-w" "/opt/rustwide/workdir" "--user" "0:0" "8b3110bc63f854ee8a3bee054c01e0a771e84c9532d6a7a42592379860319184" "/opt/rustwide/cargo-home/bin/cargo" "+1.99.0-beta.8" "metadata" "--no-deps" "--format-version=1", kill_on_drop: false }`
[INFO] running `Command { std: "docker" "inspect" "8b3110bc63f854ee8a3bee054c01e0a771e84c9532d6a7a42592379860319184", kill_on_drop: false }`
[INFO] running `Command { std: "docker" "exec" "-e" "SOURCE_DIR=/opt/rustwide/workdir" "-e" "CARGO_HOME=/opt/rustwide/cargo-home" "-e" "RUSTUP_HOME=/opt/rustwide/rustup-home" "-e" "CARGO_TARGET_DIR=/opt/rustwide/target" "-e" "CARGO_INCREMENTAL=0" "-e" "RUST_BACKTRACE=full" "-e" "RUSTFLAGS=--cap-lints=warn" "-e" "RUSTDOCFLAGS=--cap-lints=warn" "-w" "/opt/rustwide/workdir" "--user" "0:0" "8b3110bc63f854ee8a3bee054c01e0a771e84c9532d6a7a42592379860319184" "/opt/rustwide/cargo-home/bin/cargo" "+1.99.0-beta.8" "build" "--frozen" "--message-format=json", kill_on_drop: false }`
[INFO] [stderr]    Compiling unicode-ident v1.0.22
[INFO] [stderr]    Compiling libc v0.2.179
[INFO] [stderr]    Compiling getrandom v0.3.4
[INFO] [stderr]    Compiling zerocopy v0.8.31
[INFO] [stderr]    Compiling libm v0.2.15
[INFO] [stderr]    Compiling thiserror v2.0.17
[INFO] [stderr]    Compiling either v1.15.0
[INFO] [stderr]    Compiling anyhow v1.0.100
[INFO] [stderr]    Compiling diskann-quantization v0.54.0 (/opt/rustwide/workdir/diskann-quantization)
[INFO] [stderr]    Compiling num-traits v0.2.19
[INFO] [stderr]    Compiling foldhash v0.2.0
[INFO] [stderr]    Compiling futures-task v0.3.32
[INFO] [stderr]    Compiling futures-core v0.3.32
[INFO] [stderr]    Compiling tokio v1.49.0
[INFO] [stderr]    Compiling proc-macro2 v1.0.106
[INFO] [stderr]    Compiling futures-util v0.3.32
[INFO] [stderr]    Compiling hashbrown v0.16.1
[INFO] [stderr]    Compiling rayon v1.11.0
[INFO] [stderr]    Compiling quote v1.0.45
[INFO] [stderr]    Compiling syn v2.0.117
[INFO] [stderr]    Compiling rand_core v0.9.3
[INFO] [stderr]    Compiling zerocopy-derive v0.8.31
[INFO] [stderr]    Compiling bytemuck_derive v1.10.2
[INFO] [stderr]    Compiling thiserror-impl v2.0.17
[INFO] [stderr]    Compiling tracing-attributes v0.1.31
[INFO] [stderr]    Compiling tracing v0.1.44
[INFO] [stderr]    Compiling bytemuck v1.24.0
[INFO] [stderr]    Compiling ppv-lite86 v0.2.21
[INFO] [stderr]    Compiling rand_chacha v0.9.0
[INFO] [stderr]    Compiling rand v0.9.4
[INFO] [stderr]    Compiling rand_distr v0.5.1
[INFO] [stderr]    Compiling half v2.7.1
[INFO] [stderr]    Compiling diskann-wide v0.54.0 (/opt/rustwide/workdir/diskann-wide)
[INFO] [stderr]    Compiling diskann-vector v0.54.0 (/opt/rustwide/workdir/diskann-vector)
[INFO] [stderr]    Compiling diskann-utils v0.54.0 (/opt/rustwide/workdir/diskann-utils)
[INFO] [stderr]    Compiling diskann v0.54.0 (/opt/rustwide/workdir/diskann)
[INFO] [stdout] warning: use of deprecated constant `std::f32::NAN`: replaced by the `NAN` associated constant on `f32`
[INFO] [stdout]    --> diskann-quantization/src/minmax/quantizer.rs:119:33
[INFO] [stdout]     |
[INFO] [stdout] 119 |                     .fold((f32::NAN, f32::NAN), |(cmin, cmax), &e| {
[INFO] [stdout]     |                                 ^^^
[INFO] [stdout]     |
[INFO] [stdout]     = note: `#[warn(deprecated)]` on by default
[INFO] [stdout] 
[INFO] [stdout] 
[INFO] [stdout] warning: use of deprecated constant `std::f32::NAN`: replaced by the `NAN` associated constant on `f32`
[INFO] [stdout]    --> diskann-quantization/src/minmax/quantizer.rs:119:43
[INFO] [stdout]     |
[INFO] [stdout] 119 |                     .fold((f32::NAN, f32::NAN), |(cmin, cmax), &e| {
[INFO] [stdout]     |                                           ^^^
[INFO] [stdout] 
[INFO] [stdout] 
[INFO] [stderr]     Finished `dev` profile [unoptimized + debuginfo] target(s) in 27.15s
[INFO] running `Command { std: "docker" "inspect" "8b3110bc63f854ee8a3bee054c01e0a771e84c9532d6a7a42592379860319184", kill_on_drop: false }`
[INFO] running `Command { std: "docker" "exec" "-e" "SOURCE_DIR=/opt/rustwide/workdir" "-e" "CARGO_HOME=/opt/rustwide/cargo-home" "-e" "RUSTUP_HOME=/opt/rustwide/rustup-home" "-e" "CARGO_TARGET_DIR=/opt/rustwide/target" "-e" "CARGO_INCREMENTAL=0" "-e" "RUST_BACKTRACE=full" "-e" "RUSTFLAGS=--cap-lints=warn" "-e" "RUSTDOCFLAGS=--cap-lints=warn" "-w" "/opt/rustwide/workdir" "--user" "0:0" "8b3110bc63f854ee8a3bee054c01e0a771e84c9532d6a7a42592379860319184" "/opt/rustwide/cargo-home/bin/cargo" "+1.99.0-beta.8" "test" "--frozen" "--no-run" "--message-format=json", kill_on_drop: false }`
[INFO] [stderr]    Compiling syn v2.0.117
[INFO] [stderr]    Compiling libc v0.2.179
[INFO] [stderr]    Compiling serde_core v1.0.228
[INFO] [stderr]    Compiling zmij v1.0.11
[INFO] [stderr]    Compiling serde v1.0.228
[INFO] [stderr]    Compiling serde_json v1.0.150
[INFO] [stderr]    Compiling memchr v2.7.6
[INFO] [stderr]    Compiling futures-core v0.3.32
[INFO] [stderr]    Compiling futures-sink v0.3.32
[INFO] [stderr]    Compiling futures-io v0.3.32
[INFO] [stderr]    Compiling slab v0.4.11
[INFO] [stderr]    Compiling glob v0.3.3
[INFO] [stderr]    Compiling winnow v0.7.14
[INFO] [stderr]    Compiling semver v1.0.27
[INFO] [stderr]    Compiling indexmap v2.12.1
[INFO] [stderr]    Compiling futures-channel v0.3.32
[INFO] [stderr]    Compiling regex-syntax v0.8.8
[INFO] [stderr]    Compiling target-triple v1.0.0
[INFO] [stderr]    Compiling proc-macro-error-attr2 v2.0.0
[INFO] [stderr]    Compiling toml_writer v1.0.6+spec-1.1.0
[INFO] [stderr]    Compiling rustc_version v0.4.1
[INFO] [stderr]    Compiling iai-callgrind-runner v0.14.2
[INFO] [stderr]    Compiling clap_lex v0.7.6
[INFO] [stderr]    Compiling itertools v0.10.5
[INFO] [stderr]    Compiling aho-corasick v1.1.4
[INFO] [stderr]    Compiling clap_builder v4.5.54
[INFO] [stderr]    Compiling rstest_macros v0.23.0
[INFO] [stderr]    Compiling iai-callgrind v0.14.2
[INFO] [stderr]    Compiling termcolor v1.4.1
[INFO] [stderr]    Compiling plotters v0.3.7
[INFO] [stderr]    Compiling oorandom v11.1.5
[INFO] [stderr]    Compiling approx v0.5.1
[INFO] [stderr]    Compiling relative-path v2.0.1
[INFO] [stderr]    Compiling getrandom v0.3.4
[INFO] [stderr]    Compiling parking_lot_core v0.9.12
[INFO] [stderr]    Compiling is-terminal v0.4.17
[INFO] [stderr]    Compiling rand_core v0.9.3
[INFO] [stderr]    Compiling dashmap v6.1.0
[INFO] [stderr]    Compiling regex-automata v0.4.13
[INFO] [stderr]    Compiling criterion-plot v0.5.0
[INFO] [stderr]    Compiling toml_parser v1.0.6+spec-1.1.0
[INFO] [stderr]    Compiling clap v4.5.54
[INFO] [stderr]    Compiling toml_edit v0.23.10+spec-1.0.0
[INFO] [stderr]    Compiling toml_datetime v0.7.5+spec-1.1.0
[INFO] [stderr]    Compiling serde_spanned v1.0.4
[INFO] [stderr]    Compiling toml v0.9.10+spec-1.1.0
[INFO] [stderr]    Compiling regex v1.12.2
[INFO] [stderr]    Compiling proc-macro-crate v3.4.0
[INFO] [stderr]    Compiling proc-macro-error2 v2.0.1
[INFO] [stderr]    Compiling zerocopy-derive v0.8.31
[INFO] [stderr]    Compiling bytemuck_derive v1.10.2
[INFO] [stderr]    Compiling serde_derive v1.0.228
[INFO] [stderr]    Compiling thiserror-impl v2.0.17
[INFO] [stderr]    Compiling futures-macro v0.3.32
[INFO] [stderr]    Compiling derive_more-impl v2.1.1
[INFO] [stderr]    Compiling tokio-macros v2.6.0
[INFO] [stderr]    Compiling tracing-attributes v0.1.31
[INFO] [stderr]    Compiling pin-project-internal v1.1.10
[INFO] [stderr]    Compiling tokio v1.49.0
[INFO] [stderr]    Compiling futures-util v0.3.32
[INFO] [stderr]    Compiling pin-project v1.1.10
[INFO] [stderr]    Compiling bytemuck v1.24.0
[INFO] [stderr]    Compiling tracing v0.1.44
[INFO] [stderr]    Compiling zerocopy v0.8.31
[INFO] [stderr]    Compiling derive_more v2.1.1
[INFO] [stderr]    Compiling thiserror v2.0.17
[INFO] [stderr]    Compiling ppv-lite86 v0.2.21
[INFO] [stderr]    Compiling bincode v1.3.3
[INFO] [stderr]    Compiling trybuild v1.0.114
[INFO] [stderr]    Compiling tinytemplate v1.2.1
[INFO] [stderr]    Compiling iai-callgrind-macros v0.5.1
[INFO] [stderr]    Compiling rand_chacha v0.9.0
[INFO] [stderr]    Compiling rand v0.9.4
[INFO] [stderr]    Compiling futures-executor v0.3.32
[INFO] [stderr]    Compiling futures v0.3.32
[INFO] [stderr]    Compiling rstest v0.23.0
[INFO] [stderr]    Compiling rand_distr v0.5.1
[INFO] [stderr]    Compiling half v2.7.1
[INFO] [stderr]    Compiling diskann-wide v0.54.0 (/opt/rustwide/workdir/diskann-wide)
[INFO] [stderr]    Compiling ciborium-ll v0.2.2
[INFO] [stderr]    Compiling ciborium v0.2.2
[INFO] [stderr]    Compiling criterion v0.5.1
[INFO] [stderr]    Compiling diskann-vector v0.54.0 (/opt/rustwide/workdir/diskann-vector)
[INFO] [stderr]    Compiling diskann-utils v0.54.0 (/opt/rustwide/workdir/diskann-utils)
[INFO] [stderr]    Compiling diskann-quantization v0.54.0 (/opt/rustwide/workdir/diskann-quantization)
[INFO] [stderr]    Compiling diskann v0.54.0 (/opt/rustwide/workdir/diskann)
[INFO] [stdout] warning: an associated constant with this name may be added to the standard library in the future
[INFO] [stdout]    --> diskann-wide/src/test_utils/distribution.rs:85:22
[INFO] [stdout]     |
[INFO] [stdout]  85 |                     (<$T>::EXPONENT_MASK | <$T>::MANTISSA_MASK, false, true)
[INFO] [stdout]     |                      ^^^^^^^^^^^^^^^^^^^ help: use the fully qualified path to the associated const: `<f32 as distribution::Layout>::EXPONENT_MASK`
[INFO] [stdout] ...
[INFO] [stdout] 121 | finite!(f32, u32);
[INFO] [stdout]     | ----------------- in this macro invocation
[INFO] [stdout]     |
[INFO] [stdout]     = warning: once this associated item is added to the standard library, the ambiguity may cause an error or change in behavior!
[INFO] [stdout]     = note: for more information, see issue #48919 <https://github.com/rust-lang/rust/issues/48919>
[INFO] [stdout]     = note: `#[warn(unstable_name_collisions)]` (part of `#[warn(future_incompatible)]`) on by default
[INFO] [stdout]     = note: this warning originates in the macro `finite` (in Nightly builds, run with -Z macro-backtrace for more info)
[INFO] [stdout] 
[INFO] [stdout] 
[INFO] [stdout] warning: an associated constant with this name may be added to the standard library in the future
[INFO] [stdout]    --> diskann-wide/src/test_utils/distribution.rs:85:44
[INFO] [stdout]     |
[INFO] [stdout]  85 |                     (<$T>::EXPONENT_MASK | <$T>::MANTISSA_MASK, false, true)
[INFO] [stdout]     |                                            ^^^^^^^^^^^^^^^^^^^ help: use the fully qualified path to the associated const: `<f32 as distribution::Layout>::MANTISSA_MASK`
[INFO] [stdout] ...
[INFO] [stdout] 121 | finite!(f32, u32);
[INFO] [stdout]     | ----------------- in this macro invocation
[INFO] [stdout]     |
[INFO] [stdout]     = warning: once this associated item is added to the standard library, the ambiguity may cause an error or change in behavior!
[INFO] [stdout]     = note: for more information, see issue #48919 <https://github.com/rust-lang/rust/issues/48919>
[INFO] [stdout]     = note: this warning originates in the macro `finite` (in Nightly builds, run with -Z macro-backtrace for more info)
[INFO] [stdout] 
[INFO] [stdout] 
[INFO] [stdout] warning: an associated constant with this name may be added to the standard library in the future
[INFO] [stdout]    --> diskann-wide/src/test_utils/distribution.rs:90:22
[INFO] [stdout]     |
[INFO] [stdout]  90 |                     (<$T>::MANTISSA_MASK, true, false)
[INFO] [stdout]     |                      ^^^^^^^^^^^^^^^^^^^ help: use the fully qualified path to the associated const: `<f32 as distribution::Layout>::MANTISSA_MASK`
[INFO] [stdout] ...
[INFO] [stdout] 121 | finite!(f32, u32);
[INFO] [stdout]     | ----------------- in this macro invocation
[INFO] [stdout]     |
[INFO] [stdout]     = warning: once this associated item is added to the standard library, the ambiguity may cause an error or change in behavior!
[INFO] [stdout]     = note: for more information, see issue #48919 <https://github.com/rust-lang/rust/issues/48919>
[INFO] [stdout]     = note: this warning originates in the macro `finite` (in Nightly builds, run with -Z macro-backtrace for more info)
[INFO] [stdout] 
[INFO] [stdout] 
[INFO] [stdout] warning: an associated constant with this name may be added to the standard library in the future
[INFO] [stdout]    --> diskann-wide/src/test_utils/distribution.rs:98:26
[INFO] [stdout]     |
[INFO] [stdout]  98 |                 value &= <$T>::SIGN_MASK | mask;
[INFO] [stdout]     |                          ^^^^^^^^^^^^^^^ help: use the fully qualified path to the associated const: `<f32 as distribution::Layout>::SIGN_MASK`
[INFO] [stdout] ...
[INFO] [stdout] 121 | finite!(f32, u32);
[INFO] [stdout]     | ----------------- in this macro invocation
[INFO] [stdout]     |
[INFO] [stdout]     = warning: once this associated item is added to the standard library, the ambiguity may cause an error or change in behavior!
[INFO] [stdout]     = note: for more information, see issue #48919 <https://github.com/rust-lang/rust/issues/48919>
[INFO] [stdout]     = note: this warning originates in the macro `finite` (in Nightly builds, run with -Z macro-backtrace for more info)
[INFO] [stdout] 
[INFO] [stdout] 
[INFO] [stdout] warning: an associated constant with this name may be added to the standard library in the future
[INFO] [stdout]    --> diskann-wide/src/test_utils/distribution.rs:99:40
[INFO] [stdout]     |
[INFO] [stdout]  99 |                 let exponent = value & <$T>::EXPONENT_MASK;
[INFO] [stdout]     |                                        ^^^^^^^^^^^^^^^^^^^ help: use the fully qualified path to the associated const: `<f32 as distribution::Layout>::EXPONENT_MASK`
[INFO] [stdout] ...
[INFO] [stdout] 121 | finite!(f32, u32);
[INFO] [stdout]     | ----------------- in this macro invocation
[INFO] [stdout]     |
[INFO] [stdout]     = warning: once this associated item is added to the standard library, the ambiguity may cause an error or change in behavior!
[INFO] [stdout]     = note: for more information, see issue #48919 <https://github.com/rust-lang/rust/issues/48919>
[INFO] [stdout]     = note: this warning originates in the macro `finite` (in Nightly builds, run with -Z macro-backtrace for more info)
[INFO] [stdout] 
[INFO] [stdout] 
[INFO] [stdout] warning: an associated constant with this name may be added to the standard library in the future
[INFO] [stdout]    --> diskann-wide/src/test_utils/distribution.rs:102:74
[INFO] [stdout]     |
[INFO] [stdout] 102 |                 if !allow_edge_exponent && (exponent == 0 || exponent == <$T>::EXPONENT_MASK) {
[INFO] [stdout]     |                                                                          ^^^^^^^^^^^^^^^^^^^ help: use the fully qualified path to the associated const: `<f32 as distribution::Layout>::EXPONENT_MASK`
[INFO] [stdout] ...
[INFO] [stdout] 121 | finite!(f32, u32);
[INFO] [stdout]     | ----------------- in this macro invocation
[INFO] [stdout]     |
[INFO] [stdout]     = warning: once this associated item is added to the standard library, the ambiguity may cause an error or change in behavior!
[INFO] [stdout]     = note: for more information, see issue #48919 <https://github.com/rust-lang/rust/issues/48919>
[INFO] [stdout]     = note: this warning originates in the macro `finite` (in Nightly builds, run with -Z macro-backtrace for more info)
[INFO] [stdout] 
[INFO] [stdout] 
[INFO] [stdout] warning: an associated constant with this name may be added to the standard library in the future
[INFO] [stdout]    --> diskann-wide/src/test_utils/distribution.rs:104:31
[INFO] [stdout]     |
[INFO] [stdout] 104 |                     value &= !<$T>::EXPONENT_MASK;
[INFO] [stdout]     |                               ^^^^^^^^^^^^^^^^^^^ help: use the fully qualified path to the associated const: `<f32 as distribution::Layout>::EXPONENT_MASK`
[INFO] [stdout] ...
[INFO] [stdout] 121 | finite!(f32, u32);
[INFO] [stdout]     | ----------------- in this macro invocation
[INFO] [stdout]     |
[INFO] [stdout]     = warning: once this associated item is added to the standard library, the ambiguity may cause an error or change in behavior!
[INFO] [stdout]     = note: for more information, see issue #48919 <https://github.com/rust-lang/rust/issues/48919>
[INFO] [stdout]     = note: this warning originates in the macro `finite` (in Nightly builds, run with -Z macro-backtrace for more info)
[INFO] [stdout] 
[INFO] [stdout] 
[INFO] [stdout] warning: an associated constant with this name may be added to the standard library in the future
[INFO] [stdout]    --> diskann-wide/src/test_utils/distribution.rs:108:53
[INFO] [stdout]     |
[INFO] [stdout] 108 |                 if !allow_zero_mantissa && (value & <$T>::MANTISSA_MASK == 0) {
[INFO] [stdout]     |                                                     ^^^^^^^^^^^^^^^^^^^ help: use the fully qualified path to the associated const: `<f32 as distribution::Layout>::MANTISSA_MASK`
[INFO] [stdout] ...
[INFO] [stdout] 121 | finite!(f32, u32);
[INFO] [stdout]     | ----------------- in this macro invocation
[INFO] [stdout]     |
[INFO] [stdout]     = warning: once this associated item is added to the standard library, the ambiguity may cause an error or change in behavior!
[INFO] [stdout]     = note: for more information, see issue #48919 <https://github.com/rust-lang/rust/issues/48919>
[INFO] [stdout]     = note: this warning originates in the macro `finite` (in Nightly builds, run with -Z macro-backtrace for more info)
[INFO] [stdout] 
[INFO] [stdout] 
[INFO] [stdout] warning: use of deprecated constant `std::f32::NAN`: replaced by the `NAN` associated constant on `f32`
[INFO] [stdout]    --> diskann-quantization/src/minmax/quantizer.rs:119:33
[INFO] [stdout]     |
[INFO] [stdout] 119 |                     .fold((f32::NAN, f32::NAN), |(cmin, cmax), &e| {
[INFO] [stdout]     |                                 ^^^
[INFO] [stdout]     |
[INFO] [stdout]     = note: `#[warn(deprecated)]` on by default
[INFO] [stdout] 
[INFO] [stdout] 
[INFO] [stdout] warning: use of deprecated constant `std::f32::NAN`: replaced by the `NAN` associated constant on `f32`
[INFO] [stdout]    --> diskann-quantization/src/minmax/quantizer.rs:119:43
[INFO] [stdout]     |
[INFO] [stdout] 119 |                     .fold((f32::NAN, f32::NAN), |(cmin, cmax), &e| {
[INFO] [stdout]     |                                           ^^^
[INFO] [stdout] 
[INFO] [stdout] 
[INFO] [stdout] warning: use of deprecated constant `std::f32::NAN`: replaced by the `NAN` associated constant on `f32`
[INFO] [stdout]    --> diskann-quantization/src/minmax/quantizer.rs:119:33
[INFO] [stdout]     |
[INFO] [stdout] 119 |                     .fold((f32::NAN, f32::NAN), |(cmin, cmax), &e| {
[INFO] [stdout]     |                                 ^^^
[INFO] [stdout]     |
[INFO] [stdout]     = note: `#[warn(deprecated)]` on by default
[INFO] [stdout] 
[INFO] [stdout] 
[INFO] [stdout] warning: use of deprecated constant `std::f32::NAN`: replaced by the `NAN` associated constant on `f32`
[INFO] [stdout]    --> diskann-quantization/src/minmax/quantizer.rs:119:43
[INFO] [stdout]     |
[INFO] [stdout] 119 |                     .fold((f32::NAN, f32::NAN), |(cmin, cmax), &e| {
[INFO] [stdout]     |                                           ^^^
[INFO] [stdout] 
[INFO] [stdout] 
[INFO] [stdout] warning: use of deprecated constant `std::f32::NAN`: replaced by the `NAN` associated constant on `f32`
[INFO] [stdout]    --> diskann-quantization/src/minmax/quantizer.rs:639:31
[INFO] [stdout]     |
[INFO] [stdout] 639 |         vector_nan[33] = f32::NAN;
[INFO] [stdout]     |                               ^^^
[INFO] [stdout] 
[INFO] [stdout] 
[INFO] [stderr]     Finished `test` profile [unoptimized + debuginfo] target(s) in 1m 33s
[INFO] [stderr] warning: the following packages contain code that will be rejected by a future version of Rust: proc-macro-error2 v2.0.1
[INFO] [stderr] note: to see what the problems were, use the option `--future-incompat-report`, or run `cargo report future-incompatibilities --id 5`
[INFO] running `Command { std: "docker" "inspect" "8b3110bc63f854ee8a3bee054c01e0a771e84c9532d6a7a42592379860319184", kill_on_drop: false }`
[INFO] running `Command { std: "docker" "exec" "-e" "SOURCE_DIR=/opt/rustwide/workdir" "-e" "CARGO_HOME=/opt/rustwide/cargo-home" "-e" "RUSTUP_HOME=/opt/rustwide/rustup-home" "-e" "CARGO_TARGET_DIR=/opt/rustwide/target" "-e" "CARGO_INCREMENTAL=0" "-e" "RUST_BACKTRACE=full" "-e" "RUSTFLAGS=--cap-lints=warn" "-e" "RUSTDOCFLAGS=--cap-lints=warn" "-w" "/opt/rustwide/workdir" "--user" "0:0" "8b3110bc63f854ee8a3bee054c01e0a771e84c9532d6a7a42592379860319184" "/opt/rustwide/cargo-home/bin/cargo" "+1.99.0-beta.8" "test" "--frozen", kill_on_drop: false }`
[INFO] [stderr] warning: use of deprecated constant `std::f32::NAN`: replaced by the `NAN` associated constant on `f32`
[INFO] [stderr]    --> diskann-quantization/src/minmax/quantizer.rs:119:33
[INFO] [stderr]     |
[INFO] [stderr] 119 |                     .fold((f32::NAN, f32::NAN), |(cmin, cmax), &e| {
[INFO] [stderr]     |                                 ^^^
[INFO] [stderr]     |
[INFO] [stderr]     = note: `#[warn(deprecated)]` on by default
[INFO] [stderr] 
[INFO] [stderr] warning: use of deprecated constant `std::f32::NAN`: replaced by the `NAN` associated constant on `f32`
[INFO] [stderr]    --> diskann-quantization/src/minmax/quantizer.rs:119:43
[INFO] [stderr]     |
[INFO] [stderr] 119 |                     .fold((f32::NAN, f32::NAN), |(cmin, cmax), &e| {
[INFO] [stderr]     |                                           ^^^
[INFO] [stderr] 
[INFO] [stderr] warning: use of deprecated constant `std::f32::NAN`: replaced by the `NAN` associated constant on `f32`
[INFO] [stderr]    --> diskann-quantization/src/minmax/quantizer.rs:639:31
[INFO] [stderr]     |
[INFO] [stderr] 639 |         vector_nan[33] = f32::NAN;
[INFO] [stderr]     |                               ^^^
[INFO] [stderr] 
[INFO] [stderr] warning: an associated constant with this name may be added to the standard library in the future
[INFO] [stderr]    --> diskann-wide/src/test_utils/distribution.rs:85:22
[INFO] [stderr]     |
[INFO] [stderr]  85 |                     (<$T>::EXPONENT_MASK | <$T>::MANTISSA_MASK, false, true)
[INFO] [stderr]     |                      ^^^^^^^^^^^^^^^^^^^ help: use the fully qualified path to the associated const: `<f32 as distribution::Layout>::EXPONENT_MASK`
[INFO] [stderr] ...
[INFO] [stderr] 121 | finite!(f32, u32);
[INFO] [stderr]     | ----------------- in this macro invocation
[INFO] [stderr]     |
[INFO] [stderr]     = warning: once this associated item is added to the standard library, the ambiguity may cause an error or change in behavior!
[INFO] [stderr]     = note: for more information, see issue #48919 <https://github.com/rust-lang/rust/issues/48919>
[INFO] [stderr]     = note: `#[warn(unstable_name_collisions)]` (part of `#[warn(future_incompatible)]`) on by default
[INFO] [stderr]     = note: this warning originates in the macro `finite` (in Nightly builds, run with -Z macro-backtrace for more info)
[INFO] [stderr] 
[INFO] [stderr] warning: an associated constant with this name may be added to the standard library in the future
[INFO] [stderr]    --> diskann-wide/src/test_utils/distribution.rs:85:44
[INFO] [stderr]     |
[INFO] [stderr]  85 |                     (<$T>::EXPONENT_MASK | <$T>::MANTISSA_MASK, false, true)
[INFO] [stderr]     |                                            ^^^^^^^^^^^^^^^^^^^ help: use the fully qualified path to the associated const: `<f32 as distribution::Layout>::MANTISSA_MASK`
[INFO] [stderr] ...
[INFO] [stderr] 121 | finite!(f32, u32);
[INFO] [stderr]     | ----------------- in this macro invocation
[INFO] [stderr]     |
[INFO] [stderr]     = warning: once this associated item is added to the standard library, the ambiguity may cause an error or change in behavior!
[INFO] [stderr]     = note: for more information, see issue #48919 <https://github.com/rust-lang/rust/issues/48919>
[INFO] [stderr]     = note: this warning originates in the macro `finite` (in Nightly builds, run with -Z macro-backtrace for more info)
[INFO] [stderr] 
[INFO] [stderr] warning: an associated constant with this name may be added to the standard library in the future
[INFO] [stderr]    --> diskann-wide/src/test_utils/distribution.rs:90:22
[INFO] [stderr]     |
[INFO] [stderr]  90 |                     (<$T>::MANTISSA_MASK, true, false)
[INFO] [stderr]     |                      ^^^^^^^^^^^^^^^^^^^ help: use the fully qualified path to the associated const: `<f32 as distribution::Layout>::MANTISSA_MASK`
[INFO] [stderr] ...
[INFO] [stderr] 121 | finite!(f32, u32);
[INFO] [stderr]     | ----------------- in this macro invocation
[INFO] [stderr]     |
[INFO] [stderr]     = warning: once this associated item is added to the standard library, the ambiguity may cause an error or change in behavior!
[INFO] [stderr]     = note: for more information, see issue #48919 <https://github.com/rust-lang/rust/issues/48919>
[INFO] [stderr]     = note: this warning originates in the macro `finite` (in Nightly builds, run with -Z macro-backtrace for more info)
[INFO] [stderr] 
[INFO] [stderr] warning: an associated constant with this name may be added to the standard library in the future
[INFO] [stderr]    --> diskann-wide/src/test_utils/distribution.rs:98:26
[INFO] [stderr]     |
[INFO] [stderr]  98 |                 value &= <$T>::SIGN_MASK | mask;
[INFO] [stderr]     |                          ^^^^^^^^^^^^^^^ help: use the fully qualified path to the associated const: `<f32 as distribution::Layout>::SIGN_MASK`
[INFO] [stderr] ...
[INFO] [stderr] 121 | finite!(f32, u32);
[INFO] [stderr]     | ----------------- in this macro invocation
[INFO] [stderr]     |
[INFO] [stderr]     = warning: once this associated item is added to the standard library, the ambiguity may cause an error or change in behavior!
[INFO] [stderr]     = note: for more information, see issue #48919 <https://github.com/rust-lang/rust/issues/48919>
[INFO] [stderr]     = note: this warning originates in the macro `finite` (in Nightly builds, run with -Z macro-backtrace for more info)
[INFO] [stderr] 
[INFO] [stderr] warning: an associated constant with this name may be added to the standard library in the future
[INFO] [stderr]    --> diskann-wide/src/test_utils/distribution.rs:99:40
[INFO] [stderr]     |
[INFO] [stderr]  99 |                 let exponent = value & <$T>::EXPONENT_MASK;
[INFO] [stderr]     |                                        ^^^^^^^^^^^^^^^^^^^ help: use the fully qualified path to the associated const: `<f32 as distribution::Layout>::EXPONENT_MASK`
[INFO] [stderr] ...
[INFO] [stderr] 121 | finite!(f32, u32);
[INFO] [stderr]     | ----------------- in this macro invocation
[INFO] [stderr]     |
[INFO] [stderr]     = warning: once this associated item is added to the standard library, the ambiguity may cause an error or change in behavior!
[INFO] [stderr]     = note: for more information, see issue #48919 <https://github.com/rust-lang/rust/issues/48919>
[INFO] [stderr]     = note: this warning originates in the macro `finite` (in Nightly builds, run with -Z macro-backtrace for more info)
[INFO] [stderr] 
[INFO] [stderr] warning: an associated constant with this name may be added to the standard library in the future
[INFO] [stderr]    --> diskann-wide/src/test_utils/distribution.rs:102:74
[INFO] [stderr]     |
[INFO] [stderr] 102 |                 if !allow_edge_exponent && (exponent == 0 || exponent == <$T>::EXPONENT_MASK) {
[INFO] [stderr]     |                                                                          ^^^^^^^^^^^^^^^^^^^ help: use the fully qualified path to the associated const: `<f32 as distribution::Layout>::EXPONENT_MASK`
[INFO] [stderr] ...
[INFO] [stderr] 121 | finite!(f32, u32);
[INFO] [stderr]     | ----------------- in this macro invocation
[INFO] [stderr]     |
[INFO] [stderr]     = warning: once this associated item is added to the standard library, the ambiguity may cause an error or change in behavior!
[INFO] [stderr]     = note: for more information, see issue #48919 <https://github.com/rust-lang/rust/issues/48919>
[INFO] [stderr]     = note: this warning originates in the macro `finite` (in Nightly builds, run with -Z macro-backtrace for more info)
[INFO] [stderr] 
[INFO] [stderr] warning: an associated constant with this name may be added to the standard library in the future
[INFO] [stderr]    --> diskann-wide/src/test_utils/distribution.rs:104:31
[INFO] [stderr]     |
[INFO] [stderr] 104 |                     value &= !<$T>::EXPONENT_MASK;
[INFO] [stderr]     |                               ^^^^^^^^^^^^^^^^^^^ help: use the fully qualified path to the associated const: `<f32 as distribution::Layout>::EXPONENT_MASK`
[INFO] [stderr] ...
[INFO] [stderr] 121 | finite!(f32, u32);
[INFO] [stderr]     | ----------------- in this macro invocation
[INFO] [stderr]     |
[INFO] [stderr]     = warning: once this associated item is added to the standard library, the ambiguity may cause an error or change in behavior!
[INFO] [stderr]     = note: for more information, see issue #48919 <https://github.com/rust-lang/rust/issues/48919>
[INFO] [stderr]     = note: this warning originates in the macro `finite` (in Nightly builds, run with -Z macro-backtrace for more info)
[INFO] [stderr] 
[INFO] [stderr] warning: an associated constant with this name may be added to the standard library in the future
[INFO] [stderr]    --> diskann-wide/src/test_utils/distribution.rs:108:53
[INFO] [stderr]     |
[INFO] [stderr] 108 |                 if !allow_zero_mantissa && (value & <$T>::MANTISSA_MASK == 0) {
[INFO] [stderr]     |                                                     ^^^^^^^^^^^^^^^^^^^ help: use the fully qualified path to the associated const: `<f32 as distribution::Layout>::MANTISSA_MASK`
[INFO] [stderr] ...
[INFO] [stderr] 121 | finite!(f32, u32);
[INFO] [stderr]     | ----------------- in this macro invocation
[INFO] [stderr]     |
[INFO] [stderr]     = warning: once this associated item is added to the standard library, the ambiguity may cause an error or change in behavior!
[INFO] [stderr]     = note: for more information, see issue #48919 <https://github.com/rust-lang/rust/issues/48919>
[INFO] [stderr]     = note: this warning originates in the macro `finite` (in Nightly builds, run with -Z macro-backtrace for more info)
[INFO] [stderr] 
[INFO] [stderr] warning: `diskann-quantization` (lib) generated 2 warnings
[INFO] [stderr] warning: `diskann-quantization` (lib test) generated 3 warnings (2 duplicates)
[INFO] [stderr] warning: `diskann-wide` (lib test) generated 8 warnings (run `cargo fix --lib -p diskann-wide --tests` to apply 8 suggestions)
[INFO] [stderr]     Finished `test` profile [unoptimized + debuginfo] target(s) in 0.35s
[INFO] [stderr] warning: the following packages contain code that will be rejected by a future version of Rust: proc-macro-error2 v2.0.1
[INFO] [stderr] note: to see what the problems were, use the option `--future-incompat-report`, or run `cargo report future-incompatibilities --id 5`
[INFO] [stderr]      Running unittests src/lib.rs (/opt/rustwide/target/debug/deps/diskann-f01c08d2e1c12fd7)
[INFO] [stdout] 
[INFO] [stdout] running 347 tests
[INFO] [stdout] test error::ann_error::ann_result_test::check_struct_size ... ok
[INFO] [stdout] test error::ann_error::ann_result_test::ann_err_is_send_and_sync ... ok
[INFO] [stdout] test error::ann_error::ann_result_test::test_display_ann_error ... ok
[INFO] [stdout] test error::ann_error::ann_result_test::from_read_bin_error ... ok
[INFO] [stdout] test error::ann_error::ann_result_test::from_save_bin_error ... ok
[INFO] [stdout] test error::ann_error::ann_result_test::from_try_from_error ... ok
[INFO] [stdout] test error::ann_error::ann_result_test::from_try_from_error_light ... ok
[INFO] [stdout] test error::ann_error::ann_result_test::test_invaild_file_format_error ... ok
[INFO] [stdout] test error::ann_error::ann_result_test::full_formatting_with_cause ... ok
[INFO] [stdout] test error::ann_error::ann_result_test::test_build_interrupted ... ok
[INFO] [stdout] test error::ann_error::ann_result_test::test_log_async_error ... ok
[INFO] [stdout] test error::ann_error::ann_result_test::test_log_disk_io_request_alignment_error ... ok
[INFO] [stdout] test error::ann_error::ann_result_test::test_io_error_to_ann_error ... ok
[INFO] [stdout] test error::ann_error::ann_result_test::full_formatting ... ok
[INFO] [stdout] test error::ann_error::ann_result_test::full_formatting_with_cause_no_context ... ok
[INFO] [stdout] test error::ann_error::ann_result_test::test_log_async_shutdown_error ... ok
[INFO] [stdout] test error::ann_error::ann_result_test::check_downcasting ... ok
[INFO] [stdout] test error::ann_error::ann_result_test::from_metadata_error ... ok
[INFO] [stdout] test error::ann_error::ann_result_test::test_log_dimension_mismatch_error ... ok
[INFO] [stdout] test error::ann_error::ann_result_test::context_chaining ... ok
[INFO] [stdout] test error::ann_error::ann_result_test::test_log_async_runtime_error ... ok
[INFO] [stdout] test error::ann_error::ann_result_test::test_log_async_index_error ... ok
[INFO] [stdout] test error::ann_error::ann_result_test::test_log_get_vertex_data_error ... ok
[INFO] [stdout] test error::ann_error::ann_result_test::test_layout_error_to_ann_error ... ok
[INFO] [stdout] test error::ann_error::ann_result_test::test_log_file_handle_error ... ok
[INFO] [stdout] test error::ann_error::ann_result_test::test_log_file_not_found_error ... ok
[INFO] [stdout] test error::ann_error::ann_result_test::test_log_ground_truth_error ... ok
[INFO] [stdout] test error::ann_error::ann_result_test::test_log_kmeans_error ... ok
[INFO] [stdout] test error::ann_error::ann_result_test::test_log_lock_poison_error ... ok
[INFO] [stdout] test error::ann_error::ann_result_test::test_log_parse_slice_error ... ok
[INFO] [stdout] test error::ann_error::ann_result_test::test_send_error_to_ann_error ... ok
[INFO] [stdout] test error::ann_error::ann_result_test::test_log_pq_schema_registration_error ... ok
[INFO] [stdout] test error::ranked::tests::error_ext_allow_transient_ok ... ok
[INFO] [stdout] test error::ranked::tests::error_ext_allow_transient_error ... ok
[INFO] [stdout] test error::ann_error::ann_result_test::test_log_try_from_slice_error ... ok
[INFO] [stdout] test error::ranked::tests::error_ext_allow_transient_with_ok ... ok
[INFO] [stdout] test error::ann_error::ann_result_test::test_log_serde_error ... ok
[INFO] [stdout] test error::ann_error::ann_result_test::test_opaque_constructor ... ok
[INFO] [stdout] test error::ranked::tests::error_ext_allow_transient_transient ... ok
[INFO] [stdout] test error::ann_error::ann_result_test::test_try_from_int_error_to_ann_error ... ok
[INFO] [stdout] test error::ann_error::ann_result_test::test_try_from_slice_error_to_ann_error ... ok
[INFO] [stdout] test error::ann_error::ann_result_test::test_log_mem_alloc_layout_error ... ok
[INFO] [stdout] test error::ranked::tests::error_ext_escalate_error ... ok
[INFO] [stdout] test error::ranked::tests::error_ext_escalate_ok ... ok
[INFO] [stdout] test error::ann_error::ann_result_test::test_log_io_send_error ... ok
[INFO] [stdout] test error::ranked::tests::error_ext_escalate_transient ... ok
[INFO] [stdout] test error::ranked::tests::error_ext_escalate_with_transient ... ok
[INFO] [stdout] test error::ranked::tests::test_always_escalate ... ok
[INFO] [stdout] test error::ranked::tests::error_ext_escalate_with_ok ... ok
[INFO] [stdout] test error::ranked::tests::test_infallible ... ok
[INFO] [stdout] test error::ranked::tests::error_ext_escalate_with_error ... ok
[INFO] [stdout] test error::ranked::tests::error_ext_allow_transient_with_transient ... ok
[INFO] [stdout] test error::ranked::tests::error_ext_allow_transient_with_error ... ok
[INFO] [stdout] test error::ranked::tests::to_ranked_idempotent ... ok
[INFO] [stdout] test flat::strategy::tests::failures_midstream ... ok
[INFO] [stdout] test flat::strategy::tests::distances_unordered_lifetime_carrying_element_ref ... ok
[INFO] [stdout] test flat::index::tests::multithreaded_knn_search ... ok
[INFO] [stdout] test graph::adjacencylist::tests::test_new ... ok
[INFO] [stdout] test graph::adjacencylist::tests::test_overwrite ... ok
[INFO] [stdout] test flat::test::cases::flat_knn_search::flat_knn_search_2_5 ... ok
[INFO] [stdout] test graph::adjacencylist::tests::test_push_directed ... ok
[INFO] [stdout] test graph::adjacencylist::tests::test_from_iter_untrusted ... ok
[INFO] [stdout] test graph::adjacencylist::tests::test_last ... ok
[INFO] [stdout] test graph::adjacencylist::tests::test_resize ... ok
[INFO] [stdout] test graph::adjacencylist::tests::test_retain ... ok
[INFO] [stdout] test graph::adjacencylist::tests::test_to_vec ... ok
[INFO] [stdout] test graph::adjacencylist::tests::test_truncate ... ok
[INFO] [stdout] test graph::adjacencylist::tests::test_with_capacity ... ok
[INFO] [stdout] test flat::test::cases::flat_knn_search::flat_knn_search_1_100 ... ok
[INFO] [stdout] test graph::config::tests::test_alpha ... ok
[INFO] [stdout] test graph::adjacencylist::tests::test_remap ... ok
[INFO] [stdout] test graph::adjacencylist::tests::test_clear ... ok
[INFO] [stdout] test graph::config::tests::test_backedge_ratio ... ok
[INFO] [stdout] test graph::adjacencylist::tests::test_extend_from_slice ... ok
[INFO] [stdout] test flat::strategy::tests::distances_unordered_scanner ... ok
[INFO] [stdout] test graph::config::tests::test_experimental ... ok
[INFO] [stdout] test flat::test::cases::flat_knn_search::flat_knn_search_3_4 ... ok
[INFO] [stdout] test graph::adjacencylist::tests::test_push_fuzz ... ok
[INFO] [stdout] test graph::config::tests::test_prune_kind ... ok
[INFO] [stdout] test graph::config::tests::test_max_occlusion_size ... ok
[INFO] [stdout] test graph::config::tests::test_pruned_degree ... ok
[INFO] [stdout] test graph::config::tests::test_saturate_after_prune ... ok
[INFO] [stdout] test graph::config::tests::test_update_occlude_factor ... ok
[INFO] [stdout] test graph::adjacencylist::tests::test_extend_from_slice_fuzz ... ok
[INFO] [stdout] test graph::config::tests::test_prune_kind_conversion ... ok
[INFO] [stdout] test graph::ext::labeled::tests::filtered_accessor_wrapping ... ok
[INFO] [stdout] test graph::config::tests::test_intra_batch_candidates_builder ... ok
[INFO] [stdout] test graph::ext::labeled::tests::wrapper_predicate ... ok
[INFO] [stdout] test graph::config::tests::test_l_build ... ok
[INFO] [stdout] test graph::config::tests::test_defaults ... ok
[INFO] [stdout] test graph::glue::tests::decision ... ok
[INFO] [stdout] test graph::config::tests::test_max_degree ... ok
[INFO] [stdout] test graph::config::tests::test_max_backedges ... ok
[INFO] [stdout] test graph::config::tests::test_max_minibatch_par ... ok
[INFO] [stdout] test graph::internal::backedge::tests::test_buffer_new ... ok
[INFO] [stdout] test graph::config::tests::test_intra_batch_candidates ... ok
[INFO] [stdout] test graph::internal::backedge::tests::test_buffer ... ok
[INFO] [stdout] test graph::search::inline_filter_search::tests::test_compute_adaptive_l_zero_samples_or_matches ... ok
[INFO] [stdout] test graph::search::knn_search::tests::test_knn_search_validation ... ok
[INFO] [stdout] test graph::internal::sorted_neighbors::tests::test_empty_neighbors ... ok
[INFO] [stdout] test graph::search::range_search::tests::distance_filtered_extend_filters_correctly ... ok
[INFO] [stdout] test graph::search::range_search::tests::distance_filtered_push_accepts_passing_items ... ok
[INFO] [stdout] test graph::search::range_search::tests::distance_filtered_inner_radius_pattern ... ok
[INFO] [stdout] test graph::search::inline_filter_search::tests::test_compute_adaptive_l_piecewise_regions ... ok
[INFO] [stdout] test graph::search::range_search::tests::distance_filtered_respects_inner_capacity ... ok
[INFO] [stdout] test graph::search::range_search::tests::test_range_search_validation ... ok
[INFO] [stdout] test graph::search::record::tests::test_default_record ... ok
[INFO] [stdout] test graph::search::record::tests::test_default_search_record ... ok
[INFO] [stdout] test graph::search::record::tests::test_recall_search_record_logging ... ok
[INFO] [stdout] test graph::search::record::tests::test_visited_search_record_logging ... ok
[INFO] [stdout] test graph::search::scratch::tests::test_clear ... ok
[INFO] [stdout] test graph::search::scratch::tests::test_new ... ok
[INFO] [stdout] test graph::ext::labeled::tests::filtered_strategy_produces_accessor ... ok
[INFO] [stdout] test graph::search::inline_filter_search::tests::test_compute_adaptive_l_respects_max_multiplier ... ok
[INFO] [stdout] test graph::internal::backedge::tests::test_sized ... ok
[INFO] [stdout] test graph::search::inline_filter_search::tests::test_adaptive_l_validation ... ok
[INFO] [stdout] test graph::search_output_buffer::tests::test_id_distance_associated ... ok
[INFO] [stdout] test graph::search::scratch::tests::test_resize ... ok
[INFO] [stdout] test graph::search_output_buffer::tests::test_id_distance ... ok
[INFO] [stdout] test graph::search::scratch::tests::test_reconfigure ... ok
[INFO] [stdout] test graph::start_point::tests::test_display_first_vector ... ok
[INFO] [stdout] test graph::internal::sorted_neighbors::tests::test_sorted_neighbors ... ok
[INFO] [stdout] test graph::start_point::tests::test_display_random_hypercube ... ok
[INFO] [stdout] test graph::misc::tests::test_consolidate_enum ... ok
[INFO] [stdout] test graph::start_point::tests::test_display_random_samples ... ok
[INFO] [stdout] test graph::search::record::tests::test_recall_search_record ... ok
[INFO] [stdout] test graph::search::range_search::tests::distance_filtered_push_rejects_failing_items ... ok
[INFO] [stdout] test graph::search::record::tests::test_visited_search_record ... ok
[INFO] [stdout] test graph::start_point::tests::test_display_random_vectors ... ok
[INFO] [stdout] test graph::start_point::tests::test_display_medoid ... ok
[INFO] [stdout] test graph::start_point::tests::test_num_start_points ... ok
[INFO] [stdout] test graph::start_point::tests::test_num_start_points_first_vector ... ok
[INFO] [stdout] test graph::start_point::tests::test_num_start_points_medoid ... ok
[INFO] [stdout] test graph::start_point::tests::test_num_start_points_random_samples ... ok
[INFO] [stdout] test graph::start_point::tests::test_num_start_points_latin_hypercube ... ok
[INFO] [stdout] test graph::start_point::tests::test_start_get_medoid ... ok
[INFO] [stdout] test graph::start_point::tests::test_start_get_latin_hypercube ... ok
[INFO] [stdout] test graph::start_point::tests::test_start_get_random_samples ... ok
[INFO] [stdout] test graph::test::cases::consolidate::consolidate_deleted_vertex_returns_deleted ... ok
[INFO] [stdout] test graph::start_point::tests::test_start_get_first ... ok
[INFO] [stdout] test graph::test::cases::consolidate::consolidate_prune_only_no_deleted_neighbors ... ok
[INFO] [stdout] test graph::test::cases::consolidate::consolidate_nothing_to_do_returns_complete ... ok
[INFO] [stdout] test graph::start_point::tests::test_start_get_random_vectors ... ok
[INFO] [stdout] test graph::test::cases::consolidate::flaky_consolidate_returns_failed_retrieval ... ok
[INFO] [stdout] test graph::test::cases::consolidate::consolidate_repairs_after_deletion ... ok
[INFO] [stdout] test graph::search_output_buffer::tests::test_new_panics - should panic ... ok
[INFO] [stdout] test error::ann_error::ann_result_test::test_log_try_from_int_error ... ok
[INFO] [stdout] test error::ann_error::ann_result_test::test_log_invalid_operation_error ... ok
[INFO] [stdout] test flat::index::tests::strategy_constructor_errors ... ok
[INFO] [stdout] test graph::search_output_buffer::tests::test_id_distance_associated_data_panics_on_different_id_associated_data_lengths - should panic ... ok
[INFO] [stdout] test flat::index::tests::transient_scan_error ... ok
[INFO] [stdout] test error::ann_error::ann_result_test::test_thread_pool_error ... ok
[INFO] [stdout] test error::ann_error::ann_result_test::test_log_profiler_error ... ok
[INFO] [stdout] test graph::test::cases::grid_insert::batch_all_ibc_all_1d_100 ... ok
[INFO] [stdout] test graph::test::cases::grid_insert::thread_invariant_batch_all_ibc_all_3d_5 ... ok
[INFO] [stdout] test graph::test::cases::grid_search::grid_search_1_100 ... ok
[INFO] [stdout] test graph::test::cases::grid_search::grid_search_3_5 ... ok
[INFO] [stdout] test graph::test::cases::grid_search::grid_search_4_4 ... ok
[INFO] [stdout] test graph::test::cases::index::test_count_reachable_nodes ... ok
[INFO] [stdout] test graph::test::cases::index::test_count_reachable_nodes_multiple_starts ... ok
[INFO] [stdout] test graph::test::cases::index::test_count_unreachable_isolated_nodes ... ok
[INFO] [stdout] test graph::test::cases::index::test_drop_deleted_neighbors ... ok
[INFO] [stdout] test graph::test::cases::index::test_drop_deleted_neighbors_noop ... ok
[INFO] [stdout] test graph::test::cases::index::test_drop_deleted_neighbors_only_orphans ... ok
[INFO] [stdout] test graph::test::cases::index::test_get_degree_stats ... ok
[INFO] [stdout] test graph::test::cases::index::test_get_degree_stats_mixed ... ok
[INFO] [stdout] test graph::test::cases::index::test_is_any_neighbor_deleted ... ok
[INFO] [stdout] test graph::test::cases::index::test_prune_range ... ok
[INFO] [stdout] test graph::test::cases::inline::inline_adaptive_l_linear_scaling ... ok
[INFO] [stdout] test graph::test::cases::inline::inline_adaptive_l_logarithmic ... ok
[INFO] [stdout] test graph::test::cases::inline::inline_adaptive_l_max ... ok
[INFO] [stdout] test graph::test::cases::inline::inline_adaptive_l_no_scaling ... ok
[INFO] [stdout] test graph::test::cases::inline::inline_fixed_linear_scaling ... ok
[INFO] [stdout] test graph::test::cases::inline::inline_fixed_logarithmic ... ok
[INFO] [stdout] test graph::test::cases::inline::inline_fixed_max ... ok
[INFO] [stdout] test graph::test::cases::grid_insert::batch_all_ibc_all_3d_5 ... ok
[INFO] [stdout] test graph::test::cases::inline::inline_search_reaches_matches_through_non_matching_nodes ... ok
[INFO] [stdout] test graph::test::cases::inline::inline_fixed_no_scaling ... ok
[INFO] [stdout] test graph::test::cases::inline::inline_search_returns_only_final_level_matches ... ok
[INFO] [stdout] test graph::test::cases::inline::inline_search_three_level_adaptive_l_with_l1_finds_matches ... ok
[INFO] [stdout] test graph::test::cases::inline::inline_search_three_level_no_adaptive_l_with_l1_finds_no_matches ... ok
[INFO] [stdout] test graph::test::cases::grid_insert::batch_all_ibc_none_1d_100 ... ok
[INFO] [stdout] test graph::test::cases::inplace_delete::basic_single ... ok
[INFO] [stdout] test graph::test::cases::inplace_delete::inplace_delete_onehop ... ok
[INFO] [stdout] test graph::test::cases::inplace_delete::delete_isolated_node ... ok
[INFO] [stdout] test graph::test::cases::inplace_delete::inplace_delete_two_hop_and_one_hop_wider_topology ... ok
[INFO] [stdout] test graph::test::cases::inplace_delete::inplace_delete_twohop_and_onehop ... ok
[INFO] [stdout] test graph::test::cases::inplace_delete::inplace_delete_visited_and_topk ... ok
[INFO] [stdout] test graph::test::cases::inplace_delete::multi_inplace_delete_twohop_and_onehop ... ok
[INFO] [stdout] test graph::test::cases::inplace_delete::multi_inplace_delete_visited_and_topk ... ok
[INFO] [stdout] test graph::test::cases::multihop::accept_all_finds_all_nodes ... ok
[INFO] [stdout] test graph::test::cases::multihop::even_filtering_grid ... ok
[INFO] [stdout] test graph::test::cases::inplace_delete::basic_multi ... ok
[INFO] [stdout] test graph::test::cases::multihop::reject_all_yields_nothing ... ok
[INFO] [stdout] test graph::test::cases::multihop::reject_triggers_two_hop_expansion ... ok
[INFO] [stdout] test graph::test::cases::multihop::two_hop_reaches_through_non_matching ... ok
[INFO] [stdout] test graph::test::cases::inplace_delete::multi_inplace_delete_wider_topology ... ok
[INFO] [stdout] test graph::test::cases::paged_search::single_page ... ok
[INFO] [stdout] test graph::test::cases::grid_insert::batch_all_ibc_none_3d_5 ... ok
[INFO] [stdout] test graph::test::cases::paged_search::basic_paged_search ... ok
[INFO] [stdout] test graph::test::cases::range_search::inner_radius_filtering ... ok
[INFO] [stdout] test graph::test::cases::range_search::two_round_search ... ok
[INFO] [stdout] test graph::test::provider::tests::id_conversion ... ok
[INFO] [stdout] test graph::test::cases::range_search::basic_range_search ... ok
[INFO] [stdout] test graph::test::provider::tests::test_config_new ... ok
[INFO] [stdout] test graph::test::cases::range_search::empty_results ... ok
[INFO] [stdout] test graph::test::cases::paged_search::small_page_size ... ok
[INFO] [stdout] test graph::test::provider::tests::test_context ... ok
[INFO] [stdout] test graph::test::provider::tests::test_append_vector ... ok
[INFO] [stdout] test graph::test::provider::tests::test_delete ... ok
[INFO] [stdout] test graph::test::provider::tests::test_set_element ... ok
[INFO] [stdout] test graph::test::provider::tests::test_start_point ... ok
[INFO] [stdout] test graph::test::provider::tests::test_start_points_cannot_be_deleted ... ok
[INFO] [stdout] test graph::test::provider::tests::test_term ... ok
[INFO] [stdout] test graph::test::provider::tests::test_neighbor_accessor ... ok
[INFO] [stdout] test graph::test::provider::tests::test_vector ... ok
[INFO] [stdout] test graph::test::provider::tests::test_provider_new_from ... ok
[INFO] [stdout] test graph::test::provider::tests::test_set_neighbors ... ok
[INFO] [stdout] test graph::test::synthetic::tests::test_from_dim_roundtrip ... ok
[INFO] [stdout] test graph::test::synthetic::tests::test_from_dim_unsupported ... ok
[INFO] [stdout] test graph::test::synthetic::tests::test_increment_2 ... ok
[INFO] [stdout] test graph::test::cases::grid_insert::batch_all_ibc_4_3d_5 ... ok
[INFO] [stdout] test graph::workingset::map::tests::clear_empties_map ... ok
[INFO] [stdout] test graph::workingset::map::tests::builder_unseeded_creates_empty_map ... ok
[INFO] [stdout] test graph::workingset::map::tests::empty_map_prepare_fastpath ... ok
[INFO] [stdout] test graph::workingset::map::tests::fill_clears_previous_entries ... ok
[INFO] [stdout] test graph::workingset::map::tests::fill_empty_iterator ... ok
[INFO] [stdout] test graph::workingset::map::tests::fill_happy_path ... ok
[INFO] [stdout] test graph::workingset::map::tests::fill_preserves_entries_with_unbounded_capacity ... ok
[INFO] [stdout] test graph::workingset::map::tests::fill_propagates_errors ... ok
[INFO] [stdout] test graph::workingset::map::tests::fill_skips_occupied_entries ... ok
[INFO] [stdout] test graph::workingset::map::tests::entry_vacant_then_occupied ... ok
[INFO] [stdout] test graph::workingset::map::tests::get_mut_modifies_in_place ... ok
[INFO] [stdout] test graph::workingset::map::tests::hashmap_as_maplike ... ok
[INFO] [stdout] test graph::workingset::map::tests::insert_and_get ... ok
[INFO] [stdout] test graph::workingset::map::tests::fill_skips_none_results ... ok
[INFO] [stdout] test graph::workingset::map::tests::occupied_entry_mut ... ok
[INFO] [stdout] test graph::workingset::map::tests::as_reborrowed_clone ... ok
[INFO] [stdout] test graph::workingset::map::tests::insert_overwrites_existing ... ok
[INFO] [stdout] test graph::workingset::map::tests::overlay_from_batch_lookups ... ok
[INFO] [stdout] test graph::workingset::map::tests::overlay_from_batch_single_element ... ok
[INFO] [stdout] test graph::workingset::map::tests::overlay_from_batch_zero_copy ... ok
[INFO] [stdout] test graph::workingset::map::tests::overlay_is_cheap_to_clone ... ok
[INFO] [stdout] test graph::test::synthetic::tests::test_increment_3 ... ok
[INFO] [stdout] test graph::workingset::map::tests::overlay_from_batch_empty ... ok
[INFO] [stdout] test graph::workingset::map::tests::project_reborrowed_box_slice ... ok
[INFO] [stdout] test graph::workingset::map::tests::project_ref_box_slice ... ok
[INFO] [stdout] test graph::workingset::map::tests::overlay_from_batch_duplicate_ids_last_wins ... ok
[INFO] [stdout] test graph::workingset::map::tests::reborrowed_clone ... ok
[INFO] [stdout] test graph::workingset::map::tests::seeded_map_insert_skips_seeded_key ... ok
[INFO] [stdout] test graph::workingset::map::tests::project_ref_vec ... ok
[INFO] [stdout] test graph::workingset::map::tests::ref_clone ... ok
[INFO] [stdout] test graph::workingset::map::tests::seeded_map_insert_works_for_non_seeded ... ok
[INFO] [stdout] test graph::workingset::map::tests::fill_skips_seeded_entries ... ok
[INFO] [stdout] test graph::workingset::map::tests::seeded_map_entry_seeded ... ok
[INFO] [stdout] test graph::workingset::map::tests::test_capacity ... ok
[INFO] [stdout] test graph::workingset::map::tests::test_evict ... ok
[INFO] [stdout] test graph::workingset::map::tests::test_prepare_bounded ... ok
[INFO] [stdout] test graph::workingset::map::tests::test_promote ... ok
[INFO] [stdout] test graph::workingset::map::tests::view_after_clear_still_has_seed ... ok
[INFO] [stdout] test graph::workingset::map::tests::test_prepare_unbounded ... ok
[INFO] [stdout] test graph::test::cases::grid_insert::single_1d_100 ... ok
[INFO] [stdout] test graph::workingset::map::tests::view_returns_projected_element ... ok
[INFO] [stdout] test graph::workingset::map::tests::view_seed_first_priority ... ok
[INFO] [stdout] test internal::chain::tests::both_non_empty ... ok
[INFO] [stdout] test internal::chain::tests::clone_is_independent ... ok
[INFO] [stdout] test internal::chain::tests::empty_left ... ok
[INFO] [stdout] test internal::chain::tests::empty_right ... ok
[INFO] [stdout] test internal::convert_f32::tests::f32_is_identity ... ok
[INFO] [stdout] test internal::convert_f32::tests::test_i8 ... ok
[INFO] [stdout] test internal::convert_f32::tests::test_u8 ... ok
[INFO] [stdout] test neighbor::neighbor_test::cmp_same_id_panics - should panic ... ok
[INFO] [stdout] test neighbor::neighbor_test::cmp_works ... ok
[INFO] [stdout] test neighbor::neighbor_test::eq_lt_works ... ok
[INFO] [stdout] test neighbor::neighbor_test::gt_works ... ok
[INFO] [stdout] test neighbor::neighbor_test::le_works ... ok
[INFO] [stdout] test neighbor::neighbor_test::test_search_output_buffer ... ok
[INFO] [stdout] test neighbor::neighbor_test::test_vec_neighbor_search_output_buffer ... ok
[INFO] [stdout] test internal::chain::tests::size_hint_matches_len ... ok
[INFO] [stdout] test internal::convert_f32::tests::test_f16 ... ok
[INFO] [stdout] test neighbor::queue::neighbor_priority_queue_test::test_clear_queue ... ok
[INFO] [stdout] test neighbor::queue::neighbor_priority_queue_test::test_closest_notvisited_when_no_notvisited_nodes_left ... ok
[INFO] [stdout] test neighbor::queue::neighbor_priority_queue_test::test_has_notvisited_node_fixed_size_queue ... ok
[INFO] [stdout] test neighbor::queue::neighbor_priority_queue_test::test_has_notvisited_auto_resizable_queue ... ok
[INFO] [stdout] test neighbor::queue::neighbor_priority_queue_test::test_has_notvisited_node_fixed_size_queue_with_mannual_resize ... ok
[INFO] [stdout] test neighbor::queue::neighbor_priority_queue_test::test_insert ... ok
[INFO] [stdout] test neighbor::queue::neighbor_priority_queue_test::test_insert_neighbor_with_nan_distance_is_ignored ... ok
[INFO] [stdout] test neighbor::queue::neighbor_priority_queue_test::test_insert_neighbors_with_infinity_distance ... ok
[INFO] [stdout] test neighbor::queue::neighbor_priority_queue_test::test_insert_on_full_queue ... ok
[INFO] [stdout] test neighbor::queue::neighbor_priority_queue_test::test_index ... ok
[INFO] [stdout] test neighbor::queue::neighbor_priority_queue_test::test_insert_on_resizable_queue ... ok
[INFO] [stdout] test neighbor::queue::neighbor_priority_queue_test::test_iter ... ok
[INFO] [stdout] test neighbor::queue::neighbor_priority_queue_test::test_normal_distances_should_push_infinity_distances_away_from_queue ... ok
[INFO] [stdout] test neighbor::queue::neighbor_priority_queue_test::test_is_sorted ... ok
[INFO] [stdout] test graph::workingset::map::tests::test_prepare_no_capacity ... ok
[INFO] [stdout] test neighbor::queue::neighbor_priority_queue_test::test_reconfigure_after_insert ... ok
[INFO] [stdout] test neighbor::queue::neighbor_priority_queue_test::test_reconfigure ... ok
[INFO] [stdout] test neighbor::queue::neighbor_priority_queue_test::test_remove_with_cursor ... ok
[INFO] [stdout] test neighbor::queue::neighbor_priority_queue_test::test_remove_maintains_sorted_order ... ok
[INFO] [stdout] test neighbor::queue::neighbor_priority_queue_test::test_repeat_insert_panics - should panic ... ok
[INFO] [stdout] test neighbor::queue::neighbor_priority_queue_test::test_resizable_with_initial_capacity ... ok
[INFO] [stdout] test neighbor::queue::neighbor_priority_queue_test::test_remove ... ok
[INFO] [stdout] test neighbor::queue::neighbor_priority_queue_test::test_set_capacity ... ok
[INFO] [stdout] test neighbor::queue::neighbor_priority_queue_test::test_trait_implementation_drain ... ok
[INFO] [stdout] test neighbor::queue::neighbor_priority_queue_test::test_trait_implementation_reconfigure ... ok
[INFO] [stdout] test neighbor::queue::neighbor_priority_queue_test::test_trait_implementation_basic_operations ... ok
[INFO] [stdout] test neighbor::queue::neighbor_priority_queue_test::test_trait_polymorphism ... ok
[INFO] [stdout] test provider::tests::simple_status_test ... ok
[INFO] [stdout] test neighbor::queue::neighbor_priority_queue_test::test_visit ... ok
[INFO] [stdout] test provider::tests::test_default_context ... ok
[INFO] [stdout] test graph::test::cases::grid_insert::batch_all_ibc_all_4d_4 ... ok
[INFO] [stdout] test provider::tests::test_noop_guard ... ok
[INFO] [stdout] test neighbor::queue::neighbor_priority_queue_test::test_reserve ... ok
[INFO] [stdout] test neighbor::queue::neighbor_priority_queue_test::insertion_is_in_sorted_order ... ok
[INFO] [stdout] test test::cmp::tests::test_assert_happy_path ... ok
[INFO] [stdout] test internal::chain::tests::empty_both ... ok
[INFO] [stdout] test provider::tests::test_task_spawning ... ok
[INFO] [stdout] test test::cmp::tests::test_assert_verbose_eq - should panic ... ok
[INFO] [stdout] test test::cmp::tests::test_builtin ... ok
[INFO] [stdout] test test::cmp::tests::tuple_length_2 ... ok
[INFO] [stdout] test test::cache::tests::test_path ... ok
[INFO] [stdout] test internal::chain::tests::len_decreases_as_consumed ... ok
[INFO] [stdout] test test::cmp::tests::test_vector ... ok
[INFO] [stdout] test test::cmp::tests::tuple_length_1 ... ok
[INFO] [stdout] test utils::async_tools::tests::test_arc_chunk_new_panics - should panic ... ok
[INFO] [stdout] test utils::async_tools::tests::test_around_cases ... ok
[INFO] [stdout] test utils::async_tools::tests::test_chunks_odd ... ok
[INFO] [stdout] test utils::async_tools::tests::test_chunks_panics - should panic ... ok
[INFO] [stdout] test utils::async_tools::tests::test_around_empty ... ok
[INFO] [stdout] test utils::utils::test_utils::type_str ... ok
[INFO] [stdout] test test::cmp::tests::tuple_length_3 ... ok
[INFO] [stdout] test utils::vector_repr::tests::test_unaligned_buffered ... ok
[INFO] [stdout] test test::cmp::tests::test_assert_verbose_eq_no_context - should panic ... ok
[INFO] [stdout] test test::cmp::tests::test_macro ... ok
[INFO] [stdout] test utils::vector_repr::tests::test_vector_element ... ok
[INFO] [stdout] test utils::async_tools::tests::test_chunks_even ... ok
[INFO] [stdout] test graph::test::cases::grid_insert::batch_25_ibc_all_3d_5 ... ok
[INFO] [stdout] test graph::test::cases::grid_insert::batch_25_ibc_none_3d_5 ... ok
[INFO] [stdout] test graph::test::cases::grid_insert::single_3d_5 ... ok
[INFO] [stdout] test graph::test::cases::grid_insert::thread_invariant_batch_25_ibc_none_4d_4 ... ok
[INFO] [stdout] test graph::test::cases::grid_insert::batch_all_ibc_4_4d_4 ... ok
[INFO] [stdout] test graph::test::cases::grid_insert::batch_all_ibc_none_4d_4 ... ok
[INFO] [stdout] test graph::test::cases::grid_insert::batch_25_ibc_all_4d_4 ... ok
[INFO] [stdout] test graph::test::cases::grid_insert::batch_25_ibc_none_4d_4 ... ok
[INFO] [stdout] test utils::async_tools::tests::test_partition ... ok
[INFO] [stdout] test utils::async_tools::tests::test_partition_iter ... ok
[INFO] [stdout] test graph::test::cases::grid_insert::single_4d_4 ... ok
[INFO] [stdout] 
[INFO] [stdout] test result: ok. 347 passed; 0 failed; 0 ignored; 0 measured; 0 filtered out; finished in 2.84s
[INFO] [stdout] 
[INFO] [stdout] 
[INFO] [stdout] running 407 tests
[INFO] [stdout] test algorithms::hadamard::tests::test_hadamard_transform_64 ... ok
[INFO] [stdout] test algorithms::hadamard::tests::test_hadamard_8 ... ok
[INFO] [stdout] test algorithms::hadamard::tests::test_hadamard_transform_32 ... ok
[INFO] [stdout] test algorithms::hadamard::tests::test_hadamard_transform_4 ... ok
[INFO] [stdout] test algorithms::hadamard::tests::test_hadamard_transform_8 ... ok
[INFO] [stdout] test algorithms::hadamard::tests::test_micro_kernel_64 ... ok
[INFO] [stdout] test algorithms::heap::tests::fuzz_test_edge_cases ... ok
[INFO] [stdout] test algorithms::heap::tests::test_basic_heap_creation ... ok
[INFO] [stdout] test algorithms::heap::tests::test_empty_heap ... ok
[INFO] [stdout] test algorithms::hadamard::tests::test_hadamard_transform_128 ... ok
[INFO] [stdout] test algorithms::heap::tests::test_heapify ... ok
[INFO] [stdout] test algorithms::heap::tests::test_single_element ... ok
[INFO] [stdout] test algorithms::heap::tests::test_update_root ... ok
[INFO] [stderr]      Running unittests src/lib.rs (/opt/rustwide/target/debug/deps/diskann_quantization-8143d96922e68a33)
[INFO] [stdout] test algorithms::heap::tests::test_heap_property_maintained ... ok
[INFO] [stdout] test algorithms::hadamard::tests::test_error ... ok
[INFO] [stdout] test algorithms::hadamard::tests::test_hadamard_transform_16 ... ok
[INFO] [stdout] test algorithms::hadamard::tests::test_hadamard_transform_2 ... ok
[INFO] [stdout] test algorithms::kmeans::lloyds::tests::end_to_end_test ... ok
[INFO] [stdout] test algorithms::kmeans::plusplus::tests::both_empty_is_okay ... ok
[INFO] [stdout] test algorithms::kmeans::plusplus::tests::fail_dataset_not_big_enough ... ok
[INFO] [stdout] test algorithms::kmeans::plusplus::tests::fail_diversity_check ... ok
[INFO] [stdout] test algorithms::kmeans::plusplus::tests::fail_empty_dataset ... ok
[INFO] [stdout] test algorithms::kmeans::plusplus::tests::fail_intinity_check ... ok
[INFO] [stdout] test algorithms::kmeans::plusplus::tests::fail_nan_check ... ok
[INFO] [stdout] test algorithms::hadamard::tests::test_hadamard_transform_1 ... ok
[INFO] [stdout] test algorithms::hadamard::tests::test_hadamard_transform_256 ... ok
[INFO] [stdout] test algorithms::kmeans::lloyds::tests::distances_in_place_panics_nearest - should panic ... ok
[INFO] [stdout] test algorithms::kmeans::lloyds::tests::distances_in_place_panics_different_dim - should panic ... ok
[INFO] [stdout] test algorithms::kmeans::lloyds::tests::lloyds_inner_panics_centers_dim - should panic ... ok
[INFO] [stdout] test algorithms::kmeans::lloyds::tests::lloyds_inner_panics_norms_length - should panic ... ok
[INFO] [stdout] test algorithms::kmeans::lloyds::tests::lloyds_inner_panics_transpose_dim - should panic ... ok
[INFO] [stdout] test algorithms::kmeans::lloyds::tests::lloyds_inner_panics_transpose_length - should panic ... ok
[INFO] [stdout] test algorithms::kmeans::lloyds::tests::distances_in_place_panics_data_norms - should panic ... ok
[INFO] [stdout] test algorithms::kmeans::lloyds::tests::distances_in_place_panics_center_norms - should panic ... ok
[INFO] [stdout] test algorithms::kmeans::plusplus::tests::update_distances_panics_dim_mismatch - should panic ... ok
[INFO] [stdout] test algorithms::kmeans::lloyds::tests::lloyds_panics_dim_mismatch - should panic ... ok
[INFO] [stdout] test alloc::aligned::tests::test_aligned_allocator ... ok
[INFO] [stdout] test alloc::bump::tests::poly_new_with_allocates_first ... ok
[INFO] [stdout] test algorithms::kmeans::plusplus::tests::update_distances_panics_distances_length_mismatch - should panic ... ok
[INFO] [stdout] test algorithms::kmeans::plusplus::tests::update_distances_panics_norms_length_mismatch - should panic ... ok
[INFO] [stdout] test algorithms::kmeans::plusplus::tests::test_error_display ... ok
[INFO] [stdout] test alloc::bump::tests::test_bump_allocator ... ok
[INFO] [stdout] test alloc::poly::tests::basic_test_borrow ... ok
[INFO] [stdout] test alloc::poly::tests::basic_test_copy ... ok
[INFO] [stdout] test alloc::poly::tests::dropping_uninit_is_okay ... ok
[INFO] [stdout] test alloc::poly::tests::from_iter_strings ... ok
[INFO] [stdout] test alloc::poly::tests::new_error ... ok
[INFO] [stdout] test alloc::poly::tests::new_from_iter_error ... ok
[INFO] [stdout] test algorithms::transforms::padding_hadamard::tests::test_sign_flipping ... ok
[INFO] [stdout] test alloc::poly::tests::new_uninit_slice_error ... ok
[INFO] [stdout] test alloc::poly::tests::new_with_error ... ok
[INFO] [stdout] test alloc::poly::tests::size_check ... ok
[INFO] [stdout] test alloc::poly::tests::test_assume_init ... ok
[INFO] [stdout] test alloc::poly::tests::test_assume_init_slice_copy ... ok
[INFO] [stdout] test alloc::poly::tests::test_assume_init_slice_drop ... ok
[INFO] [stdout] test alloc::poly::tests::test_dyn_trait ... ok
[INFO] [stdout] test alloc::poly::tests::test_dyn_trait_with_lifetime ... ok
[INFO] [stdout] test alloc::poly::tests::test_mutate ... ok
[INFO] [stdout] test alloc::poly::tests::test_try_clone_item ... ok
[INFO] [stdout] test alloc::poly::tests::test_try_clone_option ... ok
[INFO] [stdout] test alloc::poly::tests::test_try_clone_slice ... ok
[INFO] [stdout] test alloc::poly::tests::test_with_drop ... ok
[INFO] [stdout] test alloc::poly::tests::new_uninit_error ... ok
[INFO] [stdout] test alloc::poly::tests::zero_sized ... ok
[INFO] [stdout] test alloc::poly::tests::zero_sized_raw ... ok
[INFO] [stdout] test alloc::poly::tests::zero_sized_uninit ... ok
[INFO] [stdout] test alloc::poly::tests::zero_sized_uninit_to_init ... ok
[INFO] [stdout] test alloc::poly::tests::zero_sized_slice ... ok
[INFO] [stdout] test alloc::poly::tests::from_iter_cleanup_middle - should panic ... ok
[INFO] [stdout] test alloc::poly::tests::from_iter_cleanup_first - should panic ... ok
[INFO] [stdout] test algorithms::kmeans::plusplus::tests::kmeans_plusplus_into_panics_dim_mismatch - should panic ... ok
[INFO] [stdout] test alloc::poly::tests::from_iter_cleanup_last - should panic ... ok
[INFO] [stdout] test alloc::tests::test_global_allocator ... ok
[INFO] [stdout] test bits::distances::tests::heterogeneous_ip_8x1::known_answers ... ok
[INFO] [stdout] test bits::distances::tests::heterogeneous_ip_8x1::edge_cases ... ok
[INFO] [stdout] test bits::distances::tests::heterogeneous_ip_8x2::known_answers ... ok
[INFO] [stdout] test algorithms::kmeans::plusplus::tests::test_update_distances ... ok
[INFO] [stdout] test algorithms::heap::tests::fuzz_test_against_binary_heap ... ok
[INFO] [stdout] test bits::distances::tests::heterogeneous_ip_8x2::max_values ... ok
[INFO] [stdout] test bits::distances::tests::heterogeneous_ip_8x4::known_answers ... ok
[INFO] [stdout] test bits::distances::tests::heterogeneous_ip_8x4::edge_cases ... ok
[INFO] [stdout] test binary::quantizer::tests::test_compression ... ok
[INFO] [stdout] test bits::distances::tests::heterogeneous_ip_8x1::max_values ... ok
[INFO] [stdout] test bits::distances::tests::heterogeneous_ip_8x4::max_values ... ok
[INFO] [stdout] test algorithms::kmeans::lloyds::tests::test_miri_distances_in_place ... ok
[INFO] [stdout] test bits::distances::tests::heterogeneous_ip_8x2::edge_cases ... ok
[INFO] [stdout] test algorithms::kmeans::plusplus::tests::fuzzy_sanity_check ... ok
[INFO] [stdout] test algorithms::kmeans::common::tests::test_square_norm ... ok
[INFO] [stdout] test alloc::bump::tests::stress_test ... ok
[INFO] [stdout] test algorithms::kmeans::plusplus::tests::sanity_check ... ok
[INFO] [stdout] test bits::distances::tests::test_bitslice_distances_1bit ... ok
[INFO] [stdout] test bits::distances::tests::test_bitslice_distances_8bit ... ok
[INFO] [stdout] test bits::distances::tests::test_full_distance_1bit ... ok
[INFO] [stdout] test bits::distances::tests::test_bitslice_distances_6bit ... ok
[INFO] [stdout] test bits::distances::tests::test_bitslice_distances_3bit ... ok
[INFO] [stdout] test bits::distances::tests::test_bitslice_distances_4bit ... ok
[INFO] [stdout] test bits::distances::tests::test_bitslice_distances_7bit ... ok
[INFO] [stdout] test bits::distances::tests::test_bitslice_distances_5bit ... ok
[INFO] [stdout] test bits::distances::tests::test_bit_transpose_distance ... ok
[INFO] [stdout] test bits::length::tests::test_length ... ok
[INFO] [stdout] test bits::packing::tests::test_u16_1bit ... ok
[INFO] [stdout] test bits::packing::tests::test_u16_2bit ... ok
[INFO] [stdout] test bits::packing::tests::test_u16_3bit ... ok
[INFO] [stdout] test bits::packing::tests::test_u16_4bit ... ok
[INFO] [stdout] test bits::packing::tests::test_u16_5bit ... ok
[INFO] [stdout] test bits::distances::tests::heterogeneous_ip_8x2::all_ip_dispatches ... ok
[INFO] [stdout] test bits::packing::tests::test_u16_6bit ... ok
[INFO] [stdout] test bits::distances::tests::test_hamming_distance ... ok
[INFO] [stdout] test bits::packing::tests::test_u8_1bit ... ok
[INFO] [stdout] test bits::packing::tests::test_u8_2bit ... ok
[INFO] [stdout] test bits::packing::tests::test_u8_3bit ... ok
[INFO] [stdout] test bits::packing::tests::test_u8_4bit ... ok
[INFO] [stdout] test bits::packing::tests::test_u8_5bit ... ok
[INFO] [stdout] test bits::packing::tests::test_u8_6bit ... ok
[INFO] [stdout] test bits::packing::tests::test_u8_7bit ... ok
[INFO] [stdout] test bits::packing::tests::test_u8_8bit ... ok
[INFO] [stdout] test bits::ptr::tests::test_box ... ok
[INFO] [stdout] test bits::ptr::tests::test_mut_slice_ptr_from_mut_slice ... ok
[INFO] [stdout] test bits::ptr::tests::test_slice_ptr_from_const_slice ... ok
[INFO] [stdout] test bits::ptr::tests::test_slice_ptr_from_mut_slice ... ok
[INFO] [stdout] test bits::distances::tests::test_full_distance_2bit ... ok
[INFO] [stdout] test bits::distances::tests::heterogeneous_ip_8x4::all_ip_dispatches ... ok
[INFO] [stdout] test bits::slice::tests::test_binary_repr ... ok
[INFO] [stdout] test bits::slice::tests::test_encoding_error ... ok
[INFO] [stdout] test bits::slice::tests::test_sizes ... ok
[INFO] [stdout] test bits::slice::tests::test_4bit_bit_transpose ... ok
[INFO] [stdout] test bits::slice::tests::test_binary_dense ... ok
[INFO] [stdout] test bits::slice::tests::test_unsigned_3bit ... ok
[INFO] [stdout] test bits::distances::tests::heterogeneous_ip_8x1::all_ip_dispatches ... ok
[INFO] [stdout] test bits::slice::tests::test_unsigned_1bit ... ok
[INFO] [stdout] test bits::slice::tests::test_unsigned_5bit ... ok
[INFO] [stdout] test bits::slice::tests::test_unsigned_7bit ... ok
[INFO] [stdout] test bits::slice::tests::test_unsigned_2bit ... ok
[INFO] [stdout] test cancel::tests::test_atomic_cancelation ... ok
[INFO] [stdout] test cancel::tests::test_no_cancelation ... ok
[INFO] [stdout] test distances::test::test_check_length ... ok
[INFO] [stdout] test distances::test::test_error ... ok
[INFO] [stdout] test distances::test::unequal_lenghts_panic - should panic ... ok
[INFO] [stdout] test error::tests::inline_error_with_drop ... ok
[INFO] [stdout] test error::tests::inline_error_with_interior_mutability ... ok
[INFO] [stdout] test error::tests::inline_error_with_source ... ok
[INFO] [stdout] test error::tests::inline_error_zst ... ok
[INFO] [stdout] test error::tests::sizes_and_offsets ... ok
[INFO] [stdout] test error::tests::test_formatting ... ok
[INFO] [stdout] test bits::slice::tests::test_unsigned_4bit ... ok
[INFO] [stdout] test bits::slice::tests::test_unsigned_8bit ... ok
[INFO] [stdout] test meta::slice::tests::canonical_u32_zst ... ok
[INFO] [stdout] test bits::slice::tests::test_unsigned_6bit ... ok
[INFO] [stdout] test meta::slice::tests::canonical_u32_zstaligned ... ok
[INFO] [stdout] test meta::slice::tests::canonical_u8_u32 ... ok
[INFO] [stdout] test meta::slice::tests::canonical_u32_u8 ... ok
[INFO] [stdout] test meta::slice::tests::test_vector ... ok
[INFO] [stdout] test meta::slice::tests::canonical_u32_u32 ... ok
[INFO] [stdout] test meta::slice::tests::canonical_zst_u32 ... ok
[INFO] [stdout] test bits::distances::tests::test_full_distance_8bit ... ok
[INFO] [stdout] test meta::slice::tests::canonical_zstaligned_u32 ... ok
[INFO] [stdout] test bits::distances::tests::test_full_distance_6bit ... ok
[INFO] [stdout] test algorithms::kmeans::lloyds::tests::test_distances_in_place ... ok
[INFO] [stdout] test meta::vector::tests::canonical_2bit ... ok
[INFO] [stdout] test bits::distances::tests::test_full_distance_3bit ... ok
[INFO] [stdout] test meta::vector::tests::test_compensated_mut ... ok
[INFO] [stdout] test meta::vector::tests::test_vector ... ok
[INFO] [stdout] test minmax::multi::max_sim::tests::matches_naive ... ok
[INFO] [stdout] test minmax::multi::max_sim::tests::max_sim_panics_on_size_mismatch - should panic ... ok
[INFO] [stdout] test minmax::multi::meta::tests::compress_into::compress_matches_single ... ok
[INFO] [stdout] test minmax::multi::meta::tests::compress_into::row_iteration ... ok
[INFO] [stdout] test minmax::multi::meta::tests::construction::new_mut ... ok
[INFO] [stdout] test bits::distances::tests::test_full_distance_4bit ... ok
[INFO] [stdout] test minmax::multi::meta::tests::construction::new_ref ... ok
[INFO] [stdout] test minmax::multi::meta::tests::construction::slice_length_mismatch_errors ... ok
[INFO] [stdout] test minmax::multi::meta::tests::construction::new_owned ... ok
[INFO] [stdout] test minmax::multi::meta::tests::error_cases::compress_into_output_dim_mismatch - should panic ... ok
[INFO] [stdout] test minmax::multi::meta::tests::error_cases::compress_into_input_dim_mismatch - should panic ... ok
[INFO] [stdout] test minmax::quantizer::minmax_quantizer_tests::all_same_values_vector ... ok
[INFO] [stdout] test minmax::quantizer::minmax_quantizer_tests::nan_input_error ... ok
[INFO] [stdout] test minmax::quantizer::minmax_quantizer_tests::test_dimension_mismatch_panic - should panic ... ok
[INFO] [stdout] test minmax::multi::meta::tests::error_cases::compress_into_vector_count_mismatch - should panic ... ok
[INFO] [stdout] test bits::distances::tests::test_full_distance_7bit ... ok
[INFO] [stdout] test minmax::quantizer::minmax_quantizer_tests::test_minmax_encoding_4bit ... ok
[INFO] [stdout] test minmax::quantizer::minmax_quantizer_tests::test_minmax_encoding_2bit ... ok
[INFO] [stdout] test minmax::quantizer::minmax_quantizer_tests::two_distinct_values ... ok
[INFO] [stdout] test minmax::quantizer::minmax_quantizer_tests::test_minmax_encoding_1bit ... ok
[INFO] [stdout] test minmax::quantizer::minmax_quantizer_tests::test_minmax_encoding_8bit ... ok
[INFO] [stdout] test minmax::recompress::recompress_tests::recompress_8_to_2 ... ok
[INFO] [stdout] test minmax::recompress::recompress_tests::test_constant_value_vector ... ok
[INFO] [stdout] test minmax::recompress::recompress_tests::test_dimension_mismatch_error ... ok
[INFO] [stdout] test minmax::vectors::minmax_vector_tests::minmax_heterogeneous_8x1 ... ok
[INFO] [stdout] test minmax::vectors::minmax_vector_tests::minmax_heterogeneous_8x2 ... ok
[INFO] [stdout] test minmax::vectors::minmax_vector_tests::minmax_heterogeneous_8x4 ... ok
[INFO] [stdout] test minmax::vectors::minmax_vector_tests::unsigned_minmax_compensated_test_u1 ... ok
[INFO] [stdout] test minmax::vectors::minmax_vector_tests::unsigned_minmax_compensated_test_u2 ... ok
[INFO] [stdout] test minmax::vectors::minmax_vector_tests::unsigned_minmax_compensated_test_u4 ... ok
[INFO] [stdout] test minmax::recompress::recompress_tests::recompress_4_to_2 ... ok
[INFO] [stdout] test multi_vector::block_transposed::tests::test_api_non_f32 ... ok
[INFO] [stdout] test multi_vector::block_transposed::tests::test_api_pack1_group16 ... ok
[INFO] [stdout] test bits::distances::tests::test_full_distance_5bit ... ok
[INFO] [stdout] test minmax::recompress::recompress_tests::recompress_8_to_4 ... ok
[INFO] [stdout] test multi_vector::block_transposed::tests::test_api_pack1_group8 ... ok
[INFO] [stdout] test multi_vector::block_transposed::tests::test_api_pack2 ... ok
[INFO] [stdout] test multi_vector::block_transposed::tests::test_block_layout_pack1_group16 ... ok
[INFO] [stdout] test multi_vector::block_transposed::tests::test_block_mut_oob - should panic ... ok
[INFO] [stdout] test multi_vector::block_transposed::tests::test_block_oob - should panic ... ok
[INFO] [stdout] test multi_vector::block_transposed::tests::test_concurrent_row_mutation ... ok
[INFO] [stdout] test multi_vector::block_transposed::tests::test_from_strided_nonunit_stride ... ok
[INFO] [stdout] test multi_vector::block_transposed::tests::test_get_element_col_oob - should panic ... ok
[INFO] [stdout] test multi_vector::block_transposed::tests::test_get_element_row_oob - should panic ... ok
[INFO] [stdout] test multi_vector::block_transposed::tests::test_index_tuple_col_oob - should panic ... ok
[INFO] [stdout] test multi_vector::block_transposed::tests::test_block_layout_pack1_group8 ... ok
[INFO] [stdout] test multi_vector::block_transposed::tests::test_new_ref_and_new_mut ... ok
[INFO] [stdout] test multi_vector::block_transposed::tests::test_row_view_empty ... ok
[INFO] [stdout] test multi_vector::block_transposed::tests::test_row_view_index_oob - should panic ... ok
[INFO] [stdout] test multi_vector::block_transposed::tests::test_row_view_mut_index_mut_oob - should panic ... ok
[INFO] [stdout] test multi_vector::block_transposed::tests::test_index_tuple_row_oob - should panic ... ok
[INFO] [stdout] test multi_vector::block_transposed::tests::test_row_view_send_sync ... ok
[INFO] [stdout] test multi_vector::block_transposed::tests::test_row_view_set_oob - should panic ... ok
[INFO] [stdout] test multi_vector::distance::factory::tests::dimensions_f16 ... ok
[INFO] [stdout] test multi_vector::block_transposed::tests::test_row_view_mut_index_oob - should panic ... ok
[INFO] [stdout] test multi_vector::distance::factory::tests::dimensions_f32 ... ok
[INFO] [stdout] test multi_vector::distance::factory::tests::f16::errors_on_size_mismatch ... ok
[INFO] [stdout] test multi_vector::distance::factory::tests::f16::chamfer_matches_fallback ... ok
[INFO] [stdout] test multi_vector::distance::factory::tests::f16::max_sim_matches_fallback ... ok
[INFO] [stdout] test multi_vector::distance::factory::tests::f16::zero_docs_fills_sentinel ... ok
[INFO] [stdout] test multi_vector::distance::factory::tests::f16::zero_query_returns_ok ... ok
[INFO] [stdout] test multi_vector::distance::factory::tests::f32::chamfer_matches_fallback ... ok
[INFO] [stdout] test multi_vector::distance::factory::tests::f32::max_sim_matches_fallback ... ok
[INFO] [stdout] test multi_vector::distance::factory::tests::f32::errors_on_size_mismatch ... ok
[INFO] [stdout] test multi_vector::distance::factory::tests::f32::zero_query_returns_ok ... ok
[INFO] [stdout] test multi_vector::distance::fallback::tests::distance_functions::chamfer_with_zero_queries_returns_zero ... ok
[INFO] [stdout] test multi_vector::distance::fallback::tests::distance_functions::matches_naive_implementation ... ok
[INFO] [stdout] test multi_vector::distance::factory::tests::f32::zero_docs_fills_sentinel ... ok
[INFO] [stdout] test multi_vector::distance::fallback::tests::query_mat_ref::from_mat_ref_and_deref ... ok
[INFO] [stdout] test multi_vector::distance::fallback::tests::query_mat_ref::is_copy ... ok
[INFO] [stdout] test multi_vector::distance::kernels::reduce::tests::reduce_fold_order ... ok
[INFO] [stdout] test multi_vector::distance::kernels::reduce::tests::reduce_folds_correctly ... ok
[INFO] [stdout] test multi_vector::distance::kernels::tiled_reduce::tests::basic_panel_counts ... ok
[INFO] [stdout] test multi_vector::distance::kernels::tiled_reduce::tests::exact_fit_one_panel ... ok
[INFO] [stdout] test multi_vector::distance::kernels::tiled_reduce::tests::l1_saturated_by_a_panel ... ok
[INFO] [stdout] test multi_vector::distance::kernels::tiled_reduce::tests::panics_on_unaligned_a_rows - should panic ... ok
[INFO] [stdout] test multi_vector::distance::kernels::tiled_reduce::tests::tiled_reduce_all_loop_paths_match_naive ... ok
[INFO] [stdout] test multi_vector::distance::fallback::tests::distance_functions::max_sim_panics_on_size_mismatch ... ok
[INFO] [stdout] test multi_vector::distance::kernels::tiled_reduce::tests::tiled_reduce_f16_matches_naive ... ok
[INFO] [stdout] test multi_vector::distance::kernels::tiled_reduce::tests::tiny_budget_clamps_to_one ... ok
[INFO] [stdout] test multi_vector::distance::kernels::tiled_reduce::tests::zero_byte_rows_clamped ... ok
[INFO] [stdout] test multi_vector::distance::kernels::tiled_reduce::tests::zero_dim_fills_scratch_and_returns ... ok
[INFO] [stdout] test multi_vector::distance::kernels::tiled_reduce::tests::zero_dim_zero_docs_leaves_scratch_untouched ... ok
[INFO] [stdout] test multi_vector::distance::max_sim::tests::max_sim_get::fails_at_out_of_bounds_index ... ok
[INFO] [stdout] test multi_vector::distance::max_sim::tests::max_sim_get::returns_value_at_valid_index ... ok
[INFO] [stdout] test multi_vector::distance::max_sim::tests::max_sim_new::returns_correct_size ... ok
[INFO] [stdout] test multi_vector::distance::max_sim::tests::max_sim_set::fails_at_out_of_bounds_index ... ok
[INFO] [stdout] test multi_vector::distance::max_sim::tests::max_sim_set::handles_special_float_values ... ok
[INFO] [stdout] test multi_vector::distance::max_sim::tests::max_sim_set::overwrites_existing_value ... ok
[INFO] [stdout] test multi_vector::distance::kernels::tiled_reduce::tests::tiled_reduce_f32_matches_naive ... ok
[INFO] [stdout] test multi_vector::distance::max_sim::tests::max_sim_set::sets_value_at_valid_index ... ok
[INFO] [stdout] test multi_vector::matrix::tests::as_matrix_view_roundtrip ... ok
[INFO] [stdout] test multi_vector::distance::max_sim::tests::max_sim_set::writes_through_to_underlying_buffer ... ok
[INFO] [stdout] test multi_vector::matrix::tests::mat_new_with_default ... ok
[INFO] [stdout] test multi_vector::matrix::tests::matmut_new_slice_length_error ... ok
[INFO] [stdout] test multi_vector::matrix::tests::mat_new_and_basic_accessors ... ok
[INFO] [stdout] test multi_vector::matrix::tests::matref_new_slice_length_error ... ok
[INFO] [stdout] test multi_vector::matrix::tests::standard_check_slice ... ok
[INFO] [stdout] test multi_vector::matrix::tests::standard_new_accepts_boundary_below_isize_max ... ok
[INFO] [stdout] test multi_vector::matrix::tests::standard_new_overflow_error_display ... ok
[INFO] [stdout] test multi_vector::matrix::tests::standard_new_rejects_element_count_overflow ... ok
[INFO] [stdout] test multi_vector::matrix::tests::standard_new_rejects_byte_count_exceeding_isize_max ... ok
[INFO] [stdout] test multi_vector::matrix::tests::standard_new_zst_accepts_large_non_overflowing ... ok
[INFO] [stdout] test multi_vector::matrix::tests::standard_new_zst_rejects_element_count_overflow ... ok
[INFO] [stdout] test multi_vector::matrix::tests::standard_representation ... ok
[INFO] [stdout] test multi_vector::matrix::tests::standard_zero_dimensions ... ok
[INFO] [stdout] test multi_vector::matrix::tests::test_mat ... ok
[INFO] [stdout] test multi_vector::matrix::tests::test_mat_from_fn ... ok
[INFO] [stdout] test multi_vector::matrix::tests::test_mat_refmut ... ok
[INFO] [stdout] test multi_vector::matrix::tests::test_mat_clone ... ok
[INFO] [stdout] test num::tests::test_positive_f32 ... ok
[INFO] [stdout] test num::tests::test_positive_i64 ... ok
[INFO] [stdout] test num::tests::test_power_of_two ... ok
[INFO] [stdout] test ownership::tests::test_owned ... ok
[INFO] [stdout] test multi_vector::matrix::tests::test_standard_new_owned ... ok
[INFO] [stdout] test ownership::tests::test_ref ... ok
[INFO] [stdout] test ownership::tests::test_ref_mut ... ok
[INFO] [stdout] test product::tables::basic::tests::error_on_mismatch_dim ... ok
[INFO] [stdout] test product::tables::basic::tests::error_on_no_pivots ... ok
[INFO] [stdout] test product::tables::basic::tests::test_compression_error ... ok
[INFO] [stdout] test product::tables::basic::tests::basic_table ... ok
[INFO] [stdout] test product::tables::basic::tests::test_table_single_compression_errors ... ok
[INFO] [stdout] test product::tables::transposed::pivots::tests::compression_result ... ok
[INFO] [stdout] test product::tables::transposed::pivots::tests::compression_result_unwrap_panics - should panic ... ok
[INFO] [stdout] test product::tables::transposed::pivots::tests::get_panics_on_col - should panic ... ok
[INFO] [stdout] test product::tables::transposed::pivots::tests::get_panics_on_row - should panic ... ok
[INFO] [stdout] test multi_vector::block_transposed::tests::test_api_pack4 ... ok
[INFO] [stdout] test product::tables::transposed::pivots::tests::test_chunk_construction_error ... ok
[INFO] [stdout] test product::tables::transposed::pivots::tests::test_find_closest_batch_panics_on_dim_mismatch - should panic ... ok
[INFO] [stdout] test product::tables::transposed::pivots::tests::test_find_closest_batch_panics_on_non_batch_length - should panic ... ok
[INFO] [stdout] test product::tables::transposed::pivots::tests::test_find_closest_panics - should panic ... ok
[INFO] [stdout] test product::tables::basic::tests::test_happy_path ... ok
[INFO] [stdout] test product::tables::transposed::pivots::tests::test_process_into_panics_on_from - should panic ... ok
[INFO] [stdout] test product::tables::transposed::pivots::tests::test_process_into_panics_on_into - should panic ... ok
[INFO] [stdout] test product::tables::transposed::table::test_compression::basic_table ... ok
[INFO] [stdout] test product::tables::transposed::table::test_compression::error_on_empty ... ok
[INFO] [stdout] test product::tables::transposed::table::test_compression::error_on_mismatch_dim ... ok
[INFO] [stdout] test product::tables::transposed::table::test_compression::panic_on_dim_mismatch - should panic ... ok
[INFO] [stdout] test product::tables::transposed::table::test_compression::test_delegate_error_propagation ... ok
[INFO] [stdout] test meta::vector::tests::canonical_8bit ... ok
[INFO] [stdout] test product::tables::transposed::table::test_compression::test_process_into ... ok
[INFO] [stdout] test product::tables::transposed::table::test_compression::test_process_into_panics_partials_cols - should panic ... ok
[INFO] [stdout] test product::tables::transposed::table::test_compression::test_process_into_panics_partials_rows - should panic ... ok
[INFO] [stdout] test product::tables::transposed::table::test_compression::test_process_into_panics_query - should panic ... ok
[INFO] [stdout] test meta::vector::tests::canonical_5bit ... ok
[INFO] [stdout] test product::tables::transposed::table::test_compression::test_table_single_compression_errors ... ok
[INFO] [stdout] test product::tables::transposed::pivots::tests::test_process_into ... ok
[INFO] [stdout] test product::train::tests::test_flatten ... ok
[INFO] [stdout] test meta::vector::tests::canonical_1bit ... ok
[INFO] [stdout] test product::train::tests::test_infinity_and_nan_is_not_recoverable ... ok
[INFO] [stdout] test product::train::tests::test_pq_training_happy_path_parallel ... ok
[INFO] [stdout] test product::train::tests::tests_succeeded_with_too_many_pivots ... ok
[INFO] [stdout] test meta::vector::tests::canonical_3bit ... ok
[INFO] [stdout] test random::tests::test_stdrng_builder ... ok
[INFO] [stdout] test scalar::quantizer::tests::test_1bit_quantizer ... ok
[INFO] [stdout] test product::train::tests::test_pq_training_happy_path_sequential ... ok
[INFO] [stdout] test scalar::quantizer::tests::test_2bit_quantizer ... ok
[INFO] [stdout] test scalar::quantizer::tests::test_4bit_quantizer ... ok
[INFO] [stdout] test scalar::quantizer::tests::test_3bit_quantizer ... ok
[INFO] [stdout] test scalar::quantizer::tests::test_5bit_quantizer ... ok
[INFO] [stdout] test random::tests::test_stdrng_builder_test_panics - should panic ... ok
[INFO] [stdout] test scalar::quantizer::tests::test_6bit_quantizer ... ok
[INFO] [stdout] test scalar::quantizer::tests::test_compare_identical_returns_ok ... ok
[INFO] [stdout] test scalar::quantizer::tests::test_compare_mean_norm_presence_mismatch_left_none ... ok
[INFO] [stdout] test scalar::quantizer::tests::test_7bit_quantizer ... ok
[INFO] [stdout] test scalar::quantizer::tests::test_compare_mean_norm_presence_mismatch_right_none ... ok
[INFO] [stdout] test scalar::quantizer::tests::test_compare_scale_mismatch ... ok
[INFO] [stdout] test scalar::quantizer::tests::test_compare_shift_element_mismatch ... ok
[INFO] [stdout] test scalar::quantizer::tests::test_compare_shift_length_mismatch ... ok
[INFO] [stdout] test scalar::quantizer::tests::test_compare_shift_square_norm_mismatch ... ok
[INFO] [stdout] test scalar::quantizer::tests::test_rescale ... ok
[INFO] [stdout] test scalar::quantizer::tests::test_compare_mean_norm_value_mismatch ... ok
[INFO] [stdout] test scalar::train::tests::test_train ... ok
[INFO] [stdout] test scalar::quantizer::tests::test_8bit_quantizer ... ok
[INFO] [stdout] test bits::packing::tests::test_u16_7bit ... ok
[INFO] [stdout] test product::tables::transposed::table::test_compression::test_table_batch_compression_errors ... ok
[INFO] [stdout] test meta::vector::tests::canonical_6bit ... ok
[INFO] [stdout] test product::train::tests::test_cancel ... ok
[INFO] [stdout] test meta::vector::tests::canonical_4bit ... ok
[INFO] [stdout] test bits::distances::tests::test_bitslice_distances_2bit ... ok
[INFO] [stdout] test spherical::iface::tests::test_plan_1bit_cosine ... ok
[INFO] [stdout] test spherical::iface::tests::test_plan_1bit_ip ... ok
[INFO] [stdout] test spherical::iface::tests::test_plan_1bit_l2 ... ok
[INFO] [stdout] test spherical::iface::tests::test_plan_2bit_cosine ... ok
[INFO] [stdout] test spherical::iface::tests::test_plan_2bit_ip ... ok
[INFO] [stdout] test spherical::iface::tests::test_plan_2bit_l2 ... ok
[INFO] [stdout] test spherical::iface::tests::test_plan_4bit_cosine ... ok
[INFO] [stdout] test spherical::iface::tests::test_plan_4bit_ip ... ok
[INFO] [stdout] test spherical::iface::tests::test_plan_4bit_l2 ... ok
[INFO] [stdout] test spherical::iface::tests::test_plan_8bit_cosine ... ok
[INFO] [stdout] test spherical::iface::tests::test_plan_8bit_ip ... ok
[INFO] [stdout] test spherical::iface::tests::test_plan_8bit_l2 ... ok
[INFO] [stdout] test spherical::quantizer::tests::centroid_scaling_happens_in_generate ... ok
[INFO] [stdout] test spherical::quantizer::tests::compression_errors_data ... ok
[INFO] [stdout] test spherical::quantizer::tests::empty_slice_panics - should panic ... ok
[INFO] [stdout] test spherical::quantizer::tests::err_dim_cannot_be_zero ... ok
[INFO] [stdout] test spherical::quantizer::tests::err_mean_norm_cannot_be_zero_generate ... ok
[INFO] [stdout] test spherical::quantizer::tests::err_norm_cannot_be_infinity ... ok
[INFO] [stdout] test spherical::quantizer::tests::err_norm_must_be_positive ... ok
[INFO] [stdout] test spherical::quantizer::tests::err_reciprocal_norm_cannot_be_infinity ... ok
[INFO] [stdout] test spherical::quantizer::tests::err_scale_cannot_be_zero_generate ... ok
[INFO] [stdout] test meta::vector::tests::canonical_7bit ... ok
[INFO] [stdout] test minmax::vectors::minmax_vector_tests::unsigned_minmax_compensated_test_u8 ... ok
[INFO] [stdout] test spherical::vectors::tests::supported_metric ... ok
[INFO] [stdout] test spherical::vectors::tests::test_data_meta ... ok
[INFO] [stdout] test scalar::vectors::tests::unsigned_compensated_distances_1bit ... ok
[INFO] [stdout] test product::tables::transposed::table::test_compression::test_happy_path ... ok
[INFO] [stdout] test bits::packing::tests::test_u16_8bit ... ok
[INFO] [stdout] test algorithms::transforms::double_hadamard::tests::test_double_hadamard has been running for over 60 seconds
[INFO] [stdout] test algorithms::transforms::padding_hadamard::tests::test_padding_hadamard has been running for over 60 seconds
[INFO] [stdout] test scalar::vectors::tests::unsigned_compensated_distances_7bit ... ok
[INFO] [stdout] test scalar::vectors::tests::unsigned_compensated_distances_4bit ... ok
[INFO] [stdout] test scalar::vectors::tests::unsigned_compensated_distances_2bit ... ok
[INFO] [stdout] test scalar::vectors::tests::unsigned_compensated_distances_8bit ... ok
[INFO] [stdout] test scalar::vectors::tests::unsigned_compensated_distances_3bit ... ok
[INFO] [stdout] test scalar::vectors::tests::unsigned_compensated_distances_5bit ... ok
[INFO] [stdout] test spherical::vectors::tests::test_full_distances_1bit ... ok
[INFO] [stdout] test scalar::vectors::tests::unsigned_compensated_distances_6bit ... ok
[INFO] [stderr]    Compiling proc-macro2 v1.0.106
[INFO] [stderr]    Compiling unicode-ident v1.0.22
[INFO] [stderr]    Compiling quote v1.0.45
[INFO] [stderr]    Compiling libc v0.2.179
[INFO] [stderr]    Compiling getrandom v0.3.4
[INFO] [stderr]    Compiling zerocopy v0.8.31
[INFO] [stderr]    Compiling cfg-if v1.0.0
[INFO] [stderr]    Compiling autocfg v1.5.0
[INFO] [stderr]    Compiling libm v0.2.15
[INFO] [stderr]    Compiling crossbeam-utils v0.8.21
[INFO] [stderr]    Compiling rayon-core v1.13.0
[INFO] [stderr]    Compiling serde_core v1.0.228
[INFO] [stderr]    Compiling thiserror v2.0.17
[INFO] [stderr]    Compiling either v1.15.0
[INFO] [stderr]    Compiling zmij v1.0.11
[INFO] [stderr]    Compiling diskann-quantization v0.54.0 (/opt/rustwide/workdir/diskann-quantization)
[INFO] [stderr]    Compiling serde_json v1.0.150
[INFO] [stderr]    Compiling serde v1.0.228
[INFO] [stderr]    Compiling itoa v1.0.17
[INFO] [stderr]    Compiling memchr v2.7.6
[INFO] [stderr]    Compiling crossbeam-epoch v0.9.18
[INFO] [stderr]    Compiling num-traits v0.2.19
[INFO] [stderr]    Compiling crossbeam-deque v0.8.6
[INFO] [stderr]    Compiling syn v2.0.117
[INFO] [stderr]    Compiling rayon v1.11.0
[INFO] [stdout] test spherical::vectors::tests::test_full_distances_4bit ... ok
[INFO] [stdout] test utils::tests::test_div_round_up ... ok
[INFO] [stdout] test utils::tests::test_is_strictly_monotonic ... ok
[INFO] [stdout] test utils::tests::test_mean_and_norm ... ok
[INFO] [stdout] test utils::tests::test_normalized_mean_and_norm ... ok
[INFO] [stdout] test utils::tests::test_normalized_means_corner_cases ... ok
[INFO] [stdout] test views::tests::chunk_offset_construction_errors ... ok
[INFO] [stdout] test views::tests::chunk_offset_happy_path ... ok
[INFO] [stdout] test views::tests::chunk_offset_indexing_panic - should panic ... ok
[INFO] [stdout] test views::tests::partition_construction_errors ... ok
[INFO] [stdout] test views::tests::partition_happy_path ... ok
[INFO] [stdout] test views::tests::test_chunkview_construction_error ... ok
[INFO] [stdout] test views::tests::test_immutable_chunkview ... ok
[INFO] [stdout] test views::tests::test_mutable_chunkview ... ok
[INFO] [stdout] test spherical::vectors::tests::test_full_distances_2bit ... ok
[INFO] [stdout] test spherical::vectors::tests::test_full_distances_8bit ... ok
[INFO] [stderr]    Compiling rand_core v0.9.3
[INFO] [stdout] test spherical::vectors::tests::test_symmetric_distances_1bit ... ok
[INFO] [stdout] test spherical::vectors::tests::test_mixed_distances_4x1 ... ok
[INFO] [stdout] test spherical::vectors::tests::test_mixed_distances_4x4 ... ok
[INFO] [stdout] test spherical::vectors::tests::test_mixed_distances_8x8 ... ok
[INFO] [stdout] test product::tables::transposed::pivots::tests::run_test_happy_path has been running for over 60 seconds
[INFO] [stdout] test spherical::vectors::tests::test_symmetric_distances_4bit ... ok
[INFO] [stdout] test spherical::vectors::tests::test_symmetric_distances_2bit ... ok
[INFO] [stderr]    Compiling zerocopy-derive v0.8.31
[INFO] [stderr]    Compiling bytemuck_derive v1.10.2
[INFO] [stderr]    Compiling thiserror-impl v2.0.17
[INFO] [stderr]    Compiling serde_derive v1.0.228
[INFO] [stdout] test spherical::vectors::tests::test_symmetric_distances_8bit ... ok
[INFO] [stdout] test spherical::quantizer::tests::test_cosine_similarity_maximizer has been running for over 60 seconds
[INFO] [stdout] test spherical::quantizer::tests::test_spherical_quantizer has been running for over 60 seconds
[INFO] [stderr]    Compiling bytemuck v1.24.0
[INFO] [stderr]    Compiling ppv-lite86 v0.2.21
[INFO] [stdout] test algorithms::transforms::padding_hadamard::tests::test_padding_hadamard ... ok
[INFO] [stderr]    Compiling rand_chacha v0.9.0
[INFO] [stderr]    Compiling rand v0.9.4
[INFO] [stderr]    Compiling rand_distr v0.5.1
[INFO] [stderr]    Compiling half v2.7.1
[INFO] [stderr]    Compiling diskann-wide v0.54.0 (/opt/rustwide/workdir/diskann-wide)
[INFO] [stdout] test tests::compile_tests has been running for over 60 seconds
[INFO] [stdout] test spherical::quantizer::tests::test_spherical_quantizer ... ok
[INFO] [stderr]    Compiling diskann-vector v0.54.0 (/opt/rustwide/workdir/diskann-vector)
[INFO] [stderr]    Compiling diskann-utils v0.54.0 (/opt/rustwide/workdir/diskann-utils)
[INFO] [stderr] warning: use of deprecated constant `std::f32::NAN`: replaced by the `NAN` associated constant on `f32`
[INFO] [stderr]    --> /opt/rustwide/workdir/diskann-quantization/src/minmax/quantizer.rs:119:33
[INFO] [stderr]     |
[INFO] [stderr] 119 |                     .fold((f32::NAN, f32::NAN), |(cmin, cmax), &e| {
[INFO] [stderr]     |                                 ^^^
[INFO] [stderr]     |
[INFO] [stderr]     = note: `#[warn(deprecated)]` on by default
[INFO] [stderr] 
[INFO] [stderr] warning: use of deprecated constant `std::f32::NAN`: replaced by the `NAN` associated constant on `f32`
[INFO] [stderr]    --> /opt/rustwide/workdir/diskann-quantization/src/minmax/quantizer.rs:119:43
[INFO] [stderr]     |
[INFO] [stderr] 119 |                     .fold((f32::NAN, f32::NAN), |(cmin, cmax), &e| {
[INFO] [stderr]     |                                           ^^^
[INFO] [stderr] 
[INFO] [stderr] warning: `diskann-quantization` (lib) generated 2 warnings
[INFO] [stderr]    Compiling diskann-quantization-tests v0.0.0 (/opt/rustwide/target/tests/trybuild/diskann-quantization)
[INFO] [stderr]     Finished `dev` profile [unoptimized + debuginfo] target(s) in 1m 13s
[INFO] [stderr] 
[INFO] [stderr] 
[INFO] [stderr] test tests/compile-fail/bootstrap/bootstrap.rs [should pass] ... ok
[INFO] [stderr] 
[INFO] [stderr] STDERR:
[INFO] [stderr] ┈┈┈┈┈┈┈┈┈┈┈┈┈┈┈┈┈┈┈┈┈┈┈┈┈┈┈┈┈┈┈┈┈┈┈┈┈┈┈┈┈┈┈┈┈┈┈┈┈┈┈┈┈┈┈┈┈┈┈┈
[INFO] [stderr] warning: use of deprecated constant `std::f32::NAN`: replaced by the `NAN` associated constant on `f32`
[INFO] [stderr]    --> /opt/rustwide/workdir/diskann-quantization/src/minmax/quantizer.rs:119:33
[INFO] [stderr]     |
[INFO] [stderr] 119 |                     .fold((f32::NAN, f32::NAN), |(cmin, cmax), &e| {
[INFO] [stderr]     |                                 ^^^
[INFO] [stderr]     |
[INFO] [stderr]     = note: `#[warn(deprecated)]` on by default
[INFO] [stderr] 
[INFO] [stderr] warning: use of deprecated constant `std::f32::NAN`: replaced by the `NAN` associated constant on `f32`
[INFO] [stderr]    --> /opt/rustwide/workdir/diskann-quantization/src/minmax/quantizer.rs:119:43
[INFO] [stderr]     |
[INFO] [stderr] 119 |                     .fold((f32::NAN, f32::NAN), |(cmin, cmax), &e| {
[INFO] [stderr]     |                                           ^^^
[INFO] [stderr] ┈┈┈┈┈┈┈┈┈┈┈┈┈┈┈┈┈┈┈┈┈┈┈┈┈┈┈┈┈┈┈┈┈┈┈┈┈┈┈┈┈┈┈┈┈┈┈┈┈┈┈┈┈┈┈┈┈┈┈┈
[INFO] [stderr] 
[INFO] [stderr] test tests/compile-fail/borrow.rs [should fail to compile] ... ok
[INFO] [stderr] test tests/compile-fail/invalid-trait-convert-send.rs [should fail to compile] ... ok
[INFO] [stderr] test tests/compile-fail/invalid-trait-convert.rs [should fail to compile] ... ok
[INFO] [stderr] test tests/compile-fail/invalid-trait-direct-send.rs [should fail to compile] ... ok
[INFO] [stderr] test tests/compile-fail/invalid-trait-direct.rs [should fail to compile] ... ok
[INFO] [stderr] test tests/compile-fail/mut_borrow.rs [should fail to compile] ... ok
[INFO] [stderr] test tests/compile-fail/precursor.rs [should fail to compile] ... ok
[INFO] [stderr] test tests/compile-fail/error/inline_error_align.rs [should fail to compile] ... mismatch
[INFO] [stderr] 
[INFO] [stderr] EXPECTED:
[INFO] [stderr] ┈┈┈┈┈┈┈┈┈┈┈┈┈┈┈┈┈┈┈┈┈┈┈┈┈┈┈┈┈┈┈┈┈┈┈┈┈┈┈┈┈┈┈┈┈┈┈┈┈┈┈┈┈┈┈┈┈┈┈┈
[INFO] [stderr] error[E0080]: evaluation panicked: error type has alignment stricter than 8
[INFO] [stderr]  --> src/error.rs
[INFO] [stderr]   |
[INFO] [stderr]   | /             assert!(
[INFO] [stderr]   | |                 std::mem::align_of::<T>() <= std::mem::align_of::<&'static ErrorVTable>(),
[INFO] [stderr]   | |                 "error type has alignment stricter than 8"
[INFO] [stderr]   | |             )
[INFO] [stderr]   | |_____________^ evaluation of `diskann_quantization::error::InlineError::new::<Error>::{constant#1}` failed here
[INFO] [stderr] 
[INFO] [stderr] note: erroneous constant encountered
[INFO] [stderr]    --> src/error.rs
[INFO] [stderr]     |
[INFO] [stderr]     | /         const {
[INFO] [stderr]     | |             assert!(
[INFO] [stderr]     | |                 std::mem::align_of::<T>() <= std::mem::align_of::<&'static ErrorVTable>(),
[INFO] [stderr]     | |                 "error type has alignment stricter than 8"
[INFO] [stderr]     | |             )
[INFO] [stderr]     | |         };
[INFO] [stderr]     | |_________^
[INFO] [stderr] 
[INFO] [stderr] note: the above error was encountered while instantiating `fn InlineError::new::<Error>`
[INFO] [stderr]   --> tests/compile-fail/error/inline_error_align.rs:24:13
[INFO] [stderr]    |
[INFO] [stderr] 24 |     let _ = InlineError::<16>::new(Error(10));
[INFO] [stderr]    |             ^^^^^^^^^^^^^^^^^^^^^^^^^^^^^^^^^
[INFO] [stderr] ┈┈┈┈┈┈┈┈┈┈┈┈┈┈┈┈┈┈┈┈┈┈┈┈┈┈┈┈┈┈┈┈┈┈┈┈┈┈┈┈┈┈┈┈┈┈┈┈┈┈┈┈┈┈┈┈┈┈┈┈
[INFO] [stderr] 
[INFO] [stderr] ACTUAL OUTPUT:
[INFO] [stderr] ┈┈┈┈┈┈┈┈┈┈┈┈┈┈┈┈┈┈┈┈┈┈┈┈┈┈┈┈┈┈┈┈┈┈┈┈┈┈┈┈┈┈┈┈┈┈┈┈┈┈┈┈┈┈┈┈┈┈┈┈
[INFO] [stderr] error[E0080]: evaluation panicked: error type has alignment stricter than 8
[INFO] [stderr]  --> $RUST/core/src/panic.rs
[INFO] [stderr]   |
[INFO] [stderr]   = note: evaluation of `diskann_quantization::error::InlineError::new::<Error>::{constant#1}` failed here
[INFO] [stderr]   |
[INFO] [stderr]  ::: src/error.rs
[INFO] [stderr]   |
[INFO] [stderr]   | /             assert!(
[INFO] [stderr]   | |                 std::mem::align_of::<T>() <= std::mem::align_of::<&'static ErrorVTable>(),
[INFO] [stderr]   | |                 "error type has alignment stricter than 8"
[INFO] [stderr]   | |             )
[INFO] [stderr]   | |_____________- in this macro invocation
[INFO] [stderr] 
[INFO] [stderr] note: erroneous constant encountered
[INFO] [stderr]  --> src/error.rs
[INFO] [stderr]   |
[INFO] [stderr]   | /         const {
[INFO] [stderr]   | |             assert!(
[INFO] [stderr]   | |                 std::mem::align_of::<T>() <= std::mem::align_of::<&'static ErrorVTable>(),
[INFO] [stderr]   | |                 "error type has alignment stricter than 8"
[INFO] [stderr]   | |             )
[INFO] [stderr]   | |         };
[INFO] [stderr]   | |_________^
[INFO] [stderr] 
[INFO] [stderr] note: the above error was encountered while instantiating `fn InlineError::new::<Error>`
[INFO] [stderr]   --> tests/compile-fail/error/inline_error_align.rs:24:13
[INFO] [stderr]    |
[INFO] [stderr] 24 |     let _ = InlineError::<16>::new(Error(10));
[INFO] [stderr]    |             ^^^^^^^^^^^^^^^^^^^^^^^^^^^^^^^^^
[INFO] [stderr] ┈┈┈┈┈┈┈┈┈┈┈┈┈┈┈┈┈┈┈┈┈┈┈┈┈┈┈┈┈┈┈┈┈┈┈┈┈┈┈┈┈┈┈┈┈┈┈┈┈┈┈┈┈┈┈┈┈┈┈┈
[INFO] [stderr] note: If the actual output is the correct output you can bless it by rerunning
[INFO] [stderr]       your test with the environment variable TRYBUILD=overwrite
[INFO] [stderr] 
[INFO] [stdout] test algorithms::transforms::double_hadamard::tests::test_double_hadamard ... ok
[INFO] [stderr] test tests/compile-fail/error/inline_error_size.rs [should fail to compile] ... mismatch
[INFO] [stderr] 
[INFO] [stderr] EXPECTED:
[INFO] [stderr] ┈┈┈┈┈┈┈┈┈┈┈┈┈┈┈┈┈┈┈┈┈┈┈┈┈┈┈┈┈┈┈┈┈┈┈┈┈┈┈┈┈┈┈┈┈┈┈┈┈┈┈┈┈┈┈┈┈┈┈┈
[INFO] [stderr] error[E0080]: evaluation panicked: error type is too big
[INFO] [stderr]  --> src/error.rs
[INFO] [stderr]   |
[INFO] [stderr]   |         const { assert!(std::mem::size_of::<T>() <= N, "error type is too big") };
[INFO] [stderr]   |                 ^^^^^^^^^^^^^^^^^^^^^^^^^^^^^^^^^^^^^^^^^^^^^^^^^^^^^^^^^^^^^^^ evaluation of `diskann_quantization::error::InlineError::<4>::new::<Error>::{constant#0}` failed here
[INFO] [stderr] 
[INFO] [stderr] note: erroneous constant encountered
[INFO] [stderr]    --> src/error.rs
[INFO] [stderr]     |
[INFO] [stderr]     |         const { assert!(std::mem::size_of::<T>() <= N, "error type is too big") };
[INFO] [stderr]     |         ^^^^^^^^^^^^^^^^^^^^^^^^^^^^^^^^^^^^^^^^^^^^^^^^^^^^^^^^^^^^^^^^^^^^^^^^^
[INFO] [stderr] 
[INFO] [stderr] note: the above error was encountered while instantiating `fn InlineError::<4>::new::<Error>`
[INFO] [stderr]   --> tests/compile-fail/error/inline_error_size.rs:21:13
[INFO] [stderr]    |
[INFO] [stderr] 21 |     let _ = InlineError::<4>::new(Error(10));
[INFO] [stderr]    |             ^^^^^^^^^^^^^^^^^^^^^^^^^^^^^^^^
[INFO] [stderr] ┈┈┈┈┈┈┈┈┈┈┈┈┈┈┈┈┈┈┈┈┈┈┈┈┈┈┈┈┈┈┈┈┈┈┈┈┈┈┈┈┈┈┈┈┈┈┈┈┈┈┈┈┈┈┈┈┈┈┈┈
[INFO] [stderr] 
[INFO] [stderr] ACTUAL OUTPUT:
[INFO] [stderr] ┈┈┈┈┈┈┈┈┈┈┈┈┈┈┈┈┈┈┈┈┈┈┈┈┈┈┈┈┈┈┈┈┈┈┈┈┈┈┈┈┈┈┈┈┈┈┈┈┈┈┈┈┈┈┈┈┈┈┈┈
[INFO] [stderr] error[E0080]: evaluation panicked: error type is too big
[INFO] [stderr]  --> $RUST/core/src/panic.rs
[INFO] [stderr]   |
[INFO] [stderr]   = note: evaluation of `diskann_quantization::error::InlineError::<4>::new::<Error>::{constant#0}` failed here
[INFO] [stderr]   |
[INFO] [stderr]  ::: src/error.rs
[INFO] [stderr]   |
[INFO] [stderr]   |         const { assert!(std::mem::size_of::<T>() <= N, "error type is too big") };
[INFO] [stderr]   |                 --------------------------------------------------------------- in this macro invocation
[INFO] [stderr] 
[INFO] [stderr] note: erroneous constant encountered
[INFO] [stderr]  --> src/error.rs
[INFO] [stderr]   |
[INFO] [stderr]   |         const { assert!(std::mem::size_of::<T>() <= N, "error type is too big") };
[INFO] [stderr]   |         ^^^^^^^^^^^^^^^^^^^^^^^^^^^^^^^^^^^^^^^^^^^^^^^^^^^^^^^^^^^^^^^^^^^^^^^^^
[INFO] [stderr] 
[INFO] [stderr] note: the above error was encountered while instantiating `fn InlineError::<4>::new::<Error>`
[INFO] [stderr]   --> tests/compile-fail/error/inline_error_size.rs:21:13
[INFO] [stderr]    |
[INFO] [stderr] 21 |     let _ = InlineError::<4>::new(Error(10));
[INFO] [stderr]    |             ^^^^^^^^^^^^^^^^^^^^^^^^^^^^^^^^
[INFO] [stderr] ┈┈┈┈┈┈┈┈┈┈┈┈┈┈┈┈┈┈┈┈┈┈┈┈┈┈┈┈┈┈┈┈┈┈┈┈┈┈┈┈┈┈┈┈┈┈┈┈┈┈┈┈┈┈┈┈┈┈┈┈
[INFO] [stderr] note: If the actual output is the correct output you can bless it by rerunning
[INFO] [stderr]       your test with the environment variable TRYBUILD=overwrite
[INFO] [stderr] 
[INFO] [stderr] test tests/compile-fail/multi/mat_as_view.rs [should fail to compile] ... ok
[INFO] [stderr] test tests/compile-fail/multi/mat_as_view_mut.rs [should fail to compile] ... ok
[INFO] [stderr] test tests/compile-fail/multi/mat_get_row.rs [should fail to compile] ... ok
[INFO] [stderr] test tests/compile-fail/multi/mat_get_row_mut.rs [should fail to compile] ... ok
[INFO] [stderr] test tests/compile-fail/multi/mat_invariant.rs [should fail to compile] ... ok
[INFO] [stderr] test tests/compile-fail/multi/mat_reborrow.rs [should fail to compile] ... ok
[INFO] [stderr] test tests/compile-fail/multi/mat_reborrow_mut.rs [should fail to compile] ... ok
[INFO] [stderr] test tests/compile-fail/multi/mat_rows.rs [should fail to compile] ... ok
[INFO] [stderr] test tests/compile-fail/multi/mat_rows_mut.rs [should fail to compile] ... ok
[INFO] [stderr] test tests/compile-fail/multi/matmut_as_view_borrows.rs [should fail to compile] ... ok
[INFO] [stderr] test tests/compile-fail/multi/matmut_get_row.rs [should fail to compile] ... ok
[INFO] [stderr] test tests/compile-fail/multi/matmut_get_row_mut.rs [should fail to compile] ... ok
[INFO] [stderr] test tests/compile-fail/multi/matmut_invariant.rs [should fail to compile] ... ok
[INFO] [stderr] test tests/compile-fail/multi/matmut_reborrow.rs [should fail to compile] ... ok
[INFO] [stderr] test tests/compile-fail/multi/matmut_reborrow_mut.rs [should fail to compile] ... ok
[INFO] [stderr] test tests/compile-fail/multi/matmut_rows.rs [should fail to compile] ... ok
[INFO] [stderr] test tests/compile-fail/multi/matmut_rows_mut.rs [should fail to compile] ... ok
[INFO] [stderr] test tests/compile-fail/multi/matref_get_row.rs [should fail to compile] ... ok
[INFO] [stderr] test tests/compile-fail/multi/matref_rows.rs [should fail to compile] ... ok
[INFO] [stderr] 
[INFO] [stderr] 
[INFO] [stdout] test tests::compile_tests ... FAILED
[INFO] [stdout] test spherical::quantizer::tests::test_cosine_similarity_maximizer ... ok
[INFO] [stdout] test product::tables::transposed::pivots::tests::run_test_happy_path ... ok
[INFO] [stdout] 
[INFO] [stdout] failures:
[INFO] [stdout] 
[INFO] [stdout] ---- tests::compile_tests stdout ----
[INFO] [stdout] 
[INFO] [stdout] thread 'tests::compile_tests' (3777) panicked at /opt/rustwide/cargo-home/registry/src/index.crates.io-1949cf8c6b5b557f/trybuild-1.0.114/src/run.rs:102:13:
[INFO] [stdout] 2 of 29 tests failed
[INFO] [stdout] stack backtrace:
[INFO] [stdout]    0:     0x5ac21dfc28a1 - std[70759c8f55707aa4]::backtrace_rs::backtrace::libunwind::trace
[INFO] [stdout]                                at /rustc/dfb0accb7f508ae8be965d8629557221c889dd98/library/std/src/../../backtrace/src/backtrace/libunwind.rs:117:9
[INFO] [stdout]    1:     0x5ac21dfc28a1 - std[70759c8f55707aa4]::backtrace_rs::backtrace::trace_unsynchronized::<std[70759c8f55707aa4]::sys::backtrace::_print_fmt::{closure#1}>
[INFO] [stdout]                                at /rustc/dfb0accb7f508ae8be965d8629557221c889dd98/library/std/src/../../backtrace/src/backtrace/mod.rs:66:14
[INFO] [stdout]    2:     0x5ac21dfc28a1 - std[70759c8f55707aa4]::sys::backtrace::_print_fmt
[INFO] [stdout]                                at /rustc/dfb0accb7f508ae8be965d8629557221c889dd98/library/std/src/sys/backtrace.rs:74:9
[INFO] [stdout]    3:     0x5ac21dfc28a1 - <<std[70759c8f55707aa4]::sys::backtrace::BacktraceLock>::print::DisplayBacktrace as core[df12db4294e9bfd3]::fmt::Display>::fmt
[INFO] [stdout]                                at /rustc/dfb0accb7f508ae8be965d8629557221c889dd98/library/std/src/sys/backtrace.rs:44:26
[INFO] [stdout]    4:     0x5ac21dfda5da - <core[df12db4294e9bfd3]::fmt::rt::Argument>::fmt
[INFO] [stdout]                                at /rustc/dfb0accb7f508ae8be965d8629557221c889dd98/library/core/src/fmt/rt.rs:152:76
[INFO] [stdout]    5:     0x5ac21dfda5da - core[df12db4294e9bfd3]::fmt::write
[INFO] [stdout]    6:     0x5ac21dfc746c - core[df12db4294e9bfd3]::io::write::default_write_fmt::<alloc[2182bb758b4b3781]::vec::Vec<u8>>
[INFO] [stdout]                                at /rustc/dfb0accb7f508ae8be965d8629557221c889dd98/library/core/src/io/write.rs:402:11
[INFO] [stdout]    7:     0x5ac21dfc746c - <alloc[2182bb758b4b3781]::vec::Vec<u8> as core[df12db4294e9bfd3]::io::write::Write>::write_fmt
[INFO] [stdout]                                at /rustc/dfb0accb7f508ae8be965d8629557221c889dd98/library/core/src/io/write.rs:335:13
[INFO] [stdout]    8:     0x5ac21df9b946 - <std[70759c8f55707aa4]::sys::backtrace::BacktraceLock>::print
[INFO] [stdout]                                at /rustc/dfb0accb7f508ae8be965d8629557221c889dd98/library/std/src/sys/backtrace.rs:47:9
[INFO] [stdout]    9:     0x5ac21df9b946 - std[70759c8f55707aa4]::panicking::default_hook::{closure#0}
[INFO] [stdout]                                at /rustc/dfb0accb7f508ae8be965d8629557221c889dd98/library/std/src/panicking.rs:292:27
[INFO] [stdout]   10:     0x5ac21dfb9c09 - std[70759c8f55707aa4]::panicking::default_hook
[INFO] [stdout]                                at /rustc/dfb0accb7f508ae8be965d8629557221c889dd98/library/std/src/panicking.rs:316:9
[INFO] [stdout]   11:     0x5ac21dee9c40 - <alloc[2182bb758b4b3781]::boxed::Box<dyn for<'a, 'b> core[df12db4294e9bfd3]::ops::function::Fn<(&'a std[70759c8f55707aa4]::panic::PanicHookInfo<'b>,), Output = ()> + core[df12db4294e9bfd3]::marker::Send + core[df12db4294e9bfd3]::marker::Sync> as core[df12db4294e9bfd3]::ops::function::Fn<(&std[70759c8f55707aa4]::panic::PanicHookInfo,)>>::call
[INFO] [stdout]                                at /rustc/dfb0accb7f508ae8be965d8629557221c889dd98/library/alloc/src/boxed.rs:2334:9
[INFO] [stdout]   12:     0x5ac21dee9c40 - test[9d35eded1c95d3be]::test_main_inner::<test[9d35eded1c95d3be]::test_main_static::{closure#0}>::{closure#0}
[INFO] [stdout]                                at /rustc/dfb0accb7f508ae8be965d8629557221c889dd98/library/test/src/lib.rs:155:21
[INFO] [stdout]   13:     0x5ac21dfb9f32 - <alloc[2182bb758b4b3781]::boxed::Box<dyn for<'a, 'b> core[df12db4294e9bfd3]::ops::function::Fn<(&'a std[70759c8f55707aa4]::panic::PanicHookInfo<'b>,), Output = ()> + core[df12db4294e9bfd3]::marker::Send + core[df12db4294e9bfd3]::marker::Sync> as core[df12db4294e9bfd3]::ops::function::Fn<(&std[70759c8f55707aa4]::panic::PanicHookInfo,)>>::call
[INFO] [stdout]                                at /rustc/dfb0accb7f508ae8be965d8629557221c889dd98/library/alloc/src/boxed.rs:2334:9
[INFO] [stdout]   14:     0x5ac21dfb9f32 - std[70759c8f55707aa4]::panicking::panic_with_hook
[INFO] [stdout]                                at /rustc/dfb0accb7f508ae8be965d8629557221c889dd98/library/std/src/panicking.rs:823:13
[INFO] [stdout]   15:     0x5ac21df9b9f2 - std[70759c8f55707aa4]::panicking::panic_handler::{closure#0}
[INFO] [stdout]                                at /rustc/dfb0accb7f508ae8be965d8629557221c889dd98/library/std/src/panicking.rs:688:13
[INFO] [stdout]   16:     0x5ac21df94289 - std[70759c8f55707aa4]::sys::backtrace::__rust_end_short_backtrace::<std[70759c8f55707aa4]::panicking::panic_handler::{closure#0}, !>
[INFO] [stdout]                                at /rustc/dfb0accb7f508ae8be965d8629557221c889dd98/library/std/src/sys/backtrace.rs:182:18
[INFO] [stdout]   17:     0x5ac21df9c5ed - __rustc[8fa7c3cbc660c2b3]::rust_begin_unwind
[INFO] [stdout]                                at /rustc/dfb0accb7f508ae8be965d8629557221c889dd98/library/std/src/panicking.rs:679:5
[INFO] [stdout]   18:     0x5ac21dfdadcc - core[df12db4294e9bfd3]::panicking::panic_fmt
[INFO] [stdout]                                at /rustc/dfb0accb7f508ae8be965d8629557221c889dd98/library/core/src/panicking.rs:80:14
[INFO] [stdout]   19:     0x5ac21ddd91e4 - <trybuild[3bb7431809368292]::Runner>::run
[INFO] [stdout]                                at /opt/rustwide/cargo-home/registry/src/index.crates.io-1949cf8c6b5b557f/trybuild-1.0.114/src/run.rs:102:13
[INFO] [stdout]   20:     0x5ac21dde4788 - <trybuild[3bb7431809368292]::TestCases as core[df12db4294e9bfd3]::ops::drop::Drop>::drop
[INFO] [stdout]                                at /opt/rustwide/cargo-home/registry/src/index.crates.io-1949cf8c6b5b557f/trybuild-1.0.114/src/lib.rs:342:38
[INFO] [stdout]   21:     0x5ac21d9e2cf7 - core[df12db4294e9bfd3]::ptr::drop_glue::<trybuild[3bb7431809368292]::TestCases>
[INFO] [stdout]                                at /rustc/dfb0accb7f508ae8be965d8629557221c889dd98/library/core/src/ptr/mod.rs:847:1
[INFO] [stdout]   22:     0x5ac21d96e55b - diskann_quantization[9f271ab7026987bb]::tests::compile_tests
[INFO] [stdout]                                at /opt/rustwide/workdir/diskann-quantization/src/lib.rs:220:5
[INFO] [stdout]   23:     0x5ac21d962627 - diskann_quantization[9f271ab7026987bb]::tests::compile_tests::{closure#0}
[INFO] [stdout]                                at /opt/rustwide/workdir/diskann-quantization/src/lib.rs:211:23
[INFO] [stdout]   24:     0x5ac21da16756 - <diskann_quantization[9f271ab7026987bb]::tests::compile_tests::{closure#0} as core[df12db4294e9bfd3]::ops::function::FnOnce<()>>::call_once
[INFO] [stdout]                                at /rustc/dfb0accb7f508ae8be965d8629557221c889dd98/library/core/src/ops/function.rs:250:5
[INFO] [stdout]   25:     0x5ac21dedcf2b - <fn() -> core[df12db4294e9bfd3]::result::Result<(), alloc[2182bb758b4b3781]::string::String> as core[df12db4294e9bfd3]::ops::function::FnOnce<()>>::call_once
[INFO] [stdout]                                at /rustc/dfb0accb7f508ae8be965d8629557221c889dd98/library/core/src/ops/function.rs:250:5
[INFO] [stdout]   26:     0x5ac21dedcf2b - test[9d35eded1c95d3be]::__rust_begin_short_backtrace::<core[df12db4294e9bfd3]::result::Result<(), alloc[2182bb758b4b3781]::string::String>, fn() -> core[df12db4294e9bfd3]::result::Result<(), alloc[2182bb758b4b3781]::string::String>>
[INFO] [stdout]                                at /rustc/dfb0accb7f508ae8be965d8629557221c889dd98/library/test/src/lib.rs:733:18
[INFO] [stdout]   27:     0x5ac21deea595 - test[9d35eded1c95d3be]::run_test_in_process::{closure#0}
[INFO] [stdout]                                at /rustc/dfb0accb7f508ae8be965d8629557221c889dd98/library/test/src/lib.rs:756:74
[INFO] [stdout]   28:     0x5ac21deea595 - <core[df12db4294e9bfd3]::panic::unwind_safe::AssertUnwindSafe<test[9d35eded1c95d3be]::run_test_in_process::{closure#0}> as core[df12db4294e9bfd3]::ops::function::FnOnce<()>>::call_once
[INFO] [stdout]                                at /rustc/dfb0accb7f508ae8be965d8629557221c889dd98/library/core/src/panic/unwind_safe.rs:275:9
[INFO] [stdout]   29:     0x5ac21deea595 - std[70759c8f55707aa4]::panicking::catch_unwind::do_call::<core[df12db4294e9bfd3]::panic::unwind_safe::AssertUnwindSafe<test[9d35eded1c95d3be]::run_test_in_process::{closure#0}>, core[df12db4294e9bfd3]::result::Result<(), alloc[2182bb758b4b3781]::string::String>>
[INFO] [stdout]                                at /rustc/dfb0accb7f508ae8be965d8629557221c889dd98/library/std/src/panicking.rs:576:43
[INFO] [stdout]   30:     0x5ac21deea595 - std[70759c8f55707aa4]::panicking::catch_unwind::<core[df12db4294e9bfd3]::result::Result<(), alloc[2182bb758b4b3781]::string::String>, core[df12db4294e9bfd3]::panic::unwind_safe::AssertUnwindSafe<test[9d35eded1c95d3be]::run_test_in_process::{closure#0}>>
[INFO] [stdout]                                at /rustc/dfb0accb7f508ae8be965d8629557221c889dd98/library/std/src/panicking.rs:544:19
[INFO] [stdout]   31:     0x5ac21deea595 - std[70759c8f55707aa4]::panic::catch_unwind::<core[df12db4294e9bfd3]::panic::unwind_safe::AssertUnwindSafe<test[9d35eded1c95d3be]::run_test_in_process::{closure#0}>, core[df12db4294e9bfd3]::result::Result<(), alloc[2182bb758b4b3781]::string::String>>
[INFO] [stdout]                                at /rustc/dfb0accb7f508ae8be965d8629557221c889dd98/library/std/src/panic.rs:359:14
[INFO] [stdout]   32:     0x5ac21deea595 - test[9d35eded1c95d3be]::run_test_in_process
[INFO] [stdout]                                at /rustc/dfb0accb7f508ae8be965d8629557221c889dd98/library/test/src/lib.rs:756:27
[INFO] [stdout]   33:     0x5ac21deea595 - test[9d35eded1c95d3be]::run_test::{closure#0}
[INFO] [stdout]                                at /rustc/dfb0accb7f508ae8be965d8629557221c889dd98/library/test/src/lib.rs:677:43
[INFO] [stdout]   34:     0x5ac21dee3e54 - test[9d35eded1c95d3be]::run_test::{closure#1}
[INFO] [stdout]                                at /rustc/dfb0accb7f508ae8be965d8629557221c889dd98/library/test/src/lib.rs:707:41
[INFO] [stdout]   35:     0x5ac21dee3e54 - std[70759c8f55707aa4]::sys::backtrace::__rust_begin_short_backtrace::<test[9d35eded1c95d3be]::run_test::{closure#1}, ()>
[INFO] [stdout]                                at /rustc/dfb0accb7f508ae8be965d8629557221c889dd98/library/std/src/sys/backtrace.rs:166:18
[INFO] [stdout]   36:     0x5ac21deed6f2 - std[70759c8f55707aa4]::thread::lifecycle::spawn_unchecked::<test[9d35eded1c95d3be]::run_test::{closure#1}, ()>::{closure#1}::{closure#0}
[INFO] [stdout]                                at /rustc/dfb0accb7f508ae8be965d8629557221c889dd98/library/std/src/thread/lifecycle.rs:70:13
[INFO] [stdout]   37:     0x5ac21deed6f2 - <core[df12db4294e9bfd3]::panic::unwind_safe::AssertUnwindSafe<std[70759c8f55707aa4]::thread::lifecycle::spawn_unchecked<test[9d35eded1c95d3be]::run_test::{closure#1}, ()>::{closure#1}::{closure#0}> as core[df12db4294e9bfd3]::ops::function::FnOnce<()>>::call_once
[INFO] [stdout]                                at /rustc/dfb0accb7f508ae8be965d8629557221c889dd98/library/core/src/panic/unwind_safe.rs:275:9
[INFO] [stdout]   38:     0x5ac21deed6f2 - std[70759c8f55707aa4]::panicking::catch_unwind::do_call::<core[df12db4294e9bfd3]::panic::unwind_safe::AssertUnwindSafe<std[70759c8f55707aa4]::thread::lifecycle::spawn_unchecked<test[9d35eded1c95d3be]::run_test::{closure#1}, ()>::{closure#1}::{closure#0}>, ()>
[INFO] [stdout]                                at /rustc/dfb0accb7f508ae8be965d8629557221c889dd98/library/std/src/panicking.rs:576:43
[INFO] [stdout]   39:     0x5ac21deed6f2 - std[70759c8f55707aa4]::panicking::catch_unwind::<(), core[df12db4294e9bfd3]::panic::unwind_safe::AssertUnwindSafe<std[70759c8f55707aa4]::thread::lifecycle::spawn_unchecked<test[9d35eded1c95d3be]::run_test::{closure#1}, ()>::{closure#1}::{closure#0}>>
[INFO] [stdout]                                at /rustc/dfb0accb7f508ae8be965d8629557221c889dd98/library/std/src/panicking.rs:544:19
[INFO] [stdout]   40:     0x5ac21deed6f2 - std[70759c8f55707aa4]::panic::catch_unwind::<core[df12db4294e9bfd3]::panic::unwind_safe::AssertUnwindSafe<std[70759c8f55707aa4]::thread::lifecycle::spawn_unchecked<test[9d35eded1c95d3be]::run_test::{closure#1}, ()>::{closure#1}::{closure#0}>, ()>
[INFO] [stdout]                                at /rustc/dfb0accb7f508ae8be965d8629557221c889dd98/library/std/src/panic.rs:359:14
[INFO] [stdout]   41:     0x5ac21deed6f2 - std[70759c8f55707aa4]::thread::lifecycle::spawn_unchecked::<test[9d35eded1c95d3be]::run_test::{closure#1}, ()>::{closure#1}
[INFO] [stdout]                                at /rustc/dfb0accb7f508ae8be965d8629557221c889dd98/library/std/src/thread/lifecycle.rs:68:26
[INFO] [stdout]   42:     0x5ac21deed6f2 - <std[70759c8f55707aa4]::thread::lifecycle::spawn_unchecked<test[9d35eded1c95d3be]::run_test::{closure#1}, ()>::{closure#1} as core[df12db4294e9bfd3]::ops::function::FnOnce<()>>::call_once::{shim:vtable#0}
[INFO] [stdout]                                at /rustc/dfb0accb7f508ae8be965d8629557221c889dd98/library/core/src/ops/function.rs:250:5
[INFO] [stdout]   43:     0x5ac21dfc1b49 - <alloc[2182bb758b4b3781]::boxed::Box<dyn core[df12db4294e9bfd3]::ops::function::FnOnce<(), Output = ()> + core[df12db4294e9bfd3]::marker::Send> as core[df12db4294e9bfd3]::ops::function::FnOnce<()>>::call_once
[INFO] [stdout]                                at /rustc/dfb0accb7f508ae8be965d8629557221c889dd98/library/alloc/src/boxed.rs:2320:9
[INFO] [stdout]   44:     0x5ac21dfc1b49 - <std[70759c8f55707aa4]::sys::thread::unix::Thread>::new::thread_start
[INFO] [stdout]                                at /rustc/dfb0accb7f508ae8be965d8629557221c889dd98/library/std/src/sys/thread/unix.rs:123:17
[INFO] [stdout]   45:     0x760e98beedfa - <unknown>
[INFO] [stdout]   46:     0x760e98c823d4 - clone
[INFO] [stdout]   47:                0x0 - <unknown>
[INFO] [stdout] 
[INFO] [stdout] 
[INFO] [stdout] failures:
[INFO] [stdout]     tests::compile_tests
[INFO] [stdout] 
[INFO] [stdout] test result: FAILED. 406 passed; 1 failed; 0 ignored; 0 measured; 0 filtered out; finished in 286.37s
[INFO] [stdout] 
[INFO] [stderr] error: test failed, to rerun pass `-p diskann-quantization --lib`
[INFO] running `Command { std: "docker" "inspect" "8b3110bc63f854ee8a3bee054c01e0a771e84c9532d6a7a42592379860319184", kill_on_drop: false }`
[INFO] running `Command { std: "docker" "rm" "-f" "8b3110bc63f854ee8a3bee054c01e0a771e84c9532d6a7a42592379860319184", kill_on_drop: false }`
[INFO] [stdout] 8b3110bc63f854ee8a3bee054c01e0a771e84c9532d6a7a42592379860319184
