[INFO] cloning repository https://github.com/joney-0117/krilla
[INFO] running `Command { std: "git" "-c" "credential.helper=" "-c" "credential.helper=/workspace/cargo-home/bin/git-credential-null" "clone" "--bare" "https://github.com/joney-0117/krilla" "/workspace/cache/git-repos/https%3A%2F%2Fgithub.com%2Fjoney-0117%2Fkrilla", kill_on_drop: false }`
[INFO] [stderr] Cloning into bare repository '/workspace/cache/git-repos/https%3A%2F%2Fgithub.com%2Fjoney-0117%2Fkrilla'...
[INFO] running `Command { std: "git" "rev-parse" "HEAD", kill_on_drop: false }`
[INFO] [stdout] 12171c856dc214fd0595eb4b9b3908be3baf66ee
[INFO] testing joney-0117/krilla against 1.99.0-beta.8 for beta-1.100-2
[INFO] running `Command { std: "git" "clone" "/workspace/cache/git-repos/https%3A%2F%2Fgithub.com%2Fjoney-0117%2Fkrilla" "/workspace/builds/worker-5-tc1/source", kill_on_drop: false }`
[INFO] [stderr] Cloning into '/workspace/builds/worker-5-tc1/source'...
[INFO] [stderr] done.
[INFO] started tweaking git repo https://github.com/joney-0117/krilla
[INFO] finished tweaking git repo https://github.com/joney-0117/krilla
[INFO] tweaked toml for git repo https://github.com/joney-0117/krilla written to /workspace/builds/worker-5-tc1/source/Cargo.toml
[INFO] validating manifest of git repo https://github.com/joney-0117/krilla on toolchain 1.99.0-beta.8
[INFO] running `Command { std: CARGO_HOME="/workspace/cargo-home" RUSTUP_HOME="/workspace/rustup-home" "/workspace/cargo-home/bin/cargo" "+1.99.0-beta.8" "metadata" "--manifest-path" "Cargo.toml" "--no-deps", kill_on_drop: false }`
[INFO] crate git repo https://github.com/joney-0117/krilla already has a lockfile, it will not be regenerated
[INFO] running `Command { std: CARGO_HOME="/workspace/cargo-home" RUSTUP_HOME="/workspace/rustup-home" "/workspace/cargo-home/bin/cargo" "+1.99.0-beta.8" "fetch" "--manifest-path" "Cargo.toml", kill_on_drop: false }`
[INFO] [stderr]     Blocking waiting for file lock on package cache
[INFO] [stderr]     Updating crates.io index
[INFO] [stderr]     Updating git repository `https://github.com/LaurenzV/hayro`
[INFO] [stderr]     Updating git repository `https://github.com/LaurenzV/sitro`
[INFO] [stderr]     Updating git repository `https://github.com/saecki/crates-nvim-rs`
[INFO] [stderr]     Blocking waiting for file lock on package cache
[INFO] [stderr]  Downloading crates ...
[INFO] [stderr]   Downloaded xmlwriter v0.1.0
[INFO] [stderr]   Downloaded svgtypes v0.16.1
[INFO] [stderr]   Downloaded wasm-bindgen-macro v0.2.118
[INFO] [stderr]   Downloaded unicode-ccc v0.4.0
[INFO] [stderr]   Downloaded tiny-skia-path v0.12.0
[INFO] [stderr]   Downloaded unicode-bidi-mirroring v0.4.0
[INFO] [stderr]   Downloaded pico-args v0.5.0
[INFO] [stderr]   Downloaded imagesize v0.12.0
[INFO] [stderr]   Downloaded siphasher v1.0.2
[INFO] [stderr]   Downloaded env_filter v1.0.1
[INFO] [stderr]   Downloaded wasm-bindgen-shared v0.2.118
[INFO] [stderr]   Downloaded parse-size v1.1.0
[INFO] [stderr]   Downloaded imagesize v0.14.0
[INFO] [stderr]   Downloaded data-url v0.3.2
[INFO] [stderr]   Downloaded font-types v0.12.2
[INFO] [stderr]   Downloaded libdeflater v1.25.2
[INFO] [stderr]   Downloaded yeslogic-fontconfig-sys v6.0.0
[INFO] [stderr]   Downloaded unicode-vo v0.1.0
[INFO] [stderr]   Downloaded simplecss v0.2.2
[INFO] [stderr]   Downloaded env_logger v0.11.10
[INFO] [stderr]   Downloaded xmp-writer v0.3.3
[INFO] [stderr]   Downloaded parley_data v0.8.0
[INFO] [stderr]   Downloaded parlance v0.1.0
[INFO] [stderr]   Downloaded comemo-macros v0.5.1
[INFO] [stderr]   Downloaded unicode-properties v0.1.4
[INFO] [stderr]   Downloaded roxmltree v0.21.1
[INFO] [stderr]   Downloaded uuid v1.23.1
[INFO] [stderr]   Downloaded wasm-bindgen v0.2.118
[INFO] [stderr]   Downloaded wasm-bindgen-macro-support v0.2.118
[INFO] [stderr]   Downloaded subsetter v0.2.6
[INFO] [stderr]   Downloaded icu_locale v2.2.0
[INFO] [stderr]   Downloaded comemo v0.5.1
[INFO] [stderr]   Downloaded convert_case v0.8.0
[INFO] [stderr]   Downloaded resvg v0.47.0
[INFO] [stderr]   Downloaded usvg v0.47.0
[INFO] [stderr]   Downloaded js-sys v0.3.95
[INFO] [stderr]   Downloaded oxipng v10.1.1
[INFO] [stderr]   Downloaded cc v1.2.63
[INFO] [stderr]   Downloaded fontique v0.8.0
[INFO] [stderr]   Downloaded parley v0.8.0
[INFO] [stderr]   Downloaded icu_locale_data v2.2.0
[INFO] [stderr]   Downloaded regex v1.12.3
[INFO] [stderr]   Downloaded kurbo v0.13.0
[INFO] [stderr]   Downloaded difference v2.0.0
[INFO] [stderr]   Downloaded libdeflate-sys v1.25.2
[INFO] [stderr]   Downloaded write-fonts v0.48.0
[INFO] [stderr]   Downloaded rustybuzz v0.20.1
[INFO] [stderr]   Downloaded tiny-skia v0.12.0
[INFO] [stderr]   Downloaded skrifa v0.42.0
[INFO] [stderr]   Downloaded skrifa v0.40.0
[INFO] [stderr]   Downloaded harfrust v0.5.2
[INFO] [stderr]   Downloaded harfrust v0.12.0
[INFO] [stderr]   Downloaded skrifa v0.44.0
[INFO] [stderr]   Downloaded read-fonts v0.37.0
[INFO] [stderr]   Downloaded read-fonts v0.39.1
[INFO] [stderr]   Downloaded read-fonts v0.41.0
[INFO] [stderr]   Downloaded libc v0.2.185
[INFO] [stderr]   Downloaded icu_segmenter v2.2.0
[INFO] [stderr]   Downloaded pdf-writer v0.15.0
[INFO] [stderr]   Downloaded icu_segmenter_data v2.2.0
[INFO] running `Command { std: "docker" "create" "-v" "/var/lib/crater-agent-workspace/builds/worker-5-tc1/source:/opt/rustwide/workdir:ro,Z" "-v" "/var/lib/crater-agent-workspace/builds/worker-5-tc1/target:/opt/rustwide/target:rw,Z" "-v" "/var/lib/crater-agent-workspace/cargo-home:/opt/rustwide/cargo-home:ro,Z" "-v" "/var/lib/crater-agent-workspace/rustup-home:/opt/rustwide/rustup-home:ro,Z" "-m" "1610612736" "--network" "none" "ghcr.io/rust-lang/crates-build-env/linux@sha256:3111399a4047eeb3a02b7a90e478d715f38a8c6669b5c4b49d30a17385265909" "sleep" "infinity", kill_on_drop: false }`
[INFO] [stdout] 66d67da1ec9bbc39b9fef23e74d60459ad6fa2981ba060fd6b174574373bcb0b
[INFO] running `Command { std: "docker" "start" "66d67da1ec9bbc39b9fef23e74d60459ad6fa2981ba060fd6b174574373bcb0b", kill_on_drop: false }`
[INFO] running `Command { std: "docker" "inspect" "66d67da1ec9bbc39b9fef23e74d60459ad6fa2981ba060fd6b174574373bcb0b", kill_on_drop: false }`
[INFO] running `Command { std: "docker" "exec" "-e" "SOURCE_DIR=/opt/rustwide/workdir" "-e" "CARGO_HOME=/opt/rustwide/cargo-home" "-e" "RUSTUP_HOME=/opt/rustwide/rustup-home" "-e" "CARGO_TARGET_DIR=/opt/rustwide/target" "-w" "/opt/rustwide/workdir" "--user" "0:0" "66d67da1ec9bbc39b9fef23e74d60459ad6fa2981ba060fd6b174574373bcb0b" "/opt/rustwide/cargo-home/bin/cargo" "+1.99.0-beta.8" "metadata" "--no-deps" "--format-version=1", kill_on_drop: false }`
[INFO] running `Command { std: "docker" "inspect" "66d67da1ec9bbc39b9fef23e74d60459ad6fa2981ba060fd6b174574373bcb0b", kill_on_drop: false }`
[INFO] running `Command { std: "docker" "exec" "-e" "SOURCE_DIR=/opt/rustwide/workdir" "-e" "CARGO_HOME=/opt/rustwide/cargo-home" "-e" "RUSTUP_HOME=/opt/rustwide/rustup-home" "-e" "CARGO_TARGET_DIR=/opt/rustwide/target" "-e" "CARGO_INCREMENTAL=0" "-e" "RUST_BACKTRACE=full" "-e" "RUSTFLAGS=--cap-lints=warn" "-e" "RUSTDOCFLAGS=--cap-lints=warn" "-w" "/opt/rustwide/workdir" "--user" "0:0" "66d67da1ec9bbc39b9fef23e74d60459ad6fa2981ba060fd6b174574373bcb0b" "/opt/rustwide/cargo-home/bin/cargo" "+1.99.0-beta.8" "build" "--frozen" "--message-format=json", kill_on_drop: false }`
[INFO] [stderr]    Compiling proc-macro2 v1.0.106
[INFO] [stderr]    Compiling quote v1.0.45
[INFO] [stderr]    Compiling bitflags v2.11.1
[INFO] [stderr]    Compiling log v0.4.29
[INFO] [stderr]    Compiling crossbeam-utils v0.8.21
[INFO] [stderr]    Compiling simd-adler32 v0.3.9
[INFO] [stderr]    Compiling autocfg v1.5.0
[INFO] [stderr]    Compiling smallvec v1.15.1
[INFO] [stderr]    Compiling rayon-core v1.13.0
[INFO] [stderr]    Compiling crc32fast v1.5.0
[INFO] [stderr]    Compiling adler2 v2.0.1
[INFO] [stderr]    Compiling cfg-if v1.0.4
[INFO] [stderr]    Compiling either v1.15.0
[INFO] [stderr]    Compiling arrayvec v0.7.6
[INFO] [stderr]    Compiling libm v0.2.16
[INFO] [stderr]    Compiling equivalent v1.0.2
[INFO] [stderr]    Compiling hashbrown v0.17.0
[INFO] [stderr]    Compiling libc v0.2.185
[INFO] [stderr]    Compiling memchr v2.8.0
[INFO] [stderr]    Compiling slotmap v1.1.1
[INFO] [stderr]    Compiling shlex v2.0.1
[INFO] [stderr]    Compiling miniz_oxide v0.8.9
[INFO] [stderr]    Compiling fdeflate v0.3.7
[INFO] [stderr]    Compiling arrayref v0.3.9
[INFO] [stderr]    Compiling bumpalo v3.20.2
[INFO] [stderr]    Compiling find-msvc-tools v0.1.9
[INFO] [stderr]    Compiling rustix v1.1.4
[INFO] [stderr]    Compiling kurbo v0.13.0
[INFO] [stderr]    Compiling rustc-hash v2.1.2
[INFO] [stderr]    Compiling once_cell v1.21.4
[INFO] [stderr]    Compiling byteorder-lite v0.1.0
[INFO] [stderr]    Compiling cc v1.2.63
[INFO] [stderr]    Compiling num-traits v0.2.19
[INFO] [stderr]    Compiling roxmltree v0.20.0
[INFO] [stderr]    Compiling siphasher v1.0.2
[INFO] [stderr]    Compiling linux-raw-sys v0.12.1
[INFO] [stderr]    Compiling tinyvec v1.11.0
[INFO] [stderr]    Compiling quick-error v2.0.1
[INFO] [stderr]    Compiling crossbeam-epoch v0.9.18
[INFO] [stderr]    Compiling flate2 v1.1.9
[INFO] [stderr]    Compiling unicode-properties v0.1.4
[INFO] [stderr]    Compiling crossbeam-deque v0.8.6
[INFO] [stderr]    Compiling syn v2.0.117
[INFO] [stderr]    Compiling fontconfig-parser v0.5.8
[INFO] [stderr]    Compiling radium v0.7.0
[INFO] [stderr]    Compiling unicode-ccc v0.4.0
[INFO] [stderr]    Compiling ryu v1.0.23
[INFO] [stderr]    Compiling unicode-bidi-mirroring v0.4.0
[INFO] [stderr]    Compiling zune-core v0.5.1
[INFO] [stderr]    Compiling float-cmp v0.9.0
[INFO] [stderr]    Compiling core_maths v0.1.1
[INFO] [stderr]    Compiling png v0.18.1
[INFO] [stderr]    Compiling strict-num v0.1.1
[INFO] [stderr]    Compiling weezl v0.1.12
[INFO] [stderr]    Compiling ttf-parser v0.25.1
[INFO] [stderr]    Compiling unicode-script v0.5.8
[INFO] [stderr]    Compiling color_quant v1.1.0
[INFO] [stderr]    Compiling imagesize v0.14.0
[INFO] [stderr]    Compiling pdf-writer v0.15.0
[INFO] [stderr]    Compiling zune-jpeg v0.5.15
[INFO] [stderr]    Compiling memmap2 v0.9.10
[INFO] [stderr]    Compiling svgtypes v0.16.1
[INFO] [stderr]    Compiling terminal_size v0.4.4
[INFO] [stderr]    Compiling gif v0.14.2
[INFO] [stderr]    Compiling image-webp v0.2.4
[INFO] [stderr]    Compiling roxmltree v0.21.1
[INFO] [stderr]    Compiling hayro-syntax v0.7.2 (https://github.com/LaurenzV/hayro?rev=d8e24e29eda62581e1ea15497effb2a884fb1608#d8e24e29)
[INFO] [stderr]    Compiling simplecss v0.2.2
[INFO] [stderr]    Compiling rayon v1.12.0
[INFO] [stderr]    Compiling pico-args v0.5.0
[INFO] [stderr]    Compiling xmlwriter v0.1.0
[INFO] [stderr]    Compiling tap v1.0.1
[INFO] [stderr]    Compiling data-url v0.3.2
[INFO] [stderr]    Compiling unicode-vo v0.1.0
[INFO] [stderr]    Compiling stable_deref_trait v1.2.1
[INFO] [stderr]    Compiling clap_builder v4.6.0
[INFO] [stderr]    Compiling wyz v0.5.1
[INFO] [stderr]    Compiling libdeflate-sys v1.25.2
[INFO] [stderr]    Compiling env_filter v1.0.1
[INFO] [stderr]    Compiling xmp-writer v0.3.3
[INFO] [stderr]    Compiling pxfm v0.1.29
[INFO] [stderr]    Compiling unicode-width v0.2.2
[INFO] [stderr]    Compiling funty v2.0.0
[INFO] [stderr]    Compiling env_logger v0.11.10
[INFO] [stderr]    Compiling zopfli v0.8.3
[INFO] [stderr]    Compiling parse-size v1.1.0
[INFO] [stderr]    Compiling unicode-segmentation v1.13.2
[INFO] [stderr]    Compiling crates-common v0.1.0 (https://github.com/saecki/crates-nvim-rs?rev=dcdbd18#dcdbd183)
[INFO] [stderr]    Compiling difference v2.0.0
[INFO] [stderr]    Compiling bitvec v1.0.1
[INFO] [stderr]    Compiling convert_case v0.8.0
[INFO] [stderr]    Compiling fontdb v0.23.0
[INFO] [stderr]    Compiling hayro-write v0.7.0 (https://github.com/LaurenzV/hayro?rev=d8e24e29eda62581e1ea15497effb2a884fb1608#d8e24e29)
[INFO] [stderr]    Compiling indexmap v2.14.0
[INFO] [stderr]    Compiling synstructure v0.13.2
[INFO] [stderr]    Compiling bytemuck_derive v1.10.2
[INFO] [stderr]    Compiling zerofrom-derive v0.1.7
[INFO] [stderr]    Compiling yoke-derive v0.8.2
[INFO] [stderr]    Compiling krilla-macros v0.0.0 (/opt/rustwide/workdir/crates/krilla-macros)
[INFO] [stderr]    Compiling clap v4.6.1
[INFO] [stderr]    Compiling moxcms v0.8.1
[INFO] [stderr]    Compiling crates-toml v0.1.0 (https://github.com/saecki/crates-nvim-rs?rev=dcdbd18#dcdbd183)
[INFO] [stderr]    Compiling zerofrom v0.1.7
[INFO] [stderr]    Compiling libdeflater v1.25.2
[INFO] [stderr]    Compiling bytemuck v1.25.0
[INFO] [stderr]    Compiling yoke v0.8.2
[INFO] [stderr]    Compiling font-types v0.11.3
[INFO] [stderr]    Compiling tiny-skia-path v0.12.0
[INFO] [stderr]    Compiling font-types v0.12.2
[INFO] [stderr]    Compiling rgb v0.8.53
[INFO] [stderr]    Compiling rustybuzz v0.20.1
[INFO] [stderr]    Compiling read-fonts v0.39.1
[INFO] [stderr]    Compiling read-fonts v0.41.0
[INFO] [stderr]    Compiling codegen v0.1.0 (/opt/rustwide/workdir/codegen)
[INFO] [stderr]    Compiling oxipng v10.1.1
[INFO] [stderr]    Compiling tiny-skia v0.12.0
[INFO] [stderr]    Compiling usvg v0.47.0
[INFO] [stderr]    Compiling image v0.25.10
[INFO] [stderr]    Compiling resvg v0.47.0
[INFO] [stderr]    Compiling skrifa v0.42.0
[INFO] [stderr]    Compiling write-fonts v0.48.0
[INFO] [stderr]    Compiling skrifa v0.44.0
[INFO] [stderr]    Compiling harfrust v0.12.0
[INFO] [stderr]    Compiling subsetter v0.2.6
[INFO] [stderr]    Compiling krilla v0.8.2 (/opt/rustwide/workdir/crates/krilla)
[INFO] [stdout] warning: use of deprecated constant `std::f32::INFINITY`: replaced by the `INFINITY` associated constant on `f32`
[INFO] [stdout]    --> crates/krilla/src/interactive/annotation.rs:189:30
[INFO] [stdout]     |
[INFO] [stdout] 189 |         let mut min_x = f32::INFINITY;
[INFO] [stdout]     |                              ^^^^^^^^
[INFO] [stdout]     |
[INFO] [stdout]     = note: `#[warn(deprecated)]` on by default
[INFO] [stdout] 
[INFO] [stdout] 
[INFO] [stdout] warning: use of deprecated constant `std::f32::INFINITY`: replaced by the `INFINITY` associated constant on `f32`
[INFO] [stdout]    --> crates/krilla/src/interactive/annotation.rs:190:30
[INFO] [stdout]     |
[INFO] [stdout] 190 |         let mut min_y = f32::INFINITY;
[INFO] [stdout]     |                              ^^^^^^^^
[INFO] [stdout] 
[INFO] [stdout] 
[INFO] [stdout] warning: use of deprecated constant `std::f32::NEG_INFINITY`: replaced by the `NEG_INFINITY` associated constant on `f32`
[INFO] [stdout]    --> crates/krilla/src/interactive/annotation.rs:191:30
[INFO] [stdout]     |
[INFO] [stdout] 191 |         let mut max_x = f32::NEG_INFINITY;
[INFO] [stdout]     |                              ^^^^^^^^^^^^
[INFO] [stdout] 
[INFO] [stdout] 
[INFO] [stdout] warning: use of deprecated constant `std::f32::NEG_INFINITY`: replaced by the `NEG_INFINITY` associated constant on `f32`
[INFO] [stdout]    --> crates/krilla/src/interactive/annotation.rs:192:30
[INFO] [stdout]     |
[INFO] [stdout] 192 |         let mut max_y = f32::NEG_INFINITY;
[INFO] [stdout]     |                              ^^^^^^^^^^^^
[INFO] [stdout] 
[INFO] [stdout] 
[INFO] [stderr]    Compiling krilla-svg v0.8.1 (/opt/rustwide/workdir/crates/krilla-svg)
[INFO] [stderr]    Compiling tests v0.0.0 (/opt/rustwide/workdir/tests)
[INFO] [stderr]     Finished `dev` profile [unoptimized + debuginfo] target(s) in 1m 28s
[INFO] running `Command { std: "docker" "inspect" "66d67da1ec9bbc39b9fef23e74d60459ad6fa2981ba060fd6b174574373bcb0b", kill_on_drop: false }`
[INFO] running `Command { std: "docker" "exec" "-e" "SOURCE_DIR=/opt/rustwide/workdir" "-e" "CARGO_HOME=/opt/rustwide/cargo-home" "-e" "RUSTUP_HOME=/opt/rustwide/rustup-home" "-e" "CARGO_TARGET_DIR=/opt/rustwide/target" "-e" "CARGO_INCREMENTAL=0" "-e" "RUST_BACKTRACE=full" "-e" "RUSTFLAGS=--cap-lints=warn" "-e" "RUSTDOCFLAGS=--cap-lints=warn" "-w" "/opt/rustwide/workdir" "--user" "0:0" "66d67da1ec9bbc39b9fef23e74d60459ad6fa2981ba060fd6b174574373bcb0b" "/opt/rustwide/cargo-home/bin/cargo" "+1.99.0-beta.8" "test" "--frozen" "--no-run" "--message-format=json", kill_on_drop: false }`
[INFO] [stderr]    Compiling zerovec-derive v0.11.3
[INFO] [stderr]    Compiling once_cell v1.21.4
[INFO] [stderr]    Compiling displaydoc v0.2.5
[INFO] [stderr]    Compiling writeable v0.6.3
[INFO] [stderr]    Compiling litemap v0.8.2
[INFO] [stderr]    Compiling pkg-config v0.3.33
[INFO] [stderr]    Compiling icu_properties_data v2.2.0
[INFO] [stderr]    Compiling icu_locale_data v2.2.0
[INFO] [stderr]    Compiling read-fonts v0.37.0
[INFO] [stderr]    Compiling libloading v0.8.9
[INFO] [stderr]    Compiling icu_normalizer_data v2.2.0
[INFO] [stderr]    Compiling icu_segmenter_data v2.2.0
[INFO] [stderr]    Compiling foldhash v0.2.0
[INFO] [stderr]    Compiling linebender_resource_handle v0.1.1
[INFO] [stderr]    Compiling parlance v0.1.0
[INFO] [stderr]    Compiling yansi v1.0.1
[INFO] [stderr]    Compiling hashbrown v0.16.1
[INFO] [stderr]    Compiling diff v0.1.13
[INFO] [stderr]    Compiling read-fonts v0.41.0
[INFO] [stderr]    Compiling dlib v0.5.3
[INFO] [stderr]    Compiling krilla-macros v0.0.0 (/opt/rustwide/workdir/crates/krilla-macros)
[INFO] [stderr]    Compiling codegen v0.1.0 (/opt/rustwide/workdir/codegen)
[INFO] [stderr]    Compiling zerotrie v0.2.4
[INFO] [stderr]    Compiling pretty_assertions v1.4.1
[INFO] [stderr]    Compiling yeslogic-fontconfig-sys v6.0.0
[INFO] [stderr]    Compiling zerovec v0.11.6
[INFO] [stderr]    Compiling tinystr v0.8.3
[INFO] [stderr]    Compiling potential_utf v0.1.5
[INFO] [stderr]    Compiling icu_collections v2.2.0
[INFO] [stderr]    Compiling icu_locale_core v2.2.0
[INFO] [stderr]    Compiling icu_provider v2.2.0
[INFO] [stderr]    Compiling icu_locale v2.2.0
[INFO] [stderr]    Compiling icu_properties v2.2.0
[INFO] [stderr]    Compiling icu_normalizer v2.2.0
[INFO] [stderr]    Compiling icu_segmenter v2.2.0
[INFO] [stderr]    Compiling parley_data v0.8.0
[INFO] [stderr]    Compiling skrifa v0.44.0
[INFO] [stderr]    Compiling harfrust v0.12.0
[INFO] [stderr]    Compiling fontique v0.8.0
[INFO] [stderr]    Compiling harfrust v0.5.2
[INFO] [stderr]    Compiling skrifa v0.40.0
[INFO] [stderr]    Compiling parley v0.8.0
[INFO] [stderr]    Compiling krilla v0.8.2 (/opt/rustwide/workdir/crates/krilla)
[INFO] [stdout] warning: use of deprecated constant `std::f32::INFINITY`: replaced by the `INFINITY` associated constant on `f32`
[INFO] [stdout]    --> crates/krilla/src/interactive/annotation.rs:189:30
[INFO] [stdout]     |
[INFO] [stdout] 189 |         let mut min_x = f32::INFINITY;
[INFO] [stdout]     |                              ^^^^^^^^
[INFO] [stdout]     |
[INFO] [stdout]     = note: `#[warn(deprecated)]` on by default
[INFO] [stdout] 
[INFO] [stdout] 
[INFO] [stdout] warning: use of deprecated constant `std::f32::INFINITY`: replaced by the `INFINITY` associated constant on `f32`
[INFO] [stdout]    --> crates/krilla/src/interactive/annotation.rs:190:30
[INFO] [stdout]     |
[INFO] [stdout] 190 |         let mut min_y = f32::INFINITY;
[INFO] [stdout]     |                              ^^^^^^^^
[INFO] [stdout] 
[INFO] [stdout] 
[INFO] [stdout] warning: use of deprecated constant `std::f32::NEG_INFINITY`: replaced by the `NEG_INFINITY` associated constant on `f32`
[INFO] [stdout]    --> crates/krilla/src/interactive/annotation.rs:191:30
[INFO] [stdout]     |
[INFO] [stdout] 191 |         let mut max_x = f32::NEG_INFINITY;
[INFO] [stdout]     |                              ^^^^^^^^^^^^
[INFO] [stdout] 
[INFO] [stdout] 
[INFO] [stdout] warning: use of deprecated constant `std::f32::NEG_INFINITY`: replaced by the `NEG_INFINITY` associated constant on `f32`
[INFO] [stdout]    --> crates/krilla/src/interactive/annotation.rs:192:30
[INFO] [stdout]     |
[INFO] [stdout] 192 |         let mut max_y = f32::NEG_INFINITY;
[INFO] [stdout]     |                              ^^^^^^^^^^^^
[INFO] [stdout] 
[INFO] [stdout] 
[INFO] [stdout] warning: use of deprecated constant `std::f32::INFINITY`: replaced by the `INFINITY` associated constant on `f32`
[INFO] [stdout]    --> crates/krilla/src/interactive/annotation.rs:189:30
[INFO] [stdout]     |
[INFO] [stdout] 189 |         let mut min_x = f32::INFINITY;
[INFO] [stdout]     |                              ^^^^^^^^
[INFO] [stdout]     |
[INFO] [stdout]     = note: `#[warn(deprecated)]` on by default
[INFO] [stdout] 
[INFO] [stdout] 
[INFO] [stdout] warning: use of deprecated constant `std::f32::INFINITY`: replaced by the `INFINITY` associated constant on `f32`
[INFO] [stdout]    --> crates/krilla/src/interactive/annotation.rs:190:30
[INFO] [stdout]     |
[INFO] [stdout] 190 |         let mut min_y = f32::INFINITY;
[INFO] [stdout]     |                              ^^^^^^^^
[INFO] [stdout] 
[INFO] [stdout] 
[INFO] [stdout] warning: use of deprecated constant `std::f32::NEG_INFINITY`: replaced by the `NEG_INFINITY` associated constant on `f32`
[INFO] [stdout]    --> crates/krilla/src/interactive/annotation.rs:191:30
[INFO] [stdout]     |
[INFO] [stdout] 191 |         let mut max_x = f32::NEG_INFINITY;
[INFO] [stdout]     |                              ^^^^^^^^^^^^
[INFO] [stdout] 
[INFO] [stdout] 
[INFO] [stdout] warning: use of deprecated constant `std::f32::NEG_INFINITY`: replaced by the `NEG_INFINITY` associated constant on `f32`
[INFO] [stdout]    --> crates/krilla/src/interactive/annotation.rs:192:30
[INFO] [stdout]     |
[INFO] [stdout] 192 |         let mut max_y = f32::NEG_INFINITY;
[INFO] [stdout]     |                              ^^^^^^^^^^^^
[INFO] [stdout] 
[INFO] [stdout] 
[INFO] [stderr]    Compiling krilla-svg v0.8.1 (/opt/rustwide/workdir/crates/krilla-svg)
[INFO] [stderr]    Compiling tests v0.0.0 (/opt/rustwide/workdir/tests)
[INFO] [stderr]     Finished `test` profile [unoptimized + debuginfo] target(s) in 48.51s
[INFO] running `Command { std: "docker" "inspect" "66d67da1ec9bbc39b9fef23e74d60459ad6fa2981ba060fd6b174574373bcb0b", kill_on_drop: false }`
[INFO] running `Command { std: "docker" "exec" "-e" "SOURCE_DIR=/opt/rustwide/workdir" "-e" "CARGO_HOME=/opt/rustwide/cargo-home" "-e" "RUSTUP_HOME=/opt/rustwide/rustup-home" "-e" "CARGO_TARGET_DIR=/opt/rustwide/target" "-e" "CARGO_INCREMENTAL=0" "-e" "RUST_BACKTRACE=full" "-e" "RUSTFLAGS=--cap-lints=warn" "-e" "RUSTDOCFLAGS=--cap-lints=warn" "-w" "/opt/rustwide/workdir" "--user" "0:0" "66d67da1ec9bbc39b9fef23e74d60459ad6fa2981ba060fd6b174574373bcb0b" "/opt/rustwide/cargo-home/bin/cargo" "+1.99.0-beta.8" "test" "--frozen", kill_on_drop: false }`
[INFO] [stderr] warning: use of deprecated constant `std::f32::INFINITY`: replaced by the `INFINITY` associated constant on `f32`
[INFO] [stderr]    --> crates/krilla/src/interactive/annotation.rs:189:30
[INFO] [stderr]     |
[INFO] [stderr] 189 |         let mut min_x = f32::INFINITY;
[INFO] [stderr]     |                              ^^^^^^^^
[INFO] [stderr]     |
[INFO] [stderr]     = note: `#[warn(deprecated)]` on by default
[INFO] [stderr] 
[INFO] [stderr] warning: use of deprecated constant `std::f32::INFINITY`: replaced by the `INFINITY` associated constant on `f32`
[INFO] [stderr]    --> crates/krilla/src/interactive/annotation.rs:190:30
[INFO] [stderr]     |
[INFO] [stderr] 190 |         let mut min_y = f32::INFINITY;
[INFO] [stderr]     |                              ^^^^^^^^
[INFO] [stderr] 
[INFO] [stderr] warning: use of deprecated constant `std::f32::NEG_INFINITY`: replaced by the `NEG_INFINITY` associated constant on `f32`
[INFO] [stderr]    --> crates/krilla/src/interactive/annotation.rs:191:30
[INFO] [stderr]     |
[INFO] [stderr] 191 |         let mut max_x = f32::NEG_INFINITY;
[INFO] [stderr]     |                              ^^^^^^^^^^^^
[INFO] [stderr] 
[INFO] [stderr] warning: use of deprecated constant `std::f32::NEG_INFINITY`: replaced by the `NEG_INFINITY` associated constant on `f32`
[INFO] [stderr]    --> crates/krilla/src/interactive/annotation.rs:192:30
[INFO] [stderr]     |
[INFO] [stderr] 192 |         let mut max_y = f32::NEG_INFINITY;
[INFO] [stderr]     |                              ^^^^^^^^^^^^
[INFO] [stderr] 
[INFO] [stderr] warning: `krilla` (lib) generated 4 warnings
[INFO] [stderr] warning: `krilla` (lib test) generated 4 warnings (4 duplicates)
[INFO] [stderr]     Finished `test` profile [unoptimized + debuginfo] target(s) in 0.41s
[INFO] [stderr]      Running unittests src/main.rs (/opt/rustwide/target/debug/deps/codegen-a0a141bad1270276)
[INFO] [stdout] 
[INFO] [stdout] running 0 tests
[INFO] [stdout] 
[INFO] [stdout] test result: ok. 0 passed; 0 failed; 0 ignored; 0 measured; 0 filtered out; finished in 0.00s
[INFO] [stdout] 
[INFO] [stderr]      Running unittests src/lib.rs (/opt/rustwide/target/debug/deps/krilla-7fff0eea4806057a)
[INFO] [stdout] 
[INFO] [stdout] running 22 tests
[INFO] [stdout] test configure::tests::invalid_combination_2 ... ok
[INFO] [stdout] test configure::tests::default_config ... ok
[INFO] [stdout] test configure::tests::invalid_combination_1 ... ok
[INFO] [stdout] test configure::tests::multi_validator_pdfa2a_pdfua1 ... ok
[INFO] [stdout] test graphics::image::tests::invalid_png_image ... ok
[INFO] [stdout] test configure::tests::multi_validator_pdf_a3b_pdf_ua1 ... ok
[INFO] [stdout] test interchange::tagging::fmt::tests::display_empty_tag_tree ... ok
[INFO] [stdout] test configure::tests::empty_validators ... ok
[INFO] [stdout] test interchange::embed::tests::invalid_mime_types ... ok
[INFO] [stdout] test graphics::image::tests::invalid_jpeg_image ... ok
[INFO] [stdout] test interchange::tagging::fmt::tests::display_heading_with_children ... ok
[INFO] [stdout] test interactive::destination::tests::named_duplicate_annotation_rejected ... ok
[INFO] [stdout] test error::tests::krilla_error_implements_error ... ok
[INFO] [stdout] test configure::tests::invalid_combination_3 ... ok
[INFO] [stdout] test interactive::destination::tests::named_duplicate_rejected ... ok
[INFO] [stdout] test interactive::destination::tests::named_duplicate_manual_then_annotation_rejected ... ok
[INFO] [stdout] test interchange::tagging::fmt::tests::display_sides_mutliline ... ok
[INFO] [stdout] test interchange::embed::tests::valid_mime_types ... ok
[INFO] [stdout] test interactive::destination::tests::named_duplicate_same_location_allowed ... ok
[INFO] [stdout] test text::type3::tests::type3_more_than_256_glyphs ... ok
[INFO] [stdout] test interchange::tagging::fmt::tests::display_tag_tree ... ok
[INFO] [stdout] test interchange::metadata::tests::custom_field_returns_none_for_ignored_names ... ok
[INFO] [stdout] 
[INFO] [stdout] test result: ok. 22 passed; 0 failed; 0 ignored; 0 measured; 0 filtered out; finished in 0.15s
[INFO] [stdout] 
[INFO] [stderr]      Running unittests src/lib.rs (/opt/rustwide/target/debug/deps/krilla_macros-6e888935fc76fe0a)
[INFO] [stdout] 
[INFO] [stdout] running 0 tests
[INFO] [stdout] 
[INFO] [stdout] test result: ok. 0 passed; 0 failed; 0 ignored; 0 measured; 0 filtered out; finished in 0.00s
[INFO] [stdout] 
[INFO] [stderr]      Running unittests src/lib.rs (/opt/rustwide/target/debug/deps/krilla_svg-7f30991b78287f7a)
[INFO] [stderr]      Running unittests src/main.rs (/opt/rustwide/target/debug/deps/tests-59c0682366f22455)
[INFO] [stdout] 
[INFO] [stdout] running 0 tests
[INFO] [stdout] 
[INFO] [stdout] test result: ok. 0 passed; 0 failed; 0 ignored; 0 measured; 0 filtered out; finished in 0.00s
[INFO] [stdout] 
[INFO] [stdout] 
[INFO] [stdout] running 221 tests
[INFO] [stdout] test annotation::annotation_with_border_snapshot ... ok
[INFO] [stdout] test embed::embedded_file_duplicate ... ok
[INFO] [stdout] test annotation::annotation_to_destination_snapshot ... ok
[INFO] [stdout] test embed::embedded_file_pdf_20_snapshot ... ok
[INFO] [stdout] test annotation::annotation_to_link_snapshot ... ok
[INFO] [stdout] test annotation::annotation_with_quad_points_snapshot ... ok
[INFO] [stdout] test embed::embedded_file_before_metadata ... ok
[INFO] [stdout] test embed::embedded_file_pdf_a2 ... ok
[INFO] [stdout] test destination::destination_named_snapshot ... ok
[INFO] [stdout] test embed::embedded_file_with_auto_compression_success_snapshot ... ok
[INFO] [stdout] test embed::embedded_file_with_compression_snapshot ... ok
[INFO] [stdout] test destination::destination_named_sorting_snapshot ... ok
[INFO] [stdout] test embed::embedded_zero_byte_file_snapshot ... ok
[INFO] [stdout] test embed::embedded_file_snapshot ... ok
[INFO] [stdout] test annotation::annotation_to_embedded_pdf_page_snapshot ... ok
[INFO] [stdout] test image::image_luma8_snapshot ... ok
[INFO] [stdout] test graphic::graphic_snapshot ... ok
[INFO] [stdout] test image::image_luma16_snapshot ... ok
[INFO] [stdout] test image::image_deduplicate_snapshot ... ok
[INFO] [stdout] test embed::embedded_file_multiple_snapshot ... ok
[INFO] [stdout] test embed::embedded_file_with_auto_compression_fail_snapshot ... ok
[INFO] [stdout] test embed::embedded_file_pdf_a3b_missing_date ... ok
[INFO] [stdout] test image::image_rgb8_snapshot ... ok
[INFO] [stdout] test image::image_no_device_cs_snapshot ... ok
[INFO] [stdout] test metadata::metadata_empty_snapshot ... ok
[INFO] [stdout] test font::cid::font_wrong_metrics_snapshot ... ok
[INFO] [stdout] test metadata::metadata_custom_fields_snapshot ... ok
[INFO] [stdout] test font::type3::font_type3_with_not_def_snapshot ... ok
[INFO] [stdout] test image::image_rgb8_app14_cmyk_snapshot ... ok
[INFO] [stdout] test font::type3::font_type3_pdf_14_snapshot ... ok
[INFO] [stdout] test metadata::metadata_pdf_20_author_snapshot ... ok
[INFO] [stdout] test metadata::metadata_full_snapshot ... ok
[INFO] [stdout] test font::cid::font_wrong_metrics_3_snapshot ... ok
[INFO] [stdout] test mask::mask_snapshot ... ok
[INFO] [stdout] test graphic::graphic_svg_snapshot ... ok
[INFO] [stdout] test metadata::metadata_full_with_xmp_snapshot ... ok
[INFO] [stdout] test metadata::metadata_version_id_snapshot ... ok
[INFO] [stdout] test path::path_with_luma_snapshot ... ok
[INFO] [stdout] test outline::outline_simple_snapshot ... ok
[INFO] [stdout] test page::page_with_crop_bleeding_trim_art_boxes_snapshot ... ok
[INFO] [stdout] test outline::outline_open_state_snapshot ... ok
[INFO] [stdout] test path::path_with_cmyk_snapshot ... ok
[INFO] [stdout] test font::type3::font_type3_color_glyphs_snapshot ... ok
[INFO] [stdout] test path::path_with_rgb_and_opacity_snapshot ... ok
[INFO] [stdout] test pdf::pdf_14_no_sixteen_bit_images ... ok
[INFO] [stdout] test pdf::pdf_14_unvalidated_version_limit_error ... ok
[INFO] [stdout] test page::page_label_after_embedded_page_snapshot ... ok
[INFO] [stdout] test pattern::shading::pattern_gradient_single_stop_snapshot ... ok
[INFO] [stdout] test path::path_with_rgb_snapshot ... ok
[INFO] [stdout] test pdf::pdf_20_snapshot ... ok
[INFO] [stdout] test metadata::metadata_version_id_pdf_a1_snapshot ... ok
[INFO] [stdout] test pdf::pdf_embedded_as_xobject_group_cmyk_snapshot ... ok
[INFO] [stdout] test outline::outline_mixed_state_snapshot ... ok
[INFO] [stdout] test pdf::pdf_14_icc_sgray_snapshot ... ok
[INFO] [stdout] test pattern::shading::pattern_luma_stops_snapshot ... ok
[INFO] [stdout] test page::page_label_snapshot ... ok
[INFO] [stdout] test pdf::pdf_embedded_as_xobject_group_rgb_snapshot ... ok
[INFO] [stdout] test pdf::pdf_14_snapshot ... ok
[INFO] [stdout] test pdf::pdf_embedded_out_of_bounds ... ok
[INFO] [stdout] test outline::outline_with_empty_title_snapshot ... ok
[INFO] [stdout] test pdf::pdf_embedded_version_mismatch ... ok
[INFO] [stdout] test pdf::pdf_embedded_validated_export ... ok
[INFO] [stdout] test font::cid::font_wrong_metrics_2_snapshot ... ok
[INFO] [stdout] test pdf::pdf_14_icc_srgb_snapshot ... ok
[INFO] [stdout] test pdf::pdf_embedded_simple_snapshot ... ok
[INFO] [stdout] test pdf::pdf_embedded_as_xobject_caching_snapshot ... ok
[INFO] [stdout] test pdf::pdf_pretty_false_snapshot ... ok
[INFO] [stdout] test pdf::pdf_empty_snapshot ... ok
[INFO] [stdout] test png::png_grayscale_2_snapshot ... ok
[INFO] [stdout] test pdf::pdf_embedded_multiple_snapshot ... ok
[INFO] [stdout] test png::png_grayscale_1_snapshot ... ok
[INFO] [stdout] test pdf::pdf_20_simple_text_snapshot ... ok
[INFO] [stdout] test pdf::pdf_embedded_multiple_no_device_cs_snapshot ... ok
[INFO] [stdout] test pdf::pdf_embedded_repeated_page_snapshot ... ok
[INFO] [stdout] test png::png_grayscale_16_snapshot ... ok
[INFO] [stdout] test pdf::pdf_embedded_as_xobject_basic_snapshot ... ok
[INFO] [stdout] test pdf::pdf_pretty_false_embedded_pdf_snapshot ... ok
[INFO] [stdout] test png::png_grayscale_4_snapshot ... ok
[INFO] [stdout] test png::png_rgb_16_plte_snapshot ... ok
[INFO] [stdout] test png::png_grayscale_8_icc_snapshot ... ok
[INFO] [stdout] test png::png_grayscale_alpha_8_snapshot ... ok
[INFO] [stdout] test png::png_rgb_16_snapshot ... ok
[INFO] [stdout] test png::png_rgb_8_filter_paeth_snapshot ... ok
[INFO] [stdout] test png::png_grayscale_8_interlaced_snapshot ... ok
[INFO] [stdout] test png::png_rgb_8_filter_average_snapshot ... ok
[INFO] [stdout] test png::png_rgb_8_filter_up_snapshot ... ok
[INFO] [stdout] test png::png_rgb_8_filter_none_snapshot ... ok
[INFO] [stdout] test png::png_rgb_8_plte_snapshot ... ok
[INFO] [stdout] test png::png_rgb_8_multiple_idat_snapshot ... ok
[INFO] [stdout] test png::png_rgb_8_icc_snapshot ... ok
[INFO] [stdout] test png::png_rgb_indexed_2_snapshot ... ok
[INFO] [stdout] test png::png_rgb_indexed_1_snapshot ... ok
[INFO] [stdout] test png::png_grayscale_trns_4_snapshot ... ok
[INFO] [stdout] test png::png_rgb_indexed_4_snapshot ... ok
[INFO] [stdout] test png::png_rgb_8_filter_sub_snapshot ... ok
[INFO] [stdout] test png::png_rgb_indexed_8_snapshot ... ok
[INFO] [stdout] test png::png_grayscale_8_snapshot ... ok
[INFO] [stdout] test png::png_grayscale_trns_8_snapshot ... ok
[INFO] [stdout] test png::png_rgb_8_snapshot ... ok
[INFO] [stdout] test png::png_rgb_indexed_trns_4_snapshot ... ok
[INFO] [stdout] test png::png_rgb_indexed_no_device_cs_snapshot ... ok
[INFO] [stdout] test image::image_interpolate_snapshot ... ok
[INFO] [stdout] test png::png_grayscale_trns_2_snapshot ... ok
[INFO] [stdout] test png::png_grayscale_trns_16_snapshot ... ok
[INFO] [stdout] test image::image_rgba16_snapshot ... ok
[INFO] [stdout] test png::png_rgb_indexed_trns_2_snapshot ... ok
[INFO] [stdout] test separation::separation_full_tint_snapshot ... ok
[INFO] [stdout] test separation::separation_half_tint_snapshot ... ok
[INFO] [stdout] test separation::separation_all_colorants_snapshot ... ok
[INFO] [stdout] test png::png_rgb_indexed_trns_1_snapshot ... ok
[INFO] [stdout] test separation::separation_no_colorant_snapshot ... ok
[INFO] [stdout] test png::png_rgb_trns_8_snapshot ... ok
[INFO] [stdout] test png::png_rgb_indexed_trns_binary_8_snapshot ... ok
[INFO] [stdout] test png::png_rgb_indexed_trns_8_snapshot ... ok
[INFO] [stdout] test separation::separation_no_tint_snapshot ... ok
[INFO] [stdout] test stream::stream_nested_transforms_snapshot ... ok
[INFO] [stdout] test separation::separation_with_opacity_snapshot ... ok
[INFO] [stdout] test stream::stream_reused_graphics_state_snapshot ... ok
[INFO] [stdout] test tagging::tagging_custom_namespace_pdf_20_snapshot ... ok
[INFO] [stdout] test stream::stream_resource_cache_snapshot ... ok
[INFO] [stdout] test png::png_rgba_8_snapshot ... ok
[INFO] [stdout] test tagging::tagging_artifact_subtypes_snapshot ... ok
[INFO] [stdout] test tagging::tagging_empty_snapshot ... ok
[INFO] [stdout] test tagging::tagging_id_appears_twice ... ok
[INFO] [stdout] test png::png_grayscale_trns_1_snapshot ... ok
[INFO] [stdout] test png::png_grayscale_alpha_16_snapshot ... ok
[INFO] [stdout] test tagging::tagging_disabled_2_snapshot ... ok
[INFO] [stdout] test tagging::tagging_image_with_alt_snapshot ... ok
[INFO] [stdout] test tagging::tagging_figure_bounds_snapshot ... ok
[INFO] [stdout] test tagging::tagging_disabled_snapshot ... ok
[INFO] [stdout] test tagging::tagging_div_and_border_color_snapshot ... ok
[INFO] [stdout] test png::png_rgba_16_snapshot ... ok
[INFO] [stdout] test tagging::tagging_simple_with_link_snapshot ... ok
[INFO] [stdout] test tagging::tagging_layout_placement_and_writing_mode_snapshot ... ok
[INFO] [stdout] test tagging::tagging_empty_table_cell_headers_snapshot ... ok
[INFO] [stdout] test tagging::tagging_strong_and_em_pdf_17_snapshot ... ok
[INFO] [stdout] test png::png_rgb_trns_16_snapshot ... ok
[INFO] [stdout] test tagging::tagging_two_footnotes_snapshot ... ok
[INFO] [stdout] test tagging::tagging_simple_snapshot ... ok
[INFO] [stdout] test annotation::annotation_to_invalid_destination - should panic ... ok
[INFO] [stdout] test tagging::tagging_tag_attributes_snapshot ... ok
[INFO] [stdout] test tagging::tagging_unknown_header_tag_id ... ok
[INFO] [stdout] test tagging::tagging_strong_and_em_pdf_20_snapshot ... ok
[INFO] [stdout] test tagging::tagging_annotation_identifer_appears_twice - should panic ... ok
[INFO] [stdout] test tagging::tagging_missing_identifier_in_tree - should panic ... ok
[INFO] [stdout] test tagging::tagging_page_identifer_appears_twice - should panic ... ok
[INFO] [stdout] test pdf::pdf_embedded_consistency ... ok
[INFO] [stdout] test tagging::tagging_heading_level_7_and_8_pdf_17_snapshot ... ok
[INFO] [stdout] test stream::stream_compress_by_default_snapshot ... ok
[INFO] [stdout] test text::text_fill_snapshot ... ok
[INFO] [stdout] test validate::no_validators_embedded_file_no_af_snapshot ... ok
[INFO] [stdout] test text::text_small_caps_snapshot ... ok
[INFO] [stdout] test text::text_complex_snapshot ... ok
[INFO] [stdout] test validate::validate_deduplicate_errors ... ok
[INFO] [stdout] test text::text_direction_auto_snapshot ... ok
[INFO] [stdout] test tagging::tagging_multiple_pages_snapshot ... ok
[INFO] [stdout] test validate::validate_inconsistent_separation_fallback ... ok
[INFO] [stdout] test validate::validate_metadata_custom_fields_pdf_a3_snapshot ... ok
[INFO] [stdout] test validate::validate_metadata_custom_fields_pdf_a4_snapshot ... ok
[INFO] [stdout] test text::text_complex_2_snapshot ... ok
[INFO] [stdout] test validate::validate_metadata_custom_fields_pdf_a2_snapshot ... ok
[INFO] [stdout] test validate::validate_disabled_q_nesting_28 ... ok
[INFO] [stdout] test text::text_stroke_snapshot ... ok
[INFO] [stdout] test validate::validate_pdf14_ua1_structure_order_tabbing ... ok
[INFO] [stdout] test validate::validate_multi_validator_ua1_prohibits_missing_outline ... ok
[INFO] [stdout] test validate::validate_pdf14_tagged_annotation_no_ua ... ok
[INFO] [stdout] test validate::validate_metadata_custom_fields_pdf_a1_snapshot ... ok
[INFO] [stdout] test validate::pdf_version_14_tagged_snapshot ... ok
[INFO] [stdout] test tagging::tagging_multiple_content_tags_snapshot ... ok
[INFO] [stdout] test text::text_simple_cff_snapshot ... ok
[INFO] [stdout] test text::text_simple_ttf_snapshot ... ok
[INFO] [stdout] test validate::validate_multi_validator_embedded_file_af_snapshot ... ok
[INFO] [stdout] test validate::validate_pdf15_ua1_structure_order_tabbing ... ok
[INFO] [stdout] test validate::validate_pdf17_ua1_header_footer_artifact_subtypes ... ok
[INFO] [stdout] test validate::validate_pdf15_ua1_table_header_scope ... ok
[INFO] [stdout] test validate::validate_pdf_a1_b_cmyk_image_without_icc_profile ... ok
[INFO] [stdout] test validate::validate_pdf14_ua1_table_header_scope ... ok
[INFO] [stdout] test tagging::tagging_heading_level_7_and_8_pdf_20_snapshot ... ok
[INFO] [stdout] test validate::validate_pdf_a1_no_transparency ... ok
[INFO] [stdout] test validate::validate_pdf_a3_a_no_tag_tree ... ok
[INFO] [stdout] test validate::validate_pdf_a3_missing_fields ... ok
[INFO] [stdout] test tagging::tagging_table_header_and_footer_snapshot ... ok
[INFO] [stdout] test text::text_complex_3_snapshot ... ok
[INFO] [stdout] test validate::validate_pdf_a2_b_full_example_snapshot ... ok
[INFO] [stdout] test validate::validate_pdf_a3_with_embedded_file_snapshot ... ok
[INFO] [stdout] test validate::validate_pdf_a2_u_full_example_snapshot ... ok
[INFO] [stdout] test validate::validate_pdf_a4_f_with_embedded_file_snapshot ... ok
[INFO] [stdout] test validate::validate_pdf_a2_a_full_example_snapshot ... ok
[INFO] [stdout] test validate::validate_pdf_a1_no_image_transparency ... ok
[INFO] [stdout] test validate::validate_pdf_a1_b_full_example_snapshot ... ok
[INFO] [stdout] test validate::validate_pdf_a1_a_full_example_snapshot ... ok
[INFO] [stdout] test validate::validate_pdf_a3_b_full_example_snapshot ... ok
[INFO] [stdout] test validate::validate_multi_validator_pdf_a3b_pdf_ua1_full_example_snapshot ... ok
[INFO] [stdout] test validate::validate_pdf_a_postscript ... ok
[INFO] [stdout] test validate::validate_pdf_a_missing_cmyk ... ok
[INFO] [stdout] test validate::validate_pdf_a_annotation_snapshot ... ok
[INFO] [stdout] test validate::validate_pdf_a_q_nesting_28 ... ok
[INFO] [stdout] test validate::validate_pdf_a4_full_example_snapshot ... ok
[INFO] [stdout] test validate::validate_pdf_a_notdef_glyph ... ok
[INFO] [stdout] test validate::validate_pdf_ua1_empty_annotation_alt ... ok
[INFO] [stdout] test validate::validate_pdf_ua1_attributes_snapshot ... ok
[INFO] [stdout] test validate::validate_pdf_a3_u_full_example_snapshot ... ok
[INFO] [stdout] test validate::validate_pdf_a3_a_full_example_snapshot ... ok
[INFO] [stdout] test validate::validate_pdf_ua1_only_annotation_snapshot ... ok
[INFO] [stdout] test validate::validate_pdfa1b_transparency_with_location ... ok
[INFO] [stdout] test validate::validate_other_version_snapshot ... ok
[INFO] [stdout] test validate::validate_pdfa_private_unicode_codepoint ... ok
[INFO] [stdout] test validate::validate_pdf_a_string_length ... ok
[INFO] [stdout] test validate::validate_pdf_a4f_full_example_snapshot ... ok
[INFO] [stdout] test text::text_complex_4_snapshot ... ok
[INFO] [stdout] test validate::validate_pdf_ua1_empty_alt ... ok
[INFO] [stdout] test validate::validate_pdfu_invalid_codepoint ... ok
[INFO] [stdout] test validate::validate_pdfa2u_text_with_location ... ok
[INFO] [stdout] test validate::validate_pdf_a4e_full_example_snapshot ... ok
[INFO] [stdout] test validate::validate_pdf_a_q_nesting_28_snapshot ... ok
[INFO] [stdout] test validate::validate_pdfa_no_codepoint ... ok
[INFO] [stdout] test validate::validate_pdf_ua1_full_example_snapshot ... ok
[INFO] [stdout] test validate::validate_pdf_a1_limits ... ok
[INFO] [stdout] test validate::validate_pdf_ua1_missing_requirements ... ok
[INFO] [stdout] test text::text_two_fonts_reproducibility ... ok
[INFO] [stdout] test validate::validate_pdf_a_existing_cmyk ... ok
[INFO] [stdout] 
[INFO] [stdout] test result: ok. 221 passed; 0 failed; 0 ignored; 0 measured; 0 filtered out; finished in 2.19s
[INFO] [stdout] 
[INFO] [stderr]    Doc-tests krilla
[INFO] [stdout] 
[INFO] [stdout] running 2 tests
[INFO] [stdout] test crates/krilla/src/interchange/tagging/tag.rs - interchange::tagging::tag::Tag (line 32) ... ok
[INFO] [stderr] error: doctest failed, to rerun pass `-p krilla --doc`
[INFO] [stdout] test crates/krilla/src/lib.rs - (line 22) ... FAILED
[INFO] [stdout] 
[INFO] [stdout] failures:
[INFO] [stdout] 
[INFO] [stdout] ---- crates/krilla/src/lib.rs - (line 22) stdout ----
[INFO] [stdout] Test executable failed (exit status: 101).
[INFO] [stdout] 
[INFO] [stdout] stderr:
[INFO] [stdout] Saved PDF to '/opt/rustwide/workdir/crates/krilla/basic.pdf'
[INFO] [stdout] 
[INFO] [stdout] thread 'main' (3293) panicked at crates/krilla/src/lib.rs:116:28:
[INFO] [stdout] called `Result::unwrap()` on an `Err` value: Os { code: 30, kind: ReadOnlyFilesystem, message: "Read-only file system" }
[INFO] [stdout] stack backtrace:
[INFO] [stdout]    0:     0x5f03247ad3f1 - std[70759c8f55707aa4]::backtrace_rs::backtrace::libunwind::trace
[INFO] [stdout]                                at /rustc/dfb0accb7f508ae8be965d8629557221c889dd98/library/std/src/../../backtrace/src/backtrace/libunwind.rs:117:9
[INFO] [stdout]    1:     0x5f03247ad3f1 - std[70759c8f55707aa4]::backtrace_rs::backtrace::trace_unsynchronized::<std[70759c8f55707aa4]::sys::backtrace::_print_fmt::{closure#1}>
[INFO] [stdout]                                at /rustc/dfb0accb7f508ae8be965d8629557221c889dd98/library/std/src/../../backtrace/src/backtrace/mod.rs:66:14
[INFO] [stdout]    2:     0x5f03247ad3f1 - std[70759c8f55707aa4]::sys::backtrace::_print_fmt
[INFO] [stdout]                                at /rustc/dfb0accb7f508ae8be965d8629557221c889dd98/library/std/src/sys/backtrace.rs:74:9
[INFO] [stdout]    3:     0x5f03247ad3f1 - <<std[70759c8f55707aa4]::sys::backtrace::BacktraceLock>::print::DisplayBacktrace as core[df12db4294e9bfd3]::fmt::Display>::fmt
[INFO] [stdout]                                at /rustc/dfb0accb7f508ae8be965d8629557221c889dd98/library/std/src/sys/backtrace.rs:44:26
[INFO] [stdout]    4:     0x5f03247c13ba - <core[df12db4294e9bfd3]::fmt::rt::Argument>::fmt
[INFO] [stdout]                                at /rustc/dfb0accb7f508ae8be965d8629557221c889dd98/library/core/src/fmt/rt.rs:152:76
[INFO] [stdout]    5:     0x5f03247c13ba - core[df12db4294e9bfd3]::fmt::write
[INFO] [stdout]    6:     0x5f03247b0c7c - core[df12db4294e9bfd3]::io::write::default_write_fmt::<std[70759c8f55707aa4]::sys::stdio::unix::Stderr>
[INFO] [stdout]                                at /rustc/dfb0accb7f508ae8be965d8629557221c889dd98/library/core/src/io/write.rs:402:11
[INFO] [stdout]    7:     0x5f03247b0c7c - <std[70759c8f55707aa4]::sys::stdio::unix::Stderr as core[df12db4294e9bfd3]::io::write::Write>::write_fmt
[INFO] [stdout]                                at /rustc/dfb0accb7f508ae8be965d8629557221c889dd98/library/core/src/io/write.rs:335:13
[INFO] [stdout]    8:     0x5f03247962b6 - <std[70759c8f55707aa4]::sys::backtrace::BacktraceLock>::print
[INFO] [stdout]                                at /rustc/dfb0accb7f508ae8be965d8629557221c889dd98/library/std/src/sys/backtrace.rs:47:9
[INFO] [stdout]    9:     0x5f03247962b6 - std[70759c8f55707aa4]::panicking::default_hook::{closure#0}
[INFO] [stdout]                                at /rustc/dfb0accb7f508ae8be965d8629557221c889dd98/library/std/src/panicking.rs:292:27
[INFO] [stdout]   10:     0x5f03247a8c71 - std[70759c8f55707aa4]::panicking::default_hook
[INFO] [stdout]                                at /rustc/dfb0accb7f508ae8be965d8629557221c889dd98/library/std/src/panicking.rs:319:9
[INFO] [stdout]   11:     0x5f03247a8e2b - std[70759c8f55707aa4]::panicking::panic_with_hook
[INFO] [stdout]                                at /rustc/dfb0accb7f508ae8be965d8629557221c889dd98/library/std/src/panicking.rs:815:13
[INFO] [stdout]   12:     0x5f0324796362 - std[70759c8f55707aa4]::panicking::panic_handler::{closure#0}
[INFO] [stdout]                                at /rustc/dfb0accb7f508ae8be965d8629557221c889dd98/library/std/src/panicking.rs:688:13
[INFO] [stdout]   13:     0x5f032478f2d9 - std[70759c8f55707aa4]::sys::backtrace::__rust_end_short_backtrace::<std[70759c8f55707aa4]::panicking::panic_handler::{closure#0}, !>
[INFO] [stdout]                                at /rustc/dfb0accb7f508ae8be965d8629557221c889dd98/library/std/src/sys/backtrace.rs:182:18
[INFO] [stdout]   14:     0x5f0324796afd - __rustc[8fa7c3cbc660c2b3]::rust_begin_unwind
[INFO] [stdout]                                at /rustc/dfb0accb7f508ae8be965d8629557221c889dd98/library/std/src/panicking.rs:679:5
[INFO] [stdout]   15:     0x5f03247c1c0c - core[df12db4294e9bfd3]::panicking::panic_fmt
[INFO] [stdout]                                at /rustc/dfb0accb7f508ae8be965d8629557221c889dd98/library/core/src/panicking.rs:80:14
[INFO] [stdout]   16:     0x5f03247c1932 - core[df12db4294e9bfd3]::result::unwrap_failed
[INFO] [stdout]                                at /rustc/dfb0accb7f508ae8be965d8629557221c889dd98/library/core/src/result.rs:1871:5
[INFO] [stdout]   17:     0x5f0323df5f30 - rust_out[fc2a76a7d39855e1]::main::_doctest_main_crates_krilla_src_lib_rs_22_0
[INFO] [stdout]   18:     0x5f0323df4716 - rust_out[fc2a76a7d39855e1]::main
[INFO] [stdout]   19:     0x5f0323df7883 - <fn() as core[df12db4294e9bfd3]::ops::function::FnOnce<()>>::call_once
[INFO] [stdout]   20:     0x5f0323df46d6 - std[70759c8f55707aa4]::sys::backtrace::__rust_begin_short_backtrace::<fn(), ()>
[INFO] [stdout]   21:     0x5f0323df46e9 - std[70759c8f55707aa4]::rt::lang_start::<()>::{closure#0}
[INFO] [stdout]   22:     0x5f03247a83d9 - <&dyn core[df12db4294e9bfd3]::ops::function::Fn<(), Output = i32> + core[df12db4294e9bfd3]::panic::unwind_safe::RefUnwindSafe + core[df12db4294e9bfd3]::marker::Sync as core[df12db4294e9bfd3]::ops::function::FnOnce<()>>::call_once
[INFO] [stdout]                                at /rustc/dfb0accb7f508ae8be965d8629557221c889dd98/library/core/src/ops/function.rs:287:21
[INFO] [stdout]   23:     0x5f03247a83d9 - std[70759c8f55707aa4]::panicking::catch_unwind::do_call::<&dyn core[df12db4294e9bfd3]::ops::function::Fn<(), Output = i32> + core[df12db4294e9bfd3]::panic::unwind_safe::RefUnwindSafe + core[df12db4294e9bfd3]::marker::Sync, i32>
[INFO] [stdout]                                at /rustc/dfb0accb7f508ae8be965d8629557221c889dd98/library/std/src/panicking.rs:576:43
[INFO] [stdout]   24:     0x5f03247a83d9 - std[70759c8f55707aa4]::panicking::catch_unwind::<i32, &dyn core[df12db4294e9bfd3]::ops::function::Fn<(), Output = i32> + core[df12db4294e9bfd3]::panic::unwind_safe::RefUnwindSafe + core[df12db4294e9bfd3]::marker::Sync>
[INFO] [stdout]                                at /rustc/dfb0accb7f508ae8be965d8629557221c889dd98/library/std/src/panicking.rs:544:19
[INFO] [stdout]   25:     0x5f03247a83d9 - std[70759c8f55707aa4]::panic::catch_unwind::<&dyn core[df12db4294e9bfd3]::ops::function::Fn<(), Output = i32> + core[df12db4294e9bfd3]::panic::unwind_safe::RefUnwindSafe + core[df12db4294e9bfd3]::marker::Sync, i32>
[INFO] [stdout]                                at /rustc/dfb0accb7f508ae8be965d8629557221c889dd98/library/std/src/panic.rs:359:14
[INFO] [stdout]   26:     0x5f03247a83d9 - std[70759c8f55707aa4]::rt::lang_start_internal::{closure#0}
[INFO] [stdout]                                at /rustc/dfb0accb7f508ae8be965d8629557221c889dd98/library/std/src/rt.rs:175:24
[INFO] [stdout]   27:     0x5f03247a83d9 - std[70759c8f55707aa4]::panicking::catch_unwind::do_call::<std[70759c8f55707aa4]::rt::lang_start_internal::{closure#0}, isize>
[INFO] [stdout]                                at /rustc/dfb0accb7f508ae8be965d8629557221c889dd98/library/std/src/panicking.rs:576:43
[INFO] [stdout]   28:     0x5f03247a83d9 - std[70759c8f55707aa4]::panicking::catch_unwind::<isize, std[70759c8f55707aa4]::rt::lang_start_internal::{closure#0}>
[INFO] [stdout]                                at /rustc/dfb0accb7f508ae8be965d8629557221c889dd98/library/std/src/panicking.rs:544:19
[INFO] [stdout]   29:     0x5f03247a83d9 - std[70759c8f55707aa4]::panic::catch_unwind::<std[70759c8f55707aa4]::rt::lang_start_internal::{closure#0}, isize>
[INFO] [stdout]                                at /rustc/dfb0accb7f508ae8be965d8629557221c889dd98/library/std/src/panic.rs:359:14
[INFO] [stdout]   30:     0x5f03247a83d9 - std[70759c8f55707aa4]::rt::lang_start_internal
[INFO] [stdout]                                at /rustc/dfb0accb7f508ae8be965d8629557221c889dd98/library/std/src/rt.rs:171:5
[INFO] [stdout]   31:     0x5f0323df4591 - std[70759c8f55707aa4]::rt::lang_start::<()>
[INFO] [stdout]   32:     0x5f0323df78c5 - main
[INFO] [stdout]   33:     0x77c0ba309601 - <unknown>
[INFO] [stdout]   34:     0x77c0ba309718 - __libc_start_main
[INFO] [stdout]   35:     0x5f0323df4285 - _start
[INFO] [stdout]   36:                0x0 - <unknown>
[INFO] [stdout] 
[INFO] [stdout] 
[INFO] [stdout] 
[INFO] [stdout] failures:
[INFO] [stdout]     crates/krilla/src/lib.rs - (line 22)
[INFO] [stdout] 
[INFO] [stdout] test result: FAILED. 1 passed; 1 failed; 0 ignored; 0 measured; 0 filtered out; finished in 1.45s
[INFO] [stdout] 
[INFO] running `Command { std: "docker" "inspect" "66d67da1ec9bbc39b9fef23e74d60459ad6fa2981ba060fd6b174574373bcb0b", kill_on_drop: false }`
[INFO] running `Command { std: "docker" "rm" "-f" "66d67da1ec9bbc39b9fef23e74d60459ad6fa2981ba060fd6b174574373bcb0b", kill_on_drop: false }`
[INFO] [stdout] 66d67da1ec9bbc39b9fef23e74d60459ad6fa2981ba060fd6b174574373bcb0b
