[INFO] cloning repository https://github.com/actions-marketplace-validations/DanielFidalgo_kineto
[INFO] running `Command { std: "git" "-c" "credential.helper=" "-c" "credential.helper=/workspace/cargo-home/bin/git-credential-null" "clone" "--bare" "https://github.com/actions-marketplace-validations/DanielFidalgo_kineto" "/workspace/cache/git-repos/https%3A%2F%2Fgithub.com%2Factions-marketplace-validations%2FDanielFidalgo_kineto", kill_on_drop: false }`
[INFO] [stderr] Cloning into bare repository '/workspace/cache/git-repos/https%3A%2F%2Fgithub.com%2Factions-marketplace-validations%2FDanielFidalgo_kineto'...
[INFO] running `Command { std: "git" "rev-parse" "HEAD", kill_on_drop: false }`
[INFO] [stdout] 9478a7554473f9367cd7cf5429f7a57fdb6fa216
[INFO] testing actions-marketplace-validations/DanielFidalgo_kineto against 1.99.0-beta.8 for beta-1.100-2
[INFO] running `Command { std: "git" "clone" "/workspace/cache/git-repos/https%3A%2F%2Fgithub.com%2Factions-marketplace-validations%2FDanielFidalgo_kineto" "/workspace/builds/worker-0-tc1/source", kill_on_drop: false }`
[INFO] [stderr] Cloning into '/workspace/builds/worker-0-tc1/source'...
[INFO] [stderr] done.
[INFO] removed /workspace/builds/worker-0-tc1/source/.cargo/config.toml
[INFO] removed /workspace/builds/worker-0-tc1/source/rust-toolchain.toml
[INFO] started tweaking git repo https://github.com/actions-marketplace-validations/DanielFidalgo_kineto
[INFO] finished tweaking git repo https://github.com/actions-marketplace-validations/DanielFidalgo_kineto
[INFO] tweaked toml for git repo https://github.com/actions-marketplace-validations/DanielFidalgo_kineto written to /workspace/builds/worker-0-tc1/source/Cargo.toml
[INFO] validating manifest of git repo https://github.com/actions-marketplace-validations/DanielFidalgo_kineto on toolchain 1.99.0-beta.8
[INFO] running `Command { std: CARGO_HOME="/workspace/cargo-home" RUSTUP_HOME="/workspace/rustup-home" "/workspace/cargo-home/bin/cargo" "+1.99.0-beta.8" "metadata" "--manifest-path" "Cargo.toml" "--no-deps", kill_on_drop: false }`
[INFO] crate git repo https://github.com/actions-marketplace-validations/DanielFidalgo_kineto already has a lockfile, it will not be regenerated
[INFO] running `Command { std: CARGO_HOME="/workspace/cargo-home" RUSTUP_HOME="/workspace/rustup-home" "/workspace/cargo-home/bin/cargo" "+1.99.0-beta.8" "fetch" "--manifest-path" "Cargo.toml", kill_on_drop: false }`
[INFO] [stderr]     Updating crates.io index
[INFO] [stderr]  Downloading crates ...
[INFO] [stderr]   Downloaded font-types v0.12.4
[INFO] [stderr]   Downloaded tiny-skia-path v0.12.0
[INFO] [stderr]   Downloaded rmcp-macros v3.1.4
[INFO] [stderr]   Downloaded harfrust v0.5.2
[INFO] [stderr]   Downloaded tiny-skia v0.12.0
[INFO] [stderr]   Downloaded rmcp v3.1.4
[INFO] [stderr]   Downloaded avt v0.18.0
[INFO] [stderr]   Downloaded cosmic-text v0.19.0
[INFO] running `Command { std: "docker" "create" "-v" "/var/lib/crater-agent-workspace/builds/worker-0-tc1/source:/opt/rustwide/workdir:ro,Z" "-v" "/var/lib/crater-agent-workspace/builds/worker-0-tc1/target:/opt/rustwide/target:rw,Z" "-v" "/var/lib/crater-agent-workspace/cargo-home:/opt/rustwide/cargo-home:ro,Z" "-v" "/var/lib/crater-agent-workspace/rustup-home:/opt/rustwide/rustup-home:ro,Z" "-m" "1610612736" "--network" "none" "ghcr.io/rust-lang/crates-build-env/linux@sha256:3111399a4047eeb3a02b7a90e478d715f38a8c6669b5c4b49d30a17385265909" "sleep" "infinity", kill_on_drop: false }`
[INFO] [stdout] 8e664bce060cc770f3475597b19ffaef262c8bb657e58404d774f28913252d37
[INFO] running `Command { std: "docker" "start" "8e664bce060cc770f3475597b19ffaef262c8bb657e58404d774f28913252d37", kill_on_drop: false }`
[INFO] running `Command { std: "docker" "inspect" "8e664bce060cc770f3475597b19ffaef262c8bb657e58404d774f28913252d37", kill_on_drop: false }`
[INFO] running `Command { std: "docker" "exec" "-e" "SOURCE_DIR=/opt/rustwide/workdir" "-e" "CARGO_HOME=/opt/rustwide/cargo-home" "-e" "RUSTUP_HOME=/opt/rustwide/rustup-home" "-e" "CARGO_TARGET_DIR=/opt/rustwide/target" "-w" "/opt/rustwide/workdir" "--user" "0:0" "8e664bce060cc770f3475597b19ffaef262c8bb657e58404d774f28913252d37" "/opt/rustwide/cargo-home/bin/cargo" "+1.99.0-beta.8" "metadata" "--no-deps" "--format-version=1", kill_on_drop: false }`
[INFO] running `Command { std: "docker" "inspect" "8e664bce060cc770f3475597b19ffaef262c8bb657e58404d774f28913252d37", kill_on_drop: false }`
[INFO] running `Command { std: "docker" "exec" "-e" "SOURCE_DIR=/opt/rustwide/workdir" "-e" "CARGO_HOME=/opt/rustwide/cargo-home" "-e" "RUSTUP_HOME=/opt/rustwide/rustup-home" "-e" "CARGO_TARGET_DIR=/opt/rustwide/target" "-e" "CARGO_INCREMENTAL=0" "-e" "RUST_BACKTRACE=full" "-e" "RUSTFLAGS=--cap-lints=warn" "-e" "RUSTDOCFLAGS=--cap-lints=warn" "-w" "/opt/rustwide/workdir" "--user" "0:0" "8e664bce060cc770f3475597b19ffaef262c8bb657e58404d774f28913252d37" "/opt/rustwide/cargo-home/bin/cargo" "+1.99.0-beta.8" "build" "--frozen" "--message-format=json", kill_on_drop: false }`
[INFO] [stderr]    Compiling proc-macro2 v1.0.107
[INFO] [stderr]    Compiling libc v0.2.189
[INFO] [stderr]    Compiling serde_core v1.0.229
[INFO] [stderr]    Compiling num-traits v0.2.19
[INFO] [stderr]    Compiling bitflags v2.13.1
[INFO] [stderr]    Compiling crc32fast v1.5.1
[INFO] [stderr]    Compiling core_maths v0.1.1
[INFO] [stderr]    Compiling serde v1.0.229
[INFO] [stderr]    Compiling slotmap v1.1.1
[INFO] [stderr]    Compiling miniz_oxide v0.8.9
[INFO] [stderr]    Compiling serde_json v1.0.151
[INFO] [stderr]    Compiling fdeflate v0.3.7
[INFO] [stderr]    Compiling thiserror v2.0.20
[INFO] [stderr]    Compiling log v0.4.34
[INFO] [stderr]    Compiling quote v1.0.47
[INFO] [stderr]    Compiling tinyvec v1.12.0
[INFO] [stderr]    Compiling syn v3.0.4
[INFO] [stderr]    Compiling flate2 v1.1.9
[INFO] [stderr]    Compiling syn v2.0.119
[INFO] [stderr]    Compiling ttf-parser v0.25.1
[INFO] [stderr]    Compiling futures-sink v0.3.34
[INFO] [stderr]    Compiling smallvec v1.15.2
[INFO] [stderr]    Compiling png v0.18.1
[INFO] [stderr]    Compiling memmap2 v0.9.11
[INFO] [stderr]    Compiling pxfm v0.1.30
[INFO] [stderr]    Compiling zeno v0.3.3
[INFO] [stderr]    Compiling zune-core v0.5.3
[INFO] [stderr]    Compiling yazi v0.2.1
[INFO] [stderr]    Compiling zune-jpeg v0.5.15
[INFO] [stderr]    Compiling smol_str v0.3.6
[INFO] [stderr]    Compiling byteorder-lite v0.1.0
[INFO] [stderr]    Compiling unicode-segmentation v1.13.3
[INFO] [stderr]    Compiling sys-locale v0.3.2
[INFO] [stderr]    Compiling unicode-script v0.5.8
[INFO] [stderr]    Compiling unicode-linebreak v0.1.5
[INFO] [stderr]    Compiling unicode-bidi v0.3.18
[INFO] [stderr]    Compiling fontdb v0.23.0
[INFO] [stderr]    Compiling self_cell v1.3.0
[INFO] [stderr]    Compiling rustc-hash v2.1.3
[INFO] [stderr]    Compiling moxcms v0.8.1
[INFO] [stderr]    Compiling rangemap v1.8.0
[INFO] [stderr]    Compiling linebender_resource_handle v0.1.1
[INFO] [stderr]    Compiling arrayvec v0.7.8
[INFO] [stderr]    Compiling futures-channel v0.3.34
[INFO] [stderr]    Compiling darling_core v0.24.1
[INFO] [stderr]    Compiling futures-io v0.3.34
[INFO] [stderr]    Compiling wasm-bindgen-shared v0.2.127
[INFO] [stderr]    Compiling ref-cast v1.0.27
[INFO] [stderr]    Compiling serde_derive_internals v0.30.0
[INFO] [stderr]    Compiling getrandom v0.4.3
[INFO] [stderr]    Compiling memchr v2.8.3
[INFO] [stderr]    Compiling rustix v1.1.4
[INFO] [stderr]    Compiling pico-args v0.5.0
[INFO] [stderr]    Compiling linux-raw-sys v0.12.1
[INFO] [stderr]    Compiling dyn-clone v1.0.20
[INFO] [stderr]    Compiling rmcp v3.1.4
[INFO] [stderr]    Compiling indexmap v2.14.0
[INFO] [stderr]    Compiling uuid v1.26.0
[INFO] [stderr]    Compiling bytemuck_derive v1.12.0
[INFO] [stderr]    Compiling serde_derive v1.0.229
[INFO] [stderr]    Compiling thiserror-impl v2.0.20
[INFO] [stderr]    Compiling futures-macro v0.3.34
[INFO] [stderr]    Compiling tokio-macros v2.7.2
[INFO] [stderr]    Compiling futures-util v0.3.34
[INFO] [stderr]    Compiling bytemuck v1.25.2
[INFO] [stderr]    Compiling font-types v0.11.3
[INFO] [stderr]    Compiling font-types v0.12.4
[INFO] [stderr]    Compiling tiny-skia-path v0.12.0
[INFO] [stderr]    Compiling darling_macro v0.24.1
[INFO] [stderr]    Compiling rgb v0.8.53
[INFO] [stderr]    Compiling read-fonts v0.41.0
[INFO] [stderr]    Compiling read-fonts v0.37.0
[INFO] [stderr]    Compiling ref-cast-impl v1.0.27
[INFO] [stderr]    Compiling image v0.25.10
[INFO] [stderr]    Compiling tiny-skia v0.12.0
[INFO] [stderr]    Compiling avt v0.18.0
[INFO] [stderr]    Compiling darling v0.24.1
[INFO] [stderr]    Compiling tokio v1.53.1
[INFO] [stderr]    Compiling chrono v0.4.45
[INFO] [stderr]    Compiling futures-executor v0.3.34
[INFO] [stderr]    Compiling tracing-attributes v0.1.31
[INFO] [stderr]    Compiling schemars_derive v1.2.2
[INFO] [stderr]    Compiling tracing v0.1.44
[INFO] [stderr]    Compiling rmcp-macros v3.1.4
[INFO] [stderr]    Compiling futures v0.3.34
[INFO] [stderr]    Compiling base64 v0.23.1
[INFO] [stderr]    Compiling pastey v0.2.3
[INFO] [stderr]    Compiling tokio-util v0.7.19
[INFO] [stderr]    Compiling wasm-bindgen-macro-support v0.2.127
[INFO] [stderr]    Compiling schemars v1.2.2
[INFO] [stderr]    Compiling tempfile v3.27.0
[INFO] [stderr]    Compiling wasm-bindgen v0.2.127
[INFO] [stderr]    Compiling harfrust v0.5.2
[INFO] [stderr]    Compiling skrifa v0.40.0
[INFO] [stderr]    Compiling skrifa v0.44.0
[INFO] [stderr]    Compiling wasm-bindgen-macro v0.2.127
[INFO] [stderr]    Compiling swash v0.2.10
[INFO] [stderr]    Compiling cosmic-text v0.19.0
[INFO] [stderr]    Compiling kineto-core v0.1.6 (/opt/rustwide/workdir/crates/core)
[INFO] [stderr]    Compiling kineto-asciicast v0.1.6 (/opt/rustwide/workdir/adapters/asciicast)
[INFO] [stderr]    Compiling kineto v0.1.6 (/opt/rustwide/workdir/crates/mcp)
[INFO] [stderr]    Compiling kineto-wasm v0.1.6 (/opt/rustwide/workdir/crates/wasm)
[INFO] [stderr]     Finished `dev` profile [unoptimized + debuginfo] target(s) in 3m 07s
[INFO] running `Command { std: "docker" "inspect" "8e664bce060cc770f3475597b19ffaef262c8bb657e58404d774f28913252d37", kill_on_drop: false }`
[INFO] running `Command { std: "docker" "exec" "-e" "SOURCE_DIR=/opt/rustwide/workdir" "-e" "CARGO_HOME=/opt/rustwide/cargo-home" "-e" "RUSTUP_HOME=/opt/rustwide/rustup-home" "-e" "CARGO_TARGET_DIR=/opt/rustwide/target" "-e" "CARGO_INCREMENTAL=0" "-e" "RUST_BACKTRACE=full" "-e" "RUSTFLAGS=--cap-lints=warn" "-e" "RUSTDOCFLAGS=--cap-lints=warn" "-w" "/opt/rustwide/workdir" "--user" "0:0" "8e664bce060cc770f3475597b19ffaef262c8bb657e58404d774f28913252d37" "/opt/rustwide/cargo-home/bin/cargo" "+1.99.0-beta.8" "test" "--frozen" "--no-run" "--message-format=json", kill_on_drop: false }`
[INFO] [stderr]    Compiling hybrid-array v0.4.14
[INFO] [stderr]    Compiling const-oid v0.10.2
[INFO] [stderr]    Compiling cpufeatures v0.3.0
[INFO] [stderr]    Compiling kineto-asciicast v0.1.6 (/opt/rustwide/workdir/adapters/asciicast)
[INFO] [stderr]    Compiling kineto-wasm v0.1.6 (/opt/rustwide/workdir/crates/wasm)
[INFO] [stderr]    Compiling block-buffer v0.12.1
[INFO] [stderr]    Compiling crypto-common v0.2.2
[INFO] [stderr]    Compiling digest v0.11.3
[INFO] [stderr]    Compiling sha2 v0.11.0
[INFO] [stderr]    Compiling kineto v0.1.6 (/opt/rustwide/workdir/crates/mcp)
[INFO] [stderr]    Compiling kineto-core v0.1.6 (/opt/rustwide/workdir/crates/core)
[INFO] [stderr]     Finished `test` profile [unoptimized + debuginfo] target(s) in 40.79s
[INFO] running `Command { std: "docker" "inspect" "8e664bce060cc770f3475597b19ffaef262c8bb657e58404d774f28913252d37", kill_on_drop: false }`
[INFO] running `Command { std: "docker" "exec" "-e" "SOURCE_DIR=/opt/rustwide/workdir" "-e" "CARGO_HOME=/opt/rustwide/cargo-home" "-e" "RUSTUP_HOME=/opt/rustwide/rustup-home" "-e" "CARGO_TARGET_DIR=/opt/rustwide/target" "-e" "CARGO_INCREMENTAL=0" "-e" "RUST_BACKTRACE=full" "-e" "RUSTFLAGS=--cap-lints=warn" "-e" "RUSTDOCFLAGS=--cap-lints=warn" "-w" "/opt/rustwide/workdir" "--user" "0:0" "8e664bce060cc770f3475597b19ffaef262c8bb657e58404d774f28913252d37" "/opt/rustwide/cargo-home/bin/cargo" "+1.99.0-beta.8" "test" "--frozen", kill_on_drop: false }`
[INFO] [stderr]     Finished `test` profile [unoptimized + debuginfo] target(s) in 0.34s
[INFO] [stderr]      Running unittests src/lib.rs (/opt/rustwide/target/debug/deps/kineto-a4592db505189faa)
[INFO] [stdout] 
[INFO] [stdout] running 99 tests
[INFO] [stdout] test chart::tests::tick_labels_follow_the_step_not_the_value ... ok
[INFO] [stdout] test chart::tests::a_ragged_series_is_rejected ... ok
[INFO] [stdout] test chart::tests::an_empty_chart_is_rejected ... ok
[INFO] [stdout] test chart::tests::ticks_are_round_numbers_that_span_the_data ... ok
[INFO] [stdout] test chart::tests::negative_values_are_covered ... ok
[INFO] [stdout] test chart::tests::a_flat_series_still_gets_a_range ... ok
[INFO] [stdout] test check::tests::a_clean_document_reports_nothing ... ok
[INFO] [stdout] test check::tests::a_document_level_issue_names_neither_scene_nor_element ... ok
[INFO] [stdout] test chart::tests::thousands_are_only_abbreviated_when_it_stays_exact ... ok
[INFO] [stdout] test check::tests::a_document_of_nothing_but_text_is_reported_as_a_deck ... ok
[INFO] [stdout] test check::tests::a_title_card_does_not_make_a_document_a_deck ... ok
[INFO] [stdout] test chart::tests::ticks_do_not_drift ... ok
[INFO] [stdout] test check::tests::an_element_animated_off_the_canvas_is_reported ... ok
[INFO] [stdout] test check::tests::a_document_with_visual_structure_is_not_reported ... ok
[INFO] [stdout] test check::tests::an_element_fading_out_is_not_reported_at_the_end_of_its_fade ... ok
[INFO] [stdout] test check::tests::an_element_invisible_for_its_whole_scene_is_still_reported ... ok
[INFO] [stdout] test check::tests::an_issue_names_the_scene_and_element_index ... ok
[INFO] [stdout] test check::tests::a_very_short_document_is_never_called_a_deck ... ok
[INFO] [stdout] test check::tests::an_element_keyed_invisible_only_some_of_the_time_is_not_reported ... ok
[INFO] [stdout] test check::tests::degenerate_geometry_is_reported ... ok
[INFO] [stdout] test check::tests::comfortable_text_reports_nothing ... ok
[INFO] [stdout] test check::tests::legible_text_reports_nothing ... ok
[INFO] [stdout] test check::tests::a_scene_level_issue_has_no_element_index ... ok
[INFO] [stdout] test check::tests::text_that_cannot_be_seen_against_the_background_is_reported ... ok
[INFO] [stdout] test check::tests::text_running_past_the_canvas_edge_is_reported ... ok
[INFO] [stdout] test render::tests::a_millisecond_offset_past_the_end_clamps_to_the_last_frame ... ok
[INFO] [stdout] test check::tests::issues_carry_a_category_so_callers_can_separate_taste_from_defects ... ok
[INFO] [stdout] test render::tests::a_negative_millisecond_offset_is_an_error ... ok
[INFO] [stdout] test render::tests::a_reported_moment_resolves_back_to_the_same_frame ... ok
[INFO] [stdout] test render::tests::an_absurd_millisecond_offset_is_an_error_not_an_overflow ... ok
[INFO] [stdout] test render::tests::a_millisecond_offset_resolves_to_the_frame_containing_it ... ok
[INFO] [stdout] test render::tests::describe_omits_the_output_path ... ok
[INFO] [stdout] test render::tests::asking_for_no_moments_is_an_error ... ok
[INFO] [stdout] test render::tests::frame_count_is_closed_form_not_a_spin ... ok
[INFO] [stdout] test render::tests::a_millisecond_is_a_whole_number_of_ticks ... ok
[INFO] [stdout] test render::tests::moments_landing_on_one_frame_are_encoded_once_but_reported_each ... ok
[INFO] [stdout] test check::tests::a_scene_too_short_to_read_is_reported ... ok
[INFO] [stdout] test render::tests::more_moments_than_the_cap_is_a_rejection_not_a_silent_truncation ... ok
[INFO] [stdout] test render::tests::preview_indices_are_capped ... ok
[INFO] [stdout] test render::tests::frame_count_matches_the_export_loop ... ok
[INFO] [stdout] test check::tests::too_much_text_at_once_is_reported ... ok
[INFO] [stdout] test check::tests::text_too_small_to_read_is_reported ... ok
[INFO] [stdout] test chart::tests::the_left_margin_grows_with_the_widest_label ... ok
[INFO] [stdout] test render::tests::preview_indices_are_empty_when_disabled ... ok
[INFO] [stdout] test render::tests::preview_indices_handle_single_sample ... ok
[INFO] [stdout] test render::tests::preview_indices_span_first_to_last ... ok
[INFO] [stdout] test render::tests::resolving_moments_reports_the_frame_the_caller_actually_gets ... ok
[INFO] [stdout] test render::tests::preview_indices_never_exceed_frame_count ... ok
[INFO] [stdout] test render::tests::resolving_a_frame_in_an_empty_document_is_an_error ... ok
[INFO] [stdout] test session::tests::a_wordier_beat_is_given_more_time ... ok
[INFO] [stdout] test session::tests::an_empty_journal_is_an_error ... ok
[INFO] [stdout] test resources::tests::the_schema_literal_is_valid_json ... ok
[INFO] [stdout] test session::tests::appending_preserves_what_was_already_there ... ok
[INFO] [stdout] test session::tests::elapsed_is_shown_relative_to_the_first_beat ... ok
[INFO] [stdout] test session::tests::every_beat_gets_its_own_scene ... ok
[INFO] [stdout] test source::tests::accepts_a_canvas_within_both_limits ... ok
[INFO] [stdout] test source::tests::invalid_document_surfaces_doc_error ... ok
[INFO] [stdout] test session::tests::compiling_the_same_journal_twice_gives_the_same_document ... ok
[INFO] [stdout] test source::tests::missing_asset_file_names_the_resolved_path ... ok
[INFO] [stdout] test source::tests::inline_document_base_dir_is_cwd ... ok
[INFO] [stdout] test source::tests::rejects_a_canvas_area_beyond_the_limit ... ok
[INFO] [stdout] test source::tests::rejects_both_document_and_path ... ok
[INFO] [stdout] test source::tests::rejects_fps_above_the_upper_bound ... ok
[INFO] [stdout] test source::tests::rejects_fps_that_does_not_divide_the_timebase ... ok
[INFO] [stdout] test source::tests::rejects_a_canvas_edge_beyond_the_limit ... ok
[INFO] [stdout] test source::tests::rejects_neither_document_nor_path ... ok
[INFO] [stdout] test source::tests::path_document_base_dir_is_its_parent ... ok
[INFO] [stdout] test source::tests::the_canvas_area_check_cannot_overflow ... ok
[INFO] [stdout] test source::tests::the_fps_error_names_the_upper_bound ... ok
[INFO] [stdout] test source::tests::resolves_reserved_font_src_without_touching_disk ... ok
[INFO] [stdout] test source::tests::resolves_absolute_path_asset_ignoring_base_dir ... ok
[INFO] [stdout] test chart::tests::every_kind_builds_a_valid_document ... ok
[INFO] [stdout] test resources::tests::every_corpus_entry_is_listed_and_readable ... ok
[INFO] [stdout] test storyboard::tests::accepts_a_duration_exactly_at_the_limit ... ok
[INFO] [stdout] test storyboard::tests::rejects_a_duration_above_the_24_hour_limit ... ok
[INFO] [stdout] test storyboard::tests::rejects_a_duration_that_would_overflow_the_tick_multiply ... ok
[INFO] [stdout] test storyboard::tests::rejects_a_nonpositive_duration ... ok
[INFO] [stdout] test storyboard::tests::rejects_an_empty_frame_list ... ok
[INFO] [stdout] test storyboard::tests::one_scene_per_frame_with_exact_tick_durations ... ok
[INFO] [stdout] test storyboard::tests::rejects_more_frames_than_the_limit ... ok
[INFO] [stdout] test storyboard::tests::the_built_document_is_accepted_by_the_engine ... ok
[INFO] [stdout] test storyboard::tests::the_worst_case_permitted_total_duration_fits_in_i64 ... ok
[INFO] [stdout] test storyboard::tests::a_document_with_no_captions_registers_no_font ... ok
[INFO] [stdout] test storyboard::tests::a_caption_adds_a_text_element_and_the_bundled_font ... ok
[INFO] [stdout] test timeline::tests::a_crossfaded_document_is_shorter_than_the_sum_of_its_scenes ... ok
[INFO] [stdout] test timeline::tests::a_document_with_cuts_only_is_exactly_the_sum_of_its_scenes ... ok
[INFO] [stdout] test timeline::tests::scene_starts_account_for_the_overlap_they_are_pulled_back_by ... ok
[INFO] [stdout] test timeline::tests::the_scene_visible_at_a_tick_is_the_one_that_dominates_it ... ok
[INFO] [stdout] test timeline::tests::a_scene_is_addressed_at_its_midpoint_not_its_start ... ok
[INFO] [stdout] test timeline::tests::an_unknown_scene_id_is_not_found ... ok
[INFO] [stdout] test tools::tests::an_absent_theme_resolves_to_the_adapter_default ... ok
[INFO] [stdout] test tools::tests::apply_overrides_only_the_set_fields ... ok
[INFO] [stdout] test tools::tests::apply_with_no_overrides_is_identical_to_default ... ok
[INFO] [stdout] test tools::tests::an_overridden_theme_reaches_the_built_document ... ok
[INFO] [stdout] test storyboard::tests::explicit_size_overrides_the_first_image ... ok
[INFO] [stdout] test storyboard::tests::size_defaults_to_the_first_image ... ok
[INFO] [stdout] test render::tests::the_animated_fixture_actually_differs_between_frames ... ok
[INFO] [stdout] test render::tests::explicitly_requested_frames_are_byte_identical_to_exported_frames ... ok
[INFO] [stderr]      Running unittests src/bin/kineto.rs (/opt/rustwide/target/debug/deps/kineto-81fc19889647cabb)
[INFO] [stdout] test render::tests::sampled_frames_match_exported_frames_below_the_downscale_cap ... ok
[INFO] [stdout] 
[INFO] [stdout] test result: ok. 99 passed; 0 failed; 0 ignored; 0 measured; 0 filtered out; finished in 1.41s
[INFO] [stdout] 
[INFO] [stderr]      Running unittests src/main.rs (/opt/rustwide/target/debug/deps/kineto_mcp-ce5f419c77b549a8)
[INFO] [stdout] 
[INFO] [stdout] running 0 tests
[INFO] [stdout] 
[INFO] [stdout] test result: ok. 0 passed; 0 failed; 0 ignored; 0 measured; 0 filtered out; finished in 0.00s
[INFO] [stdout] 
[INFO] [stdout] 
[INFO] [stdout] running 0 tests
[INFO] [stdout] 
[INFO] [stdout] test result: ok. 0 passed; 0 failed; 0 ignored; 0 measured; 0 filtered out; finished in 0.00s
[INFO] [stderr]      Running tests/action.rs (/opt/rustwide/target/debug/deps/action-21863572faf314b4)
[INFO] [stdout] 
[INFO] [stdout] 
[INFO] [stdout] running 3 tests
[INFO] [stdout] test every_flag_listed_here_is_still_used_by_the_action ... ok
[INFO] [stdout] test the_action_installs_a_build_for_every_target_the_release_produces ... ok
[INFO] [stdout] test every_flag_the_action_passes_is_one_the_cli_accepts ... ok
[INFO] [stdout] 
[INFO] [stdout] test result: ok. 3 passed; 0 failed; 0 ignored; 0 measured; 0 filtered out; finished in 0.21s
[INFO] [stdout] 
[INFO] [stderr]      Running tests/changelog.rs (/opt/rustwide/target/debug/deps/changelog-20117475bc90a4d0)
[INFO] [stdout] 
[INFO] [stdout] running 11 tests
[INFO] [stdout] test a_missing_title_is_refused_with_the_flag_that_supplies_it ... ok
[INFO] [stdout] test duplicates_collapse_regardless_of_case ... ok
[INFO] [stdout] test conventional_commits_keep_only_user_visible_types ... ok
[INFO] [stdout] test a_scope_and_a_breaking_marker_are_stripped ... ok
[INFO] [stdout] test an_empty_history_still_composes_something_honest ... ok
[INFO] [stdout] test a_project_that_uses_conventions_but_shipped_only_chores_says_nothing ... ok
[INFO] [stdout] test a_repository_without_conventions_falls_back_to_plain_subjects ... ok
[INFO] [stdout] test the_limit_is_honoured ... ok
[INFO] [stdout] test overlong_subjects_are_dropped_rather_than_truncated ... ok
[INFO] [stdout] test noise_is_dropped_in_the_fallback ... ok
[INFO] [stdout] test the_composed_document_is_renderable_and_clean ... ok
[INFO] [stdout] 
[INFO] [stdout] test result: ok. 11 passed; 0 failed; 0 ignored; 0 measured; 0 filtered out; finished in 0.06s
[INFO] [stdout] 
[INFO] [stderr]      Running tests/cli.rs (/opt/rustwide/target/debug/deps/cli-835e170148f41e5d)
[INFO] [stdout] 
[INFO] [stdout] running 6 tests
[INFO] [stdout] test help_succeeds_and_names_both_formats ... ok
[INFO] [stdout] test it_renders_a_document_to_an_mp4 ... ok
[INFO] [stdout] test an_unsupported_extension_is_refused_before_rendering ... ok
[INFO] [stdout] test check_fails_on_a_correctness_defect_and_names_it ... ok
[INFO] [stdout] test rendering_without_an_output_is_an_error ... ok
[INFO] [stdout] test check_passes_a_clean_document_without_writing_anything ... ok
[INFO] [stdout] 
[INFO] [stdout] test result: ok. 6 passed; 0 failed; 0 ignored; 0 measured; 0 filtered out; finished in 0.06s
[INFO] [stdout] 
[INFO] [stderr]      Running tests/harness.rs (/opt/rustwide/target/debug/deps/harness-4c9a357d1cd7933a)
[INFO] [stdout] 
[INFO] [stdout] running 0 tests
[INFO] [stdout] 
[INFO] [stdout] test result: ok. 0 passed; 0 failed; 0 ignored; 0 measured; 0 filtered out; finished in 0.00s
[INFO] [stdout] 
[INFO] [stderr]      Running tests/manifest.rs (/opt/rustwide/target/debug/deps/manifest-35bc28931ddf226f)
[INFO] [stdout] 
[INFO] [stdout] running 2 tests
[INFO] [stdout] test npm_wrapper_version_matches_the_workspace_version ... ok
[INFO] [stdout] test path_dependency_versions_match_the_workspace_version ... FAILED
[INFO] [stdout] 
[INFO] [stdout] failures:
[INFO] [stdout] 
[INFO] [stdout] ---- path_dependency_versions_match_the_workspace_version stdout ----
[INFO] [stdout] 
[INFO] [stdout] thread 'path_dependency_versions_match_the_workspace_version' (2596) panicked at crates/mcp/tests/manifest.rs:71:5:
[INFO] [stdout] no versioned path dependencies found -- crates.io requires them, so either this test stopped parsing or the manifest lost them
[INFO] [stdout] stack backtrace:
[INFO] [stdout]    0:     0x5edbc7fc1df1 - std[70759c8f55707aa4]::backtrace_rs::backtrace::libunwind::trace
[INFO] [stdout]                                at /rustc/dfb0accb7f508ae8be965d8629557221c889dd98/library/std/src/../../backtrace/src/backtrace/libunwind.rs:117:9
[INFO] [stdout]    1:     0x5edbc7fc1df1 - std[70759c8f55707aa4]::backtrace_rs::backtrace::trace_unsynchronized::<std[70759c8f55707aa4]::sys::backtrace::_print_fmt::{closure#1}>
[INFO] [stdout]                                at /rustc/dfb0accb7f508ae8be965d8629557221c889dd98/library/std/src/../../backtrace/src/backtrace/mod.rs:66:14
[INFO] [stdout]    2:     0x5edbc7fc1df1 - std[70759c8f55707aa4]::sys::backtrace::_print_fmt
[INFO] [stdout]                                at /rustc/dfb0accb7f508ae8be965d8629557221c889dd98/library/std/src/sys/backtrace.rs:74:9
[INFO] [stdout]    3:     0x5edbc7fc1df1 - <<std[70759c8f55707aa4]::sys::backtrace::BacktraceLock>::print::DisplayBacktrace as core[df12db4294e9bfd3]::fmt::Display>::fmt
[INFO] [stdout]                                at /rustc/dfb0accb7f508ae8be965d8629557221c889dd98/library/std/src/sys/backtrace.rs:44:26
[INFO] [stdout]    4:     0x5edbc7fd6aaa - <core[df12db4294e9bfd3]::fmt::rt::Argument>::fmt
[INFO] [stdout]                                at /rustc/dfb0accb7f508ae8be965d8629557221c889dd98/library/core/src/fmt/rt.rs:152:76
[INFO] [stdout]    5:     0x5edbc7fd6aaa - core[df12db4294e9bfd3]::fmt::write
[INFO] [stdout]    6:     0x5edbc7fc628c - core[df12db4294e9bfd3]::io::write::default_write_fmt::<alloc[2182bb758b4b3781]::vec::Vec<u8>>
[INFO] [stdout]                                at /rustc/dfb0accb7f508ae8be965d8629557221c889dd98/library/core/src/io/write.rs:402:11
[INFO] [stdout]    7:     0x5edbc7fc628c - <alloc[2182bb758b4b3781]::vec::Vec<u8> as core[df12db4294e9bfd3]::io::write::Write>::write_fmt
[INFO] [stdout]                                at /rustc/dfb0accb7f508ae8be965d8629557221c889dd98/library/core/src/io/write.rs:335:13
[INFO] [stdout]    8:     0x5edbc7f9dee6 - <std[70759c8f55707aa4]::sys::backtrace::BacktraceLock>::print
[INFO] [stdout]                                at /rustc/dfb0accb7f508ae8be965d8629557221c889dd98/library/std/src/sys/backtrace.rs:47:9
[INFO] [stdout]    9:     0x5edbc7f9dee6 - std[70759c8f55707aa4]::panicking::default_hook::{closure#0}
[INFO] [stdout]                                at /rustc/dfb0accb7f508ae8be965d8629557221c889dd98/library/std/src/panicking.rs:292:27
[INFO] [stdout]   10:     0x5edbc7fba1e9 - std[70759c8f55707aa4]::panicking::default_hook
[INFO] [stdout]                                at /rustc/dfb0accb7f508ae8be965d8629557221c889dd98/library/std/src/panicking.rs:316:9
[INFO] [stdout]   11:     0x5edbc7f55f90 - <alloc[2182bb758b4b3781]::boxed::Box<dyn for<'a, 'b> core[df12db4294e9bfd3]::ops::function::Fn<(&'a std[70759c8f55707aa4]::panic::PanicHookInfo<'b>,), Output = ()> + core[df12db4294e9bfd3]::marker::Send + core[df12db4294e9bfd3]::marker::Sync> as core[df12db4294e9bfd3]::ops::function::Fn<(&std[70759c8f55707aa4]::panic::PanicHookInfo,)>>::call
[INFO] [stdout]                                at /rustc/dfb0accb7f508ae8be965d8629557221c889dd98/library/alloc/src/boxed.rs:2334:9
[INFO] [stdout]   12:     0x5edbc7f55f90 - test[9d35eded1c95d3be]::test_main_inner::<test[9d35eded1c95d3be]::test_main_static::{closure#0}>::{closure#0}
[INFO] [stdout]                                at /rustc/dfb0accb7f508ae8be965d8629557221c889dd98/library/test/src/lib.rs:155:21
[INFO] [stdout]   13:     0x5edbc7fba3a2 - <alloc[2182bb758b4b3781]::boxed::Box<dyn for<'a, 'b> core[df12db4294e9bfd3]::ops::function::Fn<(&'a std[70759c8f55707aa4]::panic::PanicHookInfo<'b>,), Output = ()> + core[df12db4294e9bfd3]::marker::Send + core[df12db4294e9bfd3]::marker::Sync> as core[df12db4294e9bfd3]::ops::function::Fn<(&std[70759c8f55707aa4]::panic::PanicHookInfo,)>>::call
[INFO] [stdout]                                at /rustc/dfb0accb7f508ae8be965d8629557221c889dd98/library/alloc/src/boxed.rs:2334:9
[INFO] [stdout]   14:     0x5edbc7fba3a2 - std[70759c8f55707aa4]::panicking::panic_with_hook
[INFO] [stdout]                                at /rustc/dfb0accb7f508ae8be965d8629557221c889dd98/library/std/src/panicking.rs:823:13
[INFO] [stdout]   15:     0x5edbc7f9dfc4 - std[70759c8f55707aa4]::panicking::panic_handler::{closure#0}
[INFO] [stdout]                                at /rustc/dfb0accb7f508ae8be965d8629557221c889dd98/library/std/src/panicking.rs:681:13
[INFO] [stdout]   16:     0x5edbc7f96b89 - std[70759c8f55707aa4]::sys::backtrace::__rust_end_short_backtrace::<std[70759c8f55707aa4]::panicking::panic_handler::{closure#0}, !>
[INFO] [stdout]                                at /rustc/dfb0accb7f508ae8be965d8629557221c889dd98/library/std/src/sys/backtrace.rs:182:18
[INFO] [stdout]   17:     0x5edbc7f9eb8d - __rustc[8fa7c3cbc660c2b3]::rust_begin_unwind
[INFO] [stdout]                                at /rustc/dfb0accb7f508ae8be965d8629557221c889dd98/library/std/src/panicking.rs:679:5
[INFO] [stdout]   18:     0x5edbc7fd723c - core[df12db4294e9bfd3]::panicking::panic_fmt
[INFO] [stdout]                                at /rustc/dfb0accb7f508ae8be965d8629557221c889dd98/library/core/src/panicking.rs:80:14
[INFO] [stdout]   19:     0x5edbc7f1659e - manifest[21656d073b4e3281]::path_dependency_versions_match_the_workspace_version
[INFO] [stdout]                                at /opt/rustwide/workdir/crates/mcp/tests/manifest.rs:71:5
[INFO] [stdout]   20:     0x5edbc7f152b7 - manifest[21656d073b4e3281]::path_dependency_versions_match_the_workspace_version::{closure#0}
[INFO] [stdout]                                at /opt/rustwide/workdir/crates/mcp/tests/manifest.rs:56:58
[INFO] [stdout]   21:     0x5edbc7f1ad46 - <manifest[21656d073b4e3281]::path_dependency_versions_match_the_workspace_version::{closure#0} as core[df12db4294e9bfd3]::ops::function::FnOnce<()>>::call_once
[INFO] [stdout]                                at /rustc/dfb0accb7f508ae8be965d8629557221c889dd98/library/core/src/ops/function.rs:250:5
[INFO] [stdout]   22:     0x5edbc7f4927b - <fn() -> core[df12db4294e9bfd3]::result::Result<(), alloc[2182bb758b4b3781]::string::String> as core[df12db4294e9bfd3]::ops::function::FnOnce<()>>::call_once
[INFO] [stdout]                                at /rustc/dfb0accb7f508ae8be965d8629557221c889dd98/library/core/src/ops/function.rs:250:5
[INFO] [stdout]   23:     0x5edbc7f4927b - test[9d35eded1c95d3be]::__rust_begin_short_backtrace::<core[df12db4294e9bfd3]::result::Result<(), alloc[2182bb758b4b3781]::string::String>, fn() -> core[df12db4294e9bfd3]::result::Result<(), alloc[2182bb758b4b3781]::string::String>>
[INFO] [stdout]                                at /rustc/dfb0accb7f508ae8be965d8629557221c889dd98/library/test/src/lib.rs:733:18
[INFO] [stdout]   24:     0x5edbc7f568e5 - test[9d35eded1c95d3be]::run_test_in_process::{closure#0}
[INFO] [stdout]                                at /rustc/dfb0accb7f508ae8be965d8629557221c889dd98/library/test/src/lib.rs:756:74
[INFO] [stdout]   25:     0x5edbc7f568e5 - <core[df12db4294e9bfd3]::panic::unwind_safe::AssertUnwindSafe<test[9d35eded1c95d3be]::run_test_in_process::{closure#0}> as core[df12db4294e9bfd3]::ops::function::FnOnce<()>>::call_once
[INFO] [stdout]                                at /rustc/dfb0accb7f508ae8be965d8629557221c889dd98/library/core/src/panic/unwind_safe.rs:275:9
[INFO] [stdout]   26:     0x5edbc7f568e5 - std[70759c8f55707aa4]::panicking::catch_unwind::do_call::<core[df12db4294e9bfd3]::panic::unwind_safe::AssertUnwindSafe<test[9d35eded1c95d3be]::run_test_in_process::{closure#0}>, core[df12db4294e9bfd3]::result::Result<(), alloc[2182bb758b4b3781]::string::String>>
[INFO] [stdout]                                at /rustc/dfb0accb7f508ae8be965d8629557221c889dd98/library/std/src/panicking.rs:576:43
[INFO] [stdout]   27:     0x5edbc7f568e5 - std[70759c8f55707aa4]::panicking::catch_unwind::<core[df12db4294e9bfd3]::result::Result<(), alloc[2182bb758b4b3781]::string::String>, core[df12db4294e9bfd3]::panic::unwind_safe::AssertUnwindSafe<test[9d35eded1c95d3be]::run_test_in_process::{closure#0}>>
[INFO] [stdout]                                at /rustc/dfb0accb7f508ae8be965d8629557221c889dd98/library/std/src/panicking.rs:544:19
[INFO] [stdout]   28:     0x5edbc7f568e5 - std[70759c8f55707aa4]::panic::catch_unwind::<core[df12db4294e9bfd3]::panic::unwind_safe::AssertUnwindSafe<test[9d35eded1c95d3be]::run_test_in_process::{closure#0}>, core[df12db4294e9bfd3]::result::Result<(), alloc[2182bb758b4b3781]::string::String>>
[INFO] [stdout]                                at /rustc/dfb0accb7f508ae8be965d8629557221c889dd98/library/std/src/panic.rs:359:14
[INFO] [stdout]   29:     0x5edbc7f568e5 - test[9d35eded1c95d3be]::run_test_in_process
[INFO] [stdout]                                at /rustc/dfb0accb7f508ae8be965d8629557221c889dd98/library/test/src/lib.rs:756:27
[INFO] [stdout]   30:     0x5edbc7f568e5 - test[9d35eded1c95d3be]::run_test::{closure#0}
[INFO] [stdout]                                at /rustc/dfb0accb7f508ae8be965d8629557221c889dd98/library/test/src/lib.rs:677:43
[INFO] [stdout]   31:     0x5edbc7f501a4 - test[9d35eded1c95d3be]::run_test::{closure#1}
[INFO] [stdout]                                at /rustc/dfb0accb7f508ae8be965d8629557221c889dd98/library/test/src/lib.rs:707:41
[INFO] [stdout]   32:     0x5edbc7f501a4 - std[70759c8f55707aa4]::sys::backtrace::__rust_begin_short_backtrace::<test[9d35eded1c95d3be]::run_test::{closure#1}, ()>
[INFO] [stdout]                                at /rustc/dfb0accb7f508ae8be965d8629557221c889dd98/library/std/src/sys/backtrace.rs:166:18
[INFO] [stdout]   33:     0x5edbc7f59a42 - std[70759c8f55707aa4]::thread::lifecycle::spawn_unchecked::<test[9d35eded1c95d3be]::run_test::{closure#1}, ()>::{closure#1}::{closure#0}
[INFO] [stdout]                                at /rustc/dfb0accb7f508ae8be965d8629557221c889dd98/library/std/src/thread/lifecycle.rs:70:13
[INFO] [stdout]   34:     0x5edbc7f59a42 - <core[df12db4294e9bfd3]::panic::unwind_safe::AssertUnwindSafe<std[70759c8f55707aa4]::thread::lifecycle::spawn_unchecked<test[9d35eded1c95d3be]::run_test::{closure#1}, ()>::{closure#1}::{closure#0}> as core[df12db4294e9bfd3]::ops::function::FnOnce<()>>::call_once
[INFO] [stdout]                                at /rustc/dfb0accb7f508ae8be965d8629557221c889dd98/library/core/src/panic/unwind_safe.rs:275:9
[INFO] [stdout]   35:     0x5edbc7f59a42 - std[70759c8f55707aa4]::panicking::catch_unwind::do_call::<core[df12db4294e9bfd3]::panic::unwind_safe::AssertUnwindSafe<std[70759c8f55707aa4]::thread::lifecycle::spawn_unchecked<test[9d35eded1c95d3be]::run_test::{closure#1}, ()>::{closure#1}::{closure#0}>, ()>
[INFO] [stdout]                                at /rustc/dfb0accb7f508ae8be965d8629557221c889dd98/library/std/src/panicking.rs:576:43
[INFO] [stdout]   36:     0x5edbc7f59a42 - std[70759c8f55707aa4]::panicking::catch_unwind::<(), core[df12db4294e9bfd3]::panic::unwind_safe::AssertUnwindSafe<std[70759c8f55707aa4]::thread::lifecycle::spawn_unchecked<test[9d35eded1c95d3be]::run_test::{closure#1}, ()>::{closure#1}::{closure#0}>>
[INFO] [stdout]                                at /rustc/dfb0accb7f508ae8be965d8629557221c889dd98/library/std/src/panicking.rs:544:19
[INFO] [stdout]   37:     0x5edbc7f59a42 - std[70759c8f55707aa4]::panic::catch_unwind::<core[df12db4294e9bfd3]::panic::unwind_safe::AssertUnwindSafe<std[70759c8f55707aa4]::thread::lifecycle::spawn_unchecked<test[9d35eded1c95d3be]::run_test::{closure#1}, ()>::{closure#1}::{closure#0}>, ()>
[INFO] [stdout]                                at /rustc/dfb0accb7f508ae8be965d8629557221c889dd98/library/std/src/panic.rs:359:14
[INFO] [stdout]   38:     0x5edbc7f59a42 - std[70759c8f55707aa4]::thread::lifecycle::spawn_unchecked::<test[9d35eded1c95d3be]::run_test::{closure#1}, ()>::{closure#1}
[INFO] [stdout]                                at /rustc/dfb0accb7f508ae8be965d8629557221c889dd98/library/std/src/thread/lifecycle.rs:68:26
[INFO] [stdout]   39:     0x5edbc7f59a42 - <std[70759c8f55707aa4]::thread::lifecycle::spawn_unchecked<test[9d35eded1c95d3be]::run_test::{closure#1}, ()>::{closure#1} as core[df12db4294e9bfd3]::ops::function::FnOnce<()>>::call_once::{shim:vtable#0}
[INFO] [stdout]                                at /rustc/dfb0accb7f508ae8be965d8629557221c889dd98/library/core/src/ops/function.rs:250:5
[INFO] [stdout]   40:     0x5edbc7fc1359 - <alloc[2182bb758b4b3781]::boxed::Box<dyn core[df12db4294e9bfd3]::ops::function::FnOnce<(), Output = ()> + core[df12db4294e9bfd3]::marker::Send> as core[df12db4294e9bfd3]::ops::function::FnOnce<()>>::call_once
[INFO] [stdout]                                at /rustc/dfb0accb7f508ae8be965d8629557221c889dd98/library/alloc/src/boxed.rs:2320:9
[INFO] [stdout]   41:     0x5edbc7fc1359 - <std[70759c8f55707aa4]::sys::thread::unix::Thread>::new::thread_start
[INFO] [stdout]                                at /rustc/dfb0accb7f508ae8be965d8629557221c889dd98/library/std/src/sys/thread/unix.rs:123:17
[INFO] [stdout]   42:     0x79da52083dfa - <unknown>
[INFO] [stdout]   43:     0x79da521173d4 - clone
[INFO] [stdout]   44:                0x0 - <unknown>
[INFO] [stdout] 
[INFO] [stdout] 
[INFO] [stdout] failures:
[INFO] [stdout]     path_dependency_versions_match_the_workspace_version
[INFO] [stdout] 
[INFO] [stdout] test result: FAILED. 1 passed; 1 failed; 0 ignored; 0 measured; 0 filtered out; finished in 0.09s
[INFO] [stdout] 
[INFO] [stderr] error: test failed, to rerun pass `-p kineto --test manifest`
[INFO] running `Command { std: "docker" "inspect" "8e664bce060cc770f3475597b19ffaef262c8bb657e58404d774f28913252d37", kill_on_drop: false }`
[INFO] running `Command { std: "docker" "rm" "-f" "8e664bce060cc770f3475597b19ffaef262c8bb657e58404d774f28913252d37", kill_on_drop: false }`
[INFO] [stdout] 8e664bce060cc770f3475597b19ffaef262c8bb657e58404d774f28913252d37
