[INFO] cloning repository https://github.com/Ahineya/braintease
[INFO] running `Command { std: "git" "-c" "credential.helper=" "-c" "credential.helper=/workspace/cargo-home/bin/git-credential-null" "clone" "--bare" "https://github.com/Ahineya/braintease" "/workspace/cache/git-repos/https%3A%2F%2Fgithub.com%2FAhineya%2Fbraintease", kill_on_drop: false }`
[INFO] [stderr] Cloning into bare repository '/workspace/cache/git-repos/https%3A%2F%2Fgithub.com%2FAhineya%2Fbraintease'...
[INFO] running `Command { std: "git" "rev-parse" "HEAD", kill_on_drop: false }`
[INFO] [stdout] 8057c1bc892b8d4f1b9c56fe587c028391a286b8
[INFO] testing Ahineya/braintease against 1.99.0-beta.8 for beta-1.100-2
[INFO] running `Command { std: "git" "clone" "/workspace/cache/git-repos/https%3A%2F%2Fgithub.com%2FAhineya%2Fbraintease" "/workspace/builds/worker-4-tc1/source", kill_on_drop: false }`
[INFO] [stderr] Cloning into '/workspace/builds/worker-4-tc1/source'...
[INFO] [stderr] done.
[INFO] started tweaking git repo https://github.com/Ahineya/braintease
[INFO] finished tweaking git repo https://github.com/Ahineya/braintease
[INFO] tweaked toml for git repo https://github.com/Ahineya/braintease written to /workspace/builds/worker-4-tc1/source/Cargo.toml
[INFO] validating manifest of git repo https://github.com/Ahineya/braintease on toolchain 1.99.0-beta.8
[INFO] running `Command { std: CARGO_HOME="/workspace/cargo-home" RUSTUP_HOME="/workspace/rustup-home" "/workspace/cargo-home/bin/cargo" "+1.99.0-beta.8" "metadata" "--manifest-path" "Cargo.toml" "--no-deps", kill_on_drop: false }`
[INFO] crate git repo https://github.com/Ahineya/braintease already has a lockfile, it will not be regenerated
[INFO] running `Command { std: CARGO_HOME="/workspace/cargo-home" RUSTUP_HOME="/workspace/rustup-home" "/workspace/cargo-home/bin/cargo" "+1.99.0-beta.8" "fetch" "--manifest-path" "Cargo.toml", kill_on_drop: false }`
[INFO] [stderr]     Blocking waiting for file lock on package cache
[INFO] [stderr]     Updating crates.io index
[INFO] [stderr]  Downloading crates ...
[INFO] [stderr]   Downloaded winit_input_helper v0.14.1
[INFO] [stderr]   Downloaded wayland-scanner v0.29.5
[INFO] [stderr]   Downloaded xml-rs v0.8.27
[INFO] [stderr]   Downloaded simd-adler32 v0.3.7
[INFO] [stderr]   Downloaded wayland-sys v0.29.5
[INFO] [stderr]   Downloaded libredox v0.1.9
[INFO] [stderr]   Downloaded block2 v0.2.0-alpha.6
[INFO] [stderr]   Downloaded block-sys v0.1.0-beta.1
[INFO] [stderr]   Downloaded windows-targets v0.53.3
[INFO] [stderr]   Downloaded wayland-cursor v0.29.5
[INFO] [stderr]   Downloaded signal-hook-mio v0.2.4
[INFO] [stderr]   Downloaded wayland-commons v0.29.5
[INFO] [stderr]   Downloaded ab_glyph v0.2.31
[INFO] [stderr]   Downloaded objc-sys v0.2.0-beta.2
[INFO] [stderr]   Downloaded num_enum_derive v0.5.11
[INFO] [stderr]   Downloaded instability v0.3.9
[INFO] [stderr]   Downloaded memmap2 v0.5.10
[INFO] [stderr]   Downloaded redox_syscall v0.5.17
[INFO] [stderr]   Downloaded num_enum v0.5.11
[INFO] [stderr]   Downloaded core-graphics v0.22.3
[INFO] [stderr]   Downloaded indoc v2.0.6
[INFO] [stderr]   Downloaded signal-hook-registry v1.4.6
[INFO] [stderr]   Downloaded sctk-adwaita v0.5.4
[INFO] [stderr]   Downloaded objc2-encode v2.0.0-pre.2
[INFO] [stderr]   Downloaded tiny-skia-path v0.8.4
[INFO] [stderr]   Downloaded bytemuck v1.23.2
[INFO] [stderr]   Downloaded redox_syscall v0.3.5
[INFO] [stderr]   Downloaded calloop v0.10.6
[INFO] [stderr]   Downloaded slotmap v1.0.7
[INFO] [stderr]   Downloaded clap_lex v0.7.5
[INFO] [stderr]   Downloaded anstyle v1.0.11
[INFO] [stderr]   Downloaded is_terminal_polyfill v1.70.1
[INFO] [stderr]   Downloaded anstyle-query v1.1.4
[INFO] [stderr]   Downloaded renderdoc-sys v0.7.1
[INFO] [stderr]   Downloaded anstream v0.6.20
[INFO] [stderr]   Downloaded wayland-client v0.29.5
[INFO] [stderr]   Downloaded ndk v0.7.0
[INFO] [stderr]   Downloaded tui-textarea v0.4.0
[INFO] [stderr]   Downloaded clap_derive v4.5.41
[INFO] [stderr]   Downloaded cc v1.2.33
[INFO] [stderr]   Downloaded clap v4.5.43
[INFO] [stderr]   Downloaded anstyle-wincon v3.0.10
[INFO] [stderr]   Downloaded once_cell_polyfill v1.70.1
[INFO] [stderr]   Downloaded khronos-egl v4.1.0
[INFO] [stderr]   Downloaded com-rs v0.2.1
[INFO] [stderr]   Downloaded gpu-descriptor v0.2.4
[INFO] [stderr]   Downloaded wayland-protocols v0.29.5
[INFO] [stderr]   Downloaded smithay-client-toolkit v0.16.1
[INFO] [stderr]   Downloaded stability v0.2.1
[INFO] [stderr]   Downloaded wgpu-types v0.15.2
[INFO] [stderr]   Downloaded objc_exception v0.1.2
[INFO] [stderr]   Downloaded spirv v0.2.0+1.5.4
[INFO] [stderr]   Downloaded codespan-reporting v0.11.1
[INFO] [stderr]   Downloaded libloading v0.7.4
[INFO] [stderr]   Downloaded widestring v0.5.1
[INFO] [stderr]   Downloaded gpu-descriptor-types v0.1.2
[INFO] [stderr]   Downloaded gpu-alloc-types v0.2.0
[INFO] [stderr]   Downloaded wasm-bindgen-futures v0.4.45
[INFO] [stderr]   Downloaded is-terminal v0.4.16
[INFO] [stderr]   Downloaded humantime v2.2.0
[INFO] [stderr]   Downloaded objc2 v0.3.0-beta.3.patch-leaks.3
[INFO] [stderr]   Downloaded hassle-rs v0.9.0
[INFO] [stderr]   Downloaded gpu-alloc v0.5.4
[INFO] [stderr]   Downloaded d3d12 v0.6.0
[INFO] [stderr]   Downloaded tiny-skia v0.8.4
[INFO] [stderr]   Downloaded gpu-allocator v0.22.0
[INFO] [stderr]   Downloaded ultraviolet v0.9.2
[INFO] [stderr]   Downloaded pollster v0.2.5
[INFO] [stderr]   Downloaded serde_json v1.0.142
[INFO] [stderr]   Downloaded clap_builder v4.5.43
[INFO] [stderr]   Downloaded wgpu v0.15.1
[INFO] [stderr]   Downloaded android-activity v0.4.3
[INFO] [stderr]   Downloaded glow v0.12.3
[INFO] [stderr]   Downloaded nix v0.24.3
[INFO] [stderr]   Downloaded nix v0.25.1
[INFO] [stderr]   Downloaded socket2 v0.6.0
[INFO] [stderr]   Downloaded io-uring v0.7.9
[INFO] [stderr]   Downloaded winit v0.28.7
[INFO] [stderr]   Downloaded ndk-sys v0.4.1+23.1.7779620
[INFO] [stderr]   Downloaded wgpu-core v0.15.1
[INFO] [stderr]   Downloaded portable-atomic v1.11.1
[INFO] [stderr]   Downloaded wgpu-hal v0.15.4
[INFO] [stderr]   Downloaded env_logger v0.11.8
[INFO] [stderr]   Downloaded env_logger v0.10.2
[INFO] [stderr]   Downloaded uuid v1.18.0
[INFO] [stderr]   Downloaded ratatui v0.26.3
[INFO] [stderr]   Downloaded ash v0.37.3+1.3.251
[INFO] [stderr]   Downloaded indicatif v0.17.11
[INFO] [stderr]   Downloaded web-sys v0.3.72
[INFO] [stderr]   Downloaded naga v0.11.1
[INFO] [stderr]   Downloaded metal v0.24.0
[INFO] [stderr]   Downloaded orbclient v0.3.48
[INFO] [stderr]   Downloaded anyhow v1.0.99
[INFO] [stderr]   Downloaded env_filter v0.1.3
[INFO] [stderr]   Downloaded jiff-static v0.2.15
[INFO] [stderr]   Downloaded jiff v0.2.15
[INFO] [stderr]   Downloaded windows v0.44.0
[INFO] [stderr]   Downloaded pixels v0.12.1
[INFO] running `Command { std: "docker" "create" "-v" "/var/lib/crater-agent-workspace/builds/worker-4-tc1/source:/opt/rustwide/workdir:ro,Z" "-v" "/var/lib/crater-agent-workspace/builds/worker-4-tc1/target:/opt/rustwide/target:rw,Z" "-v" "/var/lib/crater-agent-workspace/cargo-home:/opt/rustwide/cargo-home:ro,Z" "-v" "/var/lib/crater-agent-workspace/rustup-home:/opt/rustwide/rustup-home:ro,Z" "-m" "1610612736" "--network" "none" "ghcr.io/rust-lang/crates-build-env/linux@sha256:3111399a4047eeb3a02b7a90e478d715f38a8c6669b5c4b49d30a17385265909" "sleep" "infinity", kill_on_drop: false }`
[INFO] [stdout] f77b40806dc061fdb68fb7356533c225b0b0e1f30f64e8277f3d86cec0ca0e7e
[INFO] running `Command { std: "docker" "start" "f77b40806dc061fdb68fb7356533c225b0b0e1f30f64e8277f3d86cec0ca0e7e", kill_on_drop: false }`
[INFO] running `Command { std: "docker" "inspect" "f77b40806dc061fdb68fb7356533c225b0b0e1f30f64e8277f3d86cec0ca0e7e", kill_on_drop: false }`
[INFO] running `Command { std: "docker" "exec" "-e" "SOURCE_DIR=/opt/rustwide/workdir" "-e" "CARGO_HOME=/opt/rustwide/cargo-home" "-e" "RUSTUP_HOME=/opt/rustwide/rustup-home" "-e" "CARGO_TARGET_DIR=/opt/rustwide/target" "-w" "/opt/rustwide/workdir" "--user" "0:0" "f77b40806dc061fdb68fb7356533c225b0b0e1f30f64e8277f3d86cec0ca0e7e" "/opt/rustwide/cargo-home/bin/cargo" "+1.99.0-beta.8" "metadata" "--no-deps" "--format-version=1", kill_on_drop: false }`
[INFO] running `Command { std: "docker" "inspect" "f77b40806dc061fdb68fb7356533c225b0b0e1f30f64e8277f3d86cec0ca0e7e", kill_on_drop: false }`
[INFO] running `Command { std: "docker" "exec" "-e" "SOURCE_DIR=/opt/rustwide/workdir" "-e" "CARGO_HOME=/opt/rustwide/cargo-home" "-e" "RUSTUP_HOME=/opt/rustwide/rustup-home" "-e" "CARGO_TARGET_DIR=/opt/rustwide/target" "-e" "CARGO_INCREMENTAL=0" "-e" "RUST_BACKTRACE=full" "-e" "RUSTFLAGS=--cap-lints=warn" "-e" "RUSTDOCFLAGS=--cap-lints=warn" "-w" "/opt/rustwide/workdir" "--user" "0:0" "f77b40806dc061fdb68fb7356533c225b0b0e1f30f64e8277f3d86cec0ca0e7e" "/opt/rustwide/cargo-home/bin/cargo" "+1.99.0-beta.8" "build" "--frozen" "--message-format=json", kill_on_drop: false }`
[INFO] [stderr]    Compiling proc-macro2 v1.0.95
[INFO] [stderr]    Compiling unicode-ident v1.0.18
[INFO] [stderr]    Compiling libc v0.2.175
[INFO] [stderr]    Compiling cfg-if v1.0.1
[INFO] [stderr]    Compiling autocfg v1.5.0
[INFO] [stderr]    Compiling log v0.4.27
[INFO] [stderr]    Compiling smallvec v1.15.1
[INFO] [stderr]    Compiling bitflags v1.3.2
[INFO] [stderr]    Compiling once_cell v1.21.3
[INFO] [stderr]    Compiling version_check v0.9.5
[INFO] [stderr]    Compiling pkg-config v0.3.32
[INFO] [stderr]    Compiling parking_lot_core v0.9.11
[INFO] [stderr]    Compiling scopeguard v1.2.0
[INFO] [stderr]    Compiling thiserror v1.0.69
[INFO] [stderr]    Compiling bitflags v2.9.1
[INFO] [stderr]    Compiling strsim v0.11.1
[INFO] [stderr]    Compiling heck v0.5.0
[INFO] [stderr]    Compiling xml-rs v0.8.27
[INFO] [stderr]    Compiling allocator-api2 v0.2.21
[INFO] [stderr]    Compiling memchr v2.7.5
[INFO] [stderr]    Compiling lock_api v0.4.13
[INFO] [stderr]    Compiling memoffset v0.6.5
[INFO] [stderr]    Compiling unicode-width v0.1.14
[INFO] [stderr]    Compiling quote v1.0.40
[INFO] [stderr]    Compiling rustversion v1.0.22
[INFO] [stderr]    Compiling syn v2.0.104
[INFO] [stderr]    Compiling aho-corasick v1.1.3
[INFO] [stderr]    Compiling signal-hook v0.3.18
[INFO] [stderr]    Compiling itoa v1.0.15
[INFO] [stderr]    Compiling regex-syntax v0.8.5
[INFO] [stderr]    Compiling ryu v1.0.20
[INFO] [stderr]    Compiling utf8parse v0.2.2
[INFO] [stderr]    Compiling wayland-scanner v0.29.5
[INFO] [stderr]    Compiling anstyle-parse v0.2.7
[INFO] [stderr]    Compiling wayland-sys v0.29.5
[INFO] [stderr]    Compiling libloading v0.8.8
[INFO] [stderr]    Compiling lazy_static v1.5.0
[INFO] [stderr]    Compiling anstyle v1.0.11
[INFO] [stderr]    Compiling colorchoice v1.0.4
[INFO] [stderr]    Compiling termcolor v1.4.1
[INFO] [stderr]    Compiling static_assertions v1.1.0
[INFO] [stderr]    Compiling anstyle-query v1.1.4
[INFO] [stderr]    Compiling either v1.15.0
[INFO] [stderr]    Compiling is_terminal_polyfill v1.70.1
[INFO] [stderr]    Compiling anstream v0.6.20
[INFO] [stderr]    Compiling dlib v0.5.2
[INFO] [stderr]    Compiling serde v1.0.219
[INFO] [stderr]    Compiling zerocopy v0.8.26
[INFO] [stderr]    Compiling bytemuck v1.23.2
[INFO] [stderr]    Compiling mio v0.8.11
[INFO] [stderr]    Compiling signal-hook-registry v1.4.6
[INFO] [stderr]    Compiling mio v1.0.4
[INFO] [stderr]    Compiling parking_lot v0.12.4
[INFO] [stderr]    Compiling wayland-client v0.29.5
[INFO] [stderr]    Compiling signal-hook-mio v0.2.4
[INFO] [stderr]    Compiling nix v0.24.3
[INFO] [stderr]    Compiling castaway v0.2.4
[INFO] [stderr]    Compiling num-traits v0.2.19
[INFO] [stderr]    Compiling ahash v0.8.12
[INFO] [stderr]    Compiling thiserror v2.0.12
[INFO] [stderr]    Compiling paste v1.0.15
[INFO] [stderr]    Compiling arrayvec v0.7.6
[INFO] [stderr]    Compiling simd-adler32 v0.3.7
[INFO] [stderr]    Compiling equivalent v1.0.2
[INFO] [stderr]    Compiling clap_lex v0.7.5
[INFO] [stderr]    Compiling crc32fast v1.5.0
[INFO] [stderr]    Compiling foldhash v0.1.5
[INFO] [stderr]    Compiling regex-automata v0.4.9
[INFO] [stderr]    Compiling clap_builder v4.5.43
[INFO] [stderr]    Compiling hashbrown v0.15.5
[INFO] [stderr]    Compiling itertools v0.13.0
[INFO] [stderr]    Compiling wayland-commons v0.29.5
[INFO] [stderr]    Compiling indexmap v1.9.3
[INFO] [stderr]    Compiling slotmap v1.0.7
[INFO] [stderr]    Compiling adler2 v2.0.1
[INFO] [stderr]    Compiling scoped-tls v1.0.1
[INFO] [stderr]    Compiling downcast-rs v1.2.1
[INFO] [stderr]    Compiling unicode-segmentation v1.12.0
[INFO] [stderr]    Compiling serde_json v1.0.142
[INFO] [stderr]    Compiling miniz_oxide v0.8.9
[INFO] [stderr]    Compiling lru v0.12.5
[INFO] [stderr]    Compiling unicode-truncate v1.1.0
[INFO] [stderr]    Compiling regex v1.11.1
[INFO] [stderr]    Compiling wayland-protocols v0.29.5
[INFO] [stderr]    Compiling libloading v0.7.4
[INFO] [stderr]    Compiling ash v0.37.3+1.3.251
[INFO] [stderr]    Compiling hashbrown v0.12.3
[INFO] [stderr]    Compiling khronos-egl v4.1.0
[INFO] [stderr]    Compiling fnv v1.0.7
[INFO] [stderr]    Compiling bit-vec v0.6.3
[INFO] [stderr]    Compiling cassowary v0.3.0
[INFO] [stderr]    Compiling ident_case v1.0.1
[INFO] [stderr]    Compiling raw-window-handle v0.5.2
[INFO] [stderr]    Compiling darling_core v0.20.11
[INFO] [stderr]    Compiling thiserror-impl v1.0.69
[INFO] [stderr]    Compiling serde_derive v1.0.219
[INFO] [stderr]    Compiling thiserror-impl v2.0.12
[INFO] [stderr]    Compiling clap_derive v4.5.41
[INFO] [stderr]    Compiling strum_macros v0.26.4
[INFO] [stderr]    Compiling bit-set v0.5.3
[INFO] [stderr]    Compiling spirv v0.2.0+1.5.4
[INFO] [stderr]    Compiling flate2 v1.1.2
[INFO] [stderr]    Compiling clap v4.5.43
[INFO] [stderr]    Compiling hashbrown v0.14.5
[INFO] [stderr]    Compiling fdeflate v0.3.7
[INFO] [stderr]    Compiling crossterm v0.27.0
[INFO] [stderr]    Compiling nix v0.25.1
[INFO] [stderr]    Compiling codespan-reporting v0.11.1
[INFO] [stderr]    Compiling strum v0.26.3
[INFO] [stderr]    Compiling smithay-client-toolkit v0.16.1
[INFO] [stderr]    Compiling gpu-descriptor-types v0.1.2
[INFO] [stderr]    Compiling gpu-alloc-types v0.2.0
[INFO] [stderr]    Compiling ttf-parser v0.25.1
[INFO] [stderr]    Compiling strict-num v0.1.1
[INFO] [stderr]    Compiling byteorder v1.5.0
[INFO] [stderr]    Compiling rustix v0.38.44
[INFO] [stderr]    Compiling xcursor v0.3.10
[INFO] [stderr]    Compiling arrayref v0.3.9
[INFO] [stderr]    Compiling hexf-parse v0.2.1
[INFO] [stderr]    Compiling vec_map v0.8.2
[INFO] [stderr]    Compiling unicode-xid v0.2.6
[INFO] [stderr]    Compiling rustc-hash v1.1.0
[INFO] [stderr]    Compiling naga v0.11.1
[INFO] [stderr]    Compiling tiny-skia-path v0.8.4
[INFO] [stderr]    Compiling wayland-cursor v0.29.5
[INFO] [stderr]    Compiling fxhash v0.2.1
[INFO] [stderr]    Compiling gpu-alloc v0.5.4
[INFO] [stderr]    Compiling calloop v0.10.6
[INFO] [stderr]    Compiling gpu-descriptor v0.2.4
[INFO] [stderr]    Compiling png v0.17.16
[INFO] [stderr]    Compiling darling_macro v0.20.11
[INFO] [stderr]    Compiling stability v0.2.1
[INFO] [stderr]    Compiling compact_str v0.7.1
[INFO] [stderr]    Compiling memmap2 v0.5.10
[INFO] [stderr]    Compiling itertools v0.12.1
[INFO] [stderr]    Compiling x11-dl v2.21.0
[INFO] [stderr]    Compiling wgpu-types v0.15.2
[INFO] [stderr]    Compiling instability v0.3.9
[INFO] [stderr]    Compiling owned_ttf_parser v0.25.1
[INFO] [stderr]    Compiling glow v0.12.3
[INFO] [stderr]    Compiling ab_glyph_rasterizer v0.1.10
[INFO] [stderr]    Compiling crossbeam-utils v0.8.21
[INFO] [stderr]    Compiling linux-raw-sys v0.4.15
[INFO] [stderr]    Compiling profiling v1.0.17
[INFO] [stderr]    Compiling cfg_aliases v0.1.1
[INFO] [stderr]    Compiling renderdoc-sys v0.7.1
[INFO] [stderr]    Compiling unicode-width v0.2.0
[INFO] [stderr]    Compiling winit v0.28.7
[INFO] [stderr]    Compiling ratatui v0.26.3
[INFO] [stderr]    Compiling ab_glyph v0.2.31
[INFO] [stderr]    Compiling ripple-asm v0.1.0 (/opt/rustwide/workdir/src/ripple-asm)
[INFO] [stderr]    Compiling tiny-skia v0.8.4
[INFO] [stderr]    Compiling darling v0.20.11
[INFO] [stderr]    Compiling safe_arch v0.7.4
[INFO] [stderr]    Compiling indoc v2.0.6
[INFO] [stderr]    Compiling anyhow v1.0.99
[INFO] [stderr]    Compiling wide v0.7.33
[INFO] [stderr]    Compiling crossterm v0.28.1
[INFO] [stderr]    Compiling rcc-common v0.1.0 (/opt/rustwide/workdir/rcc-common)
[INFO] [stderr]    Compiling compact_str v0.8.1
[INFO] [stderr]    Compiling instant v0.1.13
[INFO] [stderr]    Compiling percent-encoding v2.3.1
[INFO] [stderr]    Compiling crossbeam-epoch v0.9.18
[INFO] [stderr]    Compiling ratatui v0.29.0
[INFO] [stderr]    Compiling ultraviolet v0.9.2
[INFO] [stderr]    Compiling getrandom v0.3.3
[INFO] [stderr]    Compiling rayon-core v1.13.0
[INFO] [stderr]    Compiling pollster v0.2.5
[INFO] [stderr]    Compiling portable-atomic v1.11.1
[INFO] [stderr]    Compiling crossbeam-deque v0.8.6
[INFO] [stderr]    Compiling rcc-frontend v0.1.0 (/opt/rustwide/workdir/rcc-frontend)
[INFO] [stderr]    Compiling is-terminal v0.4.16
[INFO] [stderr]    Compiling colored v2.2.0
[INFO] [stderr]    Compiling humantime v2.2.0
[INFO] [stderr]    Compiling env_logger v0.10.2
[INFO] [stderr]    Compiling console v0.15.11
[INFO] [stderr]    Compiling tokio-macros v2.5.0
[INFO] [stderr]    Compiling socket2 v0.6.0
[INFO] [stderr]    Compiling bytes v1.10.1
[INFO] [stderr]    Compiling pin-project-lite v0.2.16
[INFO] [stderr]    Compiling number_prefix v0.4.0
[INFO] [stderr]    Compiling indicatif v0.17.11
[INFO] [stderr]    Compiling rayon v1.11.0
[INFO] [stderr]    Compiling tui-textarea v0.4.0
[INFO] [stderr]    Compiling tokio v1.47.1
[INFO] [stderr]    Compiling uuid v1.18.0
[INFO] [stderr]    Compiling rcc-preprocessor v0.1.0 (/opt/rustwide/workdir/rcc-preprocessor)
[INFO] [stderr]    Compiling rcc-codegen v0.1.0 (/opt/rustwide/workdir/rcc-codegen)
[INFO] [stderr]    Compiling wgpu-hal v0.15.4
[INFO] [stderr]    Compiling env_filter v0.1.3
[INFO] [stderr]    Compiling num_cpus v1.17.0
[INFO] [stderr]    Compiling jiff v0.2.15
[INFO] [stderr]    Compiling similar v2.7.0
[INFO] [stderr]    Compiling glob v0.3.3
[INFO] [stderr]    Compiling rcc-backend v0.1.0 (/opt/rustwide/workdir/rcc-backend)
[INFO] [stderr]    Compiling wgpu-core v0.15.1
[INFO] [stderr]    Compiling sctk-adwaita v0.5.4
[INFO] [stderr]    Compiling env_logger v0.11.8
[INFO] [stderr]    Compiling rcc-driver v0.1.0 (/opt/rustwide/workdir/rcc-driver)
[INFO] [stderr]    Compiling wgpu v0.15.1
[INFO] [stderr]    Compiling winit_input_helper v0.14.1
[INFO] [stderr]    Compiling pixels v0.12.1
[INFO] [stderr]    Compiling rvm v0.1.0 (/opt/rustwide/workdir/rvm)
[INFO] [stderr]    Compiling rcc-test v0.1.0 (/opt/rustwide/workdir/rcc-test)
[INFO] [stderr]     Finished `dev` profile [unoptimized + debuginfo] target(s) in 4m 18s
[INFO] running `Command { std: "docker" "inspect" "f77b40806dc061fdb68fb7356533c225b0b0e1f30f64e8277f3d86cec0ca0e7e", kill_on_drop: false }`
[INFO] running `Command { std: "docker" "exec" "-e" "SOURCE_DIR=/opt/rustwide/workdir" "-e" "CARGO_HOME=/opt/rustwide/cargo-home" "-e" "RUSTUP_HOME=/opt/rustwide/rustup-home" "-e" "CARGO_TARGET_DIR=/opt/rustwide/target" "-e" "CARGO_INCREMENTAL=0" "-e" "RUST_BACKTRACE=full" "-e" "RUSTFLAGS=--cap-lints=warn" "-e" "RUSTDOCFLAGS=--cap-lints=warn" "-w" "/opt/rustwide/workdir" "--user" "0:0" "f77b40806dc061fdb68fb7356533c225b0b0e1f30f64e8277f3d86cec0ca0e7e" "/opt/rustwide/cargo-home/bin/cargo" "+1.99.0-beta.8" "test" "--frozen" "--no-run" "--message-format=json", kill_on_drop: false }`
[INFO] [stderr]    Compiling yansi v1.0.1
[INFO] [stderr]    Compiling diff v0.1.13
[INFO] [stderr]    Compiling rcc-preprocessor v0.1.0 (/opt/rustwide/workdir/rcc-preprocessor)
[INFO] [stderr]    Compiling rcc-test v0.1.0 (/opt/rustwide/workdir/rcc-test)
[INFO] [stderr]    Compiling rvm v0.1.0 (/opt/rustwide/workdir/rvm)
[INFO] [stderr]    Compiling rcc-driver v0.1.0 (/opt/rustwide/workdir/rcc-driver)
[INFO] [stderr]    Compiling rcc-frontend v0.1.0 (/opt/rustwide/workdir/rcc-frontend)
[INFO] [stderr]    Compiling pretty_assertions v1.4.1
[INFO] [stderr]    Compiling rcc-common v0.1.0 (/opt/rustwide/workdir/rcc-common)
[INFO] [stderr]    Compiling rcc-codegen v0.1.0 (/opt/rustwide/workdir/rcc-codegen)
[INFO] [stderr]    Compiling rcc-backend v0.1.0 (/opt/rustwide/workdir/rcc-backend)
[INFO] [stderr]     Finished `test` profile [unoptimized + debuginfo] target(s) in 23.85s
[INFO] running `Command { std: "docker" "inspect" "f77b40806dc061fdb68fb7356533c225b0b0e1f30f64e8277f3d86cec0ca0e7e", kill_on_drop: false }`
[INFO] running `Command { std: "docker" "exec" "-e" "SOURCE_DIR=/opt/rustwide/workdir" "-e" "CARGO_HOME=/opt/rustwide/cargo-home" "-e" "RUSTUP_HOME=/opt/rustwide/rustup-home" "-e" "CARGO_TARGET_DIR=/opt/rustwide/target" "-e" "CARGO_INCREMENTAL=0" "-e" "RUST_BACKTRACE=full" "-e" "RUSTFLAGS=--cap-lints=warn" "-e" "RUSTDOCFLAGS=--cap-lints=warn" "-w" "/opt/rustwide/workdir" "--user" "0:0" "f77b40806dc061fdb68fb7356533c225b0b0e1f30f64e8277f3d86cec0ca0e7e" "/opt/rustwide/cargo-home/bin/cargo" "+1.99.0-beta.8" "test" "--frozen", kill_on_drop: false }`
[INFO] [stderr]     Finished `test` profile [unoptimized + debuginfo] target(s) in 0.58s
[INFO] [stderr]      Running unittests src/lib.rs (/opt/rustwide/target/debug/deps/rcc_backend-bf1176806d52bc68)
[INFO] [stdout] 
[INFO] [stdout] running 178 tests
[INFO] [stdout] test function::builder::tests::test_simple_function ... ok
[INFO] [stdout] test function::tests::call_end_to_end_tests::test_alternating_types ... ok
[INFO] [stdout] test function::tests::call_end_to_end_tests::test_fat_pointer_loading_both_parts ... ok
[INFO] [stdout] test function::tests::call_end_to_end_tests::test_all_scalars_end_to_end ... ok
[INFO] [stdout] test function::tests::call_end_to_end_tests::test_empty_call ... ok
[INFO] [stdout] test function::tests::call_end_to_end_tests::test_partial_fat_pointer_in_registers ... ok
[INFO] [stdout] test function::tests::call_end_to_end_tests::test_pure_fat_pointers_end_to_end ... ok
[INFO] [stdout] test function::tests::call_end_to_end_tests::test_single_fat_pointer ... ok
[INFO] [stdout] test function::builder::tests::test_function_with_call ... ok
[INFO] [stdout] test function::tests::call_end_to_end_tests::test_mixed_types_end_to_end ... ok
[INFO] [stdout] test function::tests::calling_convention_tests::test_callee_saved_fat_pointers ... ok
[INFO] [stdout] test function::tests::calling_convention_tests::test_all_register_types_mixed ... ok
[INFO] [stdout] test function::tests::call_end_to_end_tests::test_maximum_register_usage ... ok
[INFO] [stdout] test function::tests::calling_convention_tests::test_callee_saved_with_stack_overflow ... ok
[INFO] [stdout] test function::tests::calling_convention_tests::test_callee_saved_partial_fat_pointer ... ok
[INFO] [stdout] test function::tests::call_end_to_end_tests::test_stack_offset_correctness ... ok
[INFO] [stdout] test function::tests::calling_convention_tests::test_callee_saved_registers_as_arguments ... ok
[INFO] [stdout] test function::tests::calling_convention_tests::test_cross_bank_call ... ok
[INFO] [stdout] test function::tests::call_end_to_end_tests::test_single_scalar ... ok
[INFO] [stdout] test function::tests::calling_convention_tests::test_fat_pointer_overflow_to_stack ... ok
[INFO] [stdout] test function::tests::calling_convention_tests::test_load_param_from_registers_and_stack ... ok
[INFO] [stdout] test function::tests::calling_convention_tests::test_mixed_args ... ok
[INFO] [stdout] test function::tests::calling_convention_tests::test_mixed_callee_saved_and_temp_registers ... ok
[INFO] [stdout] test function::tests::calling_convention_tests::test_mixed_param_types_on_stack ... ok
[INFO] [stdout] test function::tests::calling_convention_tests::test_multiple_args_with_overflow_to_stack ... ok
[INFO] [stdout] test function::tests::calling_convention_tests::test_register_based_scalar_args ... ok
[INFO] [stdout] test function::tests::calling_convention_tests::test_return_value_handling ... ok
[INFO] [stdout] test function::tests::calling_convention_tests::test_stack_cleanup ... ok
[INFO] [stdout] test function::tests::calling_convention_tests::test_register_based_fat_pointer_arg ... ok
[INFO] [stdout] test function::tests::lowering_tests::test_epilogue_restores_state ... ok
[INFO] [stdout] test function::tests::lowering_tests::test_fat_pointer_return ... ok
[INFO] [stdout] test function::tests::lowering_tests::test_prologue_with_no_locals ... ok
[INFO] [stdout] test function::tests::lowering_tests::test_local_access ... ok
[INFO] [stdout] test function::tests::lowering_tests::test_prologue_initializes_r13 ... ok
[INFO] [stdout] test function::tests::lowering_tests::test_scalar_return ... ok
[INFO] [stdout] test function::tests::param_loading_tests::test_all_scalars_in_registers ... ok
[INFO] [stdout] test function::tests::param_loading_tests::test_all_stack_parameters ... ok
[INFO] [stdout] test function::tests::param_loading_tests::test_complex_mixed_layout ... ok
[INFO] [stdout] test function::tests::param_loading_tests::test_empty_parameter_list ... ok
[INFO] [stdout] test function::tests::param_loading_tests::test_fatptr_scalar_scalar_with_overflow ... ok
[INFO] [stdout] test function::tests::param_loading_tests::test_maximum_register_usage ... ok
[INFO] [stdout] test function::tests::param_loading_tests::test_scalar_fatptr_scalar_layout ... ok
[INFO] [stdout] test function::tests::param_loading_tests::test_single_fat_pointer ... ok
[INFO] [stdout] test function::tests::param_loading_tests::test_stack_offset_calculation_accuracy ... ok
[INFO] [stdout] test function::tests::lowering_tests::test_callee_saved_registers_are_preserved ... ok
[INFO] [stdout] test function::tests::lowering_tests::test_callee_saved_registers_restore_order ... ok
[INFO] [stdout] test function::tests::param_loading_tests::test_three_scalars_then_fatptr ... ok
[INFO] [stdout] test function::tests::param_loading_tests::test_two_fat_pointers_fill_registers ... ok
[INFO] [stdout] test function::tests::stress_tests::stress_test_complex_return_scenarios ... ok
[INFO] [stdout] test function::tests::stress_tests::stress_test_huge_stack_frame ... ok
[INFO] [stdout] test function::tests::stress_tests::stress_test_massive_argument_list ... ok
[INFO] [stdout] test function::tests::stress_tests::stress_test_nested_calls ... ok
[INFO] [stdout] test globals::tests::test_global_allocation ... ok
[INFO] [stdout] test globals::tests::test_global_initialization_code ... ok
[INFO] [stdout] test instr::gep::tests::test_gep_constant_offset ... ok
[INFO] [stdout] test function::tests::stress_tests::stress_test_many_local_accesses ... ok
[INFO] [stdout] test instr::gep::tests::test_gep_dynamic_offset ... ok
[INFO] [stdout] test globals::tests::test_string_literal_allocation ... ok
[INFO] [stdout] test instr::load::tests::test_load_from_valid_pointer ... ok
[INFO] [stdout] test instr::gep::tests::test_gep_bank_overflow_detection ... ok
[INFO] [stdout] test function::builder::tests::test_cannot_add_after_epilogue - should panic ... ok
[INFO] [stdout] test function::builder::tests::test_cannot_load_param_without_prologue - should panic ... ok
[INFO] [stdout] test function::builder::tests::test_unclosed_call_sequence - should panic ... ok
[INFO] [stdout] test instr::store::tests::test_store_null_pointer_as_value_to_valid_location ... ok
[INFO] [stdout] test instr::tests::binary_tests::test_add_operation ... ok
[INFO] [stdout] test instr::tests::binary_tests::test_commutative_operations ... ok
[INFO] [stdout] test instr::load::tests::test_load_from_null_pointer - should panic ... ok
[INFO] [stdout] test instr::tests::binary_tests::test_comparison_operations ... ok
[INFO] [stdout] test instr::store::tests::test_panic_on_unresolved_global_as_store_value - should panic ... ok
[INFO] [stdout] test instr::tests::binary_tests::test_constant_operands ... ok
[INFO] [stdout] test instr::tests::binary_tests::test_division_operations ... ok
[INFO] [stdout] test instr::tests::binary_tests::test_immediate_division ... ok
[INFO] [stdout] test instr::tests::binary_tests::test_ne_operation ... ok
[INFO] [stdout] test instr::tests::binary_tests::test_non_commutative_operations ... ok
[INFO] [stdout] test instr::tests::binary_tests::test_logical_immediate_fallback ... ok
[INFO] [stdout] test instr::tests::binary_tests::test_sgt_operation ... ok
[INFO] [stdout] test instr::tests::binary_tests::test_immediate_optimization ... ok
[INFO] [stdout] test instr::tests::binary_tests::test_shift_operations ... ok
[INFO] [stdout] test instr::store::tests::test_panic_on_unresolved_global_in_fatptr_value - should panic ... ok
[INFO] [stdout] test instr::store::tests::test_panic_on_unresolved_global_as_store_destination - should panic ... ok
[INFO] [stdout] test instr::tests::binary_tests::test_sge_operation ... ok
[INFO] [stdout] test instr::tests::binary_tests::test_subtract_immediate_as_add_negative ... ok
[INFO] [stdout] test instr::tests::binary_tests::test_uge_operation ... ok
[INFO] [stdout] test instr::tests::binary_tests::test_ule_operation ... ok
[INFO] [stdout] test instr::store::tests::test_panic_on_unresolved_global_in_fatptr_destination - should panic ... ok
[INFO] [stdout] test instr::store::tests::test_store_null_pointer_value - should panic ... ok
[INFO] [stdout] test instr::store::tests::test_store_through_null_pointer - should panic ... ok
[INFO] [stdout] test instr::tests::branch_tests::test_compare_and_branch_lt_simple ... ok
[INFO] [stdout] test instr::tests::branch_tests::test_compare_branch_equality ... ok
[INFO] [stdout] test instr::tests::branch_tests::test_compare_branch_greater_equal ... ok
[INFO] [stdout] test instr::tests::branch_tests::test_compare_and_branch_eq_simple ... ok
[INFO] [stdout] test instr::tests::branch_tests::test_compare_and_branch_gt_simple ... ok
[INFO] [stdout] test instr::tests::branch_tests::test_branch_with_constants ... ok
[INFO] [stdout] test instr::tests::branch_tests::test_compare_branch_greater_than ... ok
[INFO] [stdout] test instr::tests::branch_tests::test_compare_branch_less_equal ... ok
[INFO] [stdout] test instr::tests::branch_tests::test_conditional_branch_with_nonzero ... ok
[INFO] [stdout] test instr::tests::branch_tests::test_conditional_branch_with_temp ... ok
[INFO] [stdout] test instr::tests::branch_tests::test_compare_branch_not_equal ... ok
[INFO] [stdout] test instr::tests::gep_integration_tests::test_gep_chain_with_stores_and_loads ... ok
[INFO] [stdout] test instr::tests::branch_tests::test_compare_branch_less_than ... ok
[INFO] [stdout] test instr::tests::branch_tests::test_conditional_branch_with_zero ... ok
[INFO] [stdout] test instr::tests::branch_tests::test_unconditional_branch ... ok
[INFO] [stdout] test instr::tests::gep_integration_tests::test_gep_chain ... ok
[INFO] [stdout] test instr::tests::gep_integration_tests::test_gep_load_store_pointer ... ok
[INFO] [stdout] test instr::tests::gep_integration_tests::test_gep_struct_field_simulation ... ok
[INFO] [stdout] test instr::tests::gep_integration_tests::test_gep_with_dynamic_2d_access ... ok
[INFO] [stdout] test instr::tests::gep_integration_tests::test_gep_with_dynamic_index_then_store ... ok
[INFO] [stdout] test instr::tests::gep_integration_tests::test_gep_then_store ... ok
[INFO] [stdout] test instr::tests::gep_integration_tests::test_gep_with_large_array_crossing_banks ... ok
[INFO] [stdout] test instr::tests::binary_tests::test_unsigned_comparisons ... ok
[INFO] [stdout] test instr::tests::branch_tests::test_unconditional_branch_simple ... ok
[INFO] [stdout] test instr::tests::gep_tests::test_gep_dynamic_index ... ok
[INFO] [stdout] test instr::tests::gep_tests::test_gep_fat_pointer_with_constant_addr ... ok
[INFO] [stdout] test instr::tests::gep_tests::test_gep_dynamic_with_existing_dynamic_bank ... ok
[INFO] [stdout] test instr::tests::branch_tests::test_branch_register_spilling ... ok
[INFO] [stdout] test instr::tests::gep_integration_tests::test_gep_in_loop_pattern ... ok
[INFO] [stdout] test instr::tests::gep_integration_tests::test_gep_then_load ... ok
[INFO] [stdout] test instr::tests::gep_tests::test_gep_preserves_bank_info ... ok
[INFO] [stdout] test instr::tests::gep_tests::test_gep_simple_array_access ... ok
[INFO] [stdout] test instr::tests::gep_tests::test_gep_zero_offset ... ok
[INFO] [stdout] test instr::tests::gep_tests::test_gep_register_pressure ... ok
[INFO] [stdout] test instr::tests::gep_tests::test_gep_runtime_bank_overflow ... ok
[INFO] [stdout] test instr::tests::gep_tests::test_gep_global_pointer ... ok
[INFO] [stdout] test instr::tests::gep_tests::test_gep_large_static_offset ... ok
[INFO] [stdout] test instr::tests::gep_tests::test_gep_negative_offset ... ok
[INFO] [stdout] test instr::tests::integration_tests::test_load_modify_store_pattern ... ok
[INFO] [stdout] test instr::tests::gep_tests::test_gep_non_power_of_two_size ... ok
[INFO] [stdout] test instr::tests::integration_tests::test_multiple_loads_no_conflicts ... ok
[INFO] [stdout] test instr::tests::integration_tests::test_load_store_fat_pointer_consistency ... ok
[INFO] [stdout] test instr::tests::integration_tests::test_multiple_stores_no_conflicts ... ok
[INFO] [stdout] test instr::tests::integration_tests::test_load_then_store_same_value ... ok
[INFO] [stdout] test instr::tests::gep_tests::test_gep_power_of_two_optimization ... ok
[INFO] [stdout] test instr::tests::load_tests::test_load_scalar_from_global ... ok
[INFO] [stdout] test instr::tests::store_tests::test_store_fat_pointer ... ok
[INFO] [stdout] test instr::tests::load_tests::test_load_from_global_variable ... ok
[INFO] [stdout] test instr::tests::load_tests::test_load_from_temp_pointer ... ok
[INFO] [stdout] test instr::tests::load_tests::test_load_scalar_from_stack ... ok
[INFO] [stdout] test instr::tests::store_tests::test_store_pointer_as_value ... ok
[INFO] [stdout] test instr::tests::store_tests::test_store_scalar_to_global ... ok
[INFO] [stdout] test instr::tests::store_tests::test_store_to_temp_pointer ... ok
[INFO] [stdout] test instr::tests::unary_tests::test_int_to_ptr ... ok
[INFO] [stdout] test instr::tests::store_tests::test_store_to_global_variable ... ok
[INFO] [stdout] test instr::tests::unary_tests::test_multiple_unary_ops ... ok
[INFO] [stdout] test instr::tests::unary_tests::test_not_operation ... ok
[INFO] [stdout] test instr::tests::unary_tests::test_ptr_to_int ... ok
[INFO] [stdout] test instr::tests::unary_tests::test_not_with_constant ... ok
[INFO] [stdout] test instr::tests::unary_tests::test_neg_with_immediate ... ok
[INFO] [stdout] test instr::tests::unary_tests::test_trunc_to_i16 ... ok
[INFO] [stdout] test naming::tests::test_function_isolation ... ok
[INFO] [stdout] test naming::tests::test_load_naming_uniqueness ... ok
[INFO] [stdout] test naming::tests::test_pointer_bank_key_consistency ... ok
[INFO] [stdout] test instr::tests::unary_tests::test_trunc_to_i1 ... ok
[INFO] [stdout] test naming::tests::test_store_naming_uniqueness ... ok
[INFO] [stdout] test regmgmt::allocator::tests::stress_test_bank_tracking_complex ... ok
[INFO] [stdout] test instr::tests::unary_tests::test_trunc_to_i8 ... ok
[INFO] [stdout] test instr::tests::unary_tests::test_zext_operation ... ok
[INFO] [stdout] test naming::tests::test_unique_operation_ids ... ok
[INFO] [stdout] test regmgmt::allocator::tests::stress_test_interleaved_spill_reload ... ok
[INFO] [stdout] test instr::tests::store_tests::test_store_scalar_to_stack ... ok
[INFO] [stdout] test instr::tests::unary_tests::test_neg_operation ... ok
[INFO] [stdout] test instr::tests::unary_tests::test_sext_operation ... ok
[INFO] [stdout] test regmgmt::allocator::tests::stress_test_parameter_loading_edge_cases ... ok
[INFO] [stdout] test instr::tests::load_tests::test_load_fat_pointer ... ok
[INFO] [stdout] test regmgmt::allocator::tests::stress_test_pinning_exhaustion ... ok
[INFO] [stdout] test regmgmt::allocator::tests::stress_test_spill_slot_reuse ... ok
[INFO] [stdout] test regmgmt::allocator::tests::stress_test_massive_spill_cascade ... ok
[INFO] [stdout] test regmgmt::allocator::tests::test_allocatable_registers ... ok
[INFO] [stdout] test regmgmt::allocator::tests::test_free_temporaries_clears_all ... ok
[INFO] [stdout] test regmgmt::allocator::tests::test_load_parameter ... ok
[INFO] [stdout] test regmgmt::allocator::tests::test_r13_initialization ... ok
[INFO] [stdout] test regmgmt::allocator::tests::test_pinning ... ok
[INFO] [stdout] test regmgmt::allocator::tests::verify_r13_always_initialized_before_stack_ops ... ok
[INFO] [stdout] test regmgmt::allocator::tests::test_panic_without_sb_init - should panic ... ok
[INFO] [stdout] test regmgmt::allocator::tests::stress_test_pin_all_registers_panic - should panic ... ok
[INFO] [stdout] test regmgmt::allocator::tests::test_reload_from_spill ... ok
[INFO] [stdout] test regmgmt::allocator::tests::test_spilling_with_sc ... ok
[INFO] [stdout] test regmgmt::allocator::tests::verify_no_r3_r4_for_parameters ... ok
[INFO] [stdout] test regmgmt::allocator::tests::test_bank_info_tracking ... ok
[INFO] [stdout] 
[INFO] [stdout] test result: ok. 178 passed; 0 failed; 0 ignored; 0 measured; 0 filtered out; finished in 0.16s
[INFO] [stdout] 
[INFO] [stderr]      Running unittests src/lib.rs (/opt/rustwide/target/debug/deps/rcc_codegen-e8051894dea1a3f7)
[INFO] [stdout] 
[INFO] [stdout] running 15 tests
[INFO] [stdout] test abi::tests::test_call_generation ... ok
[INFO] [stdout] test abi::tests::test_frame_with_locals ... ok
[INFO] [stdout] test abi::tests::test_frame_with_calls ... ok
[INFO] [stdout] test asm::tests::test_instruction_display ... ok
[INFO] [stdout] test emit::tests::test_arithmetic_instructions ... ok
[INFO] [stdout] test emit::tests::test_comments_and_labels ... ok
[INFO] [stdout] test abi::tests::test_simple_frame_prologue ... ok
[INFO] [stdout] test abi::tests::test_calling_convention ... ok
[INFO] [stdout] test emit::tests::test_control_flow ... ok
[INFO] [stdout] test emit::tests::test_utility_functions ... ok
[INFO] [stdout] test asm::tests::test_register_display ... ok
[INFO] [stdout] test tests::test_basic_code_generation ... ok
[INFO] [stdout] test asm::tests::test_hello_world_instructions ... ok
[INFO] [stderr]      Running unittests src/lib.rs (/opt/rustwide/target/debug/deps/rcc_common-b2d53fc8df74001f)
[INFO] [stdout] test emit::tests::test_emit_complete_program ... ok
[INFO] [stdout] test emit::tests::test_emit_hello_world ... ok
[INFO] [stdout] 
[INFO] [stdout] test result: ok. 15 passed; 0 failed; 0 ignored; 0 measured; 0 filtered out; finished in 0.01s
[INFO] [stdout] 
[INFO] [stdout] 
[INFO] [stdout] running 16 tests
[INFO] [stdout] test error::tests::test_diagnostic_creation ... ok
[INFO] [stdout] test error::tests::test_summary ... ok
[INFO] [stdout] test source_loc::tests::test_source_span_extend ... ok
[INFO] [stdout] test source_loc::tests::test_source_location ... ok
[INFO] [stdout] test source_loc::tests::test_source_span_same_line ... ok
[INFO] [stdout] test source_loc::tests::test_source_span_different_lines ... ok
[INFO] [stdout] test source_loc::tests::test_source_tracker ... ok
[INFO] [stdout] test source_loc::tests::test_source_tracker_advance_str ... ok
[INFO] [stdout] test types::tests::test_int_type_signedness ... ok
[INFO] [stderr]      Running unittests src/main.rs (/opt/rustwide/target/debug/deps/rcc-ae13af6967aefe7e)
[INFO] [stdout] test types::tests::test_int_type_sizes ... ok
[INFO] [stdout] test types::tests::test_symbol_table ... ok
[INFO] [stdout] test types::tests::test_temp_generator ... ok
[INFO] [stdout] test types::tests::test_label_generator ... ok
[INFO] [stdout] test types::tests::test_symbol_creation ... ok
[INFO] [stdout] test error::tests::test_diagnostic_with_notes ... ok
[INFO] [stdout] test error::tests::test_error_reporter ... ok
[INFO] [stdout] 
[INFO] [stdout] test result: ok. 16 passed; 0 failed; 0 ignored; 0 measured; 0 filtered out; finished in 0.02s
[INFO] [stdout] 
[INFO] [stdout] 
[INFO] [stdout] running 2 tests
[INFO] [stdout] test tests::test_hello_world_generation ... ok
[INFO] [stderr]      Running unittests src/lib.rs (/opt/rustwide/target/debug/deps/rcc_frontend-60f98e48b4c5c6b9)
[INFO] [stdout] test tests::test_arithmetic_generation ... ok
[INFO] [stdout] 
[INFO] [stdout] test result: ok. 2 passed; 0 failed; 0 ignored; 0 measured; 0 filtered out; finished in 0.00s
[INFO] [stdout] 
[INFO] [stdout] 
[INFO] [stdout] running 115 tests
[INFO] [stdout] test ast::ops::tests::test_unary_op_display ... ok
[INFO] [stdout] test ast::expressions::tests::test_expression_creation ... ok
[INFO] [stdout] test ast::const_eval::tests::folds_sizeof_int ... ok
[INFO] [stdout] test ast::ops::tests::test_binary_op_display ... ok
[INFO] [stdout] test ast::tests::test_node_id_generator ... ok
[INFO] [stdout] test cast_tests::tests::test_cast_precedence ... ok
[INFO] [stdout] test ast::const_eval::tests::folds_arithmetic ... ok
[INFO] [stdout] test cast_tests::tests::test_codegen_integer_truncation ... ok
[INFO] [stdout] test cast_tests::tests::test_const_cast_preservation ... ok
[INFO] [stdout] test cast_tests::tests::test_cast_in_expression_context ... ok
[INFO] [stdout] test cast_tests::tests::test_error_on_function_cast ... ok
[INFO] [stdout] test cast_tests::tests::test_nested_casts ... ok
[INFO] [stdout] test cast_tests::tests::test_codegen_null_pointer ... ok
[INFO] [stdout] test cast_tests::tests::test_null_from_expression ... ok
[INFO] [stdout] test cast_tests::tests::test_null_pointer_arithmetic ... ok
[INFO] [stdout] test cast_tests::tests::test_codegen_sign_extension ... ok
[INFO] [stdout] test cast_tests::tests::test_null_pointer_to_integer ... ok
[INFO] [stdout] test cast_tests::tests::test_non_zero_integer_to_pointer ... ok
[INFO] [stdout] test cast_tests::tests::test_parse_int_to_int_cast ... ok
[INFO] [stdout] test cast_tests::tests::test_parse_void_pointer_cast ... ok
[INFO] [stdout] test cast_tests::tests::test_semantic_incompatible_struct_cast ... ok
[INFO] [stdout] test cast_tests::tests::test_parse_array_pointer_cast ... ok
[INFO] [stdout] test cast_tests::tests::test_parse_char_cast ... ok
[INFO] [stdout] test cast_tests::tests::test_semantic_void_cast ... ok
[INFO] [stdout] test cast_tests::tests::test_parse_multi_level_pointer_cast ... ok
[INFO] [stdout] test cast_tests::tests::test_pointer_integer_round_trip ... ok
[INFO] [stdout] test codegen::tests::test_codegen_simple_main ... ok
[INFO] [stdout] test codegen_tests::tests::test_extern_then_definition_is_one_global ... ok
[INFO] [stdout] test codegen::tests::test_codegen_if_statement ... ok
[INFO] [stdout] test cast_tests::tests::test_parse_pointer_cast ... ok
[INFO] [stdout] test codegen::tests::test_codegen_local_variables ... ok
[INFO] [stdout] test codegen_tests::tests::test_global_in_expression ... ok
[INFO] [stdout] test cast_tests::tests::test_null_pointer_uniqueness ... ok
[INFO] [stdout] test codegen::tests::test_codegen_global_variables ... ok
[INFO] [stdout] test cast_tests::tests::test_void_pointer_arithmetic_forbidden ... ok
[INFO] [stdout] test codegen_tests::tests::test_missing_return_in_non_void_is_error ... ok
[INFO] [stdout] test codegen_tests::tests::test_string_literal_special_chars ... ok
[INFO] [stdout] test codegen_tests::tests::test_string_literal_codegen ... ok
[INFO] [stdout] test codegen_tests::tests::test_multiple_string_literals ... ok
[INFO] [stdout] test codegen_tests::tests::test_unsigned_short_less_emits_ult ... ok
[INFO] [stdout] test ir::tests::test_function ... ok
[INFO] [stdout] test codegen_tests::tests::test_global_variable_codegen ... ok
[INFO] [stdout] test ir::tests::test_ir_builder ... ok
[INFO] [stdout] test ir::tests::test_ir_values ... ok
[INFO] [stdout] test ir::tests::test_basic_block ... ok
[INFO] [stdout] test lexer::tests::test_float_literals ... ok
[INFO] [stdout] test ir::tests::test_module ... ok
[INFO] [stdout] test lexer::tests::test_char_escapes ... ok
[INFO] [stdout] test lexer::tests::test_inline_restrict_keywords ... ok
[INFO] [stdout] test lexer::tests::test_integer_suffixes ... ok
[INFO] [stdout] test lexer::tests::test_keywords ... ok
[INFO] [stdout] test lexer::tests::test_comments ... ok
[INFO] [stdout] test lexer::tests::test_literals ... ok
[INFO] [stdout] test lexer::tests::test_long_long_suffixes ... ok
[INFO] [stdout] test lexer::tests::test_octal_literals_and_remaining_escapes ... ok
[INFO] [stdout] test lexer::tests::test_operators ... ok
[INFO] [stdout] test lexer::tests::test_simple_function ... ok
[INFO] [stdout] test parser::tests::test_parse_bool_type ... ok
[INFO] [stdout] test parser::tests::test_operator_precedence ... ok
[INFO] [stdout] test parser::tests::test_parse_anonymous_struct_union_members ... ok
[INFO] [stdout] test lexer::tests::test_string_escapes ... ok
[INFO] [stdout] test parser::tests::test_parse_array_size_ice ... ok
[INFO] [stdout] test parser::tests::test_parse_binary_expression ... ok
[INFO] [stdout] test parser::tests::test_parse_comma_expression ... ok
[INFO] [stdout] test parser::tests::test_parse_compound_bit_assigns ... ok
[INFO] [stdout] test parser::tests::test_parse_function_call ... ok
[INFO] [stdout] test parser::tests::test_parse_compound_statement ... ok
[INFO] [stdout] test parser::tests::test_parse_flexible_array_member ... ok
[INFO] [stdout] test parser::tests::test_parse_goto_and_label ... ok
[INFO] [stdout] test parser::tests::test_parse_identifier ... ok
[INFO] [stdout] test parser::tests::test_parse_if_statement ... ok
[INFO] [stdout] test parser::tests::test_parse_integer_literal ... ok
[INFO] [stdout] test lexer::tests::test_identifiers ... ok
[INFO] [stdout] test parser::tests::test_parse_inline_restrict ... ok
[INFO] [stdout] test parser::tests::test_parse_unnamed_pointer_parameter ... ok
[INFO] [stdout] test parser::tests::test_parse_unary_expression ... ok
[INFO] [stdout] test parser::tests::test_parse_simple_function ... ok
[INFO] [stdout] test parser::tests::test_parse_struct_forward_declaration ... ok
[INFO] [stdout] test semantic::tests::test_incompatible_global_redeclaration_rejected ... ok
[INFO] [stdout] test parser::tests::test_parse_variadic_function ... ok
[INFO] [stdout] test parser::tests::test_parse_switch_statement ... ok
[INFO] [stdout] test semantic::tests::test_local_struct_tag_only_declaration ... ok
[INFO] [stdout] test parser::tests::test_sizeof_typedef_name ... ok
[INFO] [stdout] test semantic::tests::test_semantic_analysis_simple_function ... ok
[INFO] [stdout] test semantic::tests::test_local_tagged_struct_visible_to_later_pointer ... ok
[INFO] [stdout] test semantic::tests::test_semantic_analysis_undefined_variable ... ok
[INFO] [stdout] test semantic::tests::test_anonymous_union_member_access ... ok
[INFO] [stdout] test semantic::tests::test_struct_forward_then_complete ... ok
[INFO] [stdout] test semantic::tests::test_forward_enum_used_before_complete ... ok
[INFO] [stdout] test semantic::tests::test_extern_then_tentative_definition_allowed ... ok
[INFO] [stdout] test tests::test_frontend_parse_simple_function ... ok
[INFO] [stdout] test tests::test_frontend_parse_with_variables ... ok
[INFO] [stdout] test type_environment_tests::tests::test_array_type_lookup ... ok
[INFO] [stdout] test type_environment_tests::tests::test_function_parameter_types ... ok
[INFO] [stdout] test type_environment_tests::tests::test_basic_variable_type_lookup ... ok
[INFO] [stdout] test type_environment_tests::tests::test_pointer_arithmetic_type_preservation ... ok
[INFO] [stdout] test type_environment_tests::tests::test_pointer_type_lookup ... ok
[INFO] [stdout] test type_environment_tests::tests::test_nested_scope_type_lookup ... ok
[INFO] [stdout] test semantic::tests::test_unnamed_pointer_param_and_local_prototype ... ok
[INFO] [stdout] test tests::test_frontend_tokenize ... ok
[INFO] [stdout] test type_environment_tests::tests::test_type_mismatch_in_assignment ... ok
[INFO] [stdout] test type_environment_tests::tests::test_typedef_function_parameter_resolution ... ok
[INFO] [stdout] test type_environment_tests::tests::test_typedef_resolution ... ok
[INFO] [stdout] test type_environment_tests::tests::test_undefined_variable_error ... ok
[INFO] [stdout] test type_environment_tests::tests::test_void_function_type ... ok
[INFO] [stdout] test semantic::tests::test_semantic_analysis_variable_declaration ... ok
[INFO] [stdout] test type_environment_tests::tests::test_string_literal_type ... ok
[INFO] [stdout] test types::tests::test_type_properties ... ok
[INFO] [stdout] test types::tests::test_type_sizes ... ok
[INFO] [stdout] test types::tests::test_flexible_array_member_size ... ok
[INFO] [stdout] test type_environment_tests::tests::test_global_variable_types ... ok
[INFO] [stdout] test type_environment_tests::tests::test_multiple_typedefs ... ok
[INFO] [stdout] test types::tests::test_type_compatibility ... ok
[INFO] [stdout] test types::tests::test_type_display ... ok
[INFO] [stdout] test codegen_tests::tests::test_logical_and_converts_operands_to_bool ... FAILED
[INFO] [stdout] 
[INFO] [stdout] failures:
[INFO] [stdout] 
[INFO] [stdout] ---- codegen_tests::tests::test_logical_and_converts_operands_to_bool stdout ----
[INFO] [stdout] 
[INFO] [stdout] thread 'codegen_tests::tests::test_logical_and_converts_operands_to_bool' (10269) panicked at rcc-frontend/src/codegen_tests.rs:258:9:
[INFO] [stdout] assertion `left == right` failed: && should AND the two boolean results
[INFO] [stdout]   left: 0
[INFO] [stdout]  right: 1
[INFO] [stdout] stack backtrace:
[INFO] [stdout]    0:     0x5bb7d9f894e1 - std[70759c8f55707aa4]::backtrace_rs::backtrace::libunwind::trace
[INFO] [stdout]                                at /rustc/dfb0accb7f508ae8be965d8629557221c889dd98/library/std/src/../../backtrace/src/backtrace/libunwind.rs:117:9
[INFO] [stdout]    1:     0x5bb7d9f894e1 - std[70759c8f55707aa4]::backtrace_rs::backtrace::trace_unsynchronized::<std[70759c8f55707aa4]::sys::backtrace::_print_fmt::{closure#1}>
[INFO] [stdout]                                at /rustc/dfb0accb7f508ae8be965d8629557221c889dd98/library/std/src/../../backtrace/src/backtrace/mod.rs:66:14
[INFO] [stdout]    2:     0x5bb7d9f894e1 - std[70759c8f55707aa4]::sys::backtrace::_print_fmt
[INFO] [stdout]                                at /rustc/dfb0accb7f508ae8be965d8629557221c889dd98/library/std/src/sys/backtrace.rs:74:9
[INFO] [stdout]    3:     0x5bb7d9f894e1 - <<std[70759c8f55707aa4]::sys::backtrace::BacktraceLock>::print::DisplayBacktrace as core[df12db4294e9bfd3]::fmt::Display>::fmt
[INFO] [stdout]                                at /rustc/dfb0accb7f508ae8be965d8629557221c889dd98/library/std/src/sys/backtrace.rs:44:26
[INFO] [stdout]    4:     0x5bb7d9f9f3ca - <core[df12db4294e9bfd3]::fmt::rt::Argument>::fmt
[INFO] [stdout]                                at /rustc/dfb0accb7f508ae8be965d8629557221c889dd98/library/core/src/fmt/rt.rs:152:76
[INFO] [stdout]    5:     0x5bb7d9f9f3ca - core[df12db4294e9bfd3]::fmt::write
[INFO] [stdout]    6:     0x5bb7d9f8dc7c - core[df12db4294e9bfd3]::io::write::default_write_fmt::<alloc[2182bb758b4b3781]::vec::Vec<u8>>
[INFO] [stdout]                                at /rustc/dfb0accb7f508ae8be965d8629557221c889dd98/library/core/src/io/write.rs:402:11
[INFO] [stdout]    7:     0x5bb7d9f8dc7c - <alloc[2182bb758b4b3781]::vec::Vec<u8> as core[df12db4294e9bfd3]::io::write::Write>::write_fmt
[INFO] [stdout]                                at /rustc/dfb0accb7f508ae8be965d8629557221c889dd98/library/core/src/io/write.rs:335:13
[INFO] [stdout]    8:     0x5bb7d9f65466 - <std[70759c8f55707aa4]::sys::backtrace::BacktraceLock>::print
[INFO] [stdout]                                at /rustc/dfb0accb7f508ae8be965d8629557221c889dd98/library/std/src/sys/backtrace.rs:47:9
[INFO] [stdout]    9:     0x5bb7d9f65466 - std[70759c8f55707aa4]::panicking::default_hook::{closure#0}
[INFO] [stdout]                                at /rustc/dfb0accb7f508ae8be965d8629557221c889dd98/library/std/src/panicking.rs:292:27
[INFO] [stdout]   10:     0x5bb7d9f81a79 - std[70759c8f55707aa4]::panicking::default_hook
[INFO] [stdout]                                at /rustc/dfb0accb7f508ae8be965d8629557221c889dd98/library/std/src/panicking.rs:316:9
[INFO] [stdout]   11:     0x5bb7d9f09920 - <alloc[2182bb758b4b3781]::boxed::Box<dyn for<'a, 'b> core[df12db4294e9bfd3]::ops::function::Fn<(&'a std[70759c8f55707aa4]::panic::PanicHookInfo<'b>,), Output = ()> + core[df12db4294e9bfd3]::marker::Send + core[df12db4294e9bfd3]::marker::Sync> as core[df12db4294e9bfd3]::ops::function::Fn<(&std[70759c8f55707aa4]::panic::PanicHookInfo,)>>::call
[INFO] [stdout]                                at /rustc/dfb0accb7f508ae8be965d8629557221c889dd98/library/alloc/src/boxed.rs:2334:9
[INFO] [stdout]   12:     0x5bb7d9f09920 - test[9d35eded1c95d3be]::test_main_inner::<test[9d35eded1c95d3be]::test_main_static::{closure#0}>::{closure#0}
[INFO] [stdout]                                at /rustc/dfb0accb7f508ae8be965d8629557221c889dd98/library/test/src/lib.rs:155:21
[INFO] [stdout]   13:     0x5bb7d9f81c32 - <alloc[2182bb758b4b3781]::boxed::Box<dyn for<'a, 'b> core[df12db4294e9bfd3]::ops::function::Fn<(&'a std[70759c8f55707aa4]::panic::PanicHookInfo<'b>,), Output = ()> + core[df12db4294e9bfd3]::marker::Send + core[df12db4294e9bfd3]::marker::Sync> as core[df12db4294e9bfd3]::ops::function::Fn<(&std[70759c8f55707aa4]::panic::PanicHookInfo,)>>::call
[INFO] [stdout]                                at /rustc/dfb0accb7f508ae8be965d8629557221c889dd98/library/alloc/src/boxed.rs:2334:9
[INFO] [stdout]   14:     0x5bb7d9f81c32 - std[70759c8f55707aa4]::panicking::panic_with_hook
[INFO] [stdout]                                at /rustc/dfb0accb7f508ae8be965d8629557221c889dd98/library/std/src/panicking.rs:823:13
[INFO] [stdout]   15:     0x5bb7d9f65512 - std[70759c8f55707aa4]::panicking::panic_handler::{closure#0}
[INFO] [stdout]                                at /rustc/dfb0accb7f508ae8be965d8629557221c889dd98/library/std/src/panicking.rs:688:13
[INFO] [stdout]   16:     0x5bb7d9f5dd09 - std[70759c8f55707aa4]::sys::backtrace::__rust_end_short_backtrace::<std[70759c8f55707aa4]::panicking::panic_handler::{closure#0}, !>
[INFO] [stdout]                                at /rustc/dfb0accb7f508ae8be965d8629557221c889dd98/library/std/src/sys/backtrace.rs:182:18
[INFO] [stdout]   17:     0x5bb7d9f6615d - __rustc[8fa7c3cbc660c2b3]::rust_begin_unwind
[INFO] [stdout]                                at /rustc/dfb0accb7f508ae8be965d8629557221c889dd98/library/std/src/panicking.rs:679:5
[INFO] [stdout]   18:     0x5bb7d9f9fc1c - core[df12db4294e9bfd3]::panicking::panic_fmt
[INFO] [stdout]                                at /rustc/dfb0accb7f508ae8be965d8629557221c889dd98/library/core/src/panicking.rs:80:14
[INFO] [stdout]   19:     0x5bb7d9f9fae3 - core[df12db4294e9bfd3]::panicking::assert_failed_inner
[INFO] [stdout]                                at /rustc/dfb0accb7f508ae8be965d8629557221c889dd98/library/core/src/panicking.rs:447:23
[INFO] [stdout]   20:     0x5bb7d9f5d8a5 - core[df12db4294e9bfd3]::panicking::assert_failed::<i32, i32>
[INFO] [stdout]                                at /rustc/dfb0accb7f508ae8be965d8629557221c889dd98/library/core/src/panicking.rs:407:5
[INFO] [stdout]   21:     0x5bb7d9e16555 - rcc_frontend[f14b72793ab56bc6]::codegen_tests::tests::test_logical_and_converts_operands_to_bool
[INFO] [stdout]                                at /opt/rustwide/workdir/rcc-frontend/src/codegen_tests.rs:258:9
[INFO] [stdout]   22:     0x5bb7d9e0f987 - rcc_frontend[f14b72793ab56bc6]::codegen_tests::tests::test_logical_and_converts_operands_to_bool::{closure#0}
[INFO] [stdout]                                at /opt/rustwide/workdir/rcc-frontend/src/codegen_tests.rs:226:52
[INFO] [stdout]   23:     0x5bb7d9e38e46 - <rcc_frontend[f14b72793ab56bc6]::codegen_tests::tests::test_logical_and_converts_operands_to_bool::{closure#0} as core[df12db4294e9bfd3]::ops::function::FnOnce<()>>::call_once
[INFO] [stdout]                                at /rustc/dfb0accb7f508ae8be965d8629557221c889dd98/library/core/src/ops/function.rs:250:5
[INFO] [stdout]   24:     0x5bb7d9efcc0b - <fn() -> core[df12db4294e9bfd3]::result::Result<(), alloc[2182bb758b4b3781]::string::String> as core[df12db4294e9bfd3]::ops::function::FnOnce<()>>::call_once
[INFO] [stdout]                                at /rustc/dfb0accb7f508ae8be965d8629557221c889dd98/library/core/src/ops/function.rs:250:5
[INFO] [stdout]   25:     0x5bb7d9efcc0b - test[9d35eded1c95d3be]::__rust_begin_short_backtrace::<core[df12db4294e9bfd3]::result::Result<(), alloc[2182bb758b4b3781]::string::String>, fn() -> core[df12db4294e9bfd3]::result::Result<(), alloc[2182bb758b4b3781]::string::String>>
[INFO] [stdout]                                at /rustc/dfb0accb7f508ae8be965d8629557221c889dd98/library/test/src/lib.rs:733:18
[INFO] [stdout]   26:     0x5bb7d9f0a275 - test[9d35eded1c95d3be]::run_test_in_process::{closure#0}
[INFO] [stdout]                                at /rustc/dfb0accb7f508ae8be965d8629557221c889dd98/library/test/src/lib.rs:756:74
[INFO] [stdout]   27:     0x5bb7d9f0a275 - <core[df12db4294e9bfd3]::panic::unwind_safe::AssertUnwindSafe<test[9d35eded1c95d3be]::run_test_in_process::{closure#0}> as core[df12db4294e9bfd3]::ops::function::FnOnce<()>>::call_once
[INFO] [stdout]                                at /rustc/dfb0accb7f508ae8be965d8629557221c889dd98/library/core/src/panic/unwind_safe.rs:275:9
[INFO] [stdout]   28:     0x5bb7d9f0a275 - std[70759c8f55707aa4]::panicking::catch_unwind::do_call::<core[df12db4294e9bfd3]::panic::unwind_safe::AssertUnwindSafe<test[9d35eded1c95d3be]::run_test_in_process::{closure#0}>, core[df12db4294e9bfd3]::result::Result<(), alloc[2182bb758b4b3781]::string::String>>
[INFO] [stdout]                                at /rustc/dfb0accb7f508ae8be965d8629557221c889dd98/library/std/src/panicking.rs:576:43
[INFO] [stdout]   29:     0x5bb7d9f0a275 - std[70759c8f55707aa4]::panicking::catch_unwind::<core[df12db4294e9bfd3]::result::Result<(), alloc[2182bb758b4b3781]::string::String>, core[df12db4294e9bfd3]::panic::unwind_safe::AssertUnwindSafe<test[9d35eded1c95d3be]::run_test_in_process::{closure#0}>>
[INFO] [stdout]                                at /rustc/dfb0accb7f508ae8be965d8629557221c889dd98/library/std/src/panicking.rs:544:19
[INFO] [stdout]   30:     0x5bb7d9f0a275 - std[70759c8f55707aa4]::panic::catch_unwind::<core[df12db4294e9bfd3]::panic::unwind_safe::AssertUnwindSafe<test[9d35eded1c95d3be]::run_test_in_process::{closure#0}>, core[df12db4294e9bfd3]::result::Result<(), alloc[2182bb758b4b3781]::string::String>>
[INFO] [stdout]                                at /rustc/dfb0accb7f508ae8be965d8629557221c889dd98/library/std/src/panic.rs:359:14
[INFO] [stdout]   31:     0x5bb7d9f0a275 - test[9d35eded1c95d3be]::run_test_in_process
[INFO] [stdout]                                at /rustc/dfb0accb7f508ae8be965d8629557221c889dd98/library/test/src/lib.rs:756:27
[INFO] [stdout]   32:     0x5bb7d9f0a275 - test[9d35eded1c95d3be]::run_test::{closure#0}
[INFO] [stdout]                                at /rustc/dfb0accb7f508ae8be965d8629557221c889dd98/library/test/src/lib.rs:677:43
[INFO] [stdout]   33:     0x5bb7d9f03b34 - test[9d35eded1c95d3be]::run_test::{closure#1}
[INFO] [stdout]                                at /rustc/dfb0accb7f508ae8be965d8629557221c889dd98/library/test/src/lib.rs:707:41
[INFO] [stdout]   34:     0x5bb7d9f03b34 - std[70759c8f55707aa4]::sys::backtrace::__rust_begin_short_backtrace::<test[9d35eded1c95d3be]::run_test::{closure#1}, ()>
[INFO] [stdout]                                at /rustc/dfb0accb7f508ae8be965d8629557221c889dd98/library/std/src/sys/backtrace.rs:166:18
[INFO] [stdout]   35:     0x5bb7d9f0d3d2 - std[70759c8f55707aa4]::thread::lifecycle::spawn_unchecked::<test[9d35eded1c95d3be]::run_test::{closure#1}, ()>::{closure#1}::{closure#0}
[INFO] [stdout]                                at /rustc/dfb0accb7f508ae8be965d8629557221c889dd98/library/std/src/thread/lifecycle.rs:70:13
[INFO] [stdout]   36:     0x5bb7d9f0d3d2 - <core[df12db4294e9bfd3]::panic::unwind_safe::AssertUnwindSafe<std[70759c8f55707aa4]::thread::lifecycle::spawn_unchecked<test[9d35eded1c95d3be]::run_test::{closure#1}, ()>::{closure#1}::{closure#0}> as core[df12db4294e9bfd3]::ops::function::FnOnce<()>>::call_once
[INFO] [stdout]                                at /rustc/dfb0accb7f508ae8be965d8629557221c889dd98/library/core/src/panic/unwind_safe.rs:275:9
[INFO] [stdout]   37:     0x5bb7d9f0d3d2 - std[70759c8f55707aa4]::panicking::catch_unwind::do_call::<core[df12db4294e9bfd3]::panic::unwind_safe::AssertUnwindSafe<std[70759c8f55707aa4]::thread::lifecycle::spawn_unchecked<test[9d35eded1c95d3be]::run_test::{closure#1}, ()>::{closure#1}::{closure#0}>, ()>
[INFO] [stdout]                                at /rustc/dfb0accb7f508ae8be965d8629557221c889dd98/library/std/src/panicking.rs:576:43
[INFO] [stdout]   38:     0x5bb7d9f0d3d2 - std[70759c8f55707aa4]::panicking::catch_unwind::<(), core[df12db4294e9bfd3]::panic::unwind_safe::AssertUnwindSafe<std[70759c8f55707aa4]::thread::lifecycle::spawn_unchecked<test[9d35eded1c95d3be]::run_test::{closure#1}, ()>::{closure#1}::{closure#0}>>
[INFO] [stdout]                                at /rustc/dfb0accb7f508ae8be965d8629557221c889dd98/library/std/src/panicking.rs:544:19
[INFO] [stdout]   39:     0x5bb7d9f0d3d2 - std[70759c8f55707aa4]::panic::catch_unwind::<core[df12db4294e9bfd3]::panic::unwind_safe::AssertUnwindSafe<std[70759c8f55707aa4]::thread::lifecycle::spawn_unchecked<test[9d35eded1c95d3be]::run_test::{closure#1}, ()>::{closure#1}::{closure#0}>, ()>
[INFO] [stdout]                                at /rustc/dfb0accb7f508ae8be965d8629557221c889dd98/library/std/src/panic.rs:359:14
[INFO] [stdout]   40:     0x5bb7d9f0d3d2 - std[70759c8f55707aa4]::thread::lifecycle::spawn_unchecked::<test[9d35eded1c95d3be]::run_test::{closure#1}, ()>::{closure#1}
[INFO] [stdout]                                at /rustc/dfb0accb7f508ae8be965d8629557221c889dd98/library/std/src/thread/lifecycle.rs:68:26
[INFO] [stdout]   41:     0x5bb7d9f0d3d2 - <std[70759c8f55707aa4]::thread::lifecycle::spawn_unchecked<test[9d35eded1c95d3be]::run_test::{closure#1}, ()>::{closure#1} as core[df12db4294e9bfd3]::ops::function::FnOnce<()>>::call_once::{shim:vtable#0}
[INFO] [stdout]                                at /rustc/dfb0accb7f508ae8be965d8629557221c889dd98/library/core/src/ops/function.rs:250:5
[INFO] [stdout]   42:     0x5bb7d9f88c09 - <alloc[2182bb758b4b3781]::boxed::Box<dyn core[df12db4294e9bfd3]::ops::function::FnOnce<(), Output = ()> + core[df12db4294e9bfd3]::marker::Send> as core[df12db4294e9bfd3]::ops::function::FnOnce<()>>::call_once
[INFO] [stdout]                                at /rustc/dfb0accb7f508ae8be965d8629557221c889dd98/library/alloc/src/boxed.rs:2320:9
[INFO] [stdout]   43:     0x5bb7d9f88c09 - <std[70759c8f55707aa4]::sys::thread::unix::Thread>::new::thread_start
[INFO] [stdout]                                at /rustc/dfb0accb7f508ae8be965d8629557221c889dd98/library/std/src/sys/thread/unix.rs:123:17
[INFO] [stdout]   44:     0x75c466dbedfa - <unknown>
[INFO] [stdout]   45:     0x75c466e523d4 - clone
[INFO] [stdout]   46:                0x0 - <unknown>
[INFO] [stdout] 
[INFO] [stdout] 
[INFO] [stdout] failures:
[INFO] [stdout]     codegen_tests::tests::test_logical_and_converts_operands_to_bool
[INFO] [stdout] 
[INFO] [stdout] test result: FAILED. 114 passed; 1 failed; 0 ignored; 0 measured; 0 filtered out; finished in 0.13s
[INFO] [stdout] 
[INFO] [stderr] error: test failed, to rerun pass `-p rcc-frontend --lib`
[INFO] running `Command { std: "docker" "inspect" "f77b40806dc061fdb68fb7356533c225b0b0e1f30f64e8277f3d86cec0ca0e7e", kill_on_drop: false }`
[INFO] running `Command { std: "docker" "rm" "-f" "f77b40806dc061fdb68fb7356533c225b0b0e1f30f64e8277f3d86cec0ca0e7e", kill_on_drop: false }`
[INFO] [stdout] f77b40806dc061fdb68fb7356533c225b0b0e1f30f64e8277f3d86cec0ca0e7e
