[INFO] fetching crate wecanencrypt 0.16.3...
[INFO] testing wecanencrypt-0.16.3 against 1.100.0-beta.1 for beta-1.100-2
[INFO] extracting crate wecanencrypt 0.16.3 into /workspace/builds/worker-4-tc2/source
[INFO] started tweaking crates.io crate wecanencrypt 0.16.3
[INFO] removed 0 missing examples
[INFO] removed 0 missing tests
[INFO] finished tweaking crates.io crate wecanencrypt 0.16.3
[INFO] tweaked toml for crates.io crate wecanencrypt 0.16.3 written to /workspace/builds/worker-4-tc2/source/Cargo.toml
[INFO] validating manifest of crates.io crate wecanencrypt 0.16.3 on toolchain 1.100.0-beta.1
[INFO] running `Command { std: CARGO_HOME="/workspace/cargo-home" RUSTUP_HOME="/workspace/rustup-home" "/workspace/cargo-home/bin/cargo" "+1.100.0-beta.1" "metadata" "--manifest-path" "Cargo.toml" "--no-deps", kill_on_drop: false }`
[INFO] crate crates.io crate wecanencrypt 0.16.3 already has a lockfile, it will not be regenerated
[INFO] running `Command { std: CARGO_HOME="/workspace/cargo-home" RUSTUP_HOME="/workspace/rustup-home" "/workspace/cargo-home/bin/cargo" "+1.100.0-beta.1" "fetch" "--manifest-path" "Cargo.toml", kill_on_drop: false }`
[INFO] running `Command { std: "docker" "create" "-v" "/var/lib/crater-agent-workspace/builds/worker-4-tc2/source:/opt/rustwide/workdir:ro,Z" "-v" "/var/lib/crater-agent-workspace/builds/worker-4-tc2/target:/opt/rustwide/target:rw,Z" "-v" "/var/lib/crater-agent-workspace/cargo-home:/opt/rustwide/cargo-home:ro,Z" "-v" "/var/lib/crater-agent-workspace/rustup-home:/opt/rustwide/rustup-home:ro,Z" "-m" "1610612736" "--network" "none" "ghcr.io/rust-lang/crates-build-env/linux@sha256:3111399a4047eeb3a02b7a90e478d715f38a8c6669b5c4b49d30a17385265909" "sleep" "infinity", kill_on_drop: false }`
[INFO] [stdout] 1471a21ad1eb088f8e5a87826b030b78cce8f1464553611e51c7bace446c4124
[INFO] running `Command { std: "docker" "start" "1471a21ad1eb088f8e5a87826b030b78cce8f1464553611e51c7bace446c4124", kill_on_drop: false }`
[INFO] running `Command { std: "docker" "inspect" "1471a21ad1eb088f8e5a87826b030b78cce8f1464553611e51c7bace446c4124", kill_on_drop: false }`
[INFO] running `Command { std: "docker" "exec" "-e" "SOURCE_DIR=/opt/rustwide/workdir" "-e" "CARGO_HOME=/opt/rustwide/cargo-home" "-e" "RUSTUP_HOME=/opt/rustwide/rustup-home" "-e" "CARGO_TARGET_DIR=/opt/rustwide/target" "-w" "/opt/rustwide/workdir" "--user" "0:0" "1471a21ad1eb088f8e5a87826b030b78cce8f1464553611e51c7bace446c4124" "/opt/rustwide/cargo-home/bin/cargo" "+1.100.0-beta.1" "metadata" "--no-deps" "--format-version=1", kill_on_drop: false }`
[INFO] running `Command { std: "docker" "inspect" "1471a21ad1eb088f8e5a87826b030b78cce8f1464553611e51c7bace446c4124", kill_on_drop: false }`
[INFO] running `Command { std: "docker" "exec" "-e" "SOURCE_DIR=/opt/rustwide/workdir" "-e" "CARGO_HOME=/opt/rustwide/cargo-home" "-e" "RUSTUP_HOME=/opt/rustwide/rustup-home" "-e" "CARGO_TARGET_DIR=/opt/rustwide/target" "-e" "CARGO_INCREMENTAL=0" "-e" "RUST_BACKTRACE=full" "-e" "RUSTFLAGS=--cap-lints=warn" "-e" "RUSTDOCFLAGS=--cap-lints=warn" "-w" "/opt/rustwide/workdir" "--user" "0:0" "1471a21ad1eb088f8e5a87826b030b78cce8f1464553611e51c7bace446c4124" "/opt/rustwide/cargo-home/bin/cargo" "+1.100.0-beta.1" "build" "--frozen" "--message-format=json", kill_on_drop: false }`
[INFO] [stderr]    Compiling quote v1.0.46
[INFO] [stderr]    Compiling typenum v1.20.1
[INFO] [stderr]    Compiling generic-array v0.14.7
[INFO] [stderr]    Compiling subtle v2.6.1
[INFO] [stderr]    Compiling const-oid v0.9.6
[INFO] [stderr]    Compiling cpufeatures v0.2.17
[INFO] [stderr]    Compiling base64ct v1.8.3
[INFO] [stderr]    Compiling jobserver v0.1.35
[INFO] [stderr]    Compiling bytes v1.12.0
[INFO] [stderr]    Compiling memchr v2.8.2
[INFO] [stderr]    Compiling serde v1.0.228
[INFO] [stderr]    Compiling pkg-config v0.3.33
[INFO] [stderr]    Compiling cc v1.2.66
[INFO] [stderr]    Compiling syn v2.0.118
[INFO] [stderr]    Compiling pem-rfc7468 v0.7.0
[INFO] [stderr]    Compiling radium v0.7.0
[INFO] [stderr]    Compiling smallvec v1.15.2
[INFO] [stderr]    Compiling tap v1.0.1
[INFO] [stderr]    Compiling wyz v0.5.1
[INFO] [stderr]    Compiling fs_extra v1.3.0
[INFO] [stderr]    Compiling funty v2.0.0
[INFO] [stderr]    Compiling base16ct v0.2.0
[INFO] [stderr]    Compiling dunce v1.0.5
[INFO] [stderr]    Compiling serde_json v1.0.150
[INFO] [stderr]    Compiling serdect v0.2.0
[INFO] [stderr]    Compiling libm v0.2.16
[INFO] [stderr]    Compiling num-traits v0.2.19
[INFO] [stderr]    Compiling tokio v1.52.3
[INFO] [stderr]    Compiling cmake v0.1.58
[INFO] [stderr]    Compiling aws-lc-rs v1.17.1
[INFO] [stderr]    Compiling zerocopy v0.8.53
[INFO] [stderr]    Compiling bitvec v1.1.1
[INFO] [stderr]    Compiling http v1.4.2
[INFO] [stderr]    Compiling aws-lc-sys v0.42.0
[INFO] [stderr]    Compiling semver v1.0.28
[INFO] [stderr]    Compiling strsim v0.11.1
[INFO] [stderr]    Compiling ident_case v1.0.1
[INFO] [stderr]    Compiling rustc_version v0.4.1
[INFO] [stderr]    Compiling http-body v1.0.1
[INFO] [stderr]    Compiling tracing-core v0.1.36
[INFO] [stderr]    Compiling hashbrown v0.17.1
[INFO] [stderr]    Compiling rustls v0.23.41
[INFO] [stderr]    Compiling futures-util v0.3.32
[INFO] [stderr]    Compiling ff v0.13.1
[INFO] [stderr]    Compiling group v0.13.0
[INFO] [stderr]    Compiling tracing v0.1.44
[INFO] [stderr]    Compiling curve25519-dalek v4.1.3
[INFO] [stderr]    Compiling num-integer v0.1.46
[INFO] [stderr]    Compiling spin v0.9.8
[INFO] [stderr]    Compiling indexmap v2.14.0
[INFO] [stderr]    Compiling num-bigint-dig v0.8.6
[INFO] [stderr]    Compiling num-iter v0.1.45
[INFO] [stderr]    Compiling lazy_static v1.5.0
[INFO] [stderr]    Compiling rustversion v1.0.23
[INFO] [stderr]    Compiling opaque-debug v0.3.1
[INFO] [stderr]    Compiling byteorder v1.5.0
[INFO] [stderr]    Compiling synstructure v0.13.2
[INFO] [stderr]    Compiling darling_core v0.20.11
[INFO] [stderr]    Compiling vcpkg v0.2.15
[INFO] [stderr]    Compiling unicode-segmentation v1.13.3
[INFO] [stderr]    Compiling tokio-util v0.7.18
[INFO] [stderr]    Compiling libsqlite3-sys v0.37.0
[INFO] [stderr]    Compiling ppv-lite86 v0.2.21
[INFO] [stderr]    Compiling convert_case v0.10.0
[INFO] [stderr]    Compiling form_urlencoded v1.2.2
[INFO] [stderr]    Compiling rand_chacha v0.3.1
[INFO] [stderr]    Compiling h2 v0.4.15
[INFO] [stderr]    Compiling rand v0.8.6
[INFO] [stderr]    Compiling zeroize_derive v1.5.0
[INFO] [stderr]    Compiling zerofrom-derive v0.1.7
[INFO] [stderr]    Compiling zeroize v1.9.0
[INFO] [stderr]    Compiling der v0.7.10
[INFO] [stderr]    Compiling yoke-derive v0.8.2
[INFO] [stderr]    Compiling zerovec-derive v0.11.3
[INFO] [stderr]    Compiling displaydoc v0.2.6
[INFO] [stderr]    Compiling zerofrom v0.1.8
[INFO] [stderr]    Compiling crypto-common v0.1.7
[INFO] [stderr]    Compiling block-buffer v0.10.4
[INFO] [stderr]    Compiling inout v0.1.4
[INFO] [stderr]    Compiling digest v0.10.7
[INFO] [stderr]    Compiling cipher v0.4.4
[INFO] [stderr]    Compiling spki v0.7.3
[INFO] [stderr]    Compiling pkcs8 v0.10.2
[INFO] [stderr]    Compiling hmac v0.12.1
[INFO] [stderr]    Compiling signature v2.2.0
[INFO] [stderr]    Compiling hkdf v0.12.4
[INFO] [stderr]    Compiling crypto-bigint v0.5.5
[INFO] [stderr]    Compiling sha2 v0.10.9
[INFO] [stderr]    Compiling rfc6979 v0.4.0
[INFO] [stderr]    Compiling yoke v0.8.3
[INFO] [stderr]    Compiling sec1 v0.7.3
[INFO] [stderr]    Compiling rustls-pki-types v1.15.0
[INFO] [stderr]    Compiling zerovec v0.11.6
[INFO] [stderr]    Compiling zerotrie v0.2.4
[INFO] [stderr]    Compiling darling_macro v0.20.11
[INFO] [stderr]    Compiling darling v0.20.11
[INFO] [stderr]    Compiling ctr v0.9.2
[INFO] [stderr]    Compiling aead v0.5.2
[INFO] [stderr]    Compiling universal-hash v0.5.1
[INFO] [stderr]    Compiling curve25519-dalek-derive v0.1.1
[INFO] [stderr]    Compiling thiserror-impl v2.0.18
[INFO] [stderr]    Compiling polyval v0.6.2
[INFO] [stderr]    Compiling derive_builder_core v0.20.2
[INFO] [stderr]    Compiling aes v0.8.4
[INFO] [stderr]    Compiling tinystr v0.8.3
[INFO] [stderr]    Compiling potential_utf v0.1.5
[INFO] [stderr]    Compiling icu_collections v2.2.0
[INFO] [stderr]    Compiling icu_locale_core v2.2.0
[INFO] [stderr]    Compiling hyper v1.10.1
[INFO] [stderr]    Compiling elliptic-curve v0.13.8
[INFO] [stderr]    Compiling thiserror v2.0.18
[INFO] [stderr]    Compiling dbl v0.3.2
[INFO] [stderr]    Compiling openssl-probe v0.2.1
[INFO] [stderr]    Compiling foldhash v0.2.0
[INFO] [stderr]    Compiling unicode-xid v0.2.6
[INFO] [stderr]    Compiling icu_provider v2.2.0
[INFO] [stderr]    Compiling ecdsa v0.16.9
[INFO] [stderr]    Compiling icu_properties v2.2.0
[INFO] [stderr]    Compiling icu_normalizer v2.2.0
[INFO] [stderr]    Compiling primeorder v0.13.6
[INFO] [stderr]    Compiling log v0.4.33
[INFO] [stderr]    Compiling keccak v0.1.6
[INFO] [stderr]    Compiling crc24 v0.1.6
[INFO] [stderr]    Compiling bitflags v2.13.0
[INFO] [stderr]    Compiling snafu-derive v0.9.1
[INFO] [stderr]    Compiling tower v0.5.3
[INFO] [stderr]    Compiling sha3 v0.10.9
[INFO] [stderr]    Compiling hyper-util v0.1.20
[INFO] [stderr]    Compiling derive_more-impl v2.1.1
[INFO] [stderr]    Compiling idna_adapter v1.2.2
[INFO] [stderr]    Compiling hashbrown v0.16.1
[INFO] [stderr]    Compiling idna v1.1.0
[INFO] [stderr]    Compiling rustls-native-certs v0.8.4
[INFO] [stderr]    Compiling cmac v0.7.2
[INFO] [stderr]    Compiling url v2.5.8
[INFO] [stderr]    Compiling bitfields-impl v1.0.3
[INFO] [stderr]    Compiling derive_builder_macro v0.20.2
[INFO] [stderr]    Compiling ghash v0.5.1
[INFO] [stderr]    Compiling pkcs1 v0.7.5
[INFO] [stderr]    Compiling ed25519 v2.2.3
[INFO] [stderr]    Compiling sha1 v0.10.6
[INFO] [stderr]    Compiling blake2 v0.10.6
[INFO] [stderr]    Compiling num_enum_derive v0.7.6
[INFO] [stderr]    Compiling serdect v0.3.0
[INFO] [stderr]    Compiling password-hash v0.5.0
[INFO] [stderr]    Compiling libbz2-rs-sys v0.2.5
[INFO] [stderr]    Compiling zlib-rs v0.6.5
[INFO] [stderr]    Compiling anyhow v1.0.103
[INFO] [stderr]    Compiling num_enum v0.7.6
[INFO] [stderr]    Compiling argon2 v0.5.3
[INFO] [stderr]    Compiling snafu v0.9.1
[INFO] [stderr]    Compiling bitfields v1.0.3
[INFO] [stderr]    Compiling cx448 v0.1.1
[INFO] [stderr]    Compiling derive_more v2.1.1
[INFO] [stderr]    Compiling sha1-checked v0.10.0
[INFO] [stderr]    Compiling ed25519-dalek v2.2.0
[INFO] [stderr]    Compiling bzip2 v0.6.1
[INFO] [stderr]    Compiling rsa v0.9.10
[INFO] [stderr]    Compiling tower-http v0.6.11
[INFO] [stderr]    Compiling aes-gcm v0.10.3
[INFO] [stderr]    Compiling derive_builder v0.20.2
[INFO] [stderr]    Compiling hashlink v0.11.1
[INFO] [stderr]    Compiling eax v0.5.0
[INFO] [stderr]    Compiling p384 v0.13.1
[INFO] [stderr]    Compiling p256 v0.13.2
[INFO] [stderr]    Compiling p521 v0.13.3
[INFO] [stderr]    Compiling dsa v0.6.3
[INFO] [stderr]    Compiling k256 v0.13.4
[INFO] [stderr]    Compiling x25519-dalek v2.0.1
[INFO] [stderr]    Compiling aes-kw v0.2.1
[INFO] [stderr]    Compiling ocb3 v0.1.0
[INFO] [stderr]    Compiling cfb-mode v0.8.2
[INFO] [stderr]    Compiling twofish v0.7.1
[INFO] [stderr]    Compiling blowfish v0.9.1
[INFO] [stderr]    Compiling cast5 v0.11.1
[INFO] [stderr]    Compiling idea v0.5.1
[INFO] [stderr]    Compiling camellia v0.1.0
[INFO] [stderr]    Compiling des v0.8.1
[INFO] [stderr]    Compiling md-5 v0.10.6
[INFO] [stderr]    Compiling ripemd v0.1.3
[INFO] [stderr]    Compiling block-padding v0.3.3
[INFO] [stderr]    Compiling http-body-util v0.1.3
[INFO] [stderr]    Compiling buffer-redux v1.1.0
[INFO] [stderr]    Compiling nom v8.0.0
[INFO] [stderr]    Compiling encoding_rs v0.8.35
[INFO] [stderr]    Compiling fallible-streaming-iterator v0.1.9
[INFO] [stderr]    Compiling iana-time-zone v0.1.65
[INFO] [stderr]    Compiling hex v0.4.3
[INFO] [stderr]    Compiling replace_with v0.1.8
[INFO] [stderr]    Compiling mime v0.3.17
[INFO] [stderr]    Compiling fallible-iterator v0.3.0
[INFO] [stderr]    Compiling chrono v0.4.45
[INFO] [stderr]    Compiling sshkeys v0.3.4
[INFO] [stderr]    Compiling flate2 v1.1.9
[INFO] [stderr]    Compiling pgp v0.20.0
[INFO] [stderr]    Compiling rusqlite v0.39.0
[INFO] [stderr]    Compiling rustls-webpki v0.103.13
[INFO] [stderr]    Compiling tokio-rustls v0.26.4
[INFO] [stderr]    Compiling rustls-platform-verifier v0.7.0
[INFO] [stderr]    Compiling hyper-rustls v0.27.9
[INFO] [stderr]    Compiling reqwest v0.13.4
[INFO] [stderr]    Compiling wecanencrypt v0.16.3 (/opt/rustwide/workdir)
[INFO] [stderr] warning: unused dependency `sshkeys`
[INFO] [stderr]   --> Cargo.toml:92:15
[INFO] [stderr]    |
[INFO] [stderr] 92 | [dependencies.sshkeys]
[INFO] [stderr]    |               ^^^^^^^^
[INFO] [stderr]    |
[INFO] [stderr]    = note: `cargo::unused_dependencies` is set to `warn` by default
[INFO] [stderr] help: consider removing the dependency on `sshkeys`
[INFO] [stderr] warning: `wecanencrypt` (manifest) generated 1 warning
[INFO] [stderr]     Finished `dev` profile [unoptimized + debuginfo] target(s) in 3m 11s
[INFO] running `Command { std: "docker" "inspect" "1471a21ad1eb088f8e5a87826b030b78cce8f1464553611e51c7bace446c4124", kill_on_drop: false }`
[INFO] running `Command { std: "docker" "exec" "-e" "SOURCE_DIR=/opt/rustwide/workdir" "-e" "CARGO_HOME=/opt/rustwide/cargo-home" "-e" "RUSTUP_HOME=/opt/rustwide/rustup-home" "-e" "CARGO_TARGET_DIR=/opt/rustwide/target" "-e" "CARGO_INCREMENTAL=0" "-e" "RUST_BACKTRACE=full" "-e" "RUSTFLAGS=--cap-lints=warn" "-e" "RUSTDOCFLAGS=--cap-lints=warn" "-w" "/opt/rustwide/workdir" "--user" "0:0" "1471a21ad1eb088f8e5a87826b030b78cce8f1464553611e51c7bace446c4124" "/opt/rustwide/cargo-home/bin/cargo" "+1.100.0-beta.1" "test" "--frozen" "--no-run" "--message-format=json", kill_on_drop: false }`
[INFO] [stderr]    Compiling getrandom v0.4.3
[INFO] [stderr]    Compiling tower-http v0.6.11
[INFO] [stderr]    Compiling rusqlite v0.39.0
[INFO] [stderr]    Compiling yansi v1.0.1
[INFO] [stderr]    Compiling diff v0.1.13
[INFO] [stderr]    Compiling testresult v0.4.1
[INFO] [stderr]    Compiling hex-literal v0.4.1
[INFO] [stderr]    Compiling tempfile v3.27.0
[INFO] [stderr]    Compiling reqwest v0.13.4
[INFO] [stderr]    Compiling pretty_assertions v1.4.1
[INFO] [stderr]    Compiling wecanencrypt v0.16.3 (/opt/rustwide/workdir)
[INFO] [stderr] warning: unused dependency `sshkeys`
[INFO] [stderr]   --> Cargo.toml:92:15
[INFO] [stderr]    |
[INFO] [stderr] 92 | [dependencies.sshkeys]
[INFO] [stderr]    |               ^^^^^^^^
[INFO] [stderr]    |
[INFO] [stderr]    = note: `cargo::unused_dependencies` is set to `warn` by default
[INFO] [stderr] help: consider removing the dependency on `sshkeys`
[INFO] [stderr] warning: `wecanencrypt` (manifest) generated 1 warning
[INFO] [stderr]     Finished `test` profile [unoptimized + debuginfo] target(s) in 38.37s
[INFO] running `Command { std: "docker" "inspect" "1471a21ad1eb088f8e5a87826b030b78cce8f1464553611e51c7bace446c4124", kill_on_drop: false }`
[INFO] running `Command { std: "docker" "exec" "-e" "SOURCE_DIR=/opt/rustwide/workdir" "-e" "CARGO_HOME=/opt/rustwide/cargo-home" "-e" "RUSTUP_HOME=/opt/rustwide/rustup-home" "-e" "CARGO_TARGET_DIR=/opt/rustwide/target" "-e" "CARGO_INCREMENTAL=0" "-e" "RUST_BACKTRACE=full" "-e" "RUSTFLAGS=--cap-lints=warn" "-e" "RUSTDOCFLAGS=--cap-lints=warn" "-w" "/opt/rustwide/workdir" "--user" "0:0" "1471a21ad1eb088f8e5a87826b030b78cce8f1464553611e51c7bace446c4124" "/opt/rustwide/cargo-home/bin/cargo" "+1.100.0-beta.1" "test" "--frozen", kill_on_drop: false }`
[INFO] [stderr] warning: unused dependency `sshkeys`
[INFO] [stderr]   --> Cargo.toml:92:15
[INFO] [stderr]    |
[INFO] [stderr] 92 | [dependencies.sshkeys]
[INFO] [stderr]    |               ^^^^^^^^
[INFO] [stderr]    |
[INFO] [stderr]    = note: `cargo::unused_dependencies` is set to `warn` by default
[INFO] [stderr] help: consider removing the dependency on `sshkeys`
[INFO] [stderr] warning: `wecanencrypt` (manifest) generated 1 warning
[INFO] [stderr]     Finished `test` profile [unoptimized + debuginfo] target(s) in 0.63s
[INFO] [stderr]      Running unittests src/lib.rs (/opt/rustwide/target/debug/build/wecanencrypt/6b58411e3e928d78/out/wecanencrypt-6b58411e3e928d78)
[INFO] [stdout] 
[INFO] [stdout] running 53 tests
[INFO] [stdout] test decrypt::tests::decrypt_and_verify_encrypt_only_is_unsigned ... ok
[INFO] [stdout] test decrypt::tests::decrypt_and_verify_wrong_passphrase ... ok
[INFO] [stdout] test decrypt::tests::decrypt_and_verify_rejects_non_ciphertext ... ok
[INFO] [stdout] test decrypt::tests::decrypt_and_verify_sign_then_encrypt_good has been running for over 60 seconds
[INFO] [stdout] test decrypt::tests::decrypt_and_verify_unknown_signer has been running for over 60 seconds
[INFO] [stdout] test decrypt::tests::decrypt_and_verify_wrong_signer_key_is_bad has been running for over 60 seconds
[INFO] [stdout] test encrypt::tests::encrypt_only_v6_with_hidden_omits_fingerprint_in_pkesk has been running for over 60 seconds
[INFO] [stdout] test encrypt::tests::encrypt_only_with_hidden_emits_wildcard_keyid_for_hidden_recipients has been running for over 60 seconds
[INFO] [stdout] test decrypt::tests::decrypt_and_verify_sign_then_encrypt_good ... ok
[INFO] [stdout] test decrypt::tests::decrypt_and_verify_unknown_signer ... ok
[INFO] [stdout] test encrypt::tests::encrypt_only_with_hidden_emits_wildcard_keyid_for_hidden_recipients ... ok
[INFO] [stdout] test encrypt::tests::sign_encrypt_with_hidden_rejects_empty_recipient_lists ... ok
[INFO] [stdout] test encrypt::tests::sign_encrypt_v6_with_hidden_omits_fingerprint_in_pkesk has been running for over 60 seconds
[INFO] [stdout] test encrypt::tests::sign_encrypt_with_hidden_accepts_hidden_only has been running for over 60 seconds
[INFO] [stdout] test decrypt::tests::decrypt_and_verify_wrong_signer_key_is_bad ... ok
[INFO] [stdout] test encrypt::tests::sign_encrypt_with_hidden_emits_wildcard_keyid_for_hidden_recipients has been running for over 60 seconds
[INFO] [stdout] test encrypt::tests::sign_encrypt_with_hidden_accepts_hidden_only ... ok
[INFO] [stdout] test key::tests::autocrypt_export_drops_signatures_that_dont_cryptographically_verify ... ok
[INFO] [stdout] test encrypt::tests::with_hidden_rejects_cross_list_v4_v6_split has been running for over 60 seconds
[INFO] [stdout] test key::tests::autocrypt_export_errors_when_addr_does_not_match ... ok
[INFO] [stdout] test key::tests::autocrypt_export_extracts_public_from_secret_input ... ok
[INFO] [stdout] test key::tests::autocrypt_export_drops_subkeys_with_no_verified_binding_signature has been running for over 60 seconds
[INFO] [stdout] test key::tests::autocrypt_export_drops_subkeys_with_no_verified_binding_signature ... ok
[INFO] [stdout] test encrypt::tests::sign_encrypt_with_hidden_emits_wildcard_keyid_for_hidden_recipients ... ok
[INFO] [stdout] test key::tests::autocrypt_export_errors_when_picked_uid_has_no_verified_self_signature has been running for over 60 seconds
[INFO] [stdout] test key::tests::autocrypt_export_errors_when_picked_uid_has_no_verified_self_signature ... ok
[INFO] [stdout] test key::tests::autocrypt_export_matches_address_case_insensitively ... ok
[INFO] [stdout] test key::tests::autocrypt_export_round_trips_through_parser ... ok
[INFO] [stdout] test key::tests::autocrypt_export_ignores_primary_flag_on_unverified_self_signature has been running for over 60 seconds
[INFO] [stdout] test key::tests::autocrypt_export_picks_single_uid_when_multiple_share_address ... ok
[INFO] [stdout] test key::tests::test_subkey_flags ... ok
[INFO] [stdout] test key::tests::autocrypt_export_ignores_primary_flag_on_unverified_self_signature ... ok
[INFO] [stdout] test keystore::schema::tests::test_init_schema ... ok
[INFO] [stdout] test keystore::schema::tests::test_migrate_v3_idempotent_after_partial_retry ... ok
[INFO] [stdout] test keystore::schema::tests::test_migrate_v3_rewrites_foreign_keys ... ok
[INFO] [stdout] test key::tests::autocrypt_export_strips_non_matching_uids ... ok
[INFO] [stdout] test keystore::schema::tests::test_schema_upgrade_v2_to_v3 ... ok
[INFO] [stdout] test keystore::schema::tests::test_schema_version ... ok
[INFO] [stdout] test keystore::store::tests::test_extract_uid_email ... ok
[INFO] [stdout] test keystore::schema::tests::test_import_key_populates_v4_columns ... ok
[INFO] [stdout] test keystore::schema::tests::test_migrate_v4_adds_columns_and_backfills ... ok
[INFO] [stdout] test key::tests::autocrypt_export_strips_third_party_certifications has been running for over 60 seconds
[INFO] [stdout] test key::tests::autocrypt_export_strips_third_party_certifications ... ok
[INFO] [stdout] test keystore::store::tests::test_keystore_get_key_not_found ... ok
[INFO] [stdout] test keystore::store::tests::test_keystore_open_in_memory ... ok
[INFO] [stdout] test keystore::store::tests::test_keystore_get_key ... ok
[INFO] [stdout] test key::tests::autocrypt_export_strips_third_party_revocation_signatures has been running for over 60 seconds
[INFO] [stdout] test key::tests::autocrypt_export_strips_third_party_revocation_signatures ... ok
[INFO] [stdout] test keystore::store::tests::test_import_revoked_key_caches_is_revoked ... ok
[INFO] [stdout] test keystore::store::tests::test_import_forged_revocation_rejected ... ok
[INFO] [stdout] test network::tests::test_parse_email ... ok
[INFO] [stdout] test network::tests::test_wkd_urls ... ok
[INFO] [stdout] test network::tests::test_zbase32_encode ... ok
[INFO] [stdout] test keystore::store::tests::test_reimport_preserves_card_keys ... ok
[INFO] [stdout] test keystore::store::tests::test_update_key_refreshes_is_revoked ... ok
[INFO] [stdout] test keystore::store::tests::test_list_all_card_keys_matches_per_key_lookup has been running for over 60 seconds
[INFO] [stdout] test keystore::store::tests::test_list_all_card_keys_matches_per_key_lookup ... ok
[INFO] [stdout] test keystore::store::tests::test_list_keys_summary_matches_list_keys ... ok
[INFO] [stdout] test sign::tests::verify_software_passphrase_rejects_garbage_key ... ok
[INFO] [stdout] test sign::tests::detached_sign_does_not_normalize_crlf ... ok
[INFO] [stdout] test ssh::tests::test_base64_encode ... ok
[INFO] [stdout] test sign::tests::sign_with_hash_override_sha512 ... ok
[INFO] [stdout] test sign::tests::sign_with_hash_default_is_sha256_for_ed25519 ... ok
[INFO] [stdout] test sign::tests::verify_software_passphrase_accepts_correct ... ok
[INFO] [stdout] test sign::tests::verify_software_passphrase_rejects_wrong ... ok
[INFO] [stdout] test encrypt::tests::with_hidden_rejects_cross_list_v4_v6_split ... ok
[INFO] [stdout] test encrypt::tests::encrypt_only_v6_with_hidden_omits_fingerprint_in_pkesk ... ok
[INFO] [stdout] test encrypt::tests::sign_encrypt_v6_with_hidden_omits_fingerprint_in_pkesk ... ok
[INFO] [stderr]      Running tests/card_reset_test.rs (/opt/rustwide/target/debug/build/wecanencrypt/6c477d2469fc8fd6/out/card_reset_test-6c477d2469fc8fd6)
[INFO] [stdout] 
[INFO] [stdout] test result: ok. 53 passed; 0 failed; 0 ignored; 0 measured; 0 filtered out; finished in 471.48s
[INFO] [stdout] 
[INFO] [stdout] 
[INFO] [stdout] running 0 tests
[INFO] [stdout] 
[INFO] [stdout] test result: ok. 0 passed; 0 failed; 0 ignored; 0 measured; 0 filtered out; finished in 0.00s
[INFO] [stdout] 
[INFO] [stderr]      Running tests/card_tests.rs (/opt/rustwide/target/debug/build/wecanencrypt/ef973a932b72c76a/out/card_tests-ef973a932b72c76a)
[INFO] [stdout] 
[INFO] [stdout] running 0 tests
[INFO] [stdout] 
[INFO] [stdout] test result: ok. 0 passed; 0 failed; 0 ignored; 0 measured; 0 filtered out; finished in 0.00s
[INFO] [stdout] 
[INFO] [stderr]      Running tests/expiry_tests.rs (/opt/rustwide/target/debug/build/wecanencrypt/a0bf371d581aac67/out/expiry_tests-a0bf371d581aac67)
[INFO] [stdout] 
[INFO] [stdout] running 15 tests
[INFO] [stdout] test test_create_primary_key_with_sign ... ok
[INFO] [stdout] test test_create_key_with_primary_expiration ... ok
[INFO] [stdout] test test_create_key_with_creation_time ... ok
[INFO] [stdout] test test_create_key_with_creation_and_primary_expiry ... ok
[INFO] [stdout] test test_create_key_subkeys_only_expiration ... ok
[INFO] [stdout] test test_create_key_with_subkeys_expiration ... ok
[INFO] [stdout] test test_update_subkey_expiry_past_fails ... ok
[INFO] [stdout] test test_create_key_both_primary_and_subkeys_expire ... ok
[INFO] [stdout] test test_update_subkey_expiry_duration ... ok
[INFO] [stdout] test test_update_subkey_expiry_with_fixture ... ok
[INFO] [stdout] test test_expired_key_can_do_self_maintenance_but_not_third_party_certification ... ok
[INFO] [stdout] test test_update_primary_expiry_fixture_key ... ok
[INFO] [stdout] test test_update_primary_expiry_with_fixture ... ok
[INFO] [stdout] test test_expired_key_cannot_sign_data_but_can_extend_expiry ... ok
[INFO] [stdout] test test_revoked_key_cannot_sign_or_extend_expiry ... ok
[INFO] [stdout] 
[INFO] [stdout] test result: ok. 15 passed; 0 failed; 0 ignored; 0 measured; 0 filtered out; finished in 51.39s
[INFO] [stdout] 
[INFO] [stderr]      Running tests/fixture_tests.rs (/opt/rustwide/target/debug/build/wecanencrypt/2be8c01470a9eb8f/out/fixture_tests-2be8c01470a9eb8f)
[INFO] [stdout] 
[INFO] [stdout] running 79 tests
[INFO] [stdout] test encryption_fixtures::test_bytes_encrypted_for_double_recipient ... ok
[INFO] [stdout] test encryption_fixtures::test_decrypt_gpg_encrypted_file ... ok
[INFO] [stdout] test certification_fixtures::test_uid_certs ... ok
[INFO] [stdout] test keyring_export::test_write_to_keyring ... ok
[INFO] [stdout] test encryption_fixtures::test_encrypt_decrypt_with_fixture_keys ... ok
[INFO] [stdout] test keystore_fixtures::test_keystore_add_userid ... ok
[INFO] [stdout] test keystore_fixtures::test_keystore_get_pub_key ... ok
[INFO] [stdout] test keystore_fixtures::test_keystore_import_from_files ... ok
[INFO] [stdout] test keystore_fixtures::test_keystore_key_cipher_details ... ok
[INFO] [stdout] test keystore_fixtures::test_keystore_list_public_and_secret_keys ... ok
[INFO] [stdout] test keystore_fixtures::test_keystore_search_by_uid ... ok
[INFO] [stdout] test keystore_fixtures::test_keystore_encrypt_decrypt_bytes ... ok
[INFO] [stdout] test certification_fixtures::test_uid_revocation_status ... ok
[INFO] [stdout] test network_fetch::test_fetch_key_by_email ... FAILED
[INFO] [stdout] test network_fetch::test_fetch_key_by_fingerprint ... FAILED
[INFO] [stdout] test network_fetch::test_fetch_nonexistent_key_by_email ... ok
[INFO] [stdout] test network_fetch::test_fetch_nonexistent_key_by_fingerprint ... ok
[INFO] [stdout] test new_cipher_suites::test_cipher_suite_from_str ... ok
[INFO] [stdout] test expiry_updates::test_update_primary_expiry_time ... ok
[INFO] [stdout] test new_cipher_suites::test_cleartext_signature_cv25519modern ... ok
[INFO] [stdout] test expiry_updates::test_update_subkey_expiry_time ... ok
[INFO] [stdout] test new_cipher_suites::test_detached_signature_nistp256 ... ok
[INFO] [stdout] test new_cipher_suites::test_encrypt_decrypt_with_fixture_cv25519modern ... ok
[INFO] [stdout] test new_cipher_suites::test_encrypt_decrypt_with_fixture_nistp256 ... ok
[INFO] [stdout] test keystore_fixtures::test_keystore_sign_verify_detached ... ok
[INFO] [stdout] test certification::test_certify_key_uid ... ok
[INFO] [stdout] test new_cipher_suites::test_parse_fixture_cv25519modern ... ok
[INFO] [stdout] test new_cipher_suites::test_parse_fixture_nistp256 ... ok
[INFO] [stdout] test new_cipher_suites::test_parse_fixture_nistp384 ... ok
[INFO] [stdout] test new_cipher_suites::test_parse_fixture_nistp521 ... ok
[INFO] [stdout] test new_cipher_suites::test_cv25519_modern_key_generation_and_operations ... ok
[INFO] [stdout] test certification_fixtures::test_certify_uid_with_persona_type ... ok
[INFO] [stdout] test parse_key::test_key_cipher_details ... ok
[INFO] [stdout] test parse_key::test_merge_keys ... ok
[INFO] [stdout] test parse_key::test_no_primary_sign ... ok
[INFO] [stdout] test parse_key::test_parse_expired_old_cert ... ok
[INFO] [stdout] test new_cipher_suites::test_sign_verify_with_fixture_nistp521 ... ok
[INFO] [stdout] test parse_key::test_parse_key_bytes_kushal ... ok
[INFO] [stdout] test new_cipher_suites::test_sign_verify_with_fixture_nistp384 ... ok
[INFO] [stdout] test parse_key::test_parse_key_file_kushal ... ok
[INFO] [stdout] test primary_sign::test_primary_with_sign ... ok
[INFO] [stdout] test parse_key::test_parse_keyring ... ok
[INFO] [stdout] test primary_sign::test_primary_with_sign_public ... ok
[INFO] [stdout] test sign_verify::test_sign_detached_fail ... ok
[INFO] [stdout] test sign_verify::test_sign_from_different_key_file ... ok
[INFO] [stdout] test sign_verify::test_sign_from_gpg_verify_file ... ok
[INFO] [stdout] test certification::test_certify_all_uids ... ok
[INFO] [stdout] test new_cipher_suites::test_nistp256_key_generation_and_operations ... ok
[INFO] [stdout] test new_cipher_suites::test_nistp384_key_generation_and_operations ... ok
[INFO] [stdout] test new_cipher_suites::test_cv448_modern_key_generation_and_operations ... ok
[INFO] [stdout] test sign_verify::test_sign_cleartext ... ok
[INFO] [stdout] test sign_verify::test_verify_bytes_from_signed_message ... ok
[INFO] [stdout] test ssh_pubkey::test_get_ssh_pubkey_eddsa ... ok
[INFO] [stdout] test ssh_pubkey::test_get_ssh_pubkey_nistp384 ... ok
[INFO] [stdout] test ssh_pubkey::test_get_ssh_pubkey_nistp256 ... ok
[INFO] [stdout] test sign_verify::test_sign_detached ... ok
[INFO] [stdout] test ssh_pubkey::test_get_ssh_pubkey_nistp521 ... ok
[INFO] [stdout] test ssh_pubkey::test_get_ssh_pubkey_nistp521_no_comment ... ok
[INFO] [stdout] test ssh_pubkey::test_no_authentication_key ... ok
[INFO] [stdout] test new_cipher_suites::test_nistp521_key_generation_and_operations ... ok
[INFO] [stdout] test ssh_pubkey::test_get_ssh_pubkey_rsa ... ok
[INFO] [stdout] test sign_verify::test_sign_verify_bytes ... ok
[INFO] [stdout] test sign_verify::test_verify_bytes_detached_must_fail ... ok
[INFO] [stdout] test sign_verify::test_verify_bytes_detached ... ok
[INFO] [stdout] test sign_verify_fixtures::test_sign_verify_detached_wrong_data_with_fixture ... ok
[INFO] [stdout] test ssh_sign::test_ssh_sign_raw_ed25519_deterministic ... ok
[INFO] [stdout] test ssh_sign::test_ssh_sign_raw_ed25519_verify ... ok
[INFO] [stdout] test ssh_sign::test_ssh_sign_raw_ed25519 ... ok
[INFO] [stdout] test ssh_sign::test_ssh_sign_raw_different_data_different_sig ... ok
[INFO] [stdout] test subkey_availability::test_available_subkeys_for_expired ... ok
[INFO] [stdout] test subkey_availability::test_get_available_subkeys_from_fixture ... ok
[INFO] [stdout] test subkey_availability::test_available_subkeys_for_no_expiration ... ok
[INFO] [stdout] test ssh_sign::test_ssh_sign_raw_nistp256 ... ok
[INFO] [stdout] test ssh_sign::test_ssh_sign_raw_nistp256_verify ... ok
[INFO] [stdout] test ssh_sign::test_ssh_sign_raw_nistp384 ... ok
[INFO] [stdout] test ssh_sign::test_ssh_sign_raw_no_auth_subkey ... ok
[INFO] [stdout] test ssh_sign::test_ssh_sign_raw_nistp521 ... ok
[INFO] [stdout] test text_file::test_sign_verify_text_file ... ok
[INFO] [stdout] test ssh_sign::test_ssh_sign_raw_wrong_password ... ok
[INFO] [stdout] 
[INFO] [stdout] failures:
[INFO] [stdout] 
[INFO] [stdout] ---- network_fetch::test_fetch_key_by_email stdout ----
[INFO] [stdout] 
[INFO] [stdout] thread 'network_fetch::test_fetch_key_by_email' (4168) panicked at tests/fixture_tests.rs:1567:50:
[INFO] [stdout] called `Result::unwrap()` on an `Err` value: KeyNotFound("No key found for email 'mail@kushaldas.in': error sending request for url (https://kushaldas.in/.well-known/openpgpkey/hu/dizb37aqa5h4skgu7jf1xjr4q71w4paq?l=mail)")
[INFO] [stdout] stack backtrace:
[INFO] [stdout]    0:     0x5880f65e9b11 - std[617be2ca0a6fd877]::backtrace_rs::backtrace::libunwind::trace
[INFO] [stdout]                                at /rustc/e3feeb59cd1bdd011a2bfcc0747b55125d9b8527/library/std/src/../../backtrace/src/backtrace/libunwind.rs:117:9
[INFO] [stdout]    1:     0x5880f65e9b11 - std[617be2ca0a6fd877]::backtrace_rs::backtrace::trace_unsynchronized::<std[617be2ca0a6fd877]::sys::backtrace::_print_fmt::{closure#1}>
[INFO] [stdout]                                at /rustc/e3feeb59cd1bdd011a2bfcc0747b55125d9b8527/library/std/src/../../backtrace/src/backtrace/mod.rs:66:14
[INFO] [stdout]    2:     0x5880f65e9b11 - std[617be2ca0a6fd877]::sys::backtrace::_print_fmt
[INFO] [stdout]                                at /rustc/e3feeb59cd1bdd011a2bfcc0747b55125d9b8527/library/std/src/sys/backtrace.rs:74:9
[INFO] [stdout]    3:     0x5880f65e9b11 - <<std[617be2ca0a6fd877]::sys::backtrace::BacktraceLock>::print::DisplayBacktrace as core[a373ad73a504971]::fmt::Display>::fmt
[INFO] [stdout]                                at /rustc/e3feeb59cd1bdd011a2bfcc0747b55125d9b8527/library/std/src/sys/backtrace.rs:44:26
[INFO] [stdout]    4:     0x5880f6601fea - <core[a373ad73a504971]::fmt::rt::Argument>::fmt
[INFO] [stdout]                                at /rustc/e3feeb59cd1bdd011a2bfcc0747b55125d9b8527/library/core/src/fmt/rt.rs:152:76
[INFO] [stdout]    5:     0x5880f6601fea - core[a373ad73a504971]::fmt::write
[INFO] [stdout]    6:     0x5880f65ef19c - core[a373ad73a504971]::io::write::default_write_fmt::<alloc[2e1b2a31b91974c5]::vec::Vec<u8>>
[INFO] [stdout]                                at /rustc/e3feeb59cd1bdd011a2bfcc0747b55125d9b8527/library/core/src/io/write.rs:402:11
[INFO] [stdout]    7:     0x5880f65ef19c - <alloc[2e1b2a31b91974c5]::vec::Vec<u8> as core[a373ad73a504971]::io::write::Write>::write_fmt
[INFO] [stdout]                                at /rustc/e3feeb59cd1bdd011a2bfcc0747b55125d9b8527/library/core/src/io/write.rs:335:13
[INFO] [stdout]    8:     0x5880f65c2226 - <std[617be2ca0a6fd877]::sys::backtrace::BacktraceLock>::print
[INFO] [stdout]                                at /rustc/e3feeb59cd1bdd011a2bfcc0747b55125d9b8527/library/std/src/sys/backtrace.rs:47:9
[INFO] [stdout]    9:     0x5880f65c2226 - std[617be2ca0a6fd877]::panicking::default_hook::{closure#0}
[INFO] [stdout]                                at /rustc/e3feeb59cd1bdd011a2bfcc0747b55125d9b8527/library/std/src/panicking.rs:289:27
[INFO] [stdout]   10:     0x5880f65e0369 - std[617be2ca0a6fd877]::panicking::default_hook
[INFO] [stdout]                                at /rustc/e3feeb59cd1bdd011a2bfcc0747b55125d9b8527/library/std/src/panicking.rs:313:9
[INFO] [stdout]   11:     0x5880f5305a50 - <alloc[2e1b2a31b91974c5]::boxed::Box<dyn for<'a, 'b> core[a373ad73a504971]::ops::function::Fn<(&'a std[617be2ca0a6fd877]::panic::PanicHookInfo<'b>,), Output = ()> + core[a373ad73a504971]::marker::Sync + core[a373ad73a504971]::marker::Send> as core[a373ad73a504971]::ops::function::Fn<(&std[617be2ca0a6fd877]::panic::PanicHookInfo,)>>::call
[INFO] [stdout]                                at /rustc/e3feeb59cd1bdd011a2bfcc0747b55125d9b8527/library/alloc/src/boxed.rs:2328:9
[INFO] [stdout]   12:     0x5880f5305a50 - test[aada8e7e76ba119b]::test_main_inner::{closure#0}
[INFO] [stdout]                                at /rustc/e3feeb59cd1bdd011a2bfcc0747b55125d9b8527/library/test/src/lib.rs:137:21
[INFO] [stdout]   13:     0x5880f65e0692 - <alloc[2e1b2a31b91974c5]::boxed::Box<dyn for<'a, 'b> core[a373ad73a504971]::ops::function::Fn<(&'a std[617be2ca0a6fd877]::panic::PanicHookInfo<'b>,), Output = ()> + core[a373ad73a504971]::marker::Sync + core[a373ad73a504971]::marker::Send> as core[a373ad73a504971]::ops::function::Fn<(&std[617be2ca0a6fd877]::panic::PanicHookInfo,)>>::call
[INFO] [stdout]                                at /rustc/e3feeb59cd1bdd011a2bfcc0747b55125d9b8527/library/alloc/src/boxed.rs:2328:9
[INFO] [stdout]   14:     0x5880f65e0692 - std[617be2ca0a6fd877]::panicking::panic_with_hook
[INFO] [stdout]                                at /rustc/e3feeb59cd1bdd011a2bfcc0747b55125d9b8527/library/std/src/panicking.rs:819:13
[INFO] [stdout]   15:     0x5880f65c22d2 - std[617be2ca0a6fd877]::panicking::panic_handler::{closure#0}
[INFO] [stdout]                                at /rustc/e3feeb59cd1bdd011a2bfcc0747b55125d9b8527/library/std/src/panicking.rs:685:13
[INFO] [stdout]   16:     0x5880f65ba629 - std[617be2ca0a6fd877]::sys::backtrace::__rust_end_short_backtrace::<std[617be2ca0a6fd877]::panicking::panic_handler::{closure#0}, !>
[INFO] [stdout]                                at /rustc/e3feeb59cd1bdd011a2bfcc0747b55125d9b8527/library/std/src/sys/backtrace.rs:182:18
[INFO] [stdout]   17:     0x5880f65c31dd - __rustc[ea4f61d10b84890b]::rust_begin_unwind
[INFO] [stdout]                                at /rustc/e3feeb59cd1bdd011a2bfcc0747b55125d9b8527/library/std/src/panicking.rs:676:5
[INFO] [stdout]   18:     0x5880f660280c - core[a373ad73a504971]::panicking::panic_fmt
[INFO] [stdout]                                at /rustc/e3feeb59cd1bdd011a2bfcc0747b55125d9b8527/library/core/src/panicking.rs:80:14
[INFO] [stdout]   19:     0x5880f6602562 - core[a373ad73a504971]::result::unwrap_failed
[INFO] [stdout]                                at /rustc/e3feeb59cd1bdd011a2bfcc0747b55125d9b8527/library/core/src/result.rs:1870:5
[INFO] [stdout]   20:     0x5880f52d0526 - <core[a373ad73a504971]::result::Result<alloc[2e1b2a31b91974c5]::vec::Vec<u8>, wecanencrypt[5512ca1a96cbfa67]::error::Error>>::unwrap
[INFO] [stdout]                                at /rustc/e3feeb59cd1bdd011a2bfcc0747b55125d9b8527/library/core/src/result.rs:1232:23
[INFO] [stdout]   21:     0x5880f52d0526 - fixture_tests[20251985ea194665]::network_fetch::test_fetch_key_by_email
[INFO] [stdout]                                at /opt/rustwide/workdir/tests/fixture_tests.rs:1567:50
[INFO] [stdout]   22:     0x5880f52cd467 - fixture_tests[20251985ea194665]::network_fetch::test_fetch_key_by_email::{closure#0}
[INFO] [stdout]                                at /opt/rustwide/workdir/tests/fixture_tests.rs:1563:33
[INFO] [stdout]   23:     0x5880f52dd296 - <fixture_tests[20251985ea194665]::network_fetch::test_fetch_key_by_email::{closure#0} as core[a373ad73a504971]::ops::function::FnOnce<()>>::call_once
[INFO] [stdout]                                at /rustc/e3feeb59cd1bdd011a2bfcc0747b55125d9b8527/library/core/src/ops/function.rs:250:5
[INFO] [stdout]   24:     0x5880f52f8e9b - <fn() -> core[a373ad73a504971]::result::Result<(), alloc[2e1b2a31b91974c5]::string::String> as core[a373ad73a504971]::ops::function::FnOnce<()>>::call_once
[INFO] [stdout]                                at /rustc/e3feeb59cd1bdd011a2bfcc0747b55125d9b8527/library/core/src/ops/function.rs:250:5
[INFO] [stdout]   25:     0x5880f52f8e9b - test[aada8e7e76ba119b]::__rust_begin_short_backtrace::<core[a373ad73a504971]::result::Result<(), alloc[2e1b2a31b91974c5]::string::String>, fn() -> core[a373ad73a504971]::result::Result<(), alloc[2e1b2a31b91974c5]::string::String>>
[INFO] [stdout]                                at /rustc/e3feeb59cd1bdd011a2bfcc0747b55125d9b8527/library/test/src/lib.rs:701:18
[INFO] [stdout]   26:     0x5880f5306075 - test[aada8e7e76ba119b]::run_test_in_process::{closure#0}
[INFO] [stdout]                                at /rustc/e3feeb59cd1bdd011a2bfcc0747b55125d9b8527/library/test/src/lib.rs:724:74
[INFO] [stdout]   27:     0x5880f5306075 - <core[a373ad73a504971]::panic::unwind_safe::AssertUnwindSafe<test[aada8e7e76ba119b]::run_test_in_process::{closure#0}> as core[a373ad73a504971]::ops::function::FnOnce<()>>::call_once
[INFO] [stdout]                                at /rustc/e3feeb59cd1bdd011a2bfcc0747b55125d9b8527/library/core/src/panic/unwind_safe.rs:275:9
[INFO] [stdout]   28:     0x5880f5306075 - std[617be2ca0a6fd877]::panicking::catch_unwind::do_call::<core[a373ad73a504971]::panic::unwind_safe::AssertUnwindSafe<test[aada8e7e76ba119b]::run_test_in_process::{closure#0}>, core[a373ad73a504971]::result::Result<(), alloc[2e1b2a31b91974c5]::string::String>>
[INFO] [stdout]                                at /rustc/e3feeb59cd1bdd011a2bfcc0747b55125d9b8527/library/std/src/panicking.rs:573:43
[INFO] [stdout]   29:     0x5880f5306075 - std[617be2ca0a6fd877]::panicking::catch_unwind::<core[a373ad73a504971]::result::Result<(), alloc[2e1b2a31b91974c5]::string::String>, core[a373ad73a504971]::panic::unwind_safe::AssertUnwindSafe<test[aada8e7e76ba119b]::run_test_in_process::{closure#0}>>
[INFO] [stdout]                                at /rustc/e3feeb59cd1bdd011a2bfcc0747b55125d9b8527/library/std/src/panicking.rs:541:19
[INFO] [stdout]   30:     0x5880f5306075 - std[617be2ca0a6fd877]::panic::catch_unwind::<core[a373ad73a504971]::panic::unwind_safe::AssertUnwindSafe<test[aada8e7e76ba119b]::run_test_in_process::{closure#0}>, core[a373ad73a504971]::result::Result<(), alloc[2e1b2a31b91974c5]::string::String>>
[INFO] [stdout]                                at /rustc/e3feeb59cd1bdd011a2bfcc0747b55125d9b8527/library/std/src/panic.rs:359:14
[INFO] [stdout]   31:     0x5880f5306075 - test[aada8e7e76ba119b]::run_test_in_process
[INFO] [stdout]                                at /rustc/e3feeb59cd1bdd011a2bfcc0747b55125d9b8527/library/test/src/lib.rs:724:27
[INFO] [stdout]   32:     0x5880f5306075 - test[aada8e7e76ba119b]::run_test::{closure#0}
[INFO] [stdout]                                at /rustc/e3feeb59cd1bdd011a2bfcc0747b55125d9b8527/library/test/src/lib.rs:645:43
[INFO] [stdout]   33:     0x5880f52ff964 - test[aada8e7e76ba119b]::run_test::{closure#1}
[INFO] [stdout]                                at /rustc/e3feeb59cd1bdd011a2bfcc0747b55125d9b8527/library/test/src/lib.rs:675:41
[INFO] [stdout]   34:     0x5880f52ff964 - std[617be2ca0a6fd877]::sys::backtrace::__rust_begin_short_backtrace::<test[aada8e7e76ba119b]::run_test::{closure#1}, ()>
[INFO] [stdout]                                at /rustc/e3feeb59cd1bdd011a2bfcc0747b55125d9b8527/library/std/src/sys/backtrace.rs:166:18
[INFO] [stdout]   35:     0x5880f5309102 - std[617be2ca0a6fd877]::thread::lifecycle::spawn_unchecked::<test[aada8e7e76ba119b]::run_test::{closure#1}, ()>::{closure#1}::{closure#0}
[INFO] [stdout]                                at /rustc/e3feeb59cd1bdd011a2bfcc0747b55125d9b8527/library/std/src/thread/lifecycle.rs:70:13
[INFO] [stdout]   36:     0x5880f5309102 - <core[a373ad73a504971]::panic::unwind_safe::AssertUnwindSafe<std[617be2ca0a6fd877]::thread::lifecycle::spawn_unchecked<test[aada8e7e76ba119b]::run_test::{closure#1}, ()>::{closure#1}::{closure#0}> as core[a373ad73a504971]::ops::function::FnOnce<()>>::call_once
[INFO] [stdout]                                at /rustc/e3feeb59cd1bdd011a2bfcc0747b55125d9b8527/library/core/src/panic/unwind_safe.rs:275:9
[INFO] [stdout]   37:     0x5880f5309102 - std[617be2ca0a6fd877]::panicking::catch_unwind::do_call::<core[a373ad73a504971]::panic::unwind_safe::AssertUnwindSafe<std[617be2ca0a6fd877]::thread::lifecycle::spawn_unchecked<test[aada8e7e76ba119b]::run_test::{closure#1}, ()>::{closure#1}::{closure#0}>, ()>
[INFO] [stdout]                                at /rustc/e3feeb59cd1bdd011a2bfcc0747b55125d9b8527/library/std/src/panicking.rs:573:43
[INFO] [stdout]   38:     0x5880f5309102 - std[617be2ca0a6fd877]::panicking::catch_unwind::<(), core[a373ad73a504971]::panic::unwind_safe::AssertUnwindSafe<std[617be2ca0a6fd877]::thread::lifecycle::spawn_unchecked<test[aada8e7e76ba119b]::run_test::{closure#1}, ()>::{closure#1}::{closure#0}>>
[INFO] [stdout]                                at /rustc/e3feeb59cd1bdd011a2bfcc0747b55125d9b8527/library/std/src/panicking.rs:541:19
[INFO] [stdout]   39:     0x5880f5309102 - std[617be2ca0a6fd877]::panic::catch_unwind::<core[a373ad73a504971]::panic::unwind_safe::AssertUnwindSafe<std[617be2ca0a6fd877]::thread::lifecycle::spawn_unchecked<test[aada8e7e76ba119b]::run_test::{closure#1}, ()>::{closure#1}::{closure#0}>, ()>
[INFO] [stdout]                                at /rustc/e3feeb59cd1bdd011a2bfcc0747b55125d9b8527/library/std/src/panic.rs:359:14
[INFO] [stdout]   40:     0x5880f5309102 - std[617be2ca0a6fd877]::thread::lifecycle::spawn_unchecked::<test[aada8e7e76ba119b]::run_test::{closure#1}, ()>::{closure#1}
[INFO] [stdout]                                at /rustc/e3feeb59cd1bdd011a2bfcc0747b55125d9b8527/library/std/src/thread/lifecycle.rs:68:26
[INFO] [stdout]   41:     0x5880f5309102 - <std[617be2ca0a6fd877]::thread::lifecycle::spawn_unchecked<test[aada8e7e76ba119b]::run_test::{closure#1}, ()>::{closure#1} as core[a373ad73a504971]::ops::function::FnOnce<()>>::call_once::{shim:vtable#0}
[INFO] [stdout]                                at /rustc/e3feeb59cd1bdd011a2bfcc0747b55125d9b8527/library/core/src/ops/function.rs:250:5
[INFO] [stdout]   42:     0x5880f65e891f - <alloc[2e1b2a31b91974c5]::boxed::Box<dyn core[a373ad73a504971]::ops::function::FnOnce<(), Output = ()> + core[a373ad73a504971]::marker::Send> as core[a373ad73a504971]::ops::function::FnOnce<()>>::call_once
[INFO] [stdout]                                at /rustc/e3feeb59cd1bdd011a2bfcc0747b55125d9b8527/library/alloc/src/boxed.rs:2314:9
[INFO] [stdout]   43:     0x5880f65e891f - <std[617be2ca0a6fd877]::sys::thread::unix::Thread>::new::thread_start
[INFO] [stdout]                                at /rustc/e3feeb59cd1bdd011a2bfcc0747b55125d9b8527/library/std/src/sys/thread/unix.rs:127:17
[INFO] [stdout]   44:     0x7ad8ec952dfa - <unknown>
[INFO] [stdout]   45:     0x7ad8ec9e63d4 - clone
[INFO] [stdout]   46:                0x0 - <unknown>
[INFO] [stdout] 
[INFO] [stdout] ---- network_fetch::test_fetch_key_by_fingerprint stdout ----
[INFO] [stdout] 
[INFO] [stdout] thread 'network_fetch::test_fetch_key_by_fingerprint' (4170) panicked at tests/fixture_tests.rs:1548:68:
[INFO] [stdout] called `Result::unwrap()` on an `Err` value: Network("error sending request for url (https://keys.openpgp.org/vks/v1/by-fingerprint/EF6E286DDA85EA2A4BA7DE684E2C6E8793298290)")
[INFO] [stdout] stack backtrace:
[INFO] [stdout]    0:     0x5880f65e9b11 - std[617be2ca0a6fd877]::backtrace_rs::backtrace::libunwind::trace
[INFO] [stdout]                                at /rustc/e3feeb59cd1bdd011a2bfcc0747b55125d9b8527/library/std/src/../../backtrace/src/backtrace/libunwind.rs:117:9
[INFO] [stdout]    1:     0x5880f65e9b11 - std[617be2ca0a6fd877]::backtrace_rs::backtrace::trace_unsynchronized::<std[617be2ca0a6fd877]::sys::backtrace::_print_fmt::{closure#1}>
[INFO] [stdout]                                at /rustc/e3feeb59cd1bdd011a2bfcc0747b55125d9b8527/library/std/src/../../backtrace/src/backtrace/mod.rs:66:14
[INFO] [stdout]    2:     0x5880f65e9b11 - std[617be2ca0a6fd877]::sys::backtrace::_print_fmt
[INFO] [stdout]                                at /rustc/e3feeb59cd1bdd011a2bfcc0747b55125d9b8527/library/std/src/sys/backtrace.rs:74:9
[INFO] [stdout]    3:     0x5880f65e9b11 - <<std[617be2ca0a6fd877]::sys::backtrace::BacktraceLock>::print::DisplayBacktrace as core[a373ad73a504971]::fmt::Display>::fmt
[INFO] [stdout]                                at /rustc/e3feeb59cd1bdd011a2bfcc0747b55125d9b8527/library/std/src/sys/backtrace.rs:44:26
[INFO] [stdout]    4:     0x5880f6601fea - <core[a373ad73a504971]::fmt::rt::Argument>::fmt
[INFO] [stdout]                                at /rustc/e3feeb59cd1bdd011a2bfcc0747b55125d9b8527/library/core/src/fmt/rt.rs:152:76
[INFO] [stdout]    5:     0x5880f6601fea - core[a373ad73a504971]::fmt::write
[INFO] [stdout]    6:     0x5880f65ef19c - core[a373ad73a504971]::io::write::default_write_fmt::<alloc[2e1b2a31b91974c5]::vec::Vec<u8>>
[INFO] [stdout]                                at /rustc/e3feeb59cd1bdd011a2bfcc0747b55125d9b8527/library/core/src/io/write.rs:402:11
[INFO] [stdout]    7:     0x5880f65ef19c - <alloc[2e1b2a31b91974c5]::vec::Vec<u8> as core[a373ad73a504971]::io::write::Write>::write_fmt
[INFO] [stdout]                                at /rustc/e3feeb59cd1bdd011a2bfcc0747b55125d9b8527/library/core/src/io/write.rs:335:13
[INFO] [stdout]    8:     0x5880f65c2226 - <std[617be2ca0a6fd877]::sys::backtrace::BacktraceLock>::print
[INFO] [stdout]                                at /rustc/e3feeb59cd1bdd011a2bfcc0747b55125d9b8527/library/std/src/sys/backtrace.rs:47:9
[INFO] [stdout]    9:     0x5880f65c2226 - std[617be2ca0a6fd877]::panicking::default_hook::{closure#0}
[INFO] [stdout]                                at /rustc/e3feeb59cd1bdd011a2bfcc0747b55125d9b8527/library/std/src/panicking.rs:289:27
[INFO] [stdout]   10:     0x5880f65e0369 - std[617be2ca0a6fd877]::panicking::default_hook
[INFO] [stdout]                                at /rustc/e3feeb59cd1bdd011a2bfcc0747b55125d9b8527/library/std/src/panicking.rs:313:9
[INFO] [stdout]   11:     0x5880f5305a50 - <alloc[2e1b2a31b91974c5]::boxed::Box<dyn for<'a, 'b> core[a373ad73a504971]::ops::function::Fn<(&'a std[617be2ca0a6fd877]::panic::PanicHookInfo<'b>,), Output = ()> + core[a373ad73a504971]::marker::Sync + core[a373ad73a504971]::marker::Send> as core[a373ad73a504971]::ops::function::Fn<(&std[617be2ca0a6fd877]::panic::PanicHookInfo,)>>::call
[INFO] [stdout]                                at /rustc/e3feeb59cd1bdd011a2bfcc0747b55125d9b8527/library/alloc/src/boxed.rs:2328:9
[INFO] [stdout]   12:     0x5880f5305a50 - test[aada8e7e76ba119b]::test_main_inner::{closure#0}
[INFO] [stdout]                                at /rustc/e3feeb59cd1bdd011a2bfcc0747b55125d9b8527/library/test/src/lib.rs:137:21
[INFO] [stdout]   13:     0x5880f65e0692 - <alloc[2e1b2a31b91974c5]::boxed::Box<dyn for<'a, 'b> core[a373ad73a504971]::ops::function::Fn<(&'a std[617be2ca0a6fd877]::panic::PanicHookInfo<'b>,), Output = ()> + core[a373ad73a504971]::marker::Sync + core[a373ad73a504971]::marker::Send> as core[a373ad73a504971]::ops::function::Fn<(&std[617be2ca0a6fd877]::panic::PanicHookInfo,)>>::call
[INFO] [stdout]                                at /rustc/e3feeb59cd1bdd011a2bfcc0747b55125d9b8527/library/alloc/src/boxed.rs:2328:9
[INFO] [stdout]   14:     0x5880f65e0692 - std[617be2ca0a6fd877]::panicking::panic_with_hook
[INFO] [stdout]                                at /rustc/e3feeb59cd1bdd011a2bfcc0747b55125d9b8527/library/std/src/panicking.rs:819:13
[INFO] [stdout]   15:     0x5880f65c22d2 - std[617be2ca0a6fd877]::panicking::panic_handler::{closure#0}
[INFO] [stdout]                                at /rustc/e3feeb59cd1bdd011a2bfcc0747b55125d9b8527/library/std/src/panicking.rs:685:13
[INFO] [stdout]   16:     0x5880f65ba629 - std[617be2ca0a6fd877]::sys::backtrace::__rust_end_short_backtrace::<std[617be2ca0a6fd877]::panicking::panic_handler::{closure#0}, !>
[INFO] [stdout]                                at /rustc/e3feeb59cd1bdd011a2bfcc0747b55125d9b8527/library/std/src/sys/backtrace.rs:182:18
[INFO] [stdout]   17:     0x5880f65c31dd - __rustc[ea4f61d10b84890b]::rust_begin_unwind
[INFO] [stdout]                                at /rustc/e3feeb59cd1bdd011a2bfcc0747b55125d9b8527/library/std/src/panicking.rs:676:5
[INFO] [stdout]   18:     0x5880f660280c - core[a373ad73a504971]::panicking::panic_fmt
[INFO] [stdout]                                at /rustc/e3feeb59cd1bdd011a2bfcc0747b55125d9b8527/library/core/src/panicking.rs:80:14
[INFO] [stdout]   19:     0x5880f6602562 - core[a373ad73a504971]::result::unwrap_failed
[INFO] [stdout]                                at /rustc/e3feeb59cd1bdd011a2bfcc0747b55125d9b8527/library/core/src/result.rs:1870:5
[INFO] [stdout]   20:     0x5880f52d0a1a - <core[a373ad73a504971]::result::Result<alloc[2e1b2a31b91974c5]::vec::Vec<u8>, wecanencrypt[5512ca1a96cbfa67]::error::Error>>::unwrap
[INFO] [stdout]                                at /rustc/e3feeb59cd1bdd011a2bfcc0747b55125d9b8527/library/core/src/result.rs:1232:23
[INFO] [stdout]   21:     0x5880f52d0a1a - fixture_tests[20251985ea194665]::network_fetch::test_fetch_key_by_fingerprint
[INFO] [stdout]                                at /opt/rustwide/workdir/tests/fixture_tests.rs:1548:68
[INFO] [stdout]   22:     0x5880f52cd497 - fixture_tests[20251985ea194665]::network_fetch::test_fetch_key_by_fingerprint::{closure#0}
[INFO] [stdout]                                at /opt/rustwide/workdir/tests/fixture_tests.rs:1544:39
[INFO] [stdout]   23:     0x5880f52dd2b6 - <fixture_tests[20251985ea194665]::network_fetch::test_fetch_key_by_fingerprint::{closure#0} as core[a373ad73a504971]::ops::function::FnOnce<()>>::call_once
[INFO] [stdout]                                at /rustc/e3feeb59cd1bdd011a2bfcc0747b55125d9b8527/library/core/src/ops/function.rs:250:5
[INFO] [stdout]   24:     0x5880f52f8e9b - <fn() -> core[a373ad73a504971]::result::Result<(), alloc[2e1b2a31b91974c5]::string::String> as core[a373ad73a504971]::ops::function::FnOnce<()>>::call_once
[INFO] [stdout]                                at /rustc/e3feeb59cd1bdd011a2bfcc0747b55125d9b8527/library/core/src/ops/function.rs:250:5
[INFO] [stdout]   25:     0x5880f52f8e9b - test[aada8e7e76ba119b]::__rust_begin_short_backtrace::<core[a373ad73a504971]::result::Result<(), alloc[2e1b2a31b91974c5]::string::String>, fn() -> core[a373ad73a504971]::result::Result<(), alloc[2e1b2a31b91974c5]::string::String>>
[INFO] [stdout]                                at /rustc/e3feeb59cd1bdd011a2bfcc0747b55125d9b8527/library/test/src/lib.rs:701:18
[INFO] [stdout]   26:     0x5880f5306075 - test[aada8e7e76ba119b]::run_test_in_process::{closure#0}
[INFO] [stdout]                                at /rustc/e3feeb59cd1bdd011a2bfcc0747b55125d9b8527/library/test/src/lib.rs:724:74
[INFO] [stdout]   27:     0x5880f5306075 - <core[a373ad73a504971]::panic::unwind_safe::AssertUnwindSafe<test[aada8e7e76ba119b]::run_test_in_process::{closure#0}> as core[a373ad73a504971]::ops::function::FnOnce<()>>::call_once
[INFO] [stdout]                                at /rustc/e3feeb59cd1bdd011a2bfcc0747b55125d9b8527/library/core/src/panic/unwind_safe.rs:275:9
[INFO] [stdout]   28:     0x5880f5306075 - std[617be2ca0a6fd877]::panicking::catch_unwind::do_call::<core[a373ad73a504971]::panic::unwind_safe::AssertUnwindSafe<test[aada8e7e76ba119b]::run_test_in_process::{closure#0}>, core[a373ad73a504971]::result::Result<(), alloc[2e1b2a31b91974c5]::string::String>>
[INFO] [stdout]                                at /rustc/e3feeb59cd1bdd011a2bfcc0747b55125d9b8527/library/std/src/panicking.rs:573:43
[INFO] [stdout]   29:     0x5880f5306075 - std[617be2ca0a6fd877]::panicking::catch_unwind::<core[a373ad73a504971]::result::Result<(), alloc[2e1b2a31b91974c5]::string::String>, core[a373ad73a504971]::panic::unwind_safe::AssertUnwindSafe<test[aada8e7e76ba119b]::run_test_in_process::{closure#0}>>
[INFO] [stdout]                                at /rustc/e3feeb59cd1bdd011a2bfcc0747b55125d9b8527/library/std/src/panicking.rs:541:19
[INFO] [stdout]   30:     0x5880f5306075 - std[617be2ca0a6fd877]::panic::catch_unwind::<core[a373ad73a504971]::panic::unwind_safe::AssertUnwindSafe<test[aada8e7e76ba119b]::run_test_in_process::{closure#0}>, core[a373ad73a504971]::result::Result<(), alloc[2e1b2a31b91974c5]::string::String>>
[INFO] [stdout]                                at /rustc/e3feeb59cd1bdd011a2bfcc0747b55125d9b8527/library/std/src/panic.rs:359:14
[INFO] [stdout]   31:     0x5880f5306075 - test[aada8e7e76ba119b]::run_test_in_process
[INFO] [stdout]                                at /rustc/e3feeb59cd1bdd011a2bfcc0747b55125d9b8527/library/test/src/lib.rs:724:27
[INFO] [stdout]   32:     0x5880f5306075 - test[aada8e7e76ba119b]::run_test::{closure#0}
[INFO] [stdout]                                at /rustc/e3feeb59cd1bdd011a2bfcc0747b55125d9b8527/library/test/src/lib.rs:645:43
[INFO] [stdout]   33:     0x5880f52ff964 - test[aada8e7e76ba119b]::run_test::{closure#1}
[INFO] [stdout]                                at /rustc/e3feeb59cd1bdd011a2bfcc0747b55125d9b8527/library/test/src/lib.rs:675:41
[INFO] [stdout]   34:     0x5880f52ff964 - std[617be2ca0a6fd877]::sys::backtrace::__rust_begin_short_backtrace::<test[aada8e7e76ba119b]::run_test::{closure#1}, ()>
[INFO] [stdout]                                at /rustc/e3feeb59cd1bdd011a2bfcc0747b55125d9b8527/library/std/src/sys/backtrace.rs:166:18
[INFO] [stdout]   35:     0x5880f5309102 - std[617be2ca0a6fd877]::thread::lifecycle::spawn_unchecked::<test[aada8e7e76ba119b]::run_test::{closure#1}, ()>::{closure#1}::{closure#0}
[INFO] [stdout]                                at /rustc/e3feeb59cd1bdd011a2bfcc0747b55125d9b8527/library/std/src/thread/lifecycle.rs:70:13
[INFO] [stdout]   36:     0x5880f5309102 - <core[a373ad73a504971]::panic::unwind_safe::AssertUnwindSafe<std[617be2ca0a6fd877]::thread::lifecycle::spawn_unchecked<test[aada8e7e76ba119b]::run_test::{closure#1}, ()>::{closure#1}::{closure#0}> as core[a373ad73a504971]::ops::function::FnOnce<()>>::call_once
[INFO] [stdout]                                at /rustc/e3feeb59cd1bdd011a2bfcc0747b55125d9b8527/library/core/src/panic/unwind_safe.rs:275:9
[INFO] [stdout]   37:     0x5880f5309102 - std[617be2ca0a6fd877]::panicking::catch_unwind::do_call::<core[a373ad73a504971]::panic::unwind_safe::AssertUnwindSafe<std[617be2ca0a6fd877]::thread::lifecycle::spawn_unchecked<test[aada8e7e76ba119b]::run_test::{closure#1}, ()>::{closure#1}::{closure#0}>, ()>
[INFO] [stdout]                                at /rustc/e3feeb59cd1bdd011a2bfcc0747b55125d9b8527/library/std/src/panicking.rs:573:43
[INFO] [stdout]   38:     0x5880f5309102 - std[617be2ca0a6fd877]::panicking::catch_unwind::<(), core[a373ad73a504971]::panic::unwind_safe::AssertUnwindSafe<std[617be2ca0a6fd877]::thread::lifecycle::spawn_unchecked<test[aada8e7e76ba119b]::run_test::{closure#1}, ()>::{closure#1}::{closure#0}>>
[INFO] [stdout]                                at /rustc/e3feeb59cd1bdd011a2bfcc0747b55125d9b8527/library/std/src/panicking.rs:541:19
[INFO] [stdout]   39:     0x5880f5309102 - std[617be2ca0a6fd877]::panic::catch_unwind::<core[a373ad73a504971]::panic::unwind_safe::AssertUnwindSafe<std[617be2ca0a6fd877]::thread::lifecycle::spawn_unchecked<test[aada8e7e76ba119b]::run_test::{closure#1}, ()>::{closure#1}::{closure#0}>, ()>
[INFO] [stdout]                                at /rustc/e3feeb59cd1bdd011a2bfcc0747b55125d9b8527/library/std/src/panic.rs:359:14
[INFO] [stdout]   40:     0x5880f5309102 - std[617be2ca0a6fd877]::thread::lifecycle::spawn_unchecked::<test[aada8e7e76ba119b]::run_test::{closure#1}, ()>::{closure#1}
[INFO] [stdout]                                at /rustc/e3feeb59cd1bdd011a2bfcc0747b55125d9b8527/library/std/src/thread/lifecycle.rs:68:26
[INFO] [stdout]   41:     0x5880f5309102 - <std[617be2ca0a6fd877]::thread::lifecycle::spawn_unchecked<test[aada8e7e76ba119b]::run_test::{closure#1}, ()>::{closure#1} as core[a373ad73a504971]::ops::function::FnOnce<()>>::call_once::{shim:vtable#0}
[INFO] [stdout]                                at /rustc/e3feeb59cd1bdd011a2bfcc0747b55125d9b8527/library/core/src/ops/function.rs:250:5
[INFO] [stdout]   42:     0x5880f65e891f - <alloc[2e1b2a31b91974c5]::boxed::Box<dyn core[a373ad73a504971]::ops::function::FnOnce<(), Output = ()> + core[a373ad73a504971]::marker::Send> as core[a373ad73a504971]::ops::function::FnOnce<()>>::call_once
[INFO] [stdout]                                at /rustc/e3feeb59cd1bdd011a2bfcc0747b55125d9b8527/library/alloc/src/boxed.rs:2314:9
[INFO] [stdout]   43:     0x5880f65e891f - <std[617be2ca0a6fd877]::sys::thread::unix::Thread>::new::thread_start
[INFO] [stdout]                                at /rustc/e3feeb59cd1bdd011a2bfcc0747b55125d9b8527/library/std/src/sys/thread/unix.rs:127:17
[INFO] [stdout]   44:     0x7ad8ec952dfa - <unknown>
[INFO] [stdout]   45:     0x7ad8ec9e63d4 - clone
[INFO] [stdout]   46:                0x0 - <unknown>
[INFO] [stdout] 
[INFO] [stdout] 
[INFO] [stdout] failures:
[INFO] [stdout]     network_fetch::test_fetch_key_by_email
[INFO] [stdout]     network_fetch::test_fetch_key_by_fingerprint
[INFO] [stdout] 
[INFO] [stdout] test result: FAILED. 77 passed; 2 failed; 0 ignored; 0 measured; 0 filtered out; finished in 91.74s
[INFO] [stdout] 
[INFO] [stderr] error: test failed, to rerun pass `--test fixture_tests`
[INFO] running `Command { std: "docker" "inspect" "1471a21ad1eb088f8e5a87826b030b78cce8f1464553611e51c7bace446c4124", kill_on_drop: false }`
[INFO] running `Command { std: "docker" "rm" "-f" "1471a21ad1eb088f8e5a87826b030b78cce8f1464553611e51c7bace446c4124", kill_on_drop: false }`
[INFO] [stdout] 1471a21ad1eb088f8e5a87826b030b78cce8f1464553611e51c7bace446c4124
