[INFO] fetching crate velesdb-cli 6.0.0...
[INFO] testing velesdb-cli-6.0.0 against 1.100.0-beta.1 for beta-1.100-2
[INFO] extracting crate velesdb-cli 6.0.0 into /workspace/builds/worker-4-tc2/source
[INFO] started tweaking crates.io crate velesdb-cli 6.0.0
[INFO] removed 0 missing tests
[INFO] finished tweaking crates.io crate velesdb-cli 6.0.0
[INFO] tweaked toml for crates.io crate velesdb-cli 6.0.0 written to /workspace/builds/worker-4-tc2/source/Cargo.toml
[INFO] validating manifest of crates.io crate velesdb-cli 6.0.0 on toolchain 1.100.0-beta.1
[INFO] running `Command { std: CARGO_HOME="/workspace/cargo-home" RUSTUP_HOME="/workspace/rustup-home" "/workspace/cargo-home/bin/cargo" "+1.100.0-beta.1" "metadata" "--manifest-path" "Cargo.toml" "--no-deps", kill_on_drop: false }`
[INFO] crate crates.io crate velesdb-cli 6.0.0 already has a lockfile, it will not be regenerated
[INFO] running `Command { std: CARGO_HOME="/workspace/cargo-home" RUSTUP_HOME="/workspace/rustup-home" "/workspace/cargo-home/bin/cargo" "+1.100.0-beta.1" "fetch" "--manifest-path" "Cargo.toml", kill_on_drop: false }`
[INFO] running `Command { std: "docker" "create" "-v" "/var/lib/crater-agent-workspace/builds/worker-4-tc2/source:/opt/rustwide/workdir:ro,Z" "-v" "/var/lib/crater-agent-workspace/builds/worker-4-tc2/target:/opt/rustwide/target:rw,Z" "-v" "/var/lib/crater-agent-workspace/cargo-home:/opt/rustwide/cargo-home:ro,Z" "-v" "/var/lib/crater-agent-workspace/rustup-home:/opt/rustwide/rustup-home:ro,Z" "-m" "1610612736" "--network" "none" "ghcr.io/rust-lang/crates-build-env/linux@sha256:3111399a4047eeb3a02b7a90e478d715f38a8c6669b5c4b49d30a17385265909" "sleep" "infinity", kill_on_drop: false }`
[INFO] [stdout] 8ce9f49a01bf734d6ae78e96f95dfe944dc2c33c8a99e8662481d6935e8f68a2
[INFO] running `Command { std: "docker" "start" "8ce9f49a01bf734d6ae78e96f95dfe944dc2c33c8a99e8662481d6935e8f68a2", kill_on_drop: false }`
[INFO] running `Command { std: "docker" "inspect" "8ce9f49a01bf734d6ae78e96f95dfe944dc2c33c8a99e8662481d6935e8f68a2", kill_on_drop: false }`
[INFO] running `Command { std: "docker" "exec" "-e" "SOURCE_DIR=/opt/rustwide/workdir" "-e" "CARGO_HOME=/opt/rustwide/cargo-home" "-e" "RUSTUP_HOME=/opt/rustwide/rustup-home" "-e" "CARGO_TARGET_DIR=/opt/rustwide/target" "-w" "/opt/rustwide/workdir" "--user" "0:0" "8ce9f49a01bf734d6ae78e96f95dfe944dc2c33c8a99e8662481d6935e8f68a2" "/opt/rustwide/cargo-home/bin/cargo" "+1.100.0-beta.1" "metadata" "--no-deps" "--format-version=1", kill_on_drop: false }`
[INFO] running `Command { std: "docker" "inspect" "8ce9f49a01bf734d6ae78e96f95dfe944dc2c33c8a99e8662481d6935e8f68a2", kill_on_drop: false }`
[INFO] running `Command { std: "docker" "exec" "-e" "SOURCE_DIR=/opt/rustwide/workdir" "-e" "CARGO_HOME=/opt/rustwide/cargo-home" "-e" "RUSTUP_HOME=/opt/rustwide/rustup-home" "-e" "CARGO_TARGET_DIR=/opt/rustwide/target" "-e" "CARGO_INCREMENTAL=0" "-e" "RUST_BACKTRACE=full" "-e" "RUSTFLAGS=--cap-lints=warn" "-e" "RUSTDOCFLAGS=--cap-lints=warn" "-w" "/opt/rustwide/workdir" "--user" "0:0" "8ce9f49a01bf734d6ae78e96f95dfe944dc2c33c8a99e8662481d6935e8f68a2" "/opt/rustwide/cargo-home/bin/cargo" "+1.100.0-beta.1" "build" "--frozen" "--message-format=json", kill_on_drop: false }`
[INFO] [stderr]    Compiling serde_core v1.0.229
[INFO] [stderr]    Compiling serde v1.0.229
[INFO] [stderr]    Compiling libc v0.2.189
[INFO] [stderr]    Compiling syn v3.0.2
[INFO] [stderr]    Compiling zerovec-derive v0.11.2
[INFO] [stderr]    Compiling zerofrom-derive v0.1.6
[INFO] [stderr]    Compiling yoke-derive v0.8.1
[INFO] [stderr]    Compiling fs_extra v1.3.0
[INFO] [stderr]    Compiling dunce v1.0.5
[INFO] [stderr]    Compiling aws-lc-rs v1.16.2
[INFO] [stderr]    Compiling jobserver v0.1.34
[INFO] [stderr]    Compiling litemap v0.8.1
[INFO] [stderr]    Compiling cc v1.2.57
[INFO] [stderr]    Compiling semver v1.0.27
[INFO] [stderr]    Compiling writeable v0.6.2
[INFO] [stderr]    Compiling hashbrown v0.17.0
[INFO] [stderr]    Compiling http v1.4.0
[INFO] [stderr]    Compiling rustc_version v0.4.1
[INFO] [stderr]    Compiling zerofrom v0.1.6
[INFO] [stderr]    Compiling yoke v0.8.1
[INFO] [stderr]    Compiling zerovec v0.11.5
[INFO] [stderr]    Compiling zerotrie v0.2.3
[INFO] [stderr]    Compiling bitflags v2.11.0
[INFO] [stderr]    Compiling indexmap v2.14.0
[INFO] [stderr]    Compiling tinystr v0.8.2
[INFO] [stderr]    Compiling potential_utf v0.1.4
[INFO] [stderr]    Compiling icu_normalizer_data v2.1.1
[INFO] [stderr]    Compiling icu_locale_core v2.1.1
[INFO] [stderr]    Compiling cmake v0.1.57
[INFO] [stderr]    Compiling icu_properties_data v2.1.2
[INFO] [stderr]    Compiling icu_collections v2.1.1
[INFO] [stderr]    Compiling errno v0.3.14
[INFO] [stderr]    Compiling socket2 v0.6.3
[INFO] [stderr]    Compiling signal-hook-registry v1.4.8
[INFO] [stderr]    Compiling mio v1.2.0
[INFO] [stderr]    Compiling aws-lc-sys v0.39.0
[INFO] [stderr]    Compiling subtle v2.6.1
[INFO] [stderr]    Compiling typenum v1.20.0
[INFO] [stderr]    Compiling http-body v1.0.1
[INFO] [stderr]    Compiling futures-task v0.3.34
[INFO] [stderr]    Compiling icu_provider v2.1.1
[INFO] [stderr]    Compiling rustls v0.23.43
[INFO] [stderr]    Compiling futures-util v0.3.34
[INFO] [stderr]    Compiling tracing v0.1.44
[INFO] [stderr]    Compiling proc-macro2-diagnostics v0.10.1
[INFO] [stderr]    Compiling rustix v1.1.4
[INFO] [stderr]    Compiling icu_properties v2.1.2
[INFO] [stderr]    Compiling crossbeam-epoch v0.9.20
[INFO] [stderr]    Compiling cpufeatures v0.3.0
[INFO] [stderr]    Compiling atomic-waker v1.1.2
[INFO] [stderr]    Compiling want v0.3.1
[INFO] [stderr]    Compiling byteorder v1.5.0
[INFO] [stderr]    Compiling thiserror v2.0.20
[INFO] [stderr]    Compiling rand_core v0.10.1
[INFO] [stderr]    Compiling const-oid v0.10.2
[INFO] [stderr]    Compiling getrandom v0.4.3
[INFO] [stderr]    Compiling hybrid-array v0.4.11
[INFO] [stderr]    Compiling yansi v1.0.1
[INFO] [stderr]    Compiling pest v2.9.0
[INFO] [stderr]    Compiling serde_derive v1.0.229
[INFO] [stderr]    Compiling thiserror-impl v2.0.20
[INFO] [stderr]    Compiling crypto-common v0.2.1
[INFO] [stderr]    Compiling block-buffer v0.12.0
[INFO] [stderr]    Compiling form_urlencoded v1.2.2
[INFO] [stderr]    Compiling digest v0.11.2
[INFO] [stderr]    Compiling heapless v0.7.17
[INFO] [stderr]    Compiling uncased v0.9.10
[INFO] [stderr]    Compiling sync_wrapper v1.0.2
[INFO] [stderr]    Compiling ipnet v2.12.0
[INFO] [stderr]    Compiling winnow v0.7.15
[INFO] [stderr]    Compiling cfg_aliases v0.2.1
[INFO] [stderr]    Compiling zerocopy v0.8.47
[INFO] [stderr]    Compiling toml_write v0.1.2
[INFO] [stderr]    Compiling tower-layer v0.3.3
[INFO] [stderr]    Compiling rustls-native-certs v0.8.3
[INFO] [stderr]    Compiling nix v0.31.3
[INFO] [stderr]    Compiling num-traits v0.2.19
[INFO] [stderr]    Compiling pest_meta v2.9.0
[INFO] [stderr]    Compiling crossbeam-deque v0.8.6
[INFO] [stderr]    Compiling pear_codegen v0.2.9
[INFO] [stderr]    Compiling hash32 v0.2.1
[INFO] [stderr]    Compiling curve25519-dalek v5.0.0
[INFO] [stderr]    Compiling figment v0.10.19
[INFO] [stderr]    Compiling zerocopy-derive v0.8.47
[INFO] [stderr]    Compiling spin v0.9.9
[INFO] [stderr]    Compiling inlinable_string v0.1.15
[INFO] [stderr]    Compiling winnow v1.0.0
[INFO] [stderr]    Compiling litrs v1.0.0
[INFO] [stderr]    Compiling clap_builder v4.6.6
[INFO] [stderr]    Compiling document-features v0.2.12
[INFO] [stderr]    Compiling toml_parser v1.1.3+spec-1.1.0
[INFO] [stderr]    Compiling pest_generator v2.9.0
[INFO] [stderr]    Compiling clap_derive v4.6.4
[INFO] [stderr]    Compiling pear v0.2.9
[INFO] [stderr]    Compiling serde_json v1.0.151
[INFO] [stderr]    Compiling rayon-core v1.13.0
[INFO] [stderr]    Compiling smallvec v1.15.2
[INFO] [stderr]    Compiling parking_lot_core v0.9.12
[INFO] [stderr]    Compiling parking_lot v0.12.5
[INFO] [stderr]    Compiling icu_normalizer v2.1.1
[INFO] [stderr]    Compiling serde_spanned v0.6.9
[INFO] [stderr]    Compiling toml_datetime v0.6.11
[INFO] [stderr]    Compiling nibble_vec v0.1.0
[INFO] [stderr]    Compiling tokio v1.53.1
[INFO] [stderr]    Compiling toml_edit v0.22.27
[INFO] [stderr]    Compiling idna_adapter v1.2.1
[INFO] [stderr]    Compiling idna v1.1.0
[INFO] [stderr]    Compiling cobs v0.3.0
[INFO] [stderr]    Compiling sha2 v0.11.0
[INFO] [stderr]    Compiling chacha20 v0.10.0
[INFO] [stderr]    Compiling url v2.5.8
[INFO] [stderr]    Compiling http-body-util v0.1.3
[INFO] [stderr]    Compiling toml_datetime v1.1.1+spec-1.1.0
[INFO] [stderr]    Compiling serde_spanned v1.1.1
[INFO] [stderr]    Compiling curve25519-dalek-derive v0.1.1
[INFO] [stderr]    Compiling option-ext v0.2.0
[INFO] [stderr]    Compiling bytemuck v1.25.2
[INFO] [stderr]    Compiling velesdb-core v6.0.0
[INFO] [stderr]    Compiling toml_writer v1.1.2+spec-1.1.0
[INFO] [stderr]    Compiling unicode-segmentation v1.13.2
[INFO] [stderr]    Compiling endian-type v0.2.0
[INFO] [stderr]    Compiling signature v3.0.0
[INFO] [stderr]    Compiling hashbrown v0.14.5
[INFO] [stderr]    Compiling fastrand v2.3.0
[INFO] [stderr]    Compiling ed25519 v3.0.0
[INFO] [stderr]    Compiling toml v0.8.23
[INFO] [stderr]    Compiling tempfile v3.27.0
[INFO] [stderr]    Compiling toml v1.1.4+spec-1.1.0
[INFO] [stderr]    Compiling dashmap v6.2.1
[INFO] [stderr]    Compiling radix_trie v0.3.0
[INFO] [stderr]    Compiling half v2.7.1
[INFO] [stderr]    Compiling roaring v0.11.5
[INFO] [stderr]    Compiling rayon v1.12.0
[INFO] [stderr]    Compiling dirs-sys v0.5.0
[INFO] [stderr]    Compiling rand v0.10.2
[INFO] [stderr]    Compiling arc-swap v1.9.2
[INFO] [stderr]    Compiling postcard v1.1.3
[INFO] [stderr]    Compiling clap v4.6.6
[INFO] [stderr]    Compiling crossterm v0.29.0
[INFO] [stderr]    Compiling pest_derive v2.9.0
[INFO] [stderr]    Compiling console v0.16.4
[INFO] [stderr]    Compiling hostname v0.4.2
[INFO] [stderr]    Compiling whoami v2.1.3
[INFO] [stderr]    Compiling fs2 v0.4.3
[INFO] [stderr]    Compiling memmap2 v0.9.11
[INFO] [stderr]    Compiling tokio-util v0.7.19
[INFO] [stderr]    Compiling tower v0.5.3
[INFO] [stderr]    Compiling csv-core v0.1.13
[INFO] [stderr]    Compiling rustyline-derive v0.12.0
[INFO] [stderr]    Compiling home v0.5.12
[INFO] [stderr]    Compiling rustc-hash v2.1.3
[INFO] [stderr]    Compiling unit-prefix v0.5.2
[INFO] [stderr]    Compiling chrono v0.4.45
[INFO] [stderr]    Compiling indicatif v0.18.6
[INFO] [stderr]    Compiling tower-http v0.6.11
[INFO] [stderr]    Compiling h2 v0.4.16
[INFO] [stderr]    Compiling csv v1.4.0
[INFO] [stderr]    Compiling comfy-table v7.2.2
[INFO] [stderr]    Compiling rustyline v18.0.1
[INFO] [stderr]    Compiling clap_complete v4.6.9
[INFO] [stderr]    Compiling dirs v6.0.0
[INFO] [stderr]    Compiling ed25519-dalek v3.0.0
[INFO] [stderr]    Compiling instant v0.1.13
[INFO] [stderr]    Compiling base64 v0.23.1
[INFO] [stderr]    Compiling colored v3.1.1
[INFO] [stderr]    Compiling hyper v1.11.0
[INFO] [stderr]    Compiling hyper-util v0.1.20
[INFO] [stderr]    Compiling rustls-webpki v0.103.13
[INFO] [stderr]    Compiling tokio-rustls v0.26.4
[INFO] [stderr]    Compiling rustls-platform-verifier v0.6.2
[INFO] [stderr]    Compiling hyper-rustls v0.27.7
[INFO] [stderr]    Compiling reqwest v0.13.4
[INFO] [stderr]    Compiling velesdb-cli v6.0.0 (/opt/rustwide/workdir)
[INFO] [stderr]     Finished `dev` profile [unoptimized + debuginfo] target(s) in 4m 03s
[INFO] [stderr] warning: the following packages contain code that will be rejected by a future version of Rust: nix v0.31.3
[INFO] [stderr] note: to see what the problems were, use the option `--future-incompat-report`, or run `cargo report future-incompatibilities --id 2`
[INFO] running `Command { std: "docker" "inspect" "8ce9f49a01bf734d6ae78e96f95dfe944dc2c33c8a99e8662481d6935e8f68a2", kill_on_drop: false }`
[INFO] running `Command { std: "docker" "exec" "-e" "SOURCE_DIR=/opt/rustwide/workdir" "-e" "CARGO_HOME=/opt/rustwide/cargo-home" "-e" "RUSTUP_HOME=/opt/rustwide/rustup-home" "-e" "CARGO_TARGET_DIR=/opt/rustwide/target" "-e" "CARGO_INCREMENTAL=0" "-e" "RUST_BACKTRACE=full" "-e" "RUSTFLAGS=--cap-lints=warn" "-e" "RUSTDOCFLAGS=--cap-lints=warn" "-w" "/opt/rustwide/workdir" "--user" "0:0" "8ce9f49a01bf734d6ae78e96f95dfe944dc2c33c8a99e8662481d6935e8f68a2" "/opt/rustwide/cargo-home/bin/cargo" "+1.100.0-beta.1" "test" "--frozen" "--no-run" "--message-format=json", kill_on_drop: false }`
[INFO] [stderr]    Compiling regex-automata v0.4.14
[INFO] [stderr]    Compiling predicates-core v1.0.10
[INFO] [stderr]    Compiling float-cmp v0.10.0
[INFO] [stderr]    Compiling assert_cmd v2.2.2
[INFO] [stderr]    Compiling normalize-line-endings v0.3.0
[INFO] [stderr]    Compiling termtree v0.5.1
[INFO] [stderr]    Compiling difflib v0.4.0
[INFO] [stderr]    Compiling wait-timeout v0.2.1
[INFO] [stderr]    Compiling predicates-tree v1.0.13
[INFO] [stderr]    Compiling regex v1.12.3
[INFO] [stderr]    Compiling bstr v1.12.1
[INFO] [stderr]    Compiling predicates v3.1.4
[INFO] [stderr]    Compiling velesdb-cli v6.0.0 (/opt/rustwide/workdir)
[INFO] [stderr]     Finished `test` profile [unoptimized + debuginfo] target(s) in 29.31s
[INFO] [stderr] warning: the following packages contain code that will be rejected by a future version of Rust: nix v0.31.3
[INFO] [stderr] note: to see what the problems were, use the option `--future-incompat-report`, or run `cargo report future-incompatibilities --id 2`
[INFO] running `Command { std: "docker" "inspect" "8ce9f49a01bf734d6ae78e96f95dfe944dc2c33c8a99e8662481d6935e8f68a2", kill_on_drop: false }`
[INFO] running `Command { std: "docker" "exec" "-e" "SOURCE_DIR=/opt/rustwide/workdir" "-e" "CARGO_HOME=/opt/rustwide/cargo-home" "-e" "RUSTUP_HOME=/opt/rustwide/rustup-home" "-e" "CARGO_TARGET_DIR=/opt/rustwide/target" "-e" "CARGO_INCREMENTAL=0" "-e" "RUST_BACKTRACE=full" "-e" "RUSTFLAGS=--cap-lints=warn" "-e" "RUSTDOCFLAGS=--cap-lints=warn" "-w" "/opt/rustwide/workdir" "--user" "0:0" "8ce9f49a01bf734d6ae78e96f95dfe944dc2c33c8a99e8662481d6935e8f68a2" "/opt/rustwide/cargo-home/bin/cargo" "+1.100.0-beta.1" "test" "--frozen", kill_on_drop: false }`
[INFO] [stderr]     Finished `test` profile [unoptimized + debuginfo] target(s) in 0.79s
[INFO] [stderr] warning: the following packages contain code that will be rejected by a future version of Rust: nix v0.31.3
[INFO] [stderr] note: to see what the problems were, use the option `--future-incompat-report`, or run `cargo report future-incompatibilities --id 2`
[INFO] [stderr]      Running unittests src/main.rs (/opt/rustwide/target/debug/build/velesdb-cli/725c1e56893e0035/out/velesdb-725c1e56893e0035)
[INFO] [stdout] 
[INFO] [stdout] running 222 tests
[INFO] [stdout] test collection_helpers::collection_helpers_tests::test_resolve_collection_not_found ... ok
[INFO] [stdout] test collection_helpers::collection_helpers_tests::test_collection_type_label_unknown ... ok
[INFO] [stdout] test collection_helpers::collection_helpers_tests::test_collection_type_label_metadata ... ok
[INFO] [stdout] test collection_helpers::collection_helpers_tests::test_resolve_collection_metadata ... ok
[INFO] [stdout] test collection_helpers::collection_helpers_tests::test_collection_type_label_graph ... ok
[INFO] [stdout] test collection_helpers::collection_helpers_tests::test_resolve_collection_graph ... ok
[INFO] [stdout] test graph::graph_bdd_tests::test_count_empty_graph_shows_zero ... ok
[INFO] [stdout] test graph::graph_bdd_tests::test_get_payload_nonexistent_node_returns_null ... ok
[INFO] [stdout] test graph::graph_bdd_tests::test_remove_edge_nonexistent_collection_fails ... ok
[INFO] [stdout] test graph::graph_bdd_tests::test_count_nonexistent_collection_fails ... ok
[INFO] [stdout] test collection_helpers::collection_helpers_tests::test_resolve_collection_multiple_types ... ok
[INFO] [stdout] test graph::graph_bdd_tests::test_remove_edge_existing_edge_removes_it ... ok
[INFO] [stdout] test graph::graph_bdd_tests::test_count_populated_graph_shows_correct_counts ... ok
[INFO] [stdout] test graph::graph_bdd_tests::test_search_graph_empty_collection_returns_empty ... ok
[INFO] [stdout] test collection_helpers::collection_helpers_tests::test_resolve_collection_vector ... ok
[INFO] [stdout] test graph::graph_bdd_tests::test_remove_edge_nonexistent_edge_succeeds_silently ... ok
[INFO] [stdout] test graph::graph_bdd_tests::test_store_payload_invalid_json_fails ... ok
[INFO] [stdout] test graph::graph_bdd_tests::test_store_payload_and_get_payload_roundtrip ... ok
[INFO] [stdout] test graph::graph_bdd_tests::test_remove_all_edges_leaves_empty_graph ... ok
[INFO] [stdout] test graph::graph_bdd_tests::test_search_graph_without_embeddings_fails ... ok
[INFO] [stdout] test graph::graph_bdd_tests::test_remove_edge_then_readd_same_id ... ok
[INFO] [stdout] test graph::graph_bdd_tests::test_search_graph_with_embeddings_returns_results ... ok
[INFO] [stdout] test graph::graph_bdd_tests::test_search_graph_top_k_larger_than_collection ... ok
[INFO] [stdout] test graph::graph_bdd_tests::test_traverse_bfs_parallel_multiple_sources_deduplicates ... ok
[INFO] [stdout] test graph::graph_bdd_tests::test_store_payload_overwrites_existing ... ok
[INFO] [stdout] test graph::graph_bdd_tests::test_traverse_bfs_parallel_single_source_same_as_regular ... ok
[INFO] [stdout] test graph::graph_bdd_tests::test_traverse_bfs_parallel_empty_sources_returns_empty ... ok
[INFO] [stdout] test graph::graph_doctor_tests::test_doctor_dry_run_detects_phantom_without_mutating ... ok
[INFO] [stdout] test graph::graph_doctor_tests::test_doctor_stub_is_idempotent ... ok
[INFO] [stdout] test graph::graph_doctor_tests::test_doctor_leaves_all_valid_edges_when_no_phantoms_exist_stub_mode ... ok
[INFO] [stdout] test graph::graph_doctor_tests::test_doctor_purge_removes_phantom_edge_only ... ok
[INFO] [stdout] test helpers::helpers_tests::test_no_config_path_opens_with_core_defaults ... ok
[INFO] [stdout] test helpers::helpers_tests::test_invalid_config_value_surfaces_typed_config_error_fail_fast ... ok
[INFO] [stdout] test helpers::helpers_tests::test_point_payload_to_row_with_payload ... ok
[INFO] [stdout] test helpers::helpers_tests::test_point_payload_to_row_without_payload ... ok
[INFO] [stdout] test helpers::helpers_tests::test_explicit_missing_config_path_fails_fast_no_silent_default ... ok
[INFO] [stdout] test helpers::helpers_tests::test_shell_owned_server_section_does_not_block_cli_open ... ok
[INFO] [stdout] test helpers::helpers_tests::test_truncate_display_value_long_string ... ok
[INFO] [stdout] test graph::graph_doctor_tests::test_doctor_purge_is_idempotent ... ok
[INFO] [stdout] test helpers::helpers_tests::test_point_payload_to_browse_row_truncates ... ok
[INFO] [stdout] test helpers::helpers_tests::test_truncate_display_value_short_string ... ok
[INFO] [stdout] test import::import_tests::test_import_config_default ... ok
[INFO] [stdout] test helpers::helpers_tests::test_custom_toml_limit_is_actually_enforced_not_just_parsed ... ok
[INFO] [stdout] test graph::graph_doctor_tests::test_doctor_stub_seeds_empty_payload_for_missing_endpoint ... ok
[INFO] [stdout] test graph::graph_doctor_tests::test_doctor_no_phantoms_reports_clean_and_mutates_nothing ... ok
[INFO] [stdout] test import::import_tests::test_import_jsonl_basic ... ok
[INFO] [stdout] test import::import_tests::test_import_csv_basic ... ok
[INFO] [stdout] test import::import_tests::test_import_csv_with_extra_columns ... ok
[INFO] [stdout] test import::import_tests::test_import_csv_custom_columns ... ok
[INFO] [stdout] test import::import_tests::test_import_raw_bulk_invalid_magic ... ok
[INFO] [stdout] test import::import_tests::test_import_stats_records_per_sec ... ok
[INFO] [stdout] test import::import_tests::test_import_stats_records_per_sec_zero_duration ... ok
[INFO] [stdout] test import::import_tests::test_parse_vector_comma_separated_no_spaces ... ok
[INFO] [stdout] test import::import_tests::test_parse_vector_invalid_csv ... ok
[INFO] [stdout] test import::import_tests::test_parse_vector_invalid_json ... ok
[INFO] [stdout] test import::import_tests::test_parse_vector_comma_separated ... ok
[INFO] [stdout] test import::import_tests::test_parse_vector_json_array ... ok
[INFO] [stdout] test import::import_tests::test_parse_vector_json_array_with_whitespace ... ok
[INFO] [stdout] test import::import_tests::test_import_jsonl_dimension_mismatch ... ok
[INFO] [stdout] test import::import_tests::test_import_jsonl_with_errors ... ok
[INFO] [stdout] test import::import_tests::test_import_raw_bulk_basic ... ok
[INFO] [stdout] test import::import_tests::test_import_jsonl_with_payload ... ok
[INFO] [stdout] test license::license_tests::test_legacy_license_with_removed_features_deserializes ... ok
[INFO] [stdout] test license::license_tests::test_license_info_has_feature ... ok
[INFO] [stdout] test import::import_tests::test_import_csv_comma_separated_vector ... ok
[INFO] [stdout] test license::license_tests::test_license_info_is_expired ... ok
[INFO] [stdout] test license::license_tests::test_premium_feature_enum_only_contains_true_premium_variants ... ok
[INFO] [stdout] test license::license_tests::test_premium_feature_serde_roundtrip ... ok
[INFO] [stdout] test license::license_tests::test_license_tier_display ... ok
[INFO] [stdout] test license::license_tests::test_premium_feature_display_values ... ok
[INFO] [stdout] test license::license_tests::test_signed_license_parse_invalid_base64 ... ok
[INFO] [stdout] test main_tests::test_include_vectors_bare_flag_stays_true ... ok
[INFO] [stdout] test main_tests::test_include_vectors_defaults_true ... ok
[INFO] [stdout] test license::license_tests::test_signed_license_parse_invalid_format ... ok
[INFO] [stdout] test main_tests::test_commands_enum_size_below_threshold ... ok
[INFO] [stdout] test main_tests::test_include_vectors_explicit_false_disables ... ok
[INFO] [stdout] test main_tests::test_metric_arg_cosine ... ok
[INFO] [stdout] test main_tests::test_metric_arg_dot ... ok
[INFO] [stdout] test main_tests::test_metric_arg_euclidean ... ok
[INFO] [stdout] test main_tests::test_metric_arg_hamming ... ok
[INFO] [stdout] test main_tests::test_metric_arg_jaccard ... ok
[INFO] [stdout] test main_tests::test_progress_explicit_false_disables ... ok
[INFO] [stdout] test main_tests::test_query_execute_collection_defaults_none ... ok
[INFO] [stdout] test main_tests::test_progress_defaults_true ... ok
[INFO] [stdout] test main_tests::test_query_execute_collection_flag ... ok
[INFO] [stdout] test main_tests::test_storage_mode_arg_binary ... ok
[INFO] [stdout] test main_tests::test_storage_mode_arg_full ... ok
[INFO] [stdout] test main_tests::test_storage_mode_arg_default_is_full ... ok
[INFO] [stdout] test main_tests::test_storage_mode_arg_rabitq ... ok
[INFO] [stdout] test main_tests::test_storage_mode_arg_pq ... ok
[INFO] [stdout] test main_tests::test_storage_mode_arg_sq8 ... ok
[INFO] [stdout] test repl::repl_tests::test_contains_param_vector_fused_search_all_literal ... ok
[INFO] [stdout] test repl::repl_tests::test_contains_param_vector_comparison_false ... ok
[INFO] [stdout] test repl::repl_tests::test_contains_param_vector_fused_search_param ... ok
[INFO] [stdout] test repl::repl_tests::test_contains_param_vector_nested_and_with_similarity ... ok
[INFO] [stdout] test repl::repl_tests::test_contains_param_vector_not_no_param ... ok
[INFO] [stdout] test repl::repl_tests::test_contains_param_vector_not_recurses ... ok
[INFO] [stdout] test repl::repl_tests::test_contains_param_vector_similarity_literal ... ok
[INFO] [stdout] test repl::repl_tests::test_contains_param_vector_similarity_param ... ok
[INFO] [stdout] test repl::repl_tests::test_contains_param_vector_sparse_search_param ... ok
[INFO] [stdout] test repl::repl_tests::test_contains_param_vector_vector_search_literal ... ok
[INFO] [stdout] test repl::repl_tests::test_contains_param_vector_sparse_search_literal ... ok
[INFO] [stdout] test repl::repl_tests::test_contains_vector_search_nested_and ... ok
[INFO] [stdout] test repl::repl_tests::test_contains_param_vector_vector_search_param ... ok
[INFO] [stdout] test repl::repl_tests::test_contains_vector_search_group ... ok
[INFO] [stdout] test repl::repl_tests::test_contains_vector_search_nested_or ... ok
[INFO] [stdout] test repl::repl_tests::test_contains_vector_search_no_match ... ok
[INFO] [stdout] test repl::repl_tests::test_contains_vector_search_without_vector ... ok
[INFO] [stdout] test repl::repl_tests::test_contains_vector_search_with_vector ... ok
[INFO] [stdout] test repl::repl_tests::test_output_format_eq ... ok
[INFO] [stdout] test repl::repl_tests::test_print_result_empty ... ok
[INFO] [stdout] test repl::repl_tests::test_print_result_json_format ... ok
[INFO] [stdout] test repl::repl_tests::test_query_kind_ddl ... ok
[INFO] [stdout] test repl::repl_tests::test_query_kind_dml ... ok
[INFO] [stdout] test repl::repl_tests::test_query_result_empty ... ok
[INFO] [stdout] test repl::repl_tests::test_print_result_table_format ... ok
[INFO] [stdout] test repl::repl_tests::test_repl_config_default ... ok
[INFO] [stdout] test repl::repl_tests::test_query_result_with_data ... ok
[INFO] [stdout] test repl_collection_cmds::repl_collection_cmds_tests::test_cmd_browse_unknown_errors ... ok
[INFO] [stdout] test repl_collection_cmds::repl_collection_cmds_tests::test_cmd_browse_metadata_empty_records ... ok
[INFO] [stdout] test repl_collection_cmds::repl_collection_cmds_tests::test_cmd_count_usage_and_branches ... ok
[INFO] [stdout] test repl_collection_cmds::repl_collection_cmds_tests::test_cmd_browse_usage_and_graph_empty_page ... ok
[INFO] [stdout] test repl_collection_cmds::repl_collection_cmds_tests::test_cmd_describe_unknown_errors ... ok
[INFO] [stdout] test repl_collection_cmds::repl_collection_cmds_tests::test_cmd_describe_missing_arg_usage ... ok
[INFO] [stdout] test repl_collection_cmds::repl_collection_cmds_tests::test_cmd_describe_metadata_uses_shared_detail ... ok
[INFO] [stdout] test repl_collection_cmds::repl_collection_cmds_tests::test_cmd_diagnostics_empty_collection_continue ... ok
[INFO] [stdout] test repl_collection_cmds::repl_collection_cmds_tests::test_cmd_diagnostics_missing_arg_is_usage_continue ... ok
[INFO] [stdout] test repl_collection_cmds::repl_collection_cmds_tests::test_cmd_diagnostics_unknown_collection_errors ... ok
[INFO] [stdout] test repl_collection_cmds::repl_collection_cmds_tests::test_cmd_describe_vector_and_graph_continue ... ok
[INFO] [stdout] test repl_collection_cmds::repl_collection_cmds_tests::test_cmd_nodes_graph_out_of_range_empty_body ... ok
[INFO] [stdout] test repl_collection_cmds::repl_collection_cmds_tests::test_cmd_diagnostics_populated_collection_continue ... ok
[INFO] [stdout] test repl_collection_cmds::repl_collection_cmds_tests::test_cmd_nodes_usage_and_non_graph_error ... ok
[INFO] [stdout] test repl_collection_cmds::repl_collection_cmds_tests::test_cmd_scroll_empty_collection_no_points ... ok
[INFO] [stdout] test repl_collection_cmds::repl_collection_cmds_tests::test_cmd_sample_usage_graph_and_empty_rows ... ok
[INFO] [stdout] test repl_collection_cmds::repl_collection_cmds_tests::test_cmd_schema_usage_metadata_and_unknown ... ok
[INFO] [stdout] test collection_helpers::collection_helpers_tests::test_collection_type_label_vector ... ok
[INFO] [stdout] test repl_collection_cmds::repl_collection_cmds_tests::test_cmd_scroll_unknown_collection_errors ... ok
[INFO] [stdout] test repl_collection_cmds::repl_collection_cmds_tests::test_cmd_scroll_usage_branch ... ok
[INFO] [stdout] test repl_collection_cmds::repl_collection_cmds_tests::test_cmd_scroll_invalid_cursor_errors ... ok
[INFO] [stdout] test repl_collection_cmds::repl_collection_cmds_tests::test_cmd_stats_metadata_branch ... ok
[INFO] [stdout] test repl_collection_cmds::repl_collection_cmds_tests::test_cmd_scroll_zero_batch_size_errors ... ok
[INFO] [stdout] test repl_collection_cmds::repl_collection_cmds_tests::test_cmd_stats_unknown_errors ... ok
[INFO] [stdout] test repl_collection_cmds::repl_collection_cmds_tests::test_index_health_label_empty ... ok
[INFO] [stdout] test repl_collection_cmds::repl_collection_cmds_tests::test_cmd_stats_missing_arg_usage ... ok
[INFO] [stdout] test repl_collection_cmds::repl_collection_cmds_tests::test_index_health_label_healthy ... ok
[INFO] [stdout] test repl_collection_cmds::repl_collection_cmds_tests::test_index_health_label_needs_rebuild_carries_reason ... ok
[INFO] [stdout] test repl_collection_cmds::repl_collection_cmds_tests::test_node_entries_to_rows_maps_id_and_payload ... ok
[INFO] [stdout] test repl_collection_cmds::repl_collection_cmds_tests::test_print_node_page_body_non_empty_branch ... ok
[INFO] [stdout] test repl_collection_cmds::repl_collection_cmds_tests::test_vector_preview_short_vector_no_ellipsis ... ok
[INFO] [stdout] test repl_collection_cmds::repl_collection_cmds_tests::test_vector_preview_truncates_long_vector ... ok
[INFO] [stdout] test repl_collection_cmds::repl_collection_cmds_tests::test_node_entries_to_rows_empty ... ok
[INFO] [stdout] test repl_collection_cmds::repl_collection_cmds_tests::test_cmd_scroll_non_numeric_batch_size_errors ... ok
[INFO] [stdout] test repl_execute::repl_execute_tests::test_inline_ef_search_wins_over_session ... ok
[INFO] [stdout] test repl_collection_cmds::repl_collection_cmds_tests::test_cmd_scroll_success_continue ... ok
[INFO] [stdout] test repl_execute::repl_execute_tests::test_session_ef_search_injected_into_ast ... ok
[INFO] [stdout] test repl_execute::repl_execute_tests::test_param_vector_query_errors_instead_of_empty_ok ... ok
[INFO] [stdout] test repl_execute::repl_execute_tests::test_unwired_set_keys_are_flagged ... ok
[INFO] [stdout] test repl_execute::repl_execute_tests::test_execute_query_routes_group_by_having_aggregation ... ok
[INFO] [stdout] test repl_execute::repl_execute_tests::test_execute_query_projects_selected_columns ... ok
[INFO] [stdout] test repl_execute::repl_execute_tests::test_session_max_results_caps_limit ... ok
[INFO] [stdout] test repl_graph_cmds::repl_graph_bdd_tests::test_repl_count_empty_graph ... ok
[INFO] [stdout] test repl_graph_cmds::repl_graph_bdd_tests::test_repl_count_missing_args_shows_usage ... ok
[INFO] [stdout] test repl_graph_cmds::repl_graph_bdd_tests::test_repl_count_nonexistent_collection_returns_error ... ok
[INFO] [stdout] test import::import_tests::test_scenario_incremental_import ... ok
[INFO] [stdout] test repl_graph_cmds::repl_graph_bdd_tests::test_repl_count_populated_graph ... ok
[INFO] [stdout] test repl_graph_cmds::repl_graph_bdd_tests::test_repl_degree_shows_correct_values ... ok
[INFO] [stdout] test repl_graph_cmds::repl_graph_bdd_tests::test_repl_add_edge_creates_edge ... ok
[INFO] [stdout] test import::import_tests::test_scenario_product_catalog_import ... ok
[INFO] [stdout] test repl_graph_cmds::repl_graph_bdd_tests::test_repl_get_payload_existing_node ... ok
[INFO] [stdout] test repl_graph_cmds::repl_graph_bdd_tests::test_repl_edges_with_label_filter ... ok
[INFO] [stdout] test repl_graph_cmds::repl_graph_bdd_tests::test_repl_graph_no_subcommand_shows_help ... ok
[INFO] [stdout] test repl_graph_cmds::repl_graph_bdd_tests::test_repl_get_payload_nonexistent_node_prints_null ... ok
[INFO] [stdout] test repl_graph_cmds::repl_graph_bdd_tests::test_repl_graph_unknown_subcommand_returns_error ... ok
[INFO] [stdout] test repl_graph_cmds::repl_graph_bdd_tests::test_repl_nodes_empty_graph ... ok
[INFO] [stdout] test repl_graph_cmds::repl_graph_bdd_tests::test_repl_neighbors_outgoing ... ok
[INFO] [stdout] test repl_graph_cmds::repl_graph_bdd_tests::test_repl_neighbors_incoming ... ok
[INFO] [stdout] test repl_graph_cmds::repl_graph_bdd_tests::test_repl_remove_edge_missing_args_shows_usage ... ok
[INFO] [stdout] test repl_graph_cmds::repl_graph_bdd_tests::test_repl_nodes_nonexistent_collection_returns_error ... ok
[INFO] [stdout] test repl_graph_cmds::repl_graph_bdd_tests::test_repl_remove_edge_invalid_id_returns_error ... ok
[INFO] [stdout] test repl_graph_cmds::repl_graph_bdd_tests::test_repl_nodes_with_payloads ... ok
[INFO] [stdout] test repl_graph_cmds::repl_graph_bdd_tests::test_repl_remove_edge_nonexistent_collection_returns_error ... ok
[INFO] [stdout] test repl_graph_cmds::repl_graph_bdd_tests::test_repl_search_invalid_vector_json_returns_error ... ok
[INFO] [stdout] test repl_graph_cmds::repl_graph_bdd_tests::test_repl_remove_edge_existing_removes_it ... ok
[INFO] [stdout] test repl_graph_cmds::repl_graph_bdd_tests::test_repl_remove_edge_nonexistent_no_error ... ok
[INFO] [stdout] test repl_graph_cmds::repl_graph_bdd_tests::test_repl_search_graph_without_embeddings_returns_error ... ok
[INFO] [stdout] test repl_graph_cmds::repl_graph_bdd_tests::test_repl_search_missing_args_shows_usage ... ok
[INFO] [stdout] test repl_graph_cmds::repl_graph_bdd_tests::test_repl_store_payload_creates_payload ... ok
[INFO] [stdout] test repl_graph_cmds::repl_graph_bdd_tests::test_repl_store_payload_invalid_json_returns_error ... ok
[INFO] [stdout] test repl_graph_cmds::repl_graph_bdd_tests::test_repl_search_nonexistent_collection_returns_error ... ok
[INFO] [stdout] test repl_graph_cmds::repl_graph_bdd_tests::test_repl_upsert_invalid_vector_returns_error ... ok
[INFO] [stdout] test repl_graph_cmds::repl_graph_bdd_tests::test_repl_remove_edge_twice_same_id ... ok
[INFO] [stdout] test repl_graph_cmds::repl_graph_bdd_tests::test_repl_upsert_missing_args_shows_usage ... ok
[INFO] [stdout] test repl_graph_cmds::repl_graph_bdd_tests::test_repl_traverse_dfs_with_depth ... ok
[INFO] [stdout] test repl_graph_cmds::repl_graph_bdd_tests::test_repl_upsert_nonexistent_collection_returns_error ... ok
[INFO] [stdout] test repl_query_cmds::repl_query_cmds_tests::bare_dollar_is_detected ... ok
[INFO] [stdout] test repl_query_cmds::repl_query_cmds_tests::dollar_inside_single_quoted_string_is_ignored ... ok
[INFO] [stdout] test repl_query_cmds::repl_query_cmds_tests::dollar_outside_quotes_with_quoted_string_present ... ok
[INFO] [stdout] test repl_query_cmds::repl_query_cmds_tests::empty_string ... ok
[INFO] [stdout] test repl_query_cmds::repl_query_cmds_tests::no_dollar_at_all ... ok
[INFO] [stdout] test session::session_tests::test_all_settings ... ok
[INFO] [stdout] test session::session_tests::test_custom_setting ... ok
[INFO] [stdout] test session::session_tests::test_get_setting ... ok
[INFO] [stdout] test session::session_tests::test_reset_all ... ok
[INFO] [stdout] test session::session_tests::test_reset_single ... ok
[INFO] [stdout] test session::session_tests::test_session_defaults ... ok
[INFO] [stdout] test repl_graph_cmds::repl_graph_bdd_tests::test_repl_traverse_bfs_default ... ok
[INFO] [stdout] test repl_query_cmds::repl_query_cmds_tests::multiple_quoted_strings_no_bare_dollar ... ok
[INFO] [stdout] test session::session_tests::test_set_ef_search_invalid_range ... ok
[INFO] [stdout] test session::session_tests::test_set_mode_adaptive ... ok
[INFO] [stdout] test session::session_tests::test_set_mode_autotune ... ok
[INFO] [stdout] test session::session_tests::test_set_mode_custom ... ok
[INFO] [stdout] test session::session_tests::test_set_mode_invalid ... ok
[INFO] [stdout] test session::session_tests::test_set_rerank ... ok
[INFO] [stdout] test session::session_tests::test_set_timeout ... ok
[INFO] [stdout] test session::session_tests::test_use_collection ... ok
[INFO] [stdout] test session::session_tests::test_set_ef_search ... ok
[INFO] [stdout] test repl_graph_cmds::repl_graph_bdd_tests::test_repl_store_payload_overwrites ... ok
[INFO] [stdout] test session::session_tests::test_set_mode ... ok
[INFO] [stdout] test repl_graph_cmds::repl_graph_bdd_tests::test_repl_upsert_creates_point ... ok
[INFO] [stdout] test repl_graph_cmds::repl_graph_bdd_tests::test_repl_upsert_without_payload ... ok
[INFO] [stdout] test import::import_tests::test_scenario_large_dimension_vectors ... ok
[INFO] [stdout] test import::import_tests::test_scenario_rag_document_import ... ok
[INFO] [stdout] 
[INFO] [stdout] test result: ok. 222 passed; 0 failed; 0 ignored; 0 measured; 0 filtered out; finished in 7.07s
[INFO] [stdout] 
[INFO] [stderr]      Running tests/cli_integration_tests.rs (/opt/rustwide/target/debug/build/velesdb-cli/5c3a7c5f5b7c3a8c/out/cli_integration_tests-5c3a7c5f5b7c3a8c)
[INFO] [stdout] 
[INFO] [stdout] running 40 tests
[INFO] [stdout] test test_completions_powershell ... ok
[INFO] [stdout] test test_completions_zsh ... ok
[INFO] [stdout] test test_completions_fish ... ok
[INFO] [stdout] test test_completions_bash ... ok
[INFO] [stdout] test test_create_metadata_collection ... ok
[INFO] [stdout] test test_get_format_option ... ok
[INFO] [stdout] test test_create_metadata_collection_then_list ... ok
[INFO] [stdout] test test_global_config_flag_documented_in_help ... ok
[INFO] [stdout] test test_graph_help ... ok
[INFO] [stdout] test test_help_displays_usage ... ok
[INFO] [stdout] test test_import_help ... ok
[INFO] [stdout] test test_get_nonexistent_collection ... ok
[INFO] [stdout] test test_config_flag_works_after_subcommand_too ... ok
[INFO] [stdout] test test_config_custom_toml_limit_is_enforced_end_to_end ... ok
[INFO] [stdout] test test_import_nonexistent_file ... ok
[INFO] [stdout] test test_config_invalid_value_fails_fast_with_typed_error ... ok
[INFO] [stdout] test test_info_help ... ok
[INFO] [stdout] test test_info_on_new_database ... ok
[INFO] [stdout] test test_export_rejects_graph_collection ... ok
[INFO] [stdout] test test_export_nonexistent_collection ... ok
[INFO] [stdout] test test_config_missing_explicit_path_fails_fast ... ok
[INFO] [stdout] test test_invalid_command_shows_error ... ok
[INFO] [stdout] test test_license_verify_invalid_key ... ok
[INFO] [stdout] test test_license_show_no_license ... ok
[INFO] [stdout] test test_list_json_format ... ok
[INFO] [stdout] test test_multisearch_help ... ok
[INFO] [stdout] test test_list_empty_database ... ok
[INFO] [stdout] test test_repl_help ... ok
[INFO] [stdout] test test_info_shows_metadata_type_label ... ok
[INFO] [stdout] test test_info_shows_graph_type_label ... ok
[INFO] [stdout] test test_show_metadata_collection_shows_type ... ok
[INFO] [stdout] test test_list_json_shows_type_field ... ok
[INFO] [stdout] test test_version_displays_version ... ok
[INFO] [stdout] test test_show_graph_collection_shows_type ... ok
[INFO] [stdout] test test_import_unsupported_format ... ok
[INFO] [stdout] test test_info_shows_vector_type_label ... ok
[INFO] [stdout] test test_multisearch_nonexistent_collection ... ok
[INFO] [stdout] test test_query_nonexistent_database ... ok
[INFO] [stdout] test test_show_nonexistent_collection ... ok
[INFO] [stderr]      Running tests/e2e_complete.rs (/opt/rustwide/target/debug/build/velesdb-cli/d7193312218983ef/out/e2e_complete-d7193312218983ef)
[INFO] [stdout] test test_show_vector_collection_shows_type ... ok
[INFO] [stdout] 
[INFO] [stdout] test result: ok. 40 passed; 0 failed; 0 ignored; 0 measured; 0 filtered out; finished in 2.49s
[INFO] [stdout] 
[INFO] [stdout] 
[INFO] [stdout] running 24 tests
[INFO] [stdout] test completions_commands::test_completions_bash ... ok
[INFO] [stdout] test completions_commands::test_completions_zsh ... ok
[INFO] [stdout] test completions_commands::test_completions_powershell ... ok
[INFO] [stdout] test info_commands::test_info_empty_database ... ok
[INFO] [stdout] test get_commands::test_get_point_json ... ok
[INFO] [stdout] test info_commands::test_list_collections_table ... ok
[INFO] [stdout] test info_commands::test_list_collections_json ... ok
[INFO] [stdout] test graph_commands::test_graph_degree ... ok
[INFO] [stdout] test license_commands::test_license_show_no_license ... ok
[INFO] [stdout] test license_commands::test_license_verify_invalid ... ok
[INFO] [stdout] test import_export_commands::test_import_jsonl ... ok
[INFO] [stdout] test graph_commands::test_graph_traverse_bfs ... ok
[INFO] [stdout] test graph_commands::test_graph_add_edge ... ok
[INFO] [stdout] test repl_commands::test_repl_help ... ok
[INFO] [stdout] test repl_commands::test_repl_version ... ok
[INFO] [stdout] test import_export_commands::test_export_collection ... ok
[INFO] [stdout] test graph_commands::test_graph_traverse_dfs ... ok
[INFO] [stdout] test query_commands::test_query_select_with_limit ... ok
[INFO] [stdout] test show_commands::test_show_collection_json ... ok
[INFO] [stdout] test multi_search_commands::test_multi_search_average_strategy ... ok
[INFO] [stdout] test multi_search_commands::test_multi_search_rrf_strategy ... ok
[INFO] [stdout] test multi_search_commands::test_multi_search_json_output ... ok
[INFO] [stdout] test query_commands::test_query_invalid_syntax ... ok
[INFO] [stdout] test show_commands::test_show_collection_with_samples ... ok
[INFO] [stdout] 
[INFO] [stdout] test result: ok. 24 passed; 0 failed; 0 ignored; 0 measured; 0 filtered out; finished in 1.79s
[INFO] [stdout] 
[INFO] [stderr]      Running tests/graph_commands_tests.rs (/opt/rustwide/target/debug/build/velesdb-cli/b9c8bbcef706e0d1/out/graph_commands_tests-b9c8bbcef706e0d1)
[INFO] [stdout] 
[INFO] [stdout] running 27 tests
[INFO] [stdout] test test_graph_doctor_purge_and_stub_are_mutually_exclusive ... ok
[INFO] [stdout] test test_graph_degree_zero_for_isolated_node ... ok
[INFO] [stdout] test test_graph_add_edge_collection_not_found ... ok
[INFO] [stdout] test test_graph_doctor_dry_run_reports_phantom_without_mutating ... ok
[INFO] [stdout] test test_graph_add_edge_empty_label_rejected ... ok
[INFO] [stdout] test test_graph_get_edges_empty ... ok
[INFO] [stdout] test test_graph_doctor_clean_graph_reports_no_phantoms ... ok
[INFO] [stdout] test test_graph_get_payload_returns_null_when_empty ... ok
[INFO] [stdout] test test_graph_help_lists_all_subcommands ... ok
[INFO] [stdout] test test_graph_doctor_purge_removes_phantom_edge ... ok
[INFO] [stdout] test test_graph_doctor_stub_seeds_missing_endpoint_payload ... ok
[INFO] [stdout] test test_graph_add_edge_success ... ok
[INFO] [stdout] test test_graph_help_lists_doctor_subcommand ... ok
[INFO] [stdout] test test_graph_get_edges_json_format ... ok
[INFO] [stdout] test test_graph_degree_after_edges ... ok
[INFO] [stdout] test test_graph_store_payload_invalid_json ... ok
[INFO] [stdout] test test_graph_store_and_get_payload ... ok
[INFO] [stdout] test test_graph_neighbors_both ... ok
[INFO] [stdout] test test_graph_get_edges_filter_by_label ... ok
[INFO] [stdout] test test_graph_traverse_bfs_empty ... ok
[INFO] [stdout] test test_graph_neighbors_incoming ... ok
[INFO] [stdout] test test_graph_get_edges_after_add ... ok
[INFO] [stdout] test test_graph_neighbors_outgoing ... ok
[INFO] [stdout] test test_graph_traverse_bfs_finds_reachable_nodes ... ok
[INFO] [stdout] test test_graph_traverse_json_format ... ok
[INFO] [stdout] test test_graph_traverse_dfs ... ok
[INFO] [stdout] test test_graph_traverse_with_rel_types ... ok
[INFO] [stdout] 
[INFO] [stdout] test result: ok. 27 passed; 0 failed; 0 ignored; 0 measured; 0 filtered out; finished in 3.25s
[INFO] [stdout] 
[INFO] [stderr]      Running tests/phase3_commands_tests.rs (/opt/rustwide/target/debug/build/velesdb-cli/8dd33cc94bd3119e/out/phase3_commands_tests-8dd33cc94bd3119e)
[INFO] [stdout] 
[INFO] [stdout] running 46 tests
[INFO] [stdout] test test_analyze_help ... ok
[INFO] [stdout] test test_create_graph_collection_help ... ok
[INFO] [stdout] test test_create_graph_collection_success ... ok
[INFO] [stdout] test test_create_vector_collection_help ... ok
[INFO] [stdout] test test_create_analyze_explain_flow ... ok
[INFO] [stdout] test test_create_graph_collection_then_info ... ok
[INFO] [stdout] test test_create_vector_collection_with_metric_and_storage ... ok
[INFO] [stdout] test test_analyze_nonexistent_collection_fails ... ok
[INFO] [stdout] test test_delete_collection_help ... ok
[INFO] [stdout] test test_create_vector_collection_success ... ok
[INFO] [stdout] test test_analyze_table_output ... ok
[INFO] [stdout] test test_analyze_json_output ... ok
[INFO] [stdout] test test_create_graph_collection_duplicate_fails ... ok
[INFO] [stdout] test test_delete_points_no_ids_fails ... ok
[INFO] [stdout] test test_delete_collection_then_list_empty ... ok
[INFO] [stdout] test test_delete_points_nonexistent_collection_fails ... ok
[INFO] [stdout] test test_explain_help ... ok
[INFO] [stdout] test test_delete_collection_nonexistent_fails ... ok
[INFO] [stdout] test test_delete_collection_with_force ... ok
[INFO] [stdout] test test_delete_points_multiple_ids ... ok
[INFO] [stdout] test test_graph_nodes_json_output ... ok
[INFO] [stdout] test test_delete_points_success ... ok
[INFO] [stdout] test test_create_vector_collection_duplicate_fails ... ok
[INFO] [stdout] test test_explain_invalid_query_fails ... ok
[INFO] [stdout] test test_graph_nodes_table_output ... ok
[INFO] [stdout] test test_create_vector_upsert_delete_lifecycle ... ok
[INFO] [stdout] test test_index_create_property ... ok
[INFO] [stdout] test test_index_create_secondary ... ok
[INFO] [stdout] test test_index_drop_not_found ... ok
[INFO] [stdout] test test_index_help ... ok
[INFO] [stdout] test test_explain_json_output ... ok
[INFO] [stdout] test test_index_create_range ... ok
[INFO] [stdout] test test_index_list_empty ... ok
[INFO] [stdout] test test_explain_tree_output ... ok
[INFO] [stdout] test test_index_list_json_format_empty ... ok
[INFO] [stdout] test test_upsert_help ... ok
[INFO] [stdout] test test_upsert_nonexistent_collection_fails ... ok
[INFO] [stdout] test test_upsert_single_point ... ok
[INFO] [stdout] test test_create_vector_collection_then_list ... ok
[INFO] [stdout] test test_velesql_select_metadata_collection ... ok
[INFO] [stdout] test test_upsert_invalid_payload_json_fails ... ok
[INFO] [stdout] test test_index_nonexistent_collection_fails ... ok
[INFO] [stdout] test test_upsert_invalid_vector_json_fails ... ok
[INFO] [stdout] test test_upsert_then_get ... ok
[INFO] [stdout] test test_index_create_then_list_in_separate_invocations ... FAILED
[INFO] [stdout] test test_index_drop_nonexistent ... FAILED
[INFO] [stdout] 
[INFO] [stdout] failures:
[INFO] [stdout] 
[INFO] [stdout] ---- test_index_create_then_list_in_separate_invocations stdout ----
[INFO] [stdout] 
[INFO] [stdout] thread 'test_index_create_then_list_in_separate_invocations' (5082) panicked at tests/phase3_commands_tests.rs:696:10:
[INFO] [stdout] Unexpected failure.
[INFO] [stdout] code=1
[INFO] [stdout] stderr=``````
[INFO] [stdout] Error: [VELES-031] Database is already opened by another process: /tmp/.tmp7pw5MN/test_db
[INFO] [stdout] 
[INFO] [stdout] Stack backtrace:
[INFO] [stdout]    0: <anyhow::Error as core::convert::From<velesdb_core::error::Error>>::from
[INFO] [stdout]              at /opt/rustwide/cargo-home/registry/src/index.crates.io-1949cf8c6b5b557f/anyhow-1.0.104/src/backtrace.rs:10:14
[INFO] [stdout]    1: <core::result::Result<velesdb_core::database::Database, anyhow::Error> as core::ops::try_trait::FromResidual<core::result::Result<!, velesdb_core::error::Error>>>::from_residual
[INFO] [stdout]              at /rustc/e3feeb59cd1bdd011a2bfcc0747b55125d9b8527/library/core/src/result.rs:2190:27
[INFO] [stdout]    2: velesdb::helpers::open_database_with_config
[INFO] [stdout]              at ./src/helpers.rs:87:20
[INFO] [stdout]    3: velesdb::helpers::open_database
[INFO] [stdout]              at ./src/helpers.rs:53:5
[INFO] [stdout]    4: velesdb::handlers::index::handle_index_create
[INFO] [stdout]              at ./src/handlers/index.rs:41:14
[INFO] [stdout]    5: velesdb::handlers::index::handle_index
[INFO] [stdout]              at ./src/handlers/index.rs:18:14
[INFO] [stdout]    6: velesdb::dispatch
[INFO] [stdout]              at ./src/main.rs:125:39
[INFO] [stdout]    7: velesdb::cli_main
[INFO] [stdout]              at ./src/main.rs:101:5
[INFO] [stdout]    8: velesdb::main
[INFO] [stdout]              at ./src/main.rs:84:5
[INFO] [stdout]    9: <fn() -> core::result::Result<(), anyhow::Error> as core::ops::function::FnOnce<()>>::call_once
[INFO] [stdout]              at /rustc/e3feeb59cd1bdd011a2bfcc0747b55125d9b8527/library/core/src/ops/function.rs:250:5
[INFO] [stdout]   10: std::sys::backtrace::__rust_begin_short_backtrace::<fn() -> core::result::Result<(), anyhow::Error>, core::result::Result<(), anyhow::Error>>
[INFO] [stdout]              at /rustc/e3feeb59cd1bdd011a2bfcc0747b55125d9b8527/library/std/src/sys/backtrace.rs:166:18
[INFO] [stdout]   11: std::rt::lang_start::<core::result::Result<(), anyhow::Error>>::{closure#0}
[INFO] [stdout]              at /rustc/e3feeb59cd1bdd011a2bfcc0747b55125d9b8527/library/std/src/rt.rs:206:18
[INFO] [stdout]   12: <&dyn core::ops::function::Fn<(), Output = i32> + core::marker::Sync + core::panic::unwind_safe::RefUnwindSafe as core::ops::function::FnOnce<()>>::call_once
[INFO] [stdout]              at /rustc/e3feeb59cd1bdd011a2bfcc0747b55125d9b8527/library/core/src/ops/function.rs:287:21
[INFO] [stdout]   13: std::panicking::catch_unwind::do_call::<&dyn core::ops::function::Fn<(), Output = i32> + core::marker::Sync + core::panic::unwind_safe::RefUnwindSafe, i32>
[INFO] [stdout]              at /rustc/e3feeb59cd1bdd011a2bfcc0747b55125d9b8527/library/std/src/panicking.rs:573:43
[INFO] [stdout]   14: std::panicking::catch_unwind::<i32, &dyn core::ops::function::Fn<(), Output = i32> + core::marker::Sync + core::panic::unwind_safe::RefUnwindSafe>
[INFO] [stdout]              at /rustc/e3feeb59cd1bdd011a2bfcc0747b55125d9b8527/library/std/src/panicking.rs:541:19
[INFO] [stdout]   15: std::panic::catch_unwind::<&dyn core::ops::function::Fn<(), Output = i32> + core::marker::Sync + core::panic::unwind_safe::RefUnwindSafe, i32>
[INFO] [stdout]              at /rustc/e3feeb59cd1bdd011a2bfcc0747b55125d9b8527/library/std/src/panic.rs:359:14
[INFO] [stdout]   16: std::rt::lang_start_internal::{closure#0}
[INFO] [stdout]              at /rustc/e3feeb59cd1bdd011a2bfcc0747b55125d9b8527/library/std/src/rt.rs:175:24
[INFO] [stdout]   17: std::panicking::catch_unwind::do_call::<std::rt::lang_start_internal::{closure#0}, isize>
[INFO] [stdout]              at /rustc/e3feeb59cd1bdd011a2bfcc0747b55125d9b8527/library/std/src/panicking.rs:573:43
[INFO] [stdout]   18: std::panicking::catch_unwind::<isize, std::rt::lang_start_internal::{closure#0}>
[INFO] [stdout]              at /rustc/e3feeb59cd1bdd011a2bfcc0747b55125d9b8527/library/std/src/panicking.rs:541:19
[INFO] [stdout]   19: std::panic::catch_unwind::<std::rt::lang_start_internal::{closure#0}, isize>
[INFO] [stdout]              at /rustc/e3feeb59cd1bdd011a2bfcc0747b55125d9b8527/library/std/src/panic.rs:359:14
[INFO] [stdout]   20: std::rt::lang_start_internal
[INFO] [stdout]              at /rustc/e3feeb59cd1bdd011a2bfcc0747b55125d9b8527/library/std/src/rt.rs:171:5
[INFO] [stdout]   21: std::rt::lang_start::<core::result::Result<(), anyhow::Error>>
[INFO] [stdout]              at /rustc/e3feeb59cd1bdd011a2bfcc0747b55125d9b8527/library/std/src/rt.rs:205:5
[INFO] [stdout]   22: main
[INFO] [stdout]   23: <unknown>
[INFO] [stdout]   24: __libc_start_main
[INFO] [stdout]   25: _start
[INFO] [stdout] ```
[INFO] [stdout] ```
[INFO] [stdout] command=`"/opt/rustwide/target/debug/velesdb" "index" "create" "/tmp/.tmp7pw5MN/test_db" "docs" "category"`
[INFO] [stdout] code=1
[INFO] [stdout] stdout=""
[INFO] [stdout] stderr=```
[INFO] [stdout] Error: [VELES-031] Database is already opened by another process: /tmp/.tmp7pw5MN/test_db
[INFO] [stdout] 
[INFO] [stdout] Stack backtrace:
[INFO] [stdout]    0: <anyhow::Error as core::convert::From<velesdb_core::error::Error>>::from
[INFO] [stdout]              at /opt/rustwide/cargo-home/registry/src/index.crates.io-1949cf8c6b5b557f/anyhow-1.0.104/src/backtrace.rs:10:14
[INFO] [stdout]    1: <core::result::Result<velesdb_core::database::Database, anyhow::Error> as core::ops::try_trait::FromResidual<core::result::Result<!, velesdb_core::error::Error>>>::from_residual
[INFO] [stdout]              at /rustc/e3feeb59cd1bdd011a2bfcc0747b55125d9b8527/library/core/src/result.rs:2190:27
[INFO] [stdout]    2: velesdb::helpers::open_database_with_config
[INFO] [stdout]              at ./src/helpers.rs:87:20
[INFO] [stdout]    3: velesdb::helpers::open_database
[INFO] [stdout]              at ./src/helpers.rs:53:5
[INFO] [stdout]    4: velesdb::handlers::index::handle_index_create
[INFO] [stdout]              at ./src/handlers/index.rs:41:14
[INFO] [stdout]    5: velesdb::handlers::index::handle_index
[INFO] [stdout]              at ./src/handlers/index.rs:18:14
[INFO] [stdout]    6: velesdb::dispatch
[INFO] [stdout]              at ./src/main.rs:125:39
[INFO] [stdout]    7: velesdb::cli_main
[INFO] [stdout]              at ./src/main.rs:101:5
[INFO] [stdout]    8: velesdb::main
[INFO] [stdout]              at ./src/main.rs:84:5
[INFO] [stdout]    9: <fn() -> core::result::Result<(), anyhow::Error> as core::ops::function::FnOnce<()>>::call_once
[INFO] [stdout]              at /rustc/e3feeb59cd1bdd011a2bfcc0747b55125d9b8527/library/core/src/ops/function.rs:250:5
[INFO] [stdout]   10: std::sys::backtrace::__rust_begin_short_backtrace::<fn() -> core::result::Result<(), anyhow::Error>, core::result::Result<(), anyhow::Error>>
[INFO] [stdout]              at /rustc/e3feeb59cd1bdd011a2bfcc0747b55125d9b8527/library/std/src/sys/backtrace.rs:166:18
[INFO] [stdout]   11: std::rt::lang_start::<core::result::Result<(), anyhow::Error>>::{closure#0}
[INFO] [stdout]              at /rustc/e3feeb59cd1bdd011a2bfcc0747b55125d9b8527/library/std/src/rt.rs:206:18
[INFO] [stdout]   12: <&dyn core::ops::function::Fn<(), Output = i32> + core::marker::Sync + core::panic::unwind_safe::RefUnwindSafe as core::ops::function::FnOnce<()>>::call_once
[INFO] [stdout]              at /rustc/e3feeb59cd1bdd011a2bfcc0747b55125d9b8527/library/core/src/ops/function.rs:287:21
[INFO] [stdout]   13: std::panicking::catch_unwind::do_call::<&dyn core::ops::function::Fn<(), Output = i32> + core::marker::Sync + core::panic::unwind_safe::RefUnwindSafe, i32>
[INFO] [stdout]              at /rustc/e3feeb59cd1bdd011a2bfcc0747b55125d9b8527/library/std/src/panicking.rs:573:43
[INFO] [stdout]   14: std::panicking::catch_unwind::<i32, &dyn core::ops::function::Fn<(), Output = i32> + core::marker::Sync + core::panic::unwind_safe::RefUnwindSafe>
[INFO] [stdout]              at /rustc/e3feeb59cd1bdd011a2bfcc0747b55125d9b8527/library/std/src/panicking.rs:541:19
[INFO] [stdout]   15: std::panic::catch_unwind::<&dyn core::ops::function::Fn<(), Output = i32> + core::marker::Sync + core::panic::unwind_safe::RefUnwindSafe, i32>
[INFO] [stdout]              at /rustc/e3feeb59cd1bdd011a2bfcc0747b55125d9b8527/library/std/src/panic.rs:359:14
[INFO] [stdout]   16: std::rt::lang_start_internal::{closure#0}
[INFO] [stdout]              at /rustc/e3feeb59cd1bdd011a2bfcc0747b55125d9b8527/library/std/src/rt.rs:175:24
[INFO] [stdout]   17: std::panicking::catch_unwind::do_call::<std::rt::lang_start_internal::{closure#0}, isize>
[INFO] [stdout]              at /rustc/e3feeb59cd1bdd011a2bfcc0747b55125d9b8527/library/std/src/panicking.rs:573:43
[INFO] [stdout]   18: std::panicking::catch_unwind::<isize, std::rt::lang_start_internal::{closure#0}>
[INFO] [stdout]              at /rustc/e3feeb59cd1bdd011a2bfcc0747b55125d9b8527/library/std/src/panicking.rs:541:19
[INFO] [stdout]   19: std::panic::catch_unwind::<std::rt::lang_start_internal::{closure#0}, isize>
[INFO] [stdout]              at /rustc/e3feeb59cd1bdd011a2bfcc0747b55125d9b8527/library/std/src/panic.rs:359:14
[INFO] [stdout]   20: std::rt::lang_start_internal
[INFO] [stdout]              at /rustc/e3feeb59cd1bdd011a2bfcc0747b55125d9b8527/library/std/src/rt.rs:171:5
[INFO] [stdout]   21: std::rt::lang_start::<core::result::Result<(), anyhow::Error>>
[INFO] [stdout]              at /rustc/e3feeb59cd1bdd011a2bfcc0747b55125d9b8527/library/std/src/rt.rs:205:5
[INFO] [stdout]   22: main
[INFO] [stdout]   23: <unknown>
[INFO] [stdout]   24: __libc_start_main
[INFO] [stdout]   25: _start
[INFO] [stdout] ```
[INFO] [stdout] 
[INFO] [stdout] 
[INFO] [stdout] stack backtrace:
[INFO] [stdout]    0:     0x5d1a06bc9e91 - std[617be2ca0a6fd877]::backtrace_rs::backtrace::libunwind::trace
[INFO] [stdout]                                at /rustc/e3feeb59cd1bdd011a2bfcc0747b55125d9b8527/library/std/src/../../backtrace/src/backtrace/libunwind.rs:117:9
[INFO] [stdout]    1:     0x5d1a06bc9e91 - std[617be2ca0a6fd877]::backtrace_rs::backtrace::trace_unsynchronized::<std[617be2ca0a6fd877]::sys::backtrace::_print_fmt::{closure#1}>
[INFO] [stdout]                                at /rustc/e3feeb59cd1bdd011a2bfcc0747b55125d9b8527/library/std/src/../../backtrace/src/backtrace/mod.rs:66:14
[INFO] [stdout]    2:     0x5d1a06bc9e91 - std[617be2ca0a6fd877]::sys::backtrace::_print_fmt
[INFO] [stdout]                                at /rustc/e3feeb59cd1bdd011a2bfcc0747b55125d9b8527/library/std/src/sys/backtrace.rs:74:9
[INFO] [stdout]    3:     0x5d1a06bc9e91 - <<std[617be2ca0a6fd877]::sys::backtrace::BacktraceLock>::print::DisplayBacktrace as core[a373ad73a504971]::fmt::Display>::fmt
[INFO] [stdout]                                at /rustc/e3feeb59cd1bdd011a2bfcc0747b55125d9b8527/library/std/src/sys/backtrace.rs:44:26
[INFO] [stdout]    4:     0x5d1a06be26ca - <core[a373ad73a504971]::fmt::rt::Argument>::fmt
[INFO] [stdout]                                at /rustc/e3feeb59cd1bdd011a2bfcc0747b55125d9b8527/library/core/src/fmt/rt.rs:152:76
[INFO] [stdout]    5:     0x5d1a06be26ca - core[a373ad73a504971]::fmt::write
[INFO] [stdout]    6:     0x5d1a06bcfa5c - core[a373ad73a504971]::io::write::default_write_fmt::<alloc[2e1b2a31b91974c5]::vec::Vec<u8>>
[INFO] [stdout]                                at /rustc/e3feeb59cd1bdd011a2bfcc0747b55125d9b8527/library/core/src/io/write.rs:402:11
[INFO] [stdout]    7:     0x5d1a06bcfa5c - <alloc[2e1b2a31b91974c5]::vec::Vec<u8> as core[a373ad73a504971]::io::write::Write>::write_fmt
[INFO] [stdout]                                at /rustc/e3feeb59cd1bdd011a2bfcc0747b55125d9b8527/library/core/src/io/write.rs:335:13
[INFO] [stdout]    8:     0x5d1a06ba2c46 - <std[617be2ca0a6fd877]::sys::backtrace::BacktraceLock>::print
[INFO] [stdout]                                at /rustc/e3feeb59cd1bdd011a2bfcc0747b55125d9b8527/library/std/src/sys/backtrace.rs:47:9
[INFO] [stdout]    9:     0x5d1a06ba2c46 - std[617be2ca0a6fd877]::panicking::default_hook::{closure#0}
[INFO] [stdout]                                at /rustc/e3feeb59cd1bdd011a2bfcc0747b55125d9b8527/library/std/src/panicking.rs:289:27
[INFO] [stdout]   10:     0x5d1a06bc0da9 - std[617be2ca0a6fd877]::panicking::default_hook
[INFO] [stdout]                                at /rustc/e3feeb59cd1bdd011a2bfcc0747b55125d9b8527/library/std/src/panicking.rs:313:9
[INFO] [stdout]   11:     0x5d1a06b00c30 - <alloc[2e1b2a31b91974c5]::boxed::Box<dyn for<'a, 'b> core[a373ad73a504971]::ops::function::Fn<(&'a std[617be2ca0a6fd877]::panic::PanicHookInfo<'b>,), Output = ()> + core[a373ad73a504971]::marker::Sync + core[a373ad73a504971]::marker::Send> as core[a373ad73a504971]::ops::function::Fn<(&std[617be2ca0a6fd877]::panic::PanicHookInfo,)>>::call
[INFO] [stdout]                                at /rustc/e3feeb59cd1bdd011a2bfcc0747b55125d9b8527/library/alloc/src/boxed.rs:2328:9
[INFO] [stdout]   12:     0x5d1a06b00c30 - test[aada8e7e76ba119b]::test_main_inner::{closure#0}
[INFO] [stdout]                                at /rustc/e3feeb59cd1bdd011a2bfcc0747b55125d9b8527/library/test/src/lib.rs:137:21
[INFO] [stdout]   13:     0x5d1a06bc10d2 - <alloc[2e1b2a31b91974c5]::boxed::Box<dyn for<'a, 'b> core[a373ad73a504971]::ops::function::Fn<(&'a std[617be2ca0a6fd877]::panic::PanicHookInfo<'b>,), Output = ()> + core[a373ad73a504971]::marker::Sync + core[a373ad73a504971]::marker::Send> as core[a373ad73a504971]::ops::function::Fn<(&std[617be2ca0a6fd877]::panic::PanicHookInfo,)>>::call
[INFO] [stdout]                                at /rustc/e3feeb59cd1bdd011a2bfcc0747b55125d9b8527/library/alloc/src/boxed.rs:2328:9
[INFO] [stdout]   14:     0x5d1a06bc10d2 - std[617be2ca0a6fd877]::panicking::panic_with_hook
[INFO] [stdout]                                at /rustc/e3feeb59cd1bdd011a2bfcc0747b55125d9b8527/library/std/src/panicking.rs:819:13
[INFO] [stdout]   15:     0x5d1a06ba2cf2 - std[617be2ca0a6fd877]::panicking::panic_handler::{closure#0}
[INFO] [stdout]                                at /rustc/e3feeb59cd1bdd011a2bfcc0747b55125d9b8527/library/std/src/panicking.rs:685:13
[INFO] [stdout]   16:     0x5d1a06b9b629 - std[617be2ca0a6fd877]::sys::backtrace::__rust_end_short_backtrace::<std[617be2ca0a6fd877]::panicking::panic_handler::{closure#0}, !>
[INFO] [stdout]                                at /rustc/e3feeb59cd1bdd011a2bfcc0747b55125d9b8527/library/std/src/sys/backtrace.rs:182:18
[INFO] [stdout]   17:     0x5d1a06ba39ed - __rustc[ea4f61d10b84890b]::rust_begin_unwind
[INFO] [stdout]                                at /rustc/e3feeb59cd1bdd011a2bfcc0747b55125d9b8527/library/std/src/panicking.rs:676:5
[INFO] [stdout]   18:     0x5d1a06be2f6c - core[a373ad73a504971]::panicking::panic_fmt
[INFO] [stdout]                                at /rustc/e3feeb59cd1bdd011a2bfcc0747b55125d9b8527/library/core/src/panicking.rs:80:14
[INFO] [stdout]   19:     0x5d1a06b55a38 - core[a373ad73a504971]::panicking::panic_display::<assert_cmd[4ccafda0aea6a65e]::assert::AssertError>
[INFO] [stdout]                                at /rustc/e3feeb59cd1bdd011a2bfcc0747b55125d9b8527/library/core/src/panicking.rs:259:5
[INFO] [stdout]   20:     0x5d1a06b439f7 - <assert_cmd[4ccafda0aea6a65e]::assert::AssertError>::panic::<assert_cmd[4ccafda0aea6a65e]::assert::Assert>
[INFO] [stdout]                                at /opt/rustwide/cargo-home/registry/src/index.crates.io-1949cf8c6b5b557f/assert_cmd-2.2.2/src/assert.rs:1061:9
[INFO] [stdout]   21:     0x5d1a06b451ad - <assert_cmd[4ccafda0aea6a65e]::assert::Assert>::success
[INFO] [stdout]                                at /opt/rustwide/cargo-home/registry/src/index.crates.io-1949cf8c6b5b557f/assert_cmd-2.2.2/src/assert.rs:165:25
[INFO] [stdout]   22:     0x5d1a06768060 - phase3_commands_tests[a024be6214bff18d]::test_index_create_then_list_in_separate_invocations
[INFO] [stdout]                                at /opt/rustwide/workdir/tests/phase3_commands_tests.rs:696:10
[INFO] [stdout]   23:     0x5d1a0675a0f7 - phase3_commands_tests[a024be6214bff18d]::test_index_create_then_list_in_separate_invocations::{closure#0}
[INFO] [stdout]                                at /opt/rustwide/workdir/tests/phase3_commands_tests.rs:685:57
[INFO] [stdout]   24:     0x5d1a067593f6 - <phase3_commands_tests[a024be6214bff18d]::test_index_create_then_list_in_separate_invocations::{closure#0} as core[a373ad73a504971]::ops::function::FnOnce<()>>::call_once
[INFO] [stdout]                                at /rustc/e3feeb59cd1bdd011a2bfcc0747b55125d9b8527/library/core/src/ops/function.rs:250:5
[INFO] [stdout]   25:     0x5d1a06af407b - <fn() -> core[a373ad73a504971]::result::Result<(), alloc[2e1b2a31b91974c5]::string::String> as core[a373ad73a504971]::ops::function::FnOnce<()>>::call_once
[INFO] [stdout]                                at /rustc/e3feeb59cd1bdd011a2bfcc0747b55125d9b8527/library/core/src/ops/function.rs:250:5
[INFO] [stdout]   26:     0x5d1a06af407b - test[aada8e7e76ba119b]::__rust_begin_short_backtrace::<core[a373ad73a504971]::result::Result<(), alloc[2e1b2a31b91974c5]::string::String>, fn() -> core[a373ad73a504971]::result::Result<(), alloc[2e1b2a31b91974c5]::string::String>>
[INFO] [stdout]                                at /rustc/e3feeb59cd1bdd011a2bfcc0747b55125d9b8527/library/test/src/lib.rs:701:18
[INFO] [stdout]   27:     0x5d1a06b01255 - test[aada8e7e76ba119b]::run_test_in_process::{closure#0}
[INFO] [stdout]                                at /rustc/e3feeb59cd1bdd011a2bfcc0747b55125d9b8527/library/test/src/lib.rs:724:74
[INFO] [stdout]   28:     0x5d1a06b01255 - <core[a373ad73a504971]::panic::unwind_safe::AssertUnwindSafe<test[aada8e7e76ba119b]::run_test_in_process::{closure#0}> as core[a373ad73a504971]::ops::function::FnOnce<()>>::call_once
[INFO] [stdout]                                at /rustc/e3feeb59cd1bdd011a2bfcc0747b55125d9b8527/library/core/src/panic/unwind_safe.rs:275:9
[INFO] [stdout]   29:     0x5d1a06b01255 - std[617be2ca0a6fd877]::panicking::catch_unwind::do_call::<core[a373ad73a504971]::panic::unwind_safe::AssertUnwindSafe<test[aada8e7e76ba119b]::run_test_in_process::{closure#0}>, core[a373ad73a504971]::result::Result<(), alloc[2e1b2a31b91974c5]::string::String>>
[INFO] [stdout]                                at /rustc/e3feeb59cd1bdd011a2bfcc0747b55125d9b8527/library/std/src/panicking.rs:573:43
[INFO] [stdout]   30:     0x5d1a06b01255 - std[617be2ca0a6fd877]::panicking::catch_unwind::<core[a373ad73a504971]::result::Result<(), alloc[2e1b2a31b91974c5]::string::String>, core[a373ad73a504971]::panic::unwind_safe::AssertUnwindSafe<test[aada8e7e76ba119b]::run_test_in_process::{closure#0}>>
[INFO] [stdout]                                at /rustc/e3feeb59cd1bdd011a2bfcc0747b55125d9b8527/library/std/src/panicking.rs:541:19
[INFO] [stdout]   31:     0x5d1a06b01255 - std[617be2ca0a6fd877]::panic::catch_unwind::<core[a373ad73a504971]::panic::unwind_safe::AssertUnwindSafe<test[aada8e7e76ba119b]::run_test_in_process::{closure#0}>, core[a373ad73a504971]::result::Result<(), alloc[2e1b2a31b91974c5]::string::String>>
[INFO] [stdout]                                at /rustc/e3feeb59cd1bdd011a2bfcc0747b55125d9b8527/library/std/src/panic.rs:359:14
[INFO] [stdout]   32:     0x5d1a06b01255 - test[aada8e7e76ba119b]::run_test_in_process
[INFO] [stdout]                                at /rustc/e3feeb59cd1bdd011a2bfcc0747b55125d9b8527/library/test/src/lib.rs:724:27
[INFO] [stdout]   33:     0x5d1a06b01255 - test[aada8e7e76ba119b]::run_test::{closure#0}
[INFO] [stdout]                                at /rustc/e3feeb59cd1bdd011a2bfcc0747b55125d9b8527/library/test/src/lib.rs:645:43
[INFO] [stdout]   34:     0x5d1a06afab44 - test[aada8e7e76ba119b]::run_test::{closure#1}
[INFO] [stdout]                                at /rustc/e3feeb59cd1bdd011a2bfcc0747b55125d9b8527/library/test/src/lib.rs:675:41
[INFO] [stdout]   35:     0x5d1a06afab44 - std[617be2ca0a6fd877]::sys::backtrace::__rust_begin_short_backtrace::<test[aada8e7e76ba119b]::run_test::{closure#1}, ()>
[INFO] [stdout]                                at /rustc/e3feeb59cd1bdd011a2bfcc0747b55125d9b8527/library/std/src/sys/backtrace.rs:166:18
[INFO] [stdout]   36:     0x5d1a06b042e2 - std[617be2ca0a6fd877]::thread::lifecycle::spawn_unchecked::<test[aada8e7e76ba119b]::run_test::{closure#1}, ()>::{closure#1}::{closure#0}
[INFO] [stdout]                                at /rustc/e3feeb59cd1bdd011a2bfcc0747b55125d9b8527/library/std/src/thread/lifecycle.rs:70:13
[INFO] [stdout]   37:     0x5d1a06b042e2 - <core[a373ad73a504971]::panic::unwind_safe::AssertUnwindSafe<std[617be2ca0a6fd877]::thread::lifecycle::spawn_unchecked<test[aada8e7e76ba119b]::run_test::{closure#1}, ()>::{closure#1}::{closure#0}> as core[a373ad73a504971]::ops::function::FnOnce<()>>::call_once
[INFO] [stdout]                                at /rustc/e3feeb59cd1bdd011a2bfcc0747b55125d9b8527/library/core/src/panic/unwind_safe.rs:275:9
[INFO] [stdout]   38:     0x5d1a06b042e2 - std[617be2ca0a6fd877]::panicking::catch_unwind::do_call::<core[a373ad73a504971]::panic::unwind_safe::AssertUnwindSafe<std[617be2ca0a6fd877]::thread::lifecycle::spawn_unchecked<test[aada8e7e76ba119b]::run_test::{closure#1}, ()>::{closure#1}::{closure#0}>, ()>
[INFO] [stdout]                                at /rustc/e3feeb59cd1bdd011a2bfcc0747b55125d9b8527/library/std/src/panicking.rs:573:43
[INFO] [stdout]   39:     0x5d1a06b042e2 - std[617be2ca0a6fd877]::panicking::catch_unwind::<(), core[a373ad73a504971]::panic::unwind_safe::AssertUnwindSafe<std[617be2ca0a6fd877]::thread::lifecycle::spawn_unchecked<test[aada8e7e76ba119b]::run_test::{closure#1}, ()>::{closure#1}::{closure#0}>>
[INFO] [stdout]                                at /rustc/e3feeb59cd1bdd011a2bfcc0747b55125d9b8527/library/std/src/panicking.rs:541:19
[INFO] [stdout]   40:     0x5d1a06b042e2 - std[617be2ca0a6fd877]::panic::catch_unwind::<core[a373ad73a504971]::panic::unwind_safe::AssertUnwindSafe<std[617be2ca0a6fd877]::thread::lifecycle::spawn_unchecked<test[aada8e7e76ba119b]::run_test::{closure#1}, ()>::{closure#1}::{closure#0}>, ()>
[INFO] [stdout]                                at /rustc/e3feeb59cd1bdd011a2bfcc0747b55125d9b8527/library/std/src/panic.rs:359:14
[INFO] [stdout]   41:     0x5d1a06b042e2 - std[617be2ca0a6fd877]::thread::lifecycle::spawn_unchecked::<test[aada8e7e76ba119b]::run_test::{closure#1}, ()>::{closure#1}
[INFO] [stdout]                                at /rustc/e3feeb59cd1bdd011a2bfcc0747b55125d9b8527/library/std/src/thread/lifecycle.rs:68:26
[INFO] [stdout]   42:     0x5d1a06b042e2 - <std[617be2ca0a6fd877]::thread::lifecycle::spawn_unchecked<test[aada8e7e76ba119b]::run_test::{closure#1}, ()>::{closure#1} as core[a373ad73a504971]::ops::function::FnOnce<()>>::call_once::{shim:vtable#0}
[INFO] [stdout]                                at /rustc/e3feeb59cd1bdd011a2bfcc0747b55125d9b8527/library/core/src/ops/function.rs:250:5
[INFO] [stdout]   43:     0x5d1a06bc8d6f - <alloc[2e1b2a31b91974c5]::boxed::Box<dyn core[a373ad73a504971]::ops::function::FnOnce<(), Output = ()> + core[a373ad73a504971]::marker::Send> as core[a373ad73a504971]::ops::function::FnOnce<()>>::call_once
[INFO] [stdout]                                at /rustc/e3feeb59cd1bdd011a2bfcc0747b55125d9b8527/library/alloc/src/boxed.rs:2314:9
[INFO] [stdout]   44:     0x5d1a06bc8d6f - <std[617be2ca0a6fd877]::sys::thread::unix::Thread>::new::thread_start
[INFO] [stdout]                                at /rustc/e3feeb59cd1bdd011a2bfcc0747b55125d9b8527/library/std/src/sys/thread/unix.rs:127:17
[INFO] [stdout]   45:     0x7684281f9dfa - <unknown>
[INFO] [stdout]   46:     0x76842828d3d4 - clone
[INFO] [stdout]   47:                0x0 - <unknown>
[INFO] [stdout] 
[INFO] [stdout] ---- test_index_drop_nonexistent stdout ----
[INFO] [stdout] 
[INFO] [stdout] thread 'test_index_drop_nonexistent' (5083) panicked at tests/phase3_commands_tests.rs:767:10:
[INFO] [stdout] Unexpected failure.
[INFO] [stdout] code=1
[INFO] [stdout] stderr=``````
[INFO] [stdout] Error: [VELES-031] Database is already opened by another process: /tmp/.tmpNtvBky/test_db
[INFO] [stdout] 
[INFO] [stdout] Stack backtrace:
[INFO] [stdout]    0: <anyhow::Error as core::convert::From<velesdb_core::error::Error>>::from
[INFO] [stdout]              at /opt/rustwide/cargo-home/registry/src/index.crates.io-1949cf8c6b5b557f/anyhow-1.0.104/src/backtrace.rs:10:14
[INFO] [stdout]    1: <core::result::Result<velesdb_core::database::Database, anyhow::Error> as core::ops::try_trait::FromResidual<core::result::Result<!, velesdb_core::error::Error>>>::from_residual
[INFO] [stdout]              at /rustc/e3feeb59cd1bdd011a2bfcc0747b55125d9b8527/library/core/src/result.rs:2190:27
[INFO] [stdout]    2: velesdb::helpers::open_database_with_config
[INFO] [stdout]              at ./src/helpers.rs:87:20
[INFO] [stdout]    3: velesdb::helpers::open_database
[INFO] [stdout]              at ./src/helpers.rs:53:5
[INFO] [stdout]    4: velesdb::handlers::index::handle_index_drop
[INFO] [stdout]              at ./src/handlers/index.rs:92:14
[INFO] [stdout]    5: velesdb::handlers::index::handle_index
[INFO] [stdout]              at ./src/handlers/index.rs:24:14
[INFO] [stdout]    6: velesdb::dispatch
[INFO] [stdout]              at ./src/main.rs:125:39
[INFO] [stdout]    7: velesdb::cli_main
[INFO] [stdout]              at ./src/main.rs:101:5
[INFO] [stdout]    8: velesdb::main
[INFO] [stdout]              at ./src/main.rs:84:5
[INFO] [stdout]    9: <fn() -> core::result::Result<(), anyhow::Error> as core::ops::function::FnOnce<()>>::call_once
[INFO] [stdout]              at /rustc/e3feeb59cd1bdd011a2bfcc0747b55125d9b8527/library/core/src/ops/function.rs:250:5
[INFO] [stdout]   10: std::sys::backtrace::__rust_begin_short_backtrace::<fn() -> core::result::Result<(), anyhow::Error>, core::result::Result<(), anyhow::Error>>
[INFO] [stdout]              at /rustc/e3feeb59cd1bdd011a2bfcc0747b55125d9b8527/library/std/src/sys/backtrace.rs:166:18
[INFO] [stdout]   11: std::rt::lang_start::<core::result::Result<(), anyhow::Error>>::{closure#0}
[INFO] [stdout]              at /rustc/e3feeb59cd1bdd011a2bfcc0747b55125d9b8527/library/std/src/rt.rs:206:18
[INFO] [stdout]   12: <&dyn core::ops::function::Fn<(), Output = i32> + core::marker::Sync + core::panic::unwind_safe::RefUnwindSafe as core::ops::function::FnOnce<()>>::call_once
[INFO] [stdout]              at /rustc/e3feeb59cd1bdd011a2bfcc0747b55125d9b8527/library/core/src/ops/function.rs:287:21
[INFO] [stdout]   13: std::panicking::catch_unwind::do_call::<&dyn core::ops::function::Fn<(), Output = i32> + core::marker::Sync + core::panic::unwind_safe::RefUnwindSafe, i32>
[INFO] [stdout]              at /rustc/e3feeb59cd1bdd011a2bfcc0747b55125d9b8527/library/std/src/panicking.rs:573:43
[INFO] [stdout]   14: std::panicking::catch_unwind::<i32, &dyn core::ops::function::Fn<(), Output = i32> + core::marker::Sync + core::panic::unwind_safe::RefUnwindSafe>
[INFO] [stdout]              at /rustc/e3feeb59cd1bdd011a2bfcc0747b55125d9b8527/library/std/src/panicking.rs:541:19
[INFO] [stdout]   15: std::panic::catch_unwind::<&dyn core::ops::function::Fn<(), Output = i32> + core::marker::Sync + core::panic::unwind_safe::RefUnwindSafe, i32>
[INFO] [stdout]              at /rustc/e3feeb59cd1bdd011a2bfcc0747b55125d9b8527/library/std/src/panic.rs:359:14
[INFO] [stdout]   16: std::rt::lang_start_internal::{closure#0}
[INFO] [stdout]              at /rustc/e3feeb59cd1bdd011a2bfcc0747b55125d9b8527/library/std/src/rt.rs:175:24
[INFO] [stdout]   17: std::panicking::catch_unwind::do_call::<std::rt::lang_start_internal::{closure#0}, isize>
[INFO] [stdout]              at /rustc/e3feeb59cd1bdd011a2bfcc0747b55125d9b8527/library/std/src/panicking.rs:573:43
[INFO] [stdout]   18: std::panicking::catch_unwind::<isize, std::rt::lang_start_internal::{closure#0}>
[INFO] [stdout]              at /rustc/e3feeb59cd1bdd011a2bfcc0747b55125d9b8527/library/std/src/panicking.rs:541:19
[INFO] [stdout]   19: std::panic::catch_unwind::<std::rt::lang_start_internal::{closure#0}, isize>
[INFO] [stdout]              at /rustc/e3feeb59cd1bdd011a2bfcc0747b55125d9b8527/library/std/src/panic.rs:359:14
[INFO] [stdout]   20: std::rt::lang_start_internal
[INFO] [stdout]              at /rustc/e3feeb59cd1bdd011a2bfcc0747b55125d9b8527/library/std/src/rt.rs:171:5
[INFO] [stdout]   21: std::rt::lang_start::<core::result::Result<(), anyhow::Error>>
[INFO] [stdout]              at /rustc/e3feeb59cd1bdd011a2bfcc0747b55125d9b8527/library/std/src/rt.rs:205:5
[INFO] [stdout]   22: main
[INFO] [stdout]   23: <unknown>
[INFO] [stdout]   24: __libc_start_main
[INFO] [stdout]   25: _start
[INFO] [stdout] ```
[INFO] [stdout] ```
[INFO] [stdout] command=`"/opt/rustwide/target/debug/velesdb" "index" "drop" "/tmp/.tmpNtvBky/test_db" "docs" "Ghost" "phantom"`
[INFO] [stdout] code=1
[INFO] [stdout] stdout=""
[INFO] [stdout] stderr=```
[INFO] [stdout] Error: [VELES-031] Database is already opened by another process: /tmp/.tmpNtvBky/test_db
[INFO] [stdout] 
[INFO] [stdout] Stack backtrace:
[INFO] [stdout]    0: <anyhow::Error as core::convert::From<velesdb_core::error::Error>>::from
[INFO] [stdout]              at /opt/rustwide/cargo-home/registry/src/index.crates.io-1949cf8c6b5b557f/anyhow-1.0.104/src/backtrace.rs:10:14
[INFO] [stdout]    1: <core::result::Result<velesdb_core::database::Database, anyhow::Error> as core::ops::try_trait::FromResidual<core::result::Result<!, velesdb_core::error::Error>>>::from_residual
[INFO] [stdout]              at /rustc/e3feeb59cd1bdd011a2bfcc0747b55125d9b8527/library/core/src/result.rs:2190:27
[INFO] [stdout]    2: velesdb::helpers::open_database_with_config
[INFO] [stdout]              at ./src/helpers.rs:87:20
[INFO] [stdout]    3: velesdb::helpers::open_database
[INFO] [stdout]              at ./src/helpers.rs:53:5
[INFO] [stdout]    4: velesdb::handlers::index::handle_index_drop
[INFO] [stdout]              at ./src/handlers/index.rs:92:14
[INFO] [stdout]    5: velesdb::handlers::index::handle_index
[INFO] [stdout]              at ./src/handlers/index.rs:24:14
[INFO] [stdout]    6: velesdb::dispatch
[INFO] [stdout]              at ./src/main.rs:125:39
[INFO] [stdout]    7: velesdb::cli_main
[INFO] [stdout]              at ./src/main.rs:101:5
[INFO] [stdout]    8: velesdb::main
[INFO] [stdout]              at ./src/main.rs:84:5
[INFO] [stdout]    9: <fn() -> core::result::Result<(), anyhow::Error> as core::ops::function::FnOnce<()>>::call_once
[INFO] [stdout]              at /rustc/e3feeb59cd1bdd011a2bfcc0747b55125d9b8527/library/core/src/ops/function.rs:250:5
[INFO] [stdout]   10: std::sys::backtrace::__rust_begin_short_backtrace::<fn() -> core::result::Result<(), anyhow::Error>, core::result::Result<(), anyhow::Error>>
[INFO] [stdout]              at /rustc/e3feeb59cd1bdd011a2bfcc0747b55125d9b8527/library/std/src/sys/backtrace.rs:166:18
[INFO] [stdout]   11: std::rt::lang_start::<core::result::Result<(), anyhow::Error>>::{closure#0}
[INFO] [stdout]              at /rustc/e3feeb59cd1bdd011a2bfcc0747b55125d9b8527/library/std/src/rt.rs:206:18
[INFO] [stdout]   12: <&dyn core::ops::function::Fn<(), Output = i32> + core::marker::Sync + core::panic::unwind_safe::RefUnwindSafe as core::ops::function::FnOnce<()>>::call_once
[INFO] [stdout]              at /rustc/e3feeb59cd1bdd011a2bfcc0747b55125d9b8527/library/core/src/ops/function.rs:287:21
[INFO] [stdout]   13: std::panicking::catch_unwind::do_call::<&dyn core::ops::function::Fn<(), Output = i32> + core::marker::Sync + core::panic::unwind_safe::RefUnwindSafe, i32>
[INFO] [stdout]              at /rustc/e3feeb59cd1bdd011a2bfcc0747b55125d9b8527/library/std/src/panicking.rs:573:43
[INFO] [stdout]   14: std::panicking::catch_unwind::<i32, &dyn core::ops::function::Fn<(), Output = i32> + core::marker::Sync + core::panic::unwind_safe::RefUnwindSafe>
[INFO] [stdout]              at /rustc/e3feeb59cd1bdd011a2bfcc0747b55125d9b8527/library/std/src/panicking.rs:541:19
[INFO] [stdout]   15: std::panic::catch_unwind::<&dyn core::ops::function::Fn<(), Output = i32> + core::marker::Sync + core::panic::unwind_safe::RefUnwindSafe, i32>
[INFO] [stdout]              at /rustc/e3feeb59cd1bdd011a2bfcc0747b55125d9b8527/library/std/src/panic.rs:359:14
[INFO] [stdout]   16: std::rt::lang_start_internal::{closure#0}
[INFO] [stdout]              at /rustc/e3feeb59cd1bdd011a2bfcc0747b55125d9b8527/library/std/src/rt.rs:175:24
[INFO] [stdout]   17: std::panicking::catch_unwind::do_call::<std::rt::lang_start_internal::{closure#0}, isize>
[INFO] [stdout]              at /rustc/e3feeb59cd1bdd011a2bfcc0747b55125d9b8527/library/std/src/panicking.rs:573:43
[INFO] [stdout]   18: std::panicking::catch_unwind::<isize, std::rt::lang_start_internal::{closure#0}>
[INFO] [stdout]              at /rustc/e3feeb59cd1bdd011a2bfcc0747b55125d9b8527/library/std/src/panicking.rs:541:19
[INFO] [stdout]   19: std::panic::catch_unwind::<std::rt::lang_start_internal::{closure#0}, isize>
[INFO] [stdout]              at /rustc/e3feeb59cd1bdd011a2bfcc0747b55125d9b8527/library/std/src/panic.rs:359:14
[INFO] [stdout]   20: std::rt::lang_start_internal
[INFO] [stdout]              at /rustc/e3feeb59cd1bdd011a2bfcc0747b55125d9b8527/library/std/src/rt.rs:171:5
[INFO] [stdout]   21: std::rt::lang_start::<core::result::Result<(), anyhow::Error>>
[INFO] [stdout]              at /rustc/e3feeb59cd1bdd011a2bfcc0747b55125d9b8527/library/std/src/rt.rs:205:5
[INFO] [stdout]   22: main
[INFO] [stdout]   23: <unknown>
[INFO] [stdout]   24: __libc_start_main
[INFO] [stdout]   25: _start
[INFO] [stdout] ```
[INFO] [stdout] 
[INFO] [stdout] 
[INFO] [stdout] stack backtrace:
[INFO] [stdout]    0:     0x5d1a06bc9e91 - std[617be2ca0a6fd877]::backtrace_rs::backtrace::libunwind::trace
[INFO] [stdout]                                at /rustc/e3feeb59cd1bdd011a2bfcc0747b55125d9b8527/library/std/src/../../backtrace/src/backtrace/libunwind.rs:117:9
[INFO] [stdout]    1:     0x5d1a06bc9e91 - std[617be2ca0a6fd877]::backtrace_rs::backtrace::trace_unsynchronized::<std[617be2ca0a6fd877]::sys::backtrace::_print_fmt::{closure#1}>
[INFO] [stdout]                                at /rustc/e3feeb59cd1bdd011a2bfcc0747b55125d9b8527/library/std/src/../../backtrace/src/backtrace/mod.rs:66:14
[INFO] [stdout]    2:     0x5d1a06bc9e91 - std[617be2ca0a6fd877]::sys::backtrace::_print_fmt
[INFO] [stdout]                                at /rustc/e3feeb59cd1bdd011a2bfcc0747b55125d9b8527/library/std/src/sys/backtrace.rs:74:9
[INFO] [stdout]    3:     0x5d1a06bc9e91 - <<std[617be2ca0a6fd877]::sys::backtrace::BacktraceLock>::print::DisplayBacktrace as core[a373ad73a504971]::fmt::Display>::fmt
[INFO] [stdout]                                at /rustc/e3feeb59cd1bdd011a2bfcc0747b55125d9b8527/library/std/src/sys/backtrace.rs:44:26
[INFO] [stdout]    4:     0x5d1a06be26ca - <core[a373ad73a504971]::fmt::rt::Argument>::fmt
[INFO] [stdout]                                at /rustc/e3feeb59cd1bdd011a2bfcc0747b55125d9b8527/library/core/src/fmt/rt.rs:152:76
[INFO] [stdout]    5:     0x5d1a06be26ca - core[a373ad73a504971]::fmt::write
[INFO] [stdout]    6:     0x5d1a06bcfa5c - core[a373ad73a504971]::io::write::default_write_fmt::<alloc[2e1b2a31b91974c5]::vec::Vec<u8>>
[INFO] [stdout]                                at /rustc/e3feeb59cd1bdd011a2bfcc0747b55125d9b8527/library/core/src/io/write.rs:402:11
[INFO] [stdout]    7:     0x5d1a06bcfa5c - <alloc[2e1b2a31b91974c5]::vec::Vec<u8> as core[a373ad73a504971]::io::write::Write>::write_fmt
[INFO] [stdout]                                at /rustc/e3feeb59cd1bdd011a2bfcc0747b55125d9b8527/library/core/src/io/write.rs:335:13
[INFO] [stdout]    8:     0x5d1a06ba2c46 - <std[617be2ca0a6fd877]::sys::backtrace::BacktraceLock>::print
[INFO] [stdout]                                at /rustc/e3feeb59cd1bdd011a2bfcc0747b55125d9b8527/library/std/src/sys/backtrace.rs:47:9
[INFO] [stdout]    9:     0x5d1a06ba2c46 - std[617be2ca0a6fd877]::panicking::default_hook::{closure#0}
[INFO] [stdout]                                at /rustc/e3feeb59cd1bdd011a2bfcc0747b55125d9b8527/library/std/src/panicking.rs:289:27
[INFO] [stdout]   10:     0x5d1a06bc0da9 - std[617be2ca0a6fd877]::panicking::default_hook
[INFO] [stdout]                                at /rustc/e3feeb59cd1bdd011a2bfcc0747b55125d9b8527/library/std/src/panicking.rs:313:9
[INFO] [stdout]   11:     0x5d1a06b00c30 - <alloc[2e1b2a31b91974c5]::boxed::Box<dyn for<'a, 'b> core[a373ad73a504971]::ops::function::Fn<(&'a std[617be2ca0a6fd877]::panic::PanicHookInfo<'b>,), Output = ()> + core[a373ad73a504971]::marker::Sync + core[a373ad73a504971]::marker::Send> as core[a373ad73a504971]::ops::function::Fn<(&std[617be2ca0a6fd877]::panic::PanicHookInfo,)>>::call
[INFO] [stdout]                                at /rustc/e3feeb59cd1bdd011a2bfcc0747b55125d9b8527/library/alloc/src/boxed.rs:2328:9
[INFO] [stdout]   12:     0x5d1a06b00c30 - test[aada8e7e76ba119b]::test_main_inner::{closure#0}
[INFO] [stdout]                                at /rustc/e3feeb59cd1bdd011a2bfcc0747b55125d9b8527/library/test/src/lib.rs:137:21
[INFO] [stdout]   13:     0x5d1a06bc10d2 - <alloc[2e1b2a31b91974c5]::boxed::Box<dyn for<'a, 'b> core[a373ad73a504971]::ops::function::Fn<(&'a std[617be2ca0a6fd877]::panic::PanicHookInfo<'b>,), Output = ()> + core[a373ad73a504971]::marker::Sync + core[a373ad73a504971]::marker::Send> as core[a373ad73a504971]::ops::function::Fn<(&std[617be2ca0a6fd877]::panic::PanicHookInfo,)>>::call
[INFO] [stdout]                                at /rustc/e3feeb59cd1bdd011a2bfcc0747b55125d9b8527/library/alloc/src/boxed.rs:2328:9
[INFO] [stdout]   14:     0x5d1a06bc10d2 - std[617be2ca0a6fd877]::panicking::panic_with_hook
[INFO] [stdout]                                at /rustc/e3feeb59cd1bdd011a2bfcc0747b55125d9b8527/library/std/src/panicking.rs:819:13
[INFO] [stdout]   15:     0x5d1a06ba2cf2 - std[617be2ca0a6fd877]::panicking::panic_handler::{closure#0}
[INFO] [stdout]                                at /rustc/e3feeb59cd1bdd011a2bfcc0747b55125d9b8527/library/std/src/panicking.rs:685:13
[INFO] [stdout]   16:     0x5d1a06b9b629 - std[617be2ca0a6fd877]::sys::backtrace::__rust_end_short_backtrace::<std[617be2ca0a6fd877]::panicking::panic_handler::{closure#0}, !>
[INFO] [stdout]                                at /rustc/e3feeb59cd1bdd011a2bfcc0747b55125d9b8527/library/std/src/sys/backtrace.rs:182:18
[INFO] [stdout]   17:     0x5d1a06ba39ed - __rustc[ea4f61d10b84890b]::rust_begin_unwind
[INFO] [stdout]                                at /rustc/e3feeb59cd1bdd011a2bfcc0747b55125d9b8527/library/std/src/panicking.rs:676:5
[INFO] [stdout]   18:     0x5d1a06be2f6c - core[a373ad73a504971]::panicking::panic_fmt
[INFO] [stdout]                                at /rustc/e3feeb59cd1bdd011a2bfcc0747b55125d9b8527/library/core/src/panicking.rs:80:14
[INFO] [stdout]   19:     0x5d1a06b55a38 - core[a373ad73a504971]::panicking::panic_display::<assert_cmd[4ccafda0aea6a65e]::assert::AssertError>
[INFO] [stdout]                                at /rustc/e3feeb59cd1bdd011a2bfcc0747b55125d9b8527/library/core/src/panicking.rs:259:5
[INFO] [stdout]   20:     0x5d1a06b439f7 - <assert_cmd[4ccafda0aea6a65e]::assert::AssertError>::panic::<assert_cmd[4ccafda0aea6a65e]::assert::Assert>
[INFO] [stdout]                                at /opt/rustwide/cargo-home/registry/src/index.crates.io-1949cf8c6b5b557f/assert_cmd-2.2.2/src/assert.rs:1061:9
[INFO] [stdout]   21:     0x5d1a06b451ad - <assert_cmd[4ccafda0aea6a65e]::assert::Assert>::success
[INFO] [stdout]                                at /opt/rustwide/cargo-home/registry/src/index.crates.io-1949cf8c6b5b557f/assert_cmd-2.2.2/src/assert.rs:165:25
[INFO] [stdout]   22:     0x5d1a0675fcea - phase3_commands_tests[a024be6214bff18d]::test_index_drop_nonexistent
[INFO] [stdout]                                at /opt/rustwide/workdir/tests/phase3_commands_tests.rs:767:10
[INFO] [stdout]   23:     0x5d1a06759be7 - phase3_commands_tests[a024be6214bff18d]::test_index_drop_nonexistent::{closure#0}
[INFO] [stdout]                                at /opt/rustwide/workdir/tests/phase3_commands_tests.rs:756:33
[INFO] [stdout]   24:     0x5d1a06759096 - <phase3_commands_tests[a024be6214bff18d]::test_index_drop_nonexistent::{closure#0} as core[a373ad73a504971]::ops::function::FnOnce<()>>::call_once
[INFO] [stdout]                                at /rustc/e3feeb59cd1bdd011a2bfcc0747b55125d9b8527/library/core/src/ops/function.rs:250:5
[INFO] [stdout]   25:     0x5d1a06af407b - <fn() -> core[a373ad73a504971]::result::Result<(), alloc[2e1b2a31b91974c5]::string::String> as core[a373ad73a504971]::ops::function::FnOnce<()>>::call_once
[INFO] [stdout]                                at /rustc/e3feeb59cd1bdd011a2bfcc0747b55125d9b8527/library/core/src/ops/function.rs:250:5
[INFO] [stdout]   26:     0x5d1a06af407b - test[aada8e7e76ba119b]::__rust_begin_short_backtrace::<core[a373ad73a504971]::result::Result<(), alloc[2e1b2a31b91974c5]::string::String>, fn() -> core[a373ad73a504971]::result::Result<(), alloc[2e1b2a31b91974c5]::string::String>>
[INFO] [stdout]                                at /rustc/e3feeb59cd1bdd011a2bfcc0747b55125d9b8527/library/test/src/lib.rs:701:18
[INFO] [stdout]   27:     0x5d1a06b01255 - test[aada8e7e76ba119b]::run_test_in_process::{closure#0}
[INFO] [stdout]                                at /rustc/e3feeb59cd1bdd011a2bfcc0747b55125d9b8527/library/test/src/lib.rs:724:74
[INFO] [stdout]   28:     0x5d1a06b01255 - <core[a373ad73a504971]::panic::unwind_safe::AssertUnwindSafe<test[aada8e7e76ba119b]::run_test_in_process::{closure#0}> as core[a373ad73a504971]::ops::function::FnOnce<()>>::call_once
[INFO] [stdout]                                at /rustc/e3feeb59cd1bdd011a2bfcc0747b55125d9b8527/library/core/src/panic/unwind_safe.rs:275:9
[INFO] [stdout]   29:     0x5d1a06b01255 - std[617be2ca0a6fd877]::panicking::catch_unwind::do_call::<core[a373ad73a504971]::panic::unwind_safe::AssertUnwindSafe<test[aada8e7e76ba119b]::run_test_in_process::{closure#0}>, core[a373ad73a504971]::result::Result<(), alloc[2e1b2a31b91974c5]::string::String>>
[INFO] [stdout]                                at /rustc/e3feeb59cd1bdd011a2bfcc0747b55125d9b8527/library/std/src/panicking.rs:573:43
[INFO] [stdout]   30:     0x5d1a06b01255 - std[617be2ca0a6fd877]::panicking::catch_unwind::<core[a373ad73a504971]::result::Result<(), alloc[2e1b2a31b91974c5]::string::String>, core[a373ad73a504971]::panic::unwind_safe::AssertUnwindSafe<test[aada8e7e76ba119b]::run_test_in_process::{closure#0}>>
[INFO] [stdout]                                at /rustc/e3feeb59cd1bdd011a2bfcc0747b55125d9b8527/library/std/src/panicking.rs:541:19
[INFO] [stdout]   31:     0x5d1a06b01255 - std[617be2ca0a6fd877]::panic::catch_unwind::<core[a373ad73a504971]::panic::unwind_safe::AssertUnwindSafe<test[aada8e7e76ba119b]::run_test_in_process::{closure#0}>, core[a373ad73a504971]::result::Result<(), alloc[2e1b2a31b91974c5]::string::String>>
[INFO] [stdout]                                at /rustc/e3feeb59cd1bdd011a2bfcc0747b55125d9b8527/library/std/src/panic.rs:359:14
[INFO] [stdout]   32:     0x5d1a06b01255 - test[aada8e7e76ba119b]::run_test_in_process
[INFO] [stdout]                                at /rustc/e3feeb59cd1bdd011a2bfcc0747b55125d9b8527/library/test/src/lib.rs:724:27
[INFO] [stdout]   33:     0x5d1a06b01255 - test[aada8e7e76ba119b]::run_test::{closure#0}
[INFO] [stdout]                                at /rustc/e3feeb59cd1bdd011a2bfcc0747b55125d9b8527/library/test/src/lib.rs:645:43
[INFO] [stdout]   34:     0x5d1a06afab44 - test[aada8e7e76ba119b]::run_test::{closure#1}
[INFO] [stdout]                                at /rustc/e3feeb59cd1bdd011a2bfcc0747b55125d9b8527/library/test/src/lib.rs:675:41
[INFO] [stdout]   35:     0x5d1a06afab44 - std[617be2ca0a6fd877]::sys::backtrace::__rust_begin_short_backtrace::<test[aada8e7e76ba119b]::run_test::{closure#1}, ()>
[INFO] [stdout]                                at /rustc/e3feeb59cd1bdd011a2bfcc0747b55125d9b8527/library/std/src/sys/backtrace.rs:166:18
[INFO] [stdout]   36:     0x5d1a06b042e2 - std[617be2ca0a6fd877]::thread::lifecycle::spawn_unchecked::<test[aada8e7e76ba119b]::run_test::{closure#1}, ()>::{closure#1}::{closure#0}
[INFO] [stdout]                                at /rustc/e3feeb59cd1bdd011a2bfcc0747b55125d9b8527/library/std/src/thread/lifecycle.rs:70:13
[INFO] [stdout]   37:     0x5d1a06b042e2 - <core[a373ad73a504971]::panic::unwind_safe::AssertUnwindSafe<std[617be2ca0a6fd877]::thread::lifecycle::spawn_unchecked<test[aada8e7e76ba119b]::run_test::{closure#1}, ()>::{closure#1}::{closure#0}> as core[a373ad73a504971]::ops::function::FnOnce<()>>::call_once
[INFO] [stdout]                                at /rustc/e3feeb59cd1bdd011a2bfcc0747b55125d9b8527/library/core/src/panic/unwind_safe.rs:275:9
[INFO] [stdout]   38:     0x5d1a06b042e2 - std[617be2ca0a6fd877]::panicking::catch_unwind::do_call::<core[a373ad73a504971]::panic::unwind_safe::AssertUnwindSafe<std[617be2ca0a6fd877]::thread::lifecycle::spawn_unchecked<test[aada8e7e76ba119b]::run_test::{closure#1}, ()>::{closure#1}::{closure#0}>, ()>
[INFO] [stdout]                                at /rustc/e3feeb59cd1bdd011a2bfcc0747b55125d9b8527/library/std/src/panicking.rs:573:43
[INFO] [stdout]   39:     0x5d1a06b042e2 - std[617be2ca0a6fd877]::panicking::catch_unwind::<(), core[a373ad73a504971]::panic::unwind_safe::AssertUnwindSafe<std[617be2ca0a6fd877]::thread::lifecycle::spawn_unchecked<test[aada8e7e76ba119b]::run_test::{closure#1}, ()>::{closure#1}::{closure#0}>>
[INFO] [stdout]                                at /rustc/e3feeb59cd1bdd011a2bfcc0747b55125d9b8527/library/std/src/panicking.rs:541:19
[INFO] [stdout]   40:     0x5d1a06b042e2 - std[617be2ca0a6fd877]::panic::catch_unwind::<core[a373ad73a504971]::panic::unwind_safe::AssertUnwindSafe<std[617be2ca0a6fd877]::thread::lifecycle::spawn_unchecked<test[aada8e7e76ba119b]::run_test::{closure#1}, ()>::{closure#1}::{closure#0}>, ()>
[INFO] [stdout]                                at /rustc/e3feeb59cd1bdd011a2bfcc0747b55125d9b8527/library/std/src/panic.rs:359:14
[INFO] [stdout]   41:     0x5d1a06b042e2 - std[617be2ca0a6fd877]::thread::lifecycle::spawn_unchecked::<test[aada8e7e76ba119b]::run_test::{closure#1}, ()>::{closure#1}
[INFO] [stdout]                                at /rustc/e3feeb59cd1bdd011a2bfcc0747b55125d9b8527/library/std/src/thread/lifecycle.rs:68:26
[INFO] [stdout]   42:     0x5d1a06b042e2 - <std[617be2ca0a6fd877]::thread::lifecycle::spawn_unchecked<test[aada8e7e76ba119b]::run_test::{closure#1}, ()>::{closure#1} as core[a373ad73a504971]::ops::function::FnOnce<()>>::call_once::{shim:vtable#0}
[INFO] [stdout]                                at /rustc/e3feeb59cd1bdd011a2bfcc0747b55125d9b8527/library/core/src/ops/function.rs:250:5
[INFO] [stdout]   43:     0x5d1a06bc8d6f - <alloc[2e1b2a31b91974c5]::boxed::Box<dyn core[a373ad73a504971]::ops::function::FnOnce<(), Output = ()> + core[a373ad73a504971]::marker::Send> as core[a373ad73a504971]::ops::function::FnOnce<()>>::call_once
[INFO] [stdout]                                at /rustc/e3feeb59cd1bdd011a2bfcc0747b55125d9b8527/library/alloc/src/boxed.rs:2314:9
[INFO] [stdout]   44:     0x5d1a06bc8d6f - <std[617be2ca0a6fd877]::sys::thread::unix::Thread>::new::thread_start
[INFO] [stdout]                                at /rustc/e3feeb59cd1bdd011a2bfcc0747b55125d9b8527/library/std/src/sys/thread/unix.rs:127:17
[INFO] [stdout]   45:     0x7684281f9dfa - <unknown>
[INFO] [stdout]   46:     0x76842828d3d4 - clone
[INFO] [stdout]   47:                0x0 - <unknown>
[INFO] [stdout] 
[INFO] [stdout] 
[INFO] [stdout] failures:
[INFO] [stdout]     test_index_create_then_list_in_separate_invocations
[INFO] [stdout]     test_index_drop_nonexistent
[INFO] [stdout] 
[INFO] [stdout] test result: FAILED. 44 passed; 2 failed; 0 ignored; 0 measured; 0 filtered out; finished in 3.20s
[INFO] [stdout] 
[INFO] [stderr] error: test failed, to rerun pass `--test phase3_commands_tests`
[INFO] running `Command { std: "docker" "inspect" "8ce9f49a01bf734d6ae78e96f95dfe944dc2c33c8a99e8662481d6935e8f68a2", kill_on_drop: false }`
[INFO] running `Command { std: "docker" "rm" "-f" "8ce9f49a01bf734d6ae78e96f95dfe944dc2c33c8a99e8662481d6935e8f68a2", kill_on_drop: false }`
[INFO] [stdout] 8ce9f49a01bf734d6ae78e96f95dfe944dc2c33c8a99e8662481d6935e8f68a2
