[INFO] fetching crate taska 1.4.0...
[INFO] testing taska-1.4.0 against 1.99.0-beta.8 for beta-1.100-2
[INFO] extracting crate taska 1.4.0 into /workspace/builds/worker-7-tc1/source
[INFO] started tweaking crates.io crate taska 1.4.0
[INFO] removed 0 missing tests
[INFO] finished tweaking crates.io crate taska 1.4.0
[INFO] tweaked toml for crates.io crate taska 1.4.0 written to /workspace/builds/worker-7-tc1/source/Cargo.toml
[INFO] validating manifest of crates.io crate taska 1.4.0 on toolchain 1.99.0-beta.8
[INFO] running `Command { std: CARGO_HOME="/workspace/cargo-home" RUSTUP_HOME="/workspace/rustup-home" "/workspace/cargo-home/bin/cargo" "+1.99.0-beta.8" "metadata" "--manifest-path" "Cargo.toml" "--no-deps", kill_on_drop: false }`
[INFO] crate crates.io crate taska 1.4.0 already has a lockfile, it will not be regenerated
[INFO] running `Command { std: CARGO_HOME="/workspace/cargo-home" RUSTUP_HOME="/workspace/rustup-home" "/workspace/cargo-home/bin/cargo" "+1.99.0-beta.8" "fetch" "--manifest-path" "Cargo.toml", kill_on_drop: false }`
[INFO] [stderr]     Updating crates.io index
[INFO] [stderr]  Downloading crates ...
[INFO] [stderr]   Downloaded zipsign-api v0.1.5
[INFO] [stderr]   Downloaded self_update v0.44.0
[INFO] [stderr]   Downloaded ureq-proto v0.6.0
[INFO] [stderr]   Downloaded time-macros v0.2.29
[INFO] [stderr]   Downloaded self-replace v1.5.0
[INFO] [stderr]   Downloaded ureq v3.3.0
[INFO] [stderr]   Downloaded clap_complete v4.6.5
[INFO] running `Command { std: "docker" "create" "-v" "/var/lib/crater-agent-workspace/builds/worker-7-tc1/source:/opt/rustwide/workdir:ro,Z" "-v" "/var/lib/crater-agent-workspace/builds/worker-7-tc1/target:/opt/rustwide/target:rw,Z" "-v" "/var/lib/crater-agent-workspace/cargo-home:/opt/rustwide/cargo-home:ro,Z" "-v" "/var/lib/crater-agent-workspace/rustup-home:/opt/rustwide/rustup-home:ro,Z" "-m" "1610612736" "--network" "none" "ghcr.io/rust-lang/crates-build-env/linux@sha256:3111399a4047eeb3a02b7a90e478d715f38a8c6669b5c4b49d30a17385265909" "sleep" "infinity", kill_on_drop: false }`
[INFO] [stdout] 408e2b7a0153b5b08b524f989258a2ddce9135d6003829f450200e509fe3b5a7
[INFO] running `Command { std: "docker" "start" "408e2b7a0153b5b08b524f989258a2ddce9135d6003829f450200e509fe3b5a7", kill_on_drop: false }`
[INFO] running `Command { std: "docker" "inspect" "408e2b7a0153b5b08b524f989258a2ddce9135d6003829f450200e509fe3b5a7", kill_on_drop: false }`
[INFO] running `Command { std: "docker" "exec" "-e" "SOURCE_DIR=/opt/rustwide/workdir" "-e" "CARGO_HOME=/opt/rustwide/cargo-home" "-e" "RUSTUP_HOME=/opt/rustwide/rustup-home" "-e" "CARGO_TARGET_DIR=/opt/rustwide/target" "-w" "/opt/rustwide/workdir" "--user" "0:0" "408e2b7a0153b5b08b524f989258a2ddce9135d6003829f450200e509fe3b5a7" "/opt/rustwide/cargo-home/bin/cargo" "+1.99.0-beta.8" "metadata" "--no-deps" "--format-version=1", kill_on_drop: false }`
[INFO] running `Command { std: "docker" "inspect" "408e2b7a0153b5b08b524f989258a2ddce9135d6003829f450200e509fe3b5a7", kill_on_drop: false }`
[INFO] running `Command { std: "docker" "exec" "-e" "SOURCE_DIR=/opt/rustwide/workdir" "-e" "CARGO_HOME=/opt/rustwide/cargo-home" "-e" "RUSTUP_HOME=/opt/rustwide/rustup-home" "-e" "CARGO_TARGET_DIR=/opt/rustwide/target" "-e" "CARGO_INCREMENTAL=0" "-e" "RUST_BACKTRACE=full" "-e" "RUSTFLAGS=--cap-lints=warn" "-e" "RUSTDOCFLAGS=--cap-lints=warn" "-w" "/opt/rustwide/workdir" "--user" "0:0" "408e2b7a0153b5b08b524f989258a2ddce9135d6003829f450200e509fe3b5a7" "/opt/rustwide/cargo-home/bin/cargo" "+1.99.0-beta.8" "build" "--frozen" "--message-format=json", kill_on_drop: false }`
[INFO] [stderr]    Compiling bitflags v2.12.1
[INFO] [stderr]    Compiling memchr v2.8.1
[INFO] [stderr]    Compiling zeroize v1.9.0
[INFO] [stderr]    Compiling httparse v1.10.1
[INFO] [stderr]    Compiling ring v0.17.14
[INFO] [stderr]    Compiling getrandom v0.2.17
[INFO] [stderr]    Compiling simd-adler32 v0.3.9
[INFO] [stderr]    Compiling log v0.4.32
[INFO] [stderr]    Compiling rustls v0.23.40
[INFO] [stderr]    Compiling syn v2.0.117
[INFO] [stderr]    Compiling http v1.4.2
[INFO] [stderr]    Compiling getrandom v0.4.2
[INFO] [stderr]    Compiling winnow v1.0.3
[INFO] [stderr]    Compiling socks v0.3.4
[INFO] [stderr]    Compiling clap_builder v4.6.0
[INFO] [stderr]    Compiling console v0.16.3
[INFO] [stderr]    Compiling toml_datetime v1.1.1+spec-1.1.0
[INFO] [stderr]    Compiling rustls-pki-types v1.14.1
[INFO] [stderr]    Compiling filetime v0.2.29
[INFO] [stderr]    Compiling utf8-zero v0.8.1
[INFO] [stderr]    Compiling rustix v1.1.4
[INFO] [stderr]    Compiling miniz_oxide v0.8.9
[INFO] [stderr]    Compiling self_update v0.44.0
[INFO] [stderr]    Compiling toml_writer v1.1.1+spec-1.1.0
[INFO] [stderr]    Compiling is_executable v1.0.5
[INFO] [stderr]    Compiling urlencoding v2.1.3
[INFO] [stderr]    Compiling semver v1.0.28
[INFO] [stderr]    Compiling shlex v1.3.0
[INFO] [stderr]    Compiling petgraph v0.8.3
[INFO] [stderr]    Compiling webpki-roots v1.0.7
[INFO] [stderr]    Compiling aho-corasick v1.1.4
[INFO] [stderr]    Compiling serde_json v1.0.150
[INFO] [stderr]    Compiling quick-xml v0.38.4
[INFO] [stderr]    Compiling indicatif v0.18.4
[INFO] [stderr]    Compiling flate2 v1.1.9
[INFO] [stderr]    Compiling ureq-proto v0.6.0
[INFO] [stderr]    Compiling toml_parser v1.1.2+spec-1.1.0
[INFO] [stderr]    Compiling regex-automata v0.4.14
[INFO] [stderr]    Compiling toml v1.1.2+spec-1.1.0
[INFO] [stderr]    Compiling toml_edit v0.25.12+spec-1.1.0
[INFO] [stderr]    Compiling xattr v1.6.1
[INFO] [stderr]    Compiling tempfile v3.27.0
[INFO] [stderr]    Compiling fd-lock v4.0.4
[INFO] [stderr]    Compiling tar v0.4.46
[INFO] [stderr]    Compiling self-replace v1.5.0
[INFO] [stderr]    Compiling serde_derive v1.0.228
[INFO] [stderr]    Compiling clap_derive v4.6.1
[INFO] [stderr]    Compiling regex v1.12.3
[INFO] [stderr]    Compiling rustls-webpki v0.103.13
[INFO] [stderr]    Compiling clap v4.6.1
[INFO] [stderr]    Compiling clap_complete v4.6.5
[INFO] [stderr]    Compiling serde v1.0.228
[INFO] [stderr]    Compiling chrono v0.4.45
[INFO] [stderr]    Compiling ureq v3.3.0
[INFO] [stderr]    Compiling taska v1.4.0 (/opt/rustwide/workdir)
[INFO] [stderr]     Finished `dev` profile [unoptimized + debuginfo] target(s) in 38.55s
[INFO] running `Command { std: "docker" "inspect" "408e2b7a0153b5b08b524f989258a2ddce9135d6003829f450200e509fe3b5a7", kill_on_drop: false }`
[INFO] running `Command { std: "docker" "exec" "-e" "SOURCE_DIR=/opt/rustwide/workdir" "-e" "CARGO_HOME=/opt/rustwide/cargo-home" "-e" "RUSTUP_HOME=/opt/rustwide/rustup-home" "-e" "CARGO_TARGET_DIR=/opt/rustwide/target" "-e" "CARGO_INCREMENTAL=0" "-e" "RUST_BACKTRACE=full" "-e" "RUSTFLAGS=--cap-lints=warn" "-e" "RUSTDOCFLAGS=--cap-lints=warn" "-w" "/opt/rustwide/workdir" "--user" "0:0" "408e2b7a0153b5b08b524f989258a2ddce9135d6003829f450200e509fe3b5a7" "/opt/rustwide/cargo-home/bin/cargo" "+1.99.0-beta.8" "test" "--frozen" "--no-run" "--message-format=json", kill_on_drop: false }`
[INFO] [stderr]    Compiling taska v1.4.0 (/opt/rustwide/workdir)
[INFO] [stderr] error: could not compile `taska` (lib test)
[INFO] [stderr] 
[INFO] [stderr] Caused by:
[INFO] [stderr]   process didn't exit successfully: `/opt/rustwide/rustup-home/toolchains/1.99.0-beta.8-x86_64-unknown-linux-gnu/bin/rustc --crate-name taska --edition=2021 src/lib.rs --error-format=json --json=diagnostic-rendered-ansi,artifacts,future-incompat --emit=dep-info,link -C embed-bitcode=no -C debuginfo=2 --test --check-cfg 'cfg(docsrs,test)' --check-cfg 'cfg(feature, values())' -C metadata=f42c25d1a64bc0db -C extra-filename=-a2e082573eb734bf --out-dir /opt/rustwide/target/debug/deps -L dependency=/opt/rustwide/target/debug/deps --extern chrono=/opt/rustwide/target/debug/deps/libchrono-d17910ea20777208.rlib --extern clap=/opt/rustwide/target/debug/deps/libclap-9c59220c37fee51c.rlib --extern clap_complete=/opt/rustwide/target/debug/deps/libclap_complete-78c07e74e316b641.rlib --extern fd_lock=/opt/rustwide/target/debug/deps/libfd_lock-5585766b87715d27.rlib --extern libc=/opt/rustwide/target/debug/deps/liblibc-612664c2206eec43.rlib --extern petgraph=/opt/rustwide/target/debug/deps/libpetgraph-1e33ba595b3016a5.rlib --extern regex=/opt/rustwide/target/debug/deps/libregex-2951b270287a8ce5.rlib --extern self_update=/opt/rustwide/target/debug/deps/libself_update-904f3034ec700432.rlib --extern serde=/opt/rustwide/target/debug/deps/libserde-7a9a5c601b08d5a8.rlib --extern serde_json=/opt/rustwide/target/debug/deps/libserde_json-f67eb0514114539f.rlib --extern smallvec=/opt/rustwide/target/debug/deps/libsmallvec-c4b0763233bab5f9.rlib --extern toml=/opt/rustwide/target/debug/deps/libtoml-56b1ae68966a4885.rlib --extern toml_edit=/opt/rustwide/target/debug/deps/libtoml_edit-4e831897b4ffa1e8.rlib --cap-lints=warn -L native=/opt/rustwide/target/debug/build/ring-54d93fe55b64ef13/out` (signal: 9, SIGKILL: kill)
[INFO] [stderr] warning: build failed, waiting for other jobs to finish...
[INFO] [stdout] error: linking with `cc` failed: exit status: 1
[INFO] [stdout]   |
[INFO] [stdout]   = note:  "cc" "-m64" "/opt/rustwide/target/debug/deps/rustc1D1JwE/symbols.o" "<3 object files omitted>" "-Wl,--as-needed" "-Wl,-Bstatic" "<sysroot>/lib/rustlib/x86_64-unknown-linux-gnu/lib/{libtest-*,libgetopts-*,librustc_std_workspace_std-*}.rlib" "/opt/rustwide/target/debug/deps/{libtaska-c69b7ef6cc84d33b,libtoml_edit-4e831897b4ffa1e8,libtoml-56b1ae68966a4885,libtoml_writer-10b1a045b50cf24e,libtoml_parser-1a3b660a894f3411,libwinnow-884c55dcebd680d8,libserde_spanned-5dc929071563a809,libtoml_datetime-87fe63e06daefa32,libfd_lock-5585766b87715d27,libpetgraph-1e33ba595b3016a5,libhashbrown-8da8fd0b7703f558,libfoldhash-07f233db1c671507,libindexmap-b92bb9c25241b995,libequivalent-6a754676e6af62ae,libhashbrown-d7214d631586fd51,libfixedbitset-625fd2a9d775ed11,libself_update-904f3034ec700432,libtar-c7dffda82f8af5a1,libxattr-d05573b4b3e7306f,libfiletime-029af479cbec0cec,liburlencoding-061758bc6028ea3e,libsemver-f2ab12e28ce3f339,libureq-fff4544d590b4f6d,libwebpki_roots-7c3f366026b7b598,librustls-47c158e8bbd07db0,libsubtle-2ae6a7038b9a0630,libwebpki-c403bae952a236d8,libring-6aafde35ad9530b2,libgetrandom-da9c6145cd4f38a1,libuntrusted-b2f816886faf2178,librustls_pki_types-006bcc122d18cfc1,libzeroize-37b2a6e0a2742c6a,libsocks-2039c444f92478eb,libbyteorder-8f59b6d1bfdaa844,libpercent_encoding-fa055ecaa1e57cfa,libflate2-84acb1666c285b0c,libminiz_oxide-6d5382b540dd717a,libsimd_adler32-7babdb89f91b6742,libcrc32fast-77160f4e25d6fc25,libencoding_rs-c7a67ac351c2b19f,libutf8_zero-b1bfe7deddca0c76,libureq_proto-17ed0368eda95141,libhttparse-be605dd980e8a581,libbase64-32787b0325ea6df8,libhttp-4ba5360fa6400f90,libbytes-2ed9460101f17bbf,libregex-2951b270287a8ce5,libregex_automata-00ead3a281c0e9d6,libaho_corasick-b5ab6b2cbd1acbb3,libregex_syntax-6d6ee545e2ffad72,libquick_xml-86809078b02ca230,liblog-8cf4e7719eca0054,libindicatif-2a1f6dd70659b72c,libportable_atomic-b2c3e87a13df7d23,libunit_prefix-1f322e2873265049,libconsole-213467891798715b,libunicode_width-c0be3735b741df1b,libeither-5506ea273a27a963,libself_replace-f6e448cba210d0ff,libtempfile-9914b9c699e48287,libgetrandom-fb4c32fda73a41c0,liblibc-612664c2206eec43,libcfg_if-83060ec5685761ae,libfastrand-8c711c36072d5b5b,libonce_cell-9d045526a262399f,librustix-439c5d38286593fb,libbitflags-607c46266d5e3b21,liblinux_raw_sys-0b6cde911e9a3109,libclap_complete-78c07e74e316b641,libshlex-dc6b4c4e5548d418,libis_executable-921c00d9a88f2d68,libclap-9c59220c37fee51c,libclap_builder-a340f021213931fc,libstrsim-4d1ed08a123238dc,libanstream-14b271bd294f0187,libanstyle_query-635080b1d6343734,libis_terminal_polyfill-3ca4268cb2568267,libcolorchoice-33c0bd1745dd5ace,libanstyle_parse-88399b635fc44f8e,libutf8parse-92d0158219063202,libclap_lex-2acbcd0288e51058,libanstyle-9beaeb754742faae,libserde_json-f67eb0514114539f,libmemchr-0ebdc93958defebb,libitoa-5de11b3b23bfe572,libzmij-ef63f1da73704b4c,libchrono-d17910ea20777208,libiana_time_zone-bcd81aefedc374a6,libnum_traits-040817c80e4d7434,libserde-7a9a5c601b08d5a8,libserde_core-21f22ac7b803fb0e}.rlib" "<sysroot>/lib/rustlib/x86_64-unknown-linux-gnu/lib/{libstd-*,libpanic_unwind-*,libobject-*,libmemchr-*,libaddr2line-*,libgimli-*,libcfg_if-*,librustc_demangle-*,libstd_detect-*,libhashbrown-*,librustc_std_workspace_alloc-*,libminiz_oxide-*,libadler2-*,libunwind-*,liblibc-*,librustc_std_workspace_core-*,liballoc-*,libcore-*,libcompiler_builtins-*}.rlib" "-Wl,-Bdynamic" "-lgcc_s" "-lutil" "-lrt" "-lpthread" "-lm" "-ldl" "-lc" "-L" "/opt/rustwide/target/debug/deps/rustc1D1JwE/raw-dylibs" "-B<sysroot>/lib/rustlib/x86_64-unknown-linux-gnu/bin/gcc-ld" "-fuse-ld=lld" "-Wl,--eh-frame-hdr" "-Wl,-z,noexecstack" "-L" "/opt/rustwide/target/debug/build/ring-54d93fe55b64ef13/out" "-L" "<sysroot>/lib/rustlib/x86_64-unknown-linux-gnu/lib" "-o" "/opt/rustwide/target/debug/deps/output_format-4d9301fd6471ad21" "-Wl,--gc-sections" "-pie" "-Wl,-z,relro,-z,now" "-nodefaultlibs"
[INFO] [stdout]   = note: some arguments are omitted. use `--verbose` to show all linker arguments
[INFO] [stdout]   = note: collect2: fatal error: ld terminated with signal 9 [Killed]
[INFO] [stdout]           compilation terminated.
[INFO] [stdout]           
[INFO] [stdout] 
[INFO] [stdout] 
[INFO] [stderr] error: could not compile `taska` (test "output_format") due to 1 previous error
[INFO] [stdout] error: linking with `cc` failed: exit status: 1
[INFO] [stdout]   |
[INFO] [stdout]   = note:  "cc" "-m64" "/opt/rustwide/target/debug/deps/rustcKciy6T/symbols.o" "<3 object files omitted>" "-Wl,--as-needed" "-Wl,-Bstatic" "<sysroot>/lib/rustlib/x86_64-unknown-linux-gnu/lib/{libtest-*,libgetopts-*,librustc_std_workspace_std-*}.rlib" "/opt/rustwide/target/debug/deps/{libtaska-c69b7ef6cc84d33b,libtoml_edit-4e831897b4ffa1e8,libtoml-56b1ae68966a4885,libtoml_writer-10b1a045b50cf24e,libtoml_parser-1a3b660a894f3411,libwinnow-884c55dcebd680d8,libserde_spanned-5dc929071563a809,libtoml_datetime-87fe63e06daefa32,libfd_lock-5585766b87715d27,libpetgraph-1e33ba595b3016a5,libhashbrown-8da8fd0b7703f558,libfoldhash-07f233db1c671507,libindexmap-b92bb9c25241b995,libequivalent-6a754676e6af62ae,libhashbrown-d7214d631586fd51,libfixedbitset-625fd2a9d775ed11,libself_update-904f3034ec700432,libtar-c7dffda82f8af5a1,libxattr-d05573b4b3e7306f,libfiletime-029af479cbec0cec,liburlencoding-061758bc6028ea3e,libsemver-f2ab12e28ce3f339,libureq-fff4544d590b4f6d,libwebpki_roots-7c3f366026b7b598,librustls-47c158e8bbd07db0,libsubtle-2ae6a7038b9a0630,libwebpki-c403bae952a236d8,libring-6aafde35ad9530b2,libgetrandom-da9c6145cd4f38a1,libuntrusted-b2f816886faf2178,librustls_pki_types-006bcc122d18cfc1,libzeroize-37b2a6e0a2742c6a,libsocks-2039c444f92478eb,libbyteorder-8f59b6d1bfdaa844,libpercent_encoding-fa055ecaa1e57cfa,libflate2-84acb1666c285b0c,libminiz_oxide-6d5382b540dd717a,libsimd_adler32-7babdb89f91b6742,libcrc32fast-77160f4e25d6fc25,libencoding_rs-c7a67ac351c2b19f,libutf8_zero-b1bfe7deddca0c76,libureq_proto-17ed0368eda95141,libhttparse-be605dd980e8a581,libbase64-32787b0325ea6df8,libhttp-4ba5360fa6400f90,libbytes-2ed9460101f17bbf,libregex-2951b270287a8ce5,libregex_automata-00ead3a281c0e9d6,libaho_corasick-b5ab6b2cbd1acbb3,libregex_syntax-6d6ee545e2ffad72,libquick_xml-86809078b02ca230,liblog-8cf4e7719eca0054,libindicatif-2a1f6dd70659b72c,libportable_atomic-b2c3e87a13df7d23,libunit_prefix-1f322e2873265049,libconsole-213467891798715b,libunicode_width-c0be3735b741df1b,libeither-5506ea273a27a963,libself_replace-f6e448cba210d0ff,libtempfile-9914b9c699e48287,libgetrandom-fb4c32fda73a41c0,liblibc-612664c2206eec43,libcfg_if-83060ec5685761ae,libfastrand-8c711c36072d5b5b,libonce_cell-9d045526a262399f,librustix-439c5d38286593fb,libbitflags-607c46266d5e3b21,liblinux_raw_sys-0b6cde911e9a3109,libclap_complete-78c07e74e316b641,libshlex-dc6b4c4e5548d418,libis_executable-921c00d9a88f2d68,libclap-9c59220c37fee51c,libclap_builder-a340f021213931fc,libstrsim-4d1ed08a123238dc,libanstream-14b271bd294f0187,libanstyle_query-635080b1d6343734,libis_terminal_polyfill-3ca4268cb2568267,libcolorchoice-33c0bd1745dd5ace,libanstyle_parse-88399b635fc44f8e,libutf8parse-92d0158219063202,libclap_lex-2acbcd0288e51058,libanstyle-9beaeb754742faae,libserde_json-f67eb0514114539f,libmemchr-0ebdc93958defebb,libitoa-5de11b3b23bfe572,libzmij-ef63f1da73704b4c,libchrono-d17910ea20777208,libiana_time_zone-bcd81aefedc374a6,libnum_traits-040817c80e4d7434,libserde-7a9a5c601b08d5a8,libserde_core-21f22ac7b803fb0e}.rlib" "<sysroot>/lib/rustlib/x86_64-unknown-linux-gnu/lib/{libstd-*,libpanic_unwind-*,libobject-*,libmemchr-*,libaddr2line-*,libgimli-*,libcfg_if-*,librustc_demangle-*,libstd_detect-*,libhashbrown-*,librustc_std_workspace_alloc-*,libminiz_oxide-*,libadler2-*,libunwind-*,liblibc-*,librustc_std_workspace_core-*,liballoc-*,libcore-*,libcompiler_builtins-*}.rlib" "-Wl,-Bdynamic" "-lgcc_s" "-lutil" "-lrt" "-lpthread" "-lm" "-ldl" "-lc" "-L" "/opt/rustwide/target/debug/deps/rustcKciy6T/raw-dylibs" "-B<sysroot>/lib/rustlib/x86_64-unknown-linux-gnu/bin/gcc-ld" "-fuse-ld=lld" "-Wl,--eh-frame-hdr" "-Wl,-z,noexecstack" "-L" "/opt/rustwide/target/debug/build/ring-54d93fe55b64ef13/out" "-L" "<sysroot>/lib/rustlib/x86_64-unknown-linux-gnu/lib" "-o" "/opt/rustwide/target/debug/deps/deps-c8ccc88c84fc775f" "-Wl,--gc-sections" "-pie" "-Wl,-z,relro,-z,now" "-nodefaultlibs"
[INFO] [stdout]   = note: some arguments are omitted. use `--verbose` to show all linker arguments
[INFO] [stdout]   = note: collect2: fatal error: ld terminated with signal 9 [Killed]
[INFO] [stdout]           compilation terminated.
[INFO] [stdout]           
[INFO] [stdout] 
[INFO] [stdout] 
[INFO] [stderr] error: could not compile `taska` (test "deps") due to 1 previous error
[INFO] [stdout] error: linking with `cc` failed: exit status: 1
[INFO] [stdout]   |
[INFO] [stdout]   = note:  "cc" "-m64" "/opt/rustwide/target/debug/deps/rustcfDvzgf/symbols.o" "<3 object files omitted>" "-Wl,--as-needed" "-Wl,-Bstatic" "<sysroot>/lib/rustlib/x86_64-unknown-linux-gnu/lib/{libtest-*,libgetopts-*,librustc_std_workspace_std-*}.rlib" "/opt/rustwide/target/debug/deps/{libtaska-c69b7ef6cc84d33b,libtoml_edit-4e831897b4ffa1e8,libtoml-56b1ae68966a4885,libtoml_writer-10b1a045b50cf24e,libtoml_parser-1a3b660a894f3411,libwinnow-884c55dcebd680d8,libserde_spanned-5dc929071563a809,libtoml_datetime-87fe63e06daefa32,libfd_lock-5585766b87715d27,libpetgraph-1e33ba595b3016a5,libhashbrown-8da8fd0b7703f558,libfoldhash-07f233db1c671507,libindexmap-b92bb9c25241b995,libequivalent-6a754676e6af62ae,libhashbrown-d7214d631586fd51,libfixedbitset-625fd2a9d775ed11,libself_update-904f3034ec700432,libtar-c7dffda82f8af5a1,libxattr-d05573b4b3e7306f,libfiletime-029af479cbec0cec,liburlencoding-061758bc6028ea3e,libsemver-f2ab12e28ce3f339,libureq-fff4544d590b4f6d,libwebpki_roots-7c3f366026b7b598,librustls-47c158e8bbd07db0,libsubtle-2ae6a7038b9a0630,libwebpki-c403bae952a236d8,libring-6aafde35ad9530b2,libgetrandom-da9c6145cd4f38a1,libuntrusted-b2f816886faf2178,librustls_pki_types-006bcc122d18cfc1,libzeroize-37b2a6e0a2742c6a,libsocks-2039c444f92478eb,libbyteorder-8f59b6d1bfdaa844,libpercent_encoding-fa055ecaa1e57cfa,libflate2-84acb1666c285b0c,libminiz_oxide-6d5382b540dd717a,libsimd_adler32-7babdb89f91b6742,libcrc32fast-77160f4e25d6fc25,libencoding_rs-c7a67ac351c2b19f,libutf8_zero-b1bfe7deddca0c76,libureq_proto-17ed0368eda95141,libhttparse-be605dd980e8a581,libbase64-32787b0325ea6df8,libhttp-4ba5360fa6400f90,libbytes-2ed9460101f17bbf,libregex-2951b270287a8ce5,libregex_automata-00ead3a281c0e9d6,libaho_corasick-b5ab6b2cbd1acbb3,libregex_syntax-6d6ee545e2ffad72,libquick_xml-86809078b02ca230,liblog-8cf4e7719eca0054,libindicatif-2a1f6dd70659b72c,libportable_atomic-b2c3e87a13df7d23,libunit_prefix-1f322e2873265049,libconsole-213467891798715b,libunicode_width-c0be3735b741df1b,libeither-5506ea273a27a963,libself_replace-f6e448cba210d0ff,libtempfile-9914b9c699e48287,libgetrandom-fb4c32fda73a41c0,liblibc-612664c2206eec43,libcfg_if-83060ec5685761ae,libfastrand-8c711c36072d5b5b,libonce_cell-9d045526a262399f,librustix-439c5d38286593fb,libbitflags-607c46266d5e3b21,liblinux_raw_sys-0b6cde911e9a3109,libclap_complete-78c07e74e316b641,libshlex-dc6b4c4e5548d418,libis_executable-921c00d9a88f2d68,libclap-9c59220c37fee51c,libclap_builder-a340f021213931fc,libstrsim-4d1ed08a123238dc,libanstream-14b271bd294f0187,libanstyle_query-635080b1d6343734,libis_terminal_polyfill-3ca4268cb2568267,libcolorchoice-33c0bd1745dd5ace,libanstyle_parse-88399b635fc44f8e,libutf8parse-92d0158219063202,libclap_lex-2acbcd0288e51058,libanstyle-9beaeb754742faae,libserde_json-f67eb0514114539f,libmemchr-0ebdc93958defebb,libitoa-5de11b3b23bfe572,libzmij-ef63f1da73704b4c,libchrono-d17910ea20777208,libiana_time_zone-bcd81aefedc374a6,libnum_traits-040817c80e4d7434,libserde-7a9a5c601b08d5a8,libserde_core-21f22ac7b803fb0e}.rlib" "<sysroot>/lib/rustlib/x86_64-unknown-linux-gnu/lib/{libstd-*,libpanic_unwind-*,libobject-*,libmemchr-*,libaddr2line-*,libgimli-*,libcfg_if-*,librustc_demangle-*,libstd_detect-*,libhashbrown-*,librustc_std_workspace_alloc-*,libminiz_oxide-*,libadler2-*,libunwind-*,liblibc-*,librustc_std_workspace_core-*,liballoc-*,libcore-*,libcompiler_builtins-*}.rlib" "-Wl,-Bdynamic" "-lgcc_s" "-lutil" "-lrt" "-lpthread" "-lm" "-ldl" "-lc" "-L" "/opt/rustwide/target/debug/deps/rustcfDvzgf/raw-dylibs" "-B<sysroot>/lib/rustlib/x86_64-unknown-linux-gnu/bin/gcc-ld" "-fuse-ld=lld" "-Wl,--eh-frame-hdr" "-Wl,-z,noexecstack" "-L" "/opt/rustwide/target/debug/build/ring-54d93fe55b64ef13/out" "-L" "<sysroot>/lib/rustlib/x86_64-unknown-linux-gnu/lib" "-o" "/opt/rustwide/target/debug/deps/merge-7c264491a78581b7" "-Wl,--gc-sections" "-pie" "-Wl,-z,relro,-z,now" "-nodefaultlibs"
[INFO] [stdout]   = note: some arguments are omitted. use `--verbose` to show all linker arguments
[INFO] [stdout]   = note: collect2: fatal error: ld terminated with signal 9 [Killed]
[INFO] [stdout]           compilation terminated.
[INFO] [stdout]           
[INFO] [stdout] 
[INFO] [stdout] 
[INFO] [stderr] error: could not compile `taska` (test "merge") due to 1 previous error
[INFO] [stdout] error: linking with `cc` failed: exit status: 1
[INFO] [stdout]   |
[INFO] [stdout]   = note:  "cc" "-m64" "/opt/rustwide/target/debug/deps/rustcUHRBmm/symbols.o" "<3 object files omitted>" "-Wl,--as-needed" "-Wl,-Bstatic" "<sysroot>/lib/rustlib/x86_64-unknown-linux-gnu/lib/{libtest-*,libgetopts-*,librustc_std_workspace_std-*}.rlib" "/opt/rustwide/target/debug/deps/{libtaska-c69b7ef6cc84d33b,libtoml_edit-4e831897b4ffa1e8,libtoml-56b1ae68966a4885,libtoml_writer-10b1a045b50cf24e,libtoml_parser-1a3b660a894f3411,libwinnow-884c55dcebd680d8,libserde_spanned-5dc929071563a809,libtoml_datetime-87fe63e06daefa32,libfd_lock-5585766b87715d27,libpetgraph-1e33ba595b3016a5,libhashbrown-8da8fd0b7703f558,libfoldhash-07f233db1c671507,libindexmap-b92bb9c25241b995,libequivalent-6a754676e6af62ae,libhashbrown-d7214d631586fd51,libfixedbitset-625fd2a9d775ed11,libself_update-904f3034ec700432,libtar-c7dffda82f8af5a1,libxattr-d05573b4b3e7306f,libfiletime-029af479cbec0cec,liburlencoding-061758bc6028ea3e,libsemver-f2ab12e28ce3f339,libureq-fff4544d590b4f6d,libwebpki_roots-7c3f366026b7b598,librustls-47c158e8bbd07db0,libsubtle-2ae6a7038b9a0630,libwebpki-c403bae952a236d8,libring-6aafde35ad9530b2,libgetrandom-da9c6145cd4f38a1,libuntrusted-b2f816886faf2178,librustls_pki_types-006bcc122d18cfc1,libzeroize-37b2a6e0a2742c6a,libsocks-2039c444f92478eb,libbyteorder-8f59b6d1bfdaa844,libpercent_encoding-fa055ecaa1e57cfa,libflate2-84acb1666c285b0c,libminiz_oxide-6d5382b540dd717a,libsimd_adler32-7babdb89f91b6742,libcrc32fast-77160f4e25d6fc25,libencoding_rs-c7a67ac351c2b19f,libutf8_zero-b1bfe7deddca0c76,libureq_proto-17ed0368eda95141,libhttparse-be605dd980e8a581,libbase64-32787b0325ea6df8,libhttp-4ba5360fa6400f90,libbytes-2ed9460101f17bbf,libregex-2951b270287a8ce5,libregex_automata-00ead3a281c0e9d6,libaho_corasick-b5ab6b2cbd1acbb3,libregex_syntax-6d6ee545e2ffad72,libquick_xml-86809078b02ca230,liblog-8cf4e7719eca0054,libindicatif-2a1f6dd70659b72c,libportable_atomic-b2c3e87a13df7d23,libunit_prefix-1f322e2873265049,libconsole-213467891798715b,libunicode_width-c0be3735b741df1b,libeither-5506ea273a27a963,libself_replace-f6e448cba210d0ff,libtempfile-9914b9c699e48287,libgetrandom-fb4c32fda73a41c0,liblibc-612664c2206eec43,libcfg_if-83060ec5685761ae,libfastrand-8c711c36072d5b5b,libonce_cell-9d045526a262399f,librustix-439c5d38286593fb,libbitflags-607c46266d5e3b21,liblinux_raw_sys-0b6cde911e9a3109,libclap_complete-78c07e74e316b641,libshlex-dc6b4c4e5548d418,libis_executable-921c00d9a88f2d68,libclap-9c59220c37fee51c,libclap_builder-a340f021213931fc,libstrsim-4d1ed08a123238dc,libanstream-14b271bd294f0187,libanstyle_query-635080b1d6343734,libis_terminal_polyfill-3ca4268cb2568267,libcolorchoice-33c0bd1745dd5ace,libanstyle_parse-88399b635fc44f8e,libutf8parse-92d0158219063202,libclap_lex-2acbcd0288e51058,libanstyle-9beaeb754742faae,libserde_json-f67eb0514114539f,libmemchr-0ebdc93958defebb,libitoa-5de11b3b23bfe572,libzmij-ef63f1da73704b4c,libchrono-d17910ea20777208,libiana_time_zone-bcd81aefedc374a6,libnum_traits-040817c80e4d7434,libserde-7a9a5c601b08d5a8,libserde_core-21f22ac7b803fb0e}.rlib" "<sysroot>/lib/rustlib/x86_64-unknown-linux-gnu/lib/{libstd-*,libpanic_unwind-*,libobject-*,libmemchr-*,libaddr2line-*,libgimli-*,libcfg_if-*,librustc_demangle-*,libstd_detect-*,libhashbrown-*,librustc_std_workspace_alloc-*,libminiz_oxide-*,libadler2-*,libunwind-*,liblibc-*,librustc_std_workspace_core-*,liballoc-*,libcore-*,libcompiler_builtins-*}.rlib" "-Wl,-Bdynamic" "-lgcc_s" "-lutil" "-lrt" "-lpthread" "-lm" "-ldl" "-lc" "-L" "/opt/rustwide/target/debug/deps/rustcUHRBmm/raw-dylibs" "-B<sysroot>/lib/rustlib/x86_64-unknown-linux-gnu/bin/gcc-ld" "-fuse-ld=lld" "-Wl,--eh-frame-hdr" "-Wl,-z,noexecstack" "-L" "/opt/rustwide/target/debug/build/ring-54d93fe55b64ef13/out" "-L" "<sysroot>/lib/rustlib/x86_64-unknown-linux-gnu/lib" "-o" "/opt/rustwide/target/debug/deps/undo-cf86bee150487a81" "-Wl,--gc-sections" "-pie" "-Wl,-z,relro,-z,now" "-nodefaultlibs"
[INFO] [stdout]   = note: some arguments are omitted. use `--verbose` to show all linker arguments
[INFO] [stdout]   = note: collect2: fatal error: ld terminated with signal 9 [Killed]
[INFO] [stdout]           compilation terminated.
[INFO] [stdout]           
[INFO] [stdout] 
[INFO] [stdout] 
[INFO] [stderr] error: could not compile `taska` (test "undo") due to 1 previous error
[INFO] running `Command { std: "docker" "inspect" "408e2b7a0153b5b08b524f989258a2ddce9135d6003829f450200e509fe3b5a7", kill_on_drop: false }`
[INFO] running `Command { std: "docker" "rm" "-f" "408e2b7a0153b5b08b524f989258a2ddce9135d6003829f450200e509fe3b5a7", kill_on_drop: false }`
[INFO] [stdout] 408e2b7a0153b5b08b524f989258a2ddce9135d6003829f450200e509fe3b5a7
