[INFO] fetching crate rtex 0.1.11...
[INFO] testing rtex-0.1.11 against 1.100.0-beta.1 for beta-1.100-2
[INFO] extracting crate rtex 0.1.11 into /workspace/builds/worker-1-tc2/source
[INFO] removed /workspace/builds/worker-1-tc2/source/rust-toolchain.toml
[INFO] started tweaking crates.io crate rtex 0.1.11
[INFO] removed 0 missing tests
[INFO] finished tweaking crates.io crate rtex 0.1.11
[INFO] tweaked toml for crates.io crate rtex 0.1.11 written to /workspace/builds/worker-1-tc2/source/Cargo.toml
[INFO] validating manifest of crates.io crate rtex 0.1.11 on toolchain 1.100.0-beta.1
[INFO] running `Command { std: CARGO_HOME="/workspace/cargo-home" RUSTUP_HOME="/workspace/rustup-home" "/workspace/cargo-home/bin/cargo" "+1.100.0-beta.1" "metadata" "--manifest-path" "Cargo.toml" "--no-deps", kill_on_drop: false }`
[INFO] crate crates.io crate rtex 0.1.11 already has a lockfile, it will not be regenerated
[INFO] running `Command { std: CARGO_HOME="/workspace/cargo-home" RUSTUP_HOME="/workspace/rustup-home" "/workspace/cargo-home/bin/cargo" "+1.100.0-beta.1" "fetch" "--manifest-path" "Cargo.toml", kill_on_drop: false }`
[INFO] [stderr] warning: `package.homepage` is redundant with `package.repository`
[INFO] [stderr]    --> Cargo.toml:138:12
[INFO] [stderr]     |
[INFO] [stderr] 138 | homepage = "https://github.com/yingkitw/rtex"
[INFO] [stderr]     |            ^^^^^^^^^^^^^^^^^^^^^^^^^^^^^^^^^^
[INFO] [stderr] ...
[INFO] [stderr] 143 | repository = "https://github.com/yingkitw/rtex"
[INFO] [stderr]     |              ----------------------------------
[INFO] [stderr]     |
[INFO] [stderr]     = note: `cargo::redundant_homepage` is set to `warn` by default
[INFO] [stderr] help: consider removing `package.homepage`
[INFO] [stderr] warning: `rtex` (manifest) generated 1 warning
[INFO] running `Command { std: "docker" "create" "-v" "/var/lib/crater-agent-workspace/builds/worker-1-tc2/source:/opt/rustwide/workdir:ro,Z" "-v" "/var/lib/crater-agent-workspace/builds/worker-1-tc2/target:/opt/rustwide/target:rw,Z" "-v" "/var/lib/crater-agent-workspace/cargo-home:/opt/rustwide/cargo-home:ro,Z" "-v" "/var/lib/crater-agent-workspace/rustup-home:/opt/rustwide/rustup-home:ro,Z" "-m" "1610612736" "--network" "none" "ghcr.io/rust-lang/crates-build-env/linux@sha256:3111399a4047eeb3a02b7a90e478d715f38a8c6669b5c4b49d30a17385265909" "sleep" "infinity", kill_on_drop: false }`
[INFO] [stdout] cfc489a010c8f9bf820749d320e2dae7b1414f4302bd7079e04c613c9ed3c816
[INFO] running `Command { std: "docker" "start" "cfc489a010c8f9bf820749d320e2dae7b1414f4302bd7079e04c613c9ed3c816", kill_on_drop: false }`
[INFO] running `Command { std: "docker" "inspect" "cfc489a010c8f9bf820749d320e2dae7b1414f4302bd7079e04c613c9ed3c816", kill_on_drop: false }`
[INFO] running `Command { std: "docker" "exec" "-e" "SOURCE_DIR=/opt/rustwide/workdir" "-e" "CARGO_HOME=/opt/rustwide/cargo-home" "-e" "RUSTUP_HOME=/opt/rustwide/rustup-home" "-e" "CARGO_TARGET_DIR=/opt/rustwide/target" "-w" "/opt/rustwide/workdir" "--user" "0:0" "cfc489a010c8f9bf820749d320e2dae7b1414f4302bd7079e04c613c9ed3c816" "/opt/rustwide/cargo-home/bin/cargo" "+1.100.0-beta.1" "metadata" "--no-deps" "--format-version=1", kill_on_drop: false }`
[INFO] running `Command { std: "docker" "inspect" "cfc489a010c8f9bf820749d320e2dae7b1414f4302bd7079e04c613c9ed3c816", kill_on_drop: false }`
[INFO] running `Command { std: "docker" "exec" "-e" "SOURCE_DIR=/opt/rustwide/workdir" "-e" "CARGO_HOME=/opt/rustwide/cargo-home" "-e" "RUSTUP_HOME=/opt/rustwide/rustup-home" "-e" "CARGO_TARGET_DIR=/opt/rustwide/target" "-e" "CARGO_INCREMENTAL=0" "-e" "RUST_BACKTRACE=full" "-e" "RUSTFLAGS=--cap-lints=warn" "-e" "RUSTDOCFLAGS=--cap-lints=warn" "-w" "/opt/rustwide/workdir" "--user" "0:0" "cfc489a010c8f9bf820749d320e2dae7b1414f4302bd7079e04c613c9ed3c816" "/opt/rustwide/cargo-home/bin/cargo" "+1.100.0-beta.1" "build" "--frozen" "--message-format=json", kill_on_drop: false }`
[INFO] [stderr] warning: `package.homepage` is redundant with `package.repository`
[INFO] [stderr]    --> Cargo.toml:138:12
[INFO] [stderr]     |
[INFO] [stderr] 138 | homepage = "https://github.com/yingkitw/rtex"
[INFO] [stderr]     |            ^^^^^^^^^^^^^^^^^^^^^^^^^^^^^^^^^^
[INFO] [stderr] ...
[INFO] [stderr] 143 | repository = "https://github.com/yingkitw/rtex"
[INFO] [stderr]     |              ----------------------------------
[INFO] [stderr]     |
[INFO] [stderr]     = note: `cargo::redundant_homepage` is set to `warn` by default
[INFO] [stderr] help: consider removing `package.homepage`
[INFO] [stderr] warning: `rtex` (manifest) generated 1 warning
[INFO] [stderr]    Compiling proc-macro2 v1.0.107
[INFO] [stderr]    Compiling simd-adler32 v0.3.10
[INFO] [stderr]    Compiling libc v0.2.189
[INFO] [stderr]    Compiling crc32fast v1.5.1
[INFO] [stderr]    Compiling adler2 v2.0.1
[INFO] [stderr]    Compiling generic-array v0.14.7
[INFO] [stderr]    Compiling arrayvec v0.7.8
[INFO] [stderr]    Compiling smallvec v1.16.1
[INFO] [stderr]    Compiling zlib-rs v0.6.7
[INFO] [stderr]    Compiling find-msvc-tools v0.1.12
[INFO] [stderr]    Compiling miniz_oxide v0.9.1
[INFO] [stderr]    Compiling indexmap v2.14.2
[INFO] [stderr]    Compiling cc v1.4.5
[INFO] [stderr]    Compiling core_maths v0.1.1
[INFO] [stderr]    Compiling serde v1.0.229
[INFO] [stderr]    Compiling crypto-common v0.1.7
[INFO] [stderr]    Compiling quote v1.0.47
[INFO] [stderr]    Compiling block-padding v0.3.3
[INFO] [stderr]    Compiling ttf-parser v0.25.1
[INFO] [stderr]    Compiling syn v3.0.5
[INFO] [stderr]    Compiling slotmap v1.1.1
[INFO] [stderr]    Compiling float-cmp v0.9.0
[INFO] [stderr]    Compiling base64 v0.23.1
[INFO] [stderr]    Compiling regex-automata v0.4.18
[INFO] [stderr]    Compiling rustls-pki-types v1.15.1
[INFO] [stderr]    Compiling anstream v1.0.0
[INFO] [stderr]    Compiling getrandom v0.2.17
[INFO] [stderr]    Compiling strict-num v0.1.1
[INFO] [stderr]    Compiling inout v0.1.4
[INFO] [stderr]    Compiling block-buffer v0.10.4
[INFO] [stderr]    Compiling miniz_oxide v0.8.9
[INFO] [stderr]    Compiling fdeflate v0.3.7
[INFO] [stderr]    Compiling polycool v0.4.0
[INFO] [stderr]    Compiling ring v0.17.14
[INFO] [stderr]    Compiling roxmltree v0.20.0
[INFO] [stderr]    Compiling clap_lex v1.1.0
[INFO] [stderr]    Compiling deranged v0.5.8
[INFO] [stderr]    Compiling thiserror v2.0.20
[INFO] [stderr]    Compiling bit-vec v0.8.0
[INFO] [stderr]    Compiling tinyvec_macros v0.1.1
[INFO] [stderr]    Compiling httparse v1.10.1
[INFO] [stderr]    Compiling tinyvec v1.13.2
[INFO] [stderr]    Compiling bit-set v0.8.0
[INFO] [stderr]    Compiling fontconfig-parser v0.5.8
[INFO] [stderr]    Compiling time v0.3.55
[INFO] [stderr]    Compiling clap_builder v4.6.6
[INFO] [stderr]    Compiling kurbo v0.13.1
[INFO] [stderr]    Compiling digest v0.10.7
[INFO] [stderr]    Compiling cipher v0.4.4
[INFO] [stderr]    Compiling flate2 v1.1.10
[INFO] [stderr]    Compiling memmap2 v0.9.11
[INFO] [stderr]    Compiling kurbo v0.11.3
[INFO] [stderr]    Compiling bytemuck_derive v1.12.1
[INFO] [stderr]    Compiling serde_derive v1.0.229
[INFO] [stderr]    Compiling thiserror-impl v2.0.20
[INFO] [stderr]    Compiling clap_derive v4.6.4
[INFO] [stderr]    Compiling bytemuck v1.25.2
[INFO] [stderr]    Compiling font-types v0.11.3
[INFO] [stderr]    Compiling tiny-skia-path v0.11.4
[INFO] [stderr]    Compiling read-fonts v0.39.2
[INFO] [stderr]    Compiling quick-xml v0.42.0
[INFO] [stderr]    Compiling getrandom v0.3.4
[INFO] [stderr]    Compiling linked-hash-map v0.5.6
[INFO] [stderr]    Compiling unicode-bidi-mirroring v0.4.0
[INFO] [stderr]    Compiling unicode-script v0.5.8
[INFO] [stderr]    Compiling unicode-ccc v0.4.0
[INFO] [stderr]    Compiling unicode-properties v0.1.4
[INFO] [stderr]    Compiling anyhow v1.0.104
[INFO] [stderr]    Compiling rustls v0.23.44
[INFO] [stderr]    Compiling png v0.17.16
[INFO] [stderr]    Compiling http v1.5.0
[INFO] [stderr]    Compiling rustybuzz v0.20.1
[INFO] [stderr]    Compiling clap v4.6.6
[INFO] [stderr]    Compiling svgtypes v0.15.3
[INFO] [stderr]    Compiling yaml-rust v0.4.5
[INFO] [stderr]    Compiling bincode v1.3.3
[INFO] [stderr]    Compiling plist v1.10.1
[INFO] [stderr]    Compiling rustls-webpki v0.103.15
[INFO] [stderr]    Compiling fontdb v0.23.0
[INFO] [stderr]    Compiling serde_json v1.0.151
[INFO] [stderr]    Compiling fancy-regex v0.16.2
[INFO] [stderr]    Compiling num-traits v0.2.19
[INFO] [stderr]    Compiling simplecss v0.2.2
[INFO] [stderr]    Compiling quick-error v2.0.1
[INFO] [stderr]    Compiling pico-args v0.5.0
[INFO] [stderr]    Compiling weezl v0.1.12
[INFO] [stderr]    Compiling unicode-vo v0.1.0
[INFO] [stderr]    Compiling data-url v0.3.2
[INFO] [stderr]    Compiling xmlwriter v0.1.0
[INFO] [stderr]    Compiling rustc-hash v2.1.3
[INFO] [stderr]    Compiling unicode-bidi v0.3.18
[INFO] [stderr]    Compiling either v1.18.0
[INFO] [stderr]    Compiling byteorder-lite v0.1.0
[INFO] [stderr]    Compiling imagesize v0.13.0
[INFO] [stderr]    Compiling zune-core v0.4.12
[INFO] [stderr]    Compiling rayon v1.12.0
[INFO] [stderr]    Compiling image-webp v0.2.4
[INFO] [stderr]    Compiling zune-jpeg v0.4.21
[INFO] [stderr]    Compiling syntect v5.3.0
[INFO] [stderr]    Compiling usvg v0.45.1
[INFO] [stderr]    Compiling gif v0.13.3
[INFO] [stderr]    Compiling zopfli v0.8.3
[INFO] [stderr]    Compiling ureq-proto v0.6.2
[INFO] [stderr]    Compiling tiny-skia v0.11.4
[INFO] [stderr]    Compiling aes v0.8.4
[INFO] [stderr]    Compiling sha2 v0.10.9
[INFO] [stderr]    Compiling rgb v0.8.53
[INFO] [stderr]    Compiling cbc v0.1.2
[INFO] [stderr]    Compiling regex v1.13.1
[INFO] [stderr]    Compiling md-5 v0.10.6
[INFO] [stderr]    Compiling webpki-roots v1.0.9
[INFO] [stderr]    Compiling skrifa v0.42.1
[INFO] [stderr]    Compiling write-fonts v0.48.1
[INFO] [stderr]    Compiling typed-path v0.12.3
[INFO] [stderr]    Compiling utf8-zero v0.8.1
[INFO] [stderr]    Compiling ureq v3.4.1
[INFO] [stderr]    Compiling chrono v0.4.45
[INFO] [stderr]    Compiling resvg v0.45.1
[INFO] [stderr]    Compiling zip v7.2.0
[INFO] [stderr]    Compiling clap_complete v4.6.9
[INFO] [stderr]    Compiling png v0.18.1
[INFO] [stderr]    Compiling subsetter v0.2.6
[INFO] [stderr]    Compiling pdfrs v0.1.12
[INFO] [stderr]    Compiling rtex v0.1.11 (/opt/rustwide/workdir)
[INFO] [stdout] warning: unreachable pattern
[INFO] [stdout]    --> src/math/symbols.rs:744:9
[INFO] [stdout]     |
[INFO] [stdout] 335 |         "nsubseteqq" => "⊈",
[INFO] [stdout]     |         ------------ matches all the relevant values
[INFO] [stdout] ...
[INFO] [stdout] 744 |         "nsubseteqq" => "⊈",
[INFO] [stdout]     |         ^^^^^^^^^^^^ no value can reach this
[INFO] [stdout]     |
[INFO] [stdout]     = note: `#[warn(unreachable_patterns)]` (part of `#[warn(unused)]`) on by default
[INFO] [stdout] 
[INFO] [stdout] 
[INFO] [stdout] warning: unreachable pattern
[INFO] [stdout]    --> src/math/symbols.rs:745:9
[INFO] [stdout]     |
[INFO] [stdout] 336 |         "nsupseteqq" => "⊉",
[INFO] [stdout]     |         ------------ matches all the relevant values
[INFO] [stdout] ...
[INFO] [stdout] 745 |         "nsupseteqq" => "⊉",
[INFO] [stdout]     |         ^^^^^^^^^^^^ no value can reach this
[INFO] [stdout] 
[INFO] [stdout] 
[INFO] [stderr]     Finished `dev` profile [unoptimized + debuginfo] target(s) in 2m 51s
[INFO] running `Command { std: "docker" "inspect" "cfc489a010c8f9bf820749d320e2dae7b1414f4302bd7079e04c613c9ed3c816", kill_on_drop: false }`
[INFO] running `Command { std: "docker" "exec" "-e" "SOURCE_DIR=/opt/rustwide/workdir" "-e" "CARGO_HOME=/opt/rustwide/cargo-home" "-e" "RUSTUP_HOME=/opt/rustwide/rustup-home" "-e" "CARGO_TARGET_DIR=/opt/rustwide/target" "-e" "CARGO_INCREMENTAL=0" "-e" "RUST_BACKTRACE=full" "-e" "RUSTFLAGS=--cap-lints=warn" "-e" "RUSTDOCFLAGS=--cap-lints=warn" "-w" "/opt/rustwide/workdir" "--user" "0:0" "cfc489a010c8f9bf820749d320e2dae7b1414f4302bd7079e04c613c9ed3c816" "/opt/rustwide/cargo-home/bin/cargo" "+1.100.0-beta.1" "test" "--frozen" "--no-run" "--message-format=json", kill_on_drop: false }`
[INFO] [stderr] warning: `package.homepage` is redundant with `package.repository`
[INFO] [stderr]    --> Cargo.toml:138:12
[INFO] [stderr]     |
[INFO] [stderr] 138 | homepage = "https://github.com/yingkitw/rtex"
[INFO] [stderr]     |            ^^^^^^^^^^^^^^^^^^^^^^^^^^^^^^^^^^
[INFO] [stderr] ...
[INFO] [stderr] 143 | repository = "https://github.com/yingkitw/rtex"
[INFO] [stderr]     |              ----------------------------------
[INFO] [stderr]     |
[INFO] [stderr]     = note: `cargo::redundant_homepage` is set to `warn` by default
[INFO] [stderr] help: consider removing `package.homepage`
[INFO] [stderr] warning: `rtex` (manifest) generated 1 warning
[INFO] [stderr]    Compiling rustybuzz v0.20.1
[INFO] [stderr]    Compiling rustix v1.1.4
[INFO] [stderr]    Compiling getrandom v0.4.3
[INFO] [stderr]    Compiling png v0.18.1
[INFO] [stderr]    Compiling linux-raw-sys v0.12.1
[INFO] [stderr]    Compiling fastrand v2.5.0
[INFO] [stderr]    Compiling usvg v0.45.1
[INFO] [stderr]    Compiling tempfile v3.27.0
[INFO] [stderr]    Compiling resvg v0.45.1
[INFO] [stderr]    Compiling rtex v0.1.11 (/opt/rustwide/workdir)
[INFO] [stdout] warning: unreachable pattern
[INFO] [stdout]    --> src/math/symbols.rs:744:9
[INFO] [stdout]     |
[INFO] [stdout] 335 |         "nsubseteqq" => "⊈",
[INFO] [stdout]     |         ------------ matches all the relevant values
[INFO] [stdout] ...
[INFO] [stdout] 744 |         "nsubseteqq" => "⊈",
[INFO] [stdout]     |         ^^^^^^^^^^^^ no value can reach this
[INFO] [stdout]     |
[INFO] [stdout]     = note: `#[warn(unreachable_patterns)]` (part of `#[warn(unused)]`) on by default
[INFO] [stdout] 
[INFO] [stdout] 
[INFO] [stdout] warning: unreachable pattern
[INFO] [stdout]    --> src/math/symbols.rs:745:9
[INFO] [stdout]     |
[INFO] [stdout] 336 |         "nsupseteqq" => "⊉",
[INFO] [stdout]     |         ------------ matches all the relevant values
[INFO] [stdout] ...
[INFO] [stdout] 745 |         "nsupseteqq" => "⊉",
[INFO] [stdout]     |         ^^^^^^^^^^^^ no value can reach this
[INFO] [stdout] 
[INFO] [stdout] 
[INFO] [stdout] warning: unreachable pattern
[INFO] [stdout]    --> src/math/symbols.rs:744:9
[INFO] [stdout]     |
[INFO] [stdout] 335 |         "nsubseteqq" => "⊈",
[INFO] [stdout]     |         ------------ matches all the relevant values
[INFO] [stdout] ...
[INFO] [stdout] 744 |         "nsubseteqq" => "⊈",
[INFO] [stdout]     |         ^^^^^^^^^^^^ no value can reach this
[INFO] [stdout]     |
[INFO] [stdout]     = note: `#[warn(unreachable_patterns)]` (part of `#[warn(unused)]`) on by default
[INFO] [stdout] 
[INFO] [stdout] 
[INFO] [stdout] warning: unreachable pattern
[INFO] [stdout]    --> src/math/symbols.rs:745:9
[INFO] [stdout]     |
[INFO] [stdout] 336 |         "nsupseteqq" => "⊉",
[INFO] [stdout]     |         ------------ matches all the relevant values
[INFO] [stdout] ...
[INFO] [stdout] 745 |         "nsupseteqq" => "⊉",
[INFO] [stdout]     |         ^^^^^^^^^^^^ no value can reach this
[INFO] [stdout] 
[INFO] [stdout] 
[INFO] [stdout] warning: function `html_siunitx_SI` should have a snake case name
[INFO] [stdout]    --> tests/html_render_test.rs:670:4
[INFO] [stdout]     |
[INFO] [stdout] 670 | fn html_siunitx_SI() {
[INFO] [stdout]     |    ^^^^^^^^^^^^^^^ help: convert the identifier to snake case (notice the capitalization): `html_siunitx_si`
[INFO] [stdout]     |
[INFO] [stdout]     = note: `#[warn(non_snake_case)]` (part of `#[warn(nonstandard_style)]`) on by default
[INFO] [stdout] 
[INFO] [stdout] 
[INFO] [stdout] warning: function `html_siunitx_SIrange` should have a snake case name
[INFO] [stdout]    --> tests/html_render_test.rs:677:4
[INFO] [stdout]     |
[INFO] [stdout] 677 | fn html_siunitx_SIrange() {
[INFO] [stdout]     |    ^^^^^^^^^^^^^^^^^^^^ help: convert the identifier to snake case (notice the capitalization): `html_siunitx_sirange`
[INFO] [stdout] 
[INFO] [stdout] 
[INFO] [stderr]     Finished `test` profile [unoptimized + debuginfo] target(s) in 1m 12s
[INFO] running `Command { std: "docker" "inspect" "cfc489a010c8f9bf820749d320e2dae7b1414f4302bd7079e04c613c9ed3c816", kill_on_drop: false }`
[INFO] running `Command { std: "docker" "exec" "-e" "SOURCE_DIR=/opt/rustwide/workdir" "-e" "CARGO_HOME=/opt/rustwide/cargo-home" "-e" "RUSTUP_HOME=/opt/rustwide/rustup-home" "-e" "CARGO_TARGET_DIR=/opt/rustwide/target" "-e" "CARGO_INCREMENTAL=0" "-e" "RUST_BACKTRACE=full" "-e" "RUSTFLAGS=--cap-lints=warn" "-e" "RUSTDOCFLAGS=--cap-lints=warn" "-w" "/opt/rustwide/workdir" "--user" "0:0" "cfc489a010c8f9bf820749d320e2dae7b1414f4302bd7079e04c613c9ed3c816" "/opt/rustwide/cargo-home/bin/cargo" "+1.100.0-beta.1" "test" "--frozen", kill_on_drop: false }`
[INFO] [stderr] warning: `package.homepage` is redundant with `package.repository`
[INFO] [stderr]    --> Cargo.toml:138:12
[INFO] [stderr]     |
[INFO] [stderr] 138 | homepage = "https://github.com/yingkitw/rtex"
[INFO] [stderr]     |            ^^^^^^^^^^^^^^^^^^^^^^^^^^^^^^^^^^
[INFO] [stderr] ...
[INFO] [stderr] 143 | repository = "https://github.com/yingkitw/rtex"
[INFO] [stderr]     |              ----------------------------------
[INFO] [stderr]     |
[INFO] [stderr]     = note: `cargo::redundant_homepage` is set to `warn` by default
[INFO] [stderr] help: consider removing `package.homepage`
[INFO] [stderr] warning: `rtex` (manifest) generated 1 warning
[INFO] [stderr] warning: unreachable pattern
[INFO] [stderr]    --> src/math/symbols.rs:744:9
[INFO] [stderr]     |
[INFO] [stderr] 335 |         "nsubseteqq" => "⊈",
[INFO] [stderr]     |         ------------ matches all the relevant values
[INFO] [stderr] ...
[INFO] [stderr] 744 |         "nsubseteqq" => "⊈",
[INFO] [stderr]     |         ^^^^^^^^^^^^ no value can reach this
[INFO] [stderr]     |
[INFO] [stderr]     = note: `#[warn(unreachable_patterns)]` (part of `#[warn(unused)]`) on by default
[INFO] [stderr] 
[INFO] [stderr] warning: unreachable pattern
[INFO] [stderr]    --> src/math/symbols.rs:745:9
[INFO] [stderr]     |
[INFO] [stderr] 336 |         "nsupseteqq" => "⊉",
[INFO] [stderr]     |         ------------ matches all the relevant values
[INFO] [stderr] ...
[INFO] [stderr] 745 |         "nsupseteqq" => "⊉",
[INFO] [stderr]     |         ^^^^^^^^^^^^ no value can reach this
[INFO] [stderr] 
[INFO] [stderr] warning: `rtex` (lib) generated 2 warnings
[INFO] [stderr] warning: function `html_siunitx_SI` should have a snake case name
[INFO] [stderr]    --> tests/html_render_test.rs:670:4
[INFO] [stderr]     |
[INFO] [stderr] 670 | fn html_siunitx_SI() {
[INFO] [stderr]     |    ^^^^^^^^^^^^^^^ help: convert the identifier to snake case (notice the capitalization): `html_siunitx_si`
[INFO] [stderr]     |
[INFO] [stderr]     = note: `#[warn(non_snake_case)]` (part of `#[warn(nonstandard_style)]`) on by default
[INFO] [stderr] 
[INFO] [stderr] warning: function `html_siunitx_SIrange` should have a snake case name
[INFO] [stderr]    --> tests/html_render_test.rs:677:4
[INFO] [stderr]     |
[INFO] [stderr] 677 | fn html_siunitx_SIrange() {
[INFO] [stderr]     |    ^^^^^^^^^^^^^^^^^^^^ help: convert the identifier to snake case (notice the capitalization): `html_siunitx_sirange`
[INFO] [stderr] 
[INFO] [stderr] warning: `rtex` (test "html_render_test") generated 2 warnings
[INFO] [stderr] warning: `rtex` (lib test) generated 2 warnings (2 duplicates)
[INFO] [stderr]     Finished `test` profile [unoptimized + debuginfo] target(s) in 0.48s
[INFO] [stderr]      Running unittests src/lib.rs (/opt/rustwide/target/debug/build/rtex/bb172578240db5a4/out/rtex-bb172578240db5a4)
[INFO] [stdout] 
[INFO] [stdout] running 577 tests
[INFO] [stdout] test cache::tests::cache_eviction_when_full ... ok
[INFO] [stdout] test cache::tests::cache_miss_then_hit ... ok
[INFO] [stdout] test cache::tests::cache_size_info_after_operations ... ok
[INFO] [stdout] test cache::tests::cache_update_config_shrinks ... ok
[INFO] [stdout] test cache::tests::cache_stats_hit_rate ... ok
[INFO] [stdout] test cache::tests::cache_clear ... ok
[INFO] [stdout] test cache::tests::cache_output_miss_then_hit ... ok
[INFO] [stdout] test error::tests::test_parse_error_without_context ... ok
[INFO] [stdout] test error::tests::test_position_advance ... ok
[INFO] [stdout] test error::tests::test_position_advance_str ... ok
[INFO] [stdout] test error::tests::test_string_to_error_conversion ... ok
[INFO] [stdout] test error::tests::test_unsupported_feature ... ok
[INFO] [stdout] test error::tests::test_unsupported_feature_no_suggestion ... ok
[INFO] [stdout] test error::tests::test_parse_error_display ... ok
[INFO] [stdout] test incremental::tests::changed_file_triggers_rebuild ... ok
[INFO] [stdout] test incremental::tests::disabled_always_rebuilds ... ok
[INFO] [stdout] test error::tests::test_invalid_path_display ... ok
[INFO] [stdout] test error::tests::test_io_error_conversion ... ok
[INFO] [stdout] test error::tests::test_position_start ... ok
[INFO] [stdout] test incremental::tests::hit_rate_calculation ... ok
[INFO] [stdout] test incremental::tests::invalidate_forces_rebuild ... ok
[INFO] [stdout] test incremental::tests::unchanged_file_skips_rebuild ... ok
[INFO] [stdout] test incremental::tests::first_build_always_needed ... ok
[INFO] [stdout] test intermediate::tests::sibling_artifact_uses_output_stem ... ok
[INFO] [stdout] test intermediate::tests::write_intermediates_creates_files ... ok
[INFO] [stdout] test lsp::completion::tests::completes_itemize_environment ... ok
[INFO] [stdout] test lsp::completion::tests::completes_section_command ... ok
[INFO] [stdout] test lsp::completion::tests::completions_at_begin_environment ... ok
[INFO] [stdout] test incremental::tests::outputs_up_to_date_when_output_is_newer ... ok
[INFO] [stdout] test cache::tests::cache_ttl_expiry ... ok
[INFO] [stdout] test lsp::diagnostics::tests::detects_unclosed_math ... ok
[INFO] [stdout] test lsp::diagnostics::tests::detects_unmatched_end_brace ... ok
[INFO] [stdout] test lsp::diagnostics::tests::detects_environment_mismatch ... ok
[INFO] [stdout] test lsp::diagnostics::tests::detects_unclosed_brace ... ok
[INFO] [stdout] test lsp::diagnostics::tests::warns_missing_end_document ... ok
[INFO] [stdout] test lsp::diagnostics::tests::ignores_braces_in_comments ... ok
[INFO] [stdout] test lsp::hover::tests::returns_none_for_unknown ... ok
[INFO] [stdout] test lsp::positions::tests::offset_after_newline ... ok
[INFO] [stdout] test lsp::symbols::tests::extracts_label_symbols ... ok
[INFO] [stdout] test lsp::positions::tests::offset_at_start ... ok
[INFO] [stdout] test lsp::positions::tests::offset_past_end_clamps ... ok
[INFO] [stdout] test lsp::symbols::tests::extracts_section_symbols ... ok
[INFO] [stdout] test lsp::symbols::tests::multiple_top_level_sections ... ok
[INFO] [stdout] test macros::tests::test_def_no_args ... ok
[INFO] [stdout] test macros::tests::test_def_with_params ... ok
[INFO] [stdout] test macros::tests::test_expand_def ... ok
[INFO] [stdout] test macros::tests::test_expand_document_helper ... ok
[INFO] [stdout] test macros::tests::test_expand_preserves_non_macro_text ... ok
[INFO] [stdout] test macros::tests::test_expand_with_args ... ok
[INFO] [stdout] test macros::tests::test_let_alias ... ok
[INFO] [stdout] test macros::tests::test_let_alias_to_macro ... ok
[INFO] [stdout] test lsp::hover::tests::hovers_known_command ... ok
[INFO] [stdout] test macros::tests::test_let_alias_with_equals ... ok
[INFO] [stdout] test macros::tests::test_expand_multiple_args ... ok
[INFO] [stdout] test macros::tests::test_macro_with_optional_arg_not_stripped ... ok
[INFO] [stdout] test macros::tests::test_expand_no_args ... ok
[INFO] [stdout] test macros::tests::test_multiple_macros ... ok
[INFO] [stdout] test macros::tests::test_nested_macro_expansion ... ok
[INFO] [stdout] test macros::tests::test_newcommand_no_args ... ok
[INFO] [stdout] test macros::tests::test_providecommand_does_not_override_existing ... ok
[INFO] [stdout] test macros::tests::test_renewcommand_overrides_definition ... ok
[INFO] [stdout] test macros::tests::test_unknown_command_preserved ... ok
[INFO] [stdout] test math::fractions::tests::binom_emits_cnk_notation ... ok
[INFO] [stdout] test math::fractions::tests::complex_fraction_division_form ... ok
[INFO] [stdout] test math::fractions::tests::simple_fraction_unicode ... ok
[INFO] [stdout] test math::fractions::tests::tfrac_and_dfrac_share_unicode_fraction_lookup ... ok
[INFO] [stdout] test math::fractions::tests::to_unicode_fraction_table ... ok
[INFO] [stdout] test math::mathml::tests::test_addition ... ok
[INFO] [stdout] test math::mathml::tests::test_additional_function_names_mathml ... ok
[INFO] [stdout] test math::mathml::tests::test_boldsymbol_mathml ... ok
[INFO] [stdout] test math::mathml::tests::test_braced_group ... ok
[INFO] [stdout] test math::mathml::tests::test_cases ... ok
[INFO] [stdout] test math::mathml::tests::test_complex_expression ... ok
[INFO] [stdout] test math::mathml::tests::test_display_wrapper ... ok
[INFO] [stdout] test math::mathml::tests::test_boxed_command ... ok
[INFO] [stdout] test macros::tests::test_providecommand_defines_when_absent ... ok
[INFO] [stdout] test math::mathml::tests::test_function_name ... ok
[INFO] [stdout] test math::mathml::tests::test_greek_letter ... ok
[INFO] [stdout] test math::mathml::tests::test_inline_wrapper ... ok
[INFO] [stdout] test math::mathml::tests::test_limits_nolimits ... ok
[INFO] [stdout] test math::mathml::tests::test_mod_command ... ok
[INFO] [stdout] test math::mathml::tests::test_nth_root ... ok
[INFO] [stdout] test math::mathml::tests::test_nth_root_multi_digit_radicand ... ok
[INFO] [stdout] test math::mathml::tests::test_nth_root_multi_term_radicand ... ok
[INFO] [stdout] test math::mathml::tests::test_operator_symbol ... ok
[INFO] [stdout] test math::mathml::tests::test_pmatrix ... ok
[INFO] [stdout] test math::mathml::tests::test_pod_command ... ok
[INFO] [stdout] test math::mathml::tests::test_simple_number ... ok
[INFO] [stdout] test math::mathml::tests::test_simple_variable ... ok
[INFO] [stdout] test macros::tests::test_newcommand_with_args ... ok
[INFO] [stdout] test math::mathml::tests::test_displaystyle_mathml ... ok
[INFO] [stdout] test math::mathml::tests::test_fraction ... ok
[INFO] [stdout] test math::mathml::tests::test_sqrt ... ok
[INFO] [stdout] test math::mathml::tests::test_subscript ... ok
[INFO] [stdout] test math::mathml::tests::test_superscript ... ok
[INFO] [stdout] test math::mathml::tests::test_text ... ok
[INFO] [stdout] test math::mathml::tests::test_subsuperscript ... ok
[INFO] [stdout] test math::mathml::tests::test_sum_with_limits ... ok
[INFO] [stdout] test math::mathml::tests::test_vec_accent ... ok
[INFO] [stdout] test math::radicals::tests::nth_root_uses_superscript_index ... ok
[INFO] [stdout] test math::radicals::tests::simple_sqrt ... ok
[INFO] [stdout] test math::mathml::tests::test_xml_escaping ... ok
[INFO] [stdout] test math::mathml::tests::test_left_right ... ok
[INFO] [stdout] test math::mathml::tests::test_substack_command ... ok
[INFO] [stdout] test math::radicals::tests::cube_and_fourth_root ... ok
[INFO] [stdout] test math::radicals::tests::sqrt_with_recursive_formatting ... ok
[INFO] [stdout] test math::radicals::tests::sqrt_without_braces ... ok
[INFO] [stdout] test math::radicals::tests::sqrt_with_sum_needs_parens ... ok
[INFO] [stdout] test math::scripts::tests::test_subscript_all_digits ... ok
[INFO] [stdout] test math::scripts::tests::test_subscript_digits ... ok
[INFO] [stdout] test math::scripts::tests::test_subscript_letters ... ok
[INFO] [stdout] test math::scripts::tests::test_subscript_punctuation ... ok
[INFO] [stdout] test math::scripts::tests::test_superscript_all_digits ... ok
[INFO] [stdout] test math::scripts::tests::test_subscript_unmapped_returns_none ... ok
[INFO] [stdout] test math::scripts::tests::test_superscript_digits ... ok
[INFO] [stdout] test math::scripts::tests::test_superscript_equals ... ok
[INFO] [stdout] test math::scripts::tests::test_superscript_letters ... ok
[INFO] [stdout] test math::scripts::tests::test_superscript_punctuation ... ok
[INFO] [stdout] test math::scripts::tests::test_superscript_unmapped_returns_none ... ok
[INFO] [stdout] test math::scripts::tests::test_superscript_uppercase_none ... ok
[INFO] [stdout] test math::symbols::tests::test_additional_function_names ... ok
[INFO] [stdout] test math::symbols::tests::test_additional_arrows ... ok
[INFO] [stdout] test math::scripts::tests::test_subscript_uppercase_none ... ok
[INFO] [stdout] test math::symbols::tests::test_additional_integrals ... ok
[INFO] [stdout] test math::symbols::tests::test_additional_geometry ... ok
[INFO] [stdout] test math::symbols::tests::test_arrows ... ok
[INFO] [stdout] test math::symbols::tests::test_blackboard_bold ... ok
[INFO] [stdout] test math::symbols::tests::test_boldsymbol_strips_braces ... ok
[INFO] [stdout] test math::symbols::tests::test_common_aliases ... ok
[INFO] [stdout] test math::symbols::tests::test_delimiters ... ok
[INFO] [stdout] test math::symbols::tests::test_additional_negated_relations ... ok
[INFO] [stdout] test math::symbols::tests::test_displaystyle_noop ... ok
[INFO] [stdout] test math::symbols::tests::test_additional_operators ... ok
[INFO] [stdout] test math::symbols::tests::test_font_commands_strip_braces ... ok
[INFO] [stdout] test math::symbols::tests::test_additional_special_symbols ... ok
[INFO] [stdout] test math::symbols::tests::test_geometry ... ok
[INFO] [stdout] test math::symbols::tests::test_dots ... ok
[INFO] [stdout] test math::symbols::tests::test_greek_letters ... ok
[INFO] [stdout] test math::symbols::tests::test_boxed_substack_cr ... ok
[INFO] [stdout] test math::symbols::tests::test_infinity_before_in ... ok
[INFO] [stdout] test math::symbols::tests::test_math_lap_commands ... ok
[INFO] [stdout] test math::symbols::tests::test_misc_symbols ... ok
[INFO] [stdout] test math::symbols::tests::test_multiple_symbols ... ok
[INFO] [stdout] test math::symbols::tests::test_not_and_limits ... ok
[INFO] [stdout] test math::symbols::tests::test_function_names ... ok
[INFO] [stdout] test math::symbols::tests::test_operatorname_strips_braces ... ok
[INFO] [stdout] test math::symbols::tests::test_operators ... ok
[INFO] [stdout] test math::symbols::tests::test_more_arrows ... ok
[INFO] [stdout] test math::symbols::tests::test_relations ... ok
[INFO] [stdout] test math::symbols::tests::test_more_relations ... ok
[INFO] [stdout] test math::symbols::tests::test_negated_relations ... ok
[INFO] [stdout] test math::symbols::tests::test_pmb_strips_braces ... ok
[INFO] [stdout] test math::symbols::tests::test_xarrow_aliases ... ok
[INFO] [stdout] test math::symbols::tests::test_script_letters ... ok
[INFO] [stdout] test math::symbols::tests::test_sized_delimiters ... ok
[INFO] [stdout] test math_formatter::tests::format_binom ... ok
[INFO] [stdout] test math_formatter::tests::format_bmatrix_uppercase_uses_braces ... ok
[INFO] [stdout] test math_formatter::tests::format_acute_accent ... ok
[INFO] [stdout] test math_formatter::tests::format_bar_accent ... ok
[INFO] [stdout] test math_formatter::tests::format_bmatrix_uses_brackets ... ok
[INFO] [stdout] test math_formatter::tests::format_breve_accent ... ok
[INFO] [stdout] test math_formatter::tests::format_check_accent ... ok
[INFO] [stdout] test math_formatter::tests::format_combined_accents_and_greek ... ok
[INFO] [stdout] test math_formatter::tests::format_ddot_accent ... ok
[INFO] [stdout] test math_formatter::tests::format_dfrac ... ok
[INFO] [stdout] test math_formatter::tests::format_displaystyle_noop ... ok
[INFO] [stdout] test math_formatter::tests::format_dot_accent ... ok
[INFO] [stdout] test math_formatter::tests::format_empty_expression ... ok
[INFO] [stdout] test math::symbols::tests::test_subset_superset_variants ... ok
[INFO] [stdout] test math_formatter::tests::format_boldsymbol ... ok
[INFO] [stdout] test math_formatter::tests::format_choose_converts_to_binom ... ok
[INFO] [stdout] test math_formatter::tests::format_fraction_with_groups ... ok
[INFO] [stdout] test math_formatter::tests::format_grave_accent ... ok
[INFO] [stdout] test math_formatter::tests::format_hat_accent ... ok
[INFO] [stdout] test math_formatter::tests::format_math_alphabet_full_word ... ok
[INFO] [stdout] test math::symbols::tests::test_spacing_removed ... ok
[INFO] [stdout] test math_formatter::tests::format_mathbb ... ok
[INFO] [stdout] test math_formatter::tests::format_mathit ... ok
[INFO] [stdout] test math_formatter::tests::format_mathring_accent ... ok
[INFO] [stdout] test math_formatter::tests::format_mathsf ... ok
[INFO] [stdout] test math_formatter::tests::format_mathtt ... ok
[INFO] [stdout] test math_formatter::tests::format_matrix_plain_no_delimiters ... ok
[INFO] [stdout] test math_formatter::tests::format_multiple_symbols_in_expression ... ok
[INFO] [stdout] test math_formatter::tests::format_mathbf ... ok
[INFO] [stdout] test math_formatter::tests::format_mathcal ... ok
[INFO] [stdout] test math_formatter::tests::format_mathfrak ... ok
[INFO] [stdout] test math_formatter::tests::format_nested_pmatrix_finds_matching_end ... ok
[INFO] [stdout] test math_formatter::tests::format_overleftarrow_accent ... ok
[INFO] [stdout] test math_formatter::tests::format_operatorname ... ok
[INFO] [stdout] test math_formatter::tests::format_over_converts_to_frac ... ok
[INFO] [stdout] test math_formatter::tests::format_overrightarrow_accent ... ok
[INFO] [stdout] test math_formatter::tests::format_over_does_not_match_overline ... ok
[INFO] [stdout] test math_formatter::tests::format_overline_accent ... ok
[INFO] [stdout] test math_formatter::tests::format_pmatrix_uses_parens ... ok
[INFO] [stdout] test math_formatter::tests::format_plain_text_passthrough ... ok
[INFO] [stdout] test math_formatter::tests::format_simple_fractions_as_unicode ... ok
[INFO] [stdout] test math_formatter::tests::format_subscript_and_greek ... ok
[INFO] [stdout] test math_formatter::tests::format_tfrac ... ok
[INFO] [stdout] test math_formatter::tests::format_tilde_accent ... ok
[INFO] [stdout] test math_formatter::tests::format_underline_accent ... ok
[INFO] [stdout] test math_formatter::tests::format_unmappable_script_falls_back_to_parenthesized_form ... ok
[INFO] [stdout] test math_formatter::tests::format_vec_accent ... ok
[INFO] [stdout] test math_formatter::tests::format_vmatrix_double_bars ... ok
[INFO] [stdout] test math_formatter::tests::format_vmatrix_uses_bars ... ok
[INFO] [stdout] test math_formatter::tests::format_widehat_accent ... ok
[INFO] [stdout] test math_formatter::tests::format_widetilde_accent ... ok
[INFO] [stdout] test output::common::tests::test_escape_html_basic ... ok
[INFO] [stdout] test math_formatter::tests::format_nested_sqrt ... ok
[INFO] [stdout] test math_formatter::tests::format_root_and_exponents ... ok
[INFO] [stdout] test output::common::tests::test_escape_html_empty ... ok
[INFO] [stdout] test output::common::tests::test_escape_xml_same_as_html ... ok
[INFO] [stdout] test output::common::tests::test_extract_metadata_empty ... ok
[INFO] [stdout] test output::common::tests::test_format_math_inline_greek ... ok
[INFO] [stdout] test output::common::tests::test_extract_metadata_partial ... ok
[INFO] [stdout] test output::common::tests::test_format_math_inline_plain ... ok
[INFO] [stdout] test output::common::tests::test_extract_metadata_full ... ok
[INFO] [stdout] test output::common::tests::test_plain_text_empty ... ok
[INFO] [stdout] test output::common::tests::test_plain_text_simple ... ok
[INFO] [stdout] test output::common::tests::test_plain_text_with_citation ... ok
[INFO] [stdout] test output::common::tests::test_plain_text_with_line_break ... ok
[INFO] [stdout] test output::common::tests::test_plain_text_with_math ... ok
[INFO] [stdout] test output::common::tests::test_plain_text_with_section ... ok
[INFO] [stdout] test output::pdfrs_pdf::tests::coalesces_consecutive_text_into_one_paragraph ... ok
[INFO] [stdout] test output::pdfrs_pdf::tests::frac_in_inline_math_uses_math_block ... ok
[INFO] [stdout] test output::pdfrs_pdf::tests::inline_formatting_uses_rich_paragraph ... ok
[INFO] [stdout] test output::pdfrs_pdf::tests::maps_section_to_heading ... ok
[INFO] [stdout] test output::pdfrs_pdf::tests::list_item_sqrt_emits_math_block ... ok
[INFO] [stdout] test output::pdfrs_pdf::tests::math_lines_align_strips_ampersands ... ok
[INFO] [stdout] test output::pdfrs_pdf::tests::math_lines_join_with_newlines_not_backslashes ... ok
[INFO] [stdout] test output::pdfrs_pdf::tests::pmatrix_renders_as_multiline_with_parens ... ok
[INFO] [stdout] test output::pdfrs_pdf::tests::prepends_document_metadata ... ok
[INFO] [stdout] test output::pdfrs_pdf::tests::renders_math_inline ... ok
[INFO] [stdout] test output::pdfrs_pdf::tests::renders_minimal_document_to_pdf ... ok
[INFO] [stdout] test output::pdfrs_pdf::tests::renders_nested_lists_with_pdfrs ... ok
[INFO] [stdout] test output::pdfrs_pdf::tests::simple_test_embedded_math_renders_without_dollar_delimiters ... ok
[INFO] [stdout] test output::pdfrs_pdf::tests::sqrt_in_expression_uses_math_block_with_vinculum ... ok
[INFO] [stdout] test output::pdfrs_pdf::tests::sqrt_passes_raw_to_pdfrs_for_vinculum ... ok
[INFO] [stdout] test output::pdfrs_pdf::tests::unicode_math_pdf_stays_small_with_subset_fonts ... ok
[INFO] [stdout] test output::tests::output_format_parse_and_extension ... ok
[INFO] [stdout] test output::tests::pdf_backend_env_native_is_ignored_and_uses_pdfrs ... ok
[INFO] [stdout] test output::tests::pdf_uses_pdfrs_backend ... ok
[INFO] [stdout] test output::tests::render_docx_is_zip_archive ... ok
[INFO] [stdout] test output::tests::render_epub_has_mimetype ... ok
[INFO] [stdout] test output::tests::render_html_contains_structure ... ok
[INFO] [stdout] test packages::tests::ctan_urls_include_base_and_contrib ... ok
[INFO] [stdout] test packages::tests::ensure_packages_uses_existing_cache ... ok
[INFO] [stdout] test packages::tests::scan_documentclass_and_usepackage ... ok
[INFO] [stdout] test parser::accents::tests::accent_command_names ... ok
[INFO] [stdout] test parser::accents::tests::composes_common_latin1_accents ... ok
[INFO] [stdout] test parser::accents::tests::composes_latin_extended_accents ... ok
[INFO] [stdout] test parser::accents::tests::dotless_i_dots_to_i ... ok
[INFO] [stdout] test parser::accents::tests::falls_back_to_combining_marks ... ok
[INFO] [stdout] test parser::accents::tests::uppercases_derived_from_lowercase_table ... ok
[INFO] [stdout] test parser::commands::tests::texorpdfstring_keeps_tex_form ... ok
[INFO] [stdout] test parser::tests::document_construct_tests::acronym_variants_render ... ok
[INFO] [stdout] test parser::tests::document_construct_tests::eqnarray_lines_end_at_own_marker ... ok
[INFO] [stdout] test parser::tests::document_construct_tests::footref_is_a_reference ... ok
[INFO] [stdout] test parser::tests::document_construct_tests::glossary_entry_name_is_display_form ... ok
[INFO] [stdout] test parser::tests::document_construct_tests::glossary_terms_render_from_definitions ... ok
[INFO] [stdout] test parser::tests::document_construct_tests::longtable_parses_as_table ... ok
[INFO] [stdout] test parser::tests::document_construct_tests::split_and_aligned_are_math_lines ... ok
[INFO] [stdout] test parser::tests::document_construct_tests::texorpdfstring_keeps_tex_form_in_titles ... ok
[INFO] [stdout] test parser::tests::document_construct_tests::todo_notes_are_consumed ... ok
[INFO] [stdout] test parser::tests::tests::parser_consumes_marginpar ... ok
[INFO] [stdout] test parser::tests::tests::parser_converts_text_ligatures ... ok
[INFO] [stdout] test parser::tests::tests::parser_expands_def_macro ... ok
[INFO] [stdout] test parser::tests::tests::parser_expands_newcommand_macro ... ok
[INFO] [stdout] test parser::tests::tests::parser_expands_newcommand_with_args ... ok
[INFO] [stdout] test parser::tests::tests::parser_extracts_metadata ... ok
[INFO] [stdout] test parser::tests::tests::parser_include_splices_with_clearpage ... ok
[INFO] [stdout] test parser::tests::tests::parser_input_adds_tex_extension ... ok
[INFO] [stdout] test parser::tests::tests::parser_input_content_parsed_by_correct_handler ... ok
[INFO] [stdout] test parser::tests::tests::parser_input_missing_file_is_noop ... ok
[INFO] [stdout] test example_tests::example_tests::test_convert_all_examples ... FAILED
[INFO] [stdout] test parser::tests::tests::parser_input_splices_file_content ... ok
[INFO] [stdout] test parser::tests::tests::parser_parses_abstract ... ok
[INFO] [stdout] test parser::tests::tests::parser_input_without_braces ... ok
[INFO] [stdout] test parser::tests::tests::parser_parses_addbibresource ... ok
[INFO] [stdout] test parser::tests::tests::parser_parses_algorithm ... ok
[INFO] [stdout] test parser::tests::tests::parser_parses_algorithmic ... ok
[INFO] [stdout] test parser::tests::tests::parser_parses_align_environment ... ok
[INFO] [stdout] test parser::tests::tests::parser_parses_align_starred_environment ... ok
[INFO] [stdout] test parser::tests::tests::parser_parses_alltt ... ok
[INFO] [stdout] test parser::tests::tests::parser_parses_appendix ... ok
[INFO] [stdout] test parser::tests::tests::parser_parses_autoref ... ok
[INFO] [stdout] test parser::tests::tests::parser_parses_bibliography ... ok
[INFO] [stdout] test parser::tests::tests::parser_parses_bibliographystyle ... ok
[INFO] [stdout] test parser::tests::tests::parser_parses_bracket_math_delimiters ... ok
[INFO] [stdout] test parser::tests::tests::parser_parses_caption ... ok
[INFO] [stdout] test parser::tests::tests::parser_parses_caption_star ... ok
[INFO] [stdout] test parser::tests::tests::parser_parses_cases_environment ... ok
[INFO] [stdout] test parser::tests::tests::parser_parses_center_environment ... ok
[INFO] [stdout] test parser::tests::tests::parser_parses_centering_command ... ok
[INFO] [stdout] test parser::tests::tests::parser_parses_chapter ... ok
[INFO] [stdout] test parser::tests::tests::parser_parses_cite ... ok
[INFO] [stdout] test parser::tests::tests::parser_parses_cite_multiple ... ok
[INFO] [stdout] test parser::tests::tests::parser_parses_citeauthor ... ok
[INFO] [stdout] test parser::tests::tests::parser_parses_citetitle ... ok
[INFO] [stdout] test parser::tests::tests::parser_parses_citeyear ... ok
[INFO] [stdout] test parser::tests::tests::parser_parses_clearpage ... ok
[INFO] [stdout] test parser::tests::tests::parser_parses_color_declaration ... ok
[INFO] [stdout] test parser::tests::tests::parser_parses_colorbox ... ok
[INFO] [stdout] test parser::tests::tests::parser_parses_array_env ... ok
[INFO] [stdout] test parser::tests::tests::parser_parses_deep_sections ... ok
[INFO] [stdout] test parser::tests::tests::parser_parses_description_environment ... ok
[INFO] [stdout] test parser::tests::tests::parser_parses_description_with_unlabeled_items ... ok
[INFO] [stdout] test parser::tests::tests::parser_parses_display_math ... ok
[INFO] [stdout] test parser::tests::tests::parser_parses_displaymath_env ... ok
[INFO] [stdout] test parser::tests::tests::parser_parses_enquote ... ok
[INFO] [stdout] test parser::tests::tests::parser_parses_ensuremath ... ok
[INFO] [stdout] test parser::tests::tests::parser_parses_enumerate ... ok
[INFO] [stdout] test parser::tests::tests::parser_parses_eqref ... ok
[INFO] [stdout] test parser::tests::tests::parser_parses_extended_special_chars ... ok
[INFO] [stdout] test parser::tests::tests::parser_parses_fbox ... ok
[INFO] [stdout] test parser::tests::tests::parser_parses_emph ... ok
[INFO] [stdout] test parser::tests::tests::parser_parses_fcolorbox ... ok
[INFO] [stdout] test parser::tests::tests::parser_parses_figure ... ok
[INFO] [stdout] test parser::tests::tests::parser_parses_flushleft ... ok
[INFO] [stdout] test parser::tests::tests::parser_parses_flushright ... ok
[INFO] [stdout] test parser::tests::tests::parser_parses_font_declarations ... ok
[INFO] [stdout] test parser::tests::tests::parser_parses_footcite ... ok
[INFO] [stdout] test parser::tests::tests::parser_parses_footnote ... ok
[INFO] [stdout] test parser::tests::tests::parser_parses_font_size_commands ... ok
[INFO] [stdout] test parser::tests::tests::parser_parses_fullcite ... ok
[INFO] [stdout] test parser::tests::tests::parser_parses_gather_environment ... ok
[INFO] [stdout] test parser::tests::tests::parser_parses_glossary ... ok
[INFO] [stdout] test parser::tests::tests::parser_parses_hl ... ok
[INFO] [stdout] test parser::tests::tests::parser_parses_hphantom ... ok
[INFO] [stdout] test parser::tests::tests::parser_parses_href_command ... ok
[INFO] [stdout] test parser::tests::tests::parser_parses_includegraphics ... ok
[INFO] [stdout] test parser::tests::tests::parser_parses_hspace ... ok
[INFO] [stdout] test parser::tests::tests::parser_parses_includegraphics_with_options ... ok
[INFO] [stdout] test parser::tests::tests::parser_parses_index ... ok
[INFO] [stdout] test parser::tests::tests::parser_parses_inline_math_in_text ... ok
[INFO] [stdout] test parser::tests::tests::parser_parses_intertext ... ok
[INFO] [stdout] test parser::tests::tests::parser_parses_item_with_label ... ok
[INFO] [stdout] test parser::tests::tests::parser_parses_itemize ... ok
[INFO] [stdout] test parser::tests::tests::parser_parses_line_break ... ok
[INFO] [stdout] test parser::tests::tests::parser_parses_line_break_with_opt_arg ... ok
[INFO] [stdout] test parser::tests::tests::parser_parses_label ... ok
[INFO] [stdout] test parser::tests::tests::parser_parses_listoftables ... ok
[INFO] [stdout] test parser::tests::tests::parser_parses_listoffigures ... ok
[INFO] [stdout] test parser::tests::tests::parser_parses_lstinline ... ok
[INFO] [stdout] test parser::tests::tests::parser_parses_math_env ... ok
[INFO] [stdout] test parser::tests::tests::parser_parses_lstlisting_environment ... ok
[INFO] [stdout] test parser::tests::tests::parser_parses_mbox ... ok
[INFO] [stdout] test parser::tests::tests::parser_parses_minipage ... ok
[INFO] [stdout] test parser::tests::tests::parser_parses_multicols ... ok
[INFO] [stdout] test parser::tests::tests::parser_parses_multicolumn ... ok
[INFO] [stdout] test parser::tests::tests::parser_parses_multirow ... ok
[INFO] [stdout] test parser::tests::tests::parser_parses_multline_environment ... ok
[INFO] [stdout] test parser::tests::tests::parser_parses_nameref ... ok
[INFO] [stdout] test parser::tests::tests::parser_parses_newpage_command ... ok
[INFO] [stdout] test parser::tests::tests::parser_parses_newpage ... ok
[INFO] [stdout] test parser::tests::tests::parser_parses_nocite ... ok
[INFO] [stdout] test parser::tests::tests::parser_parses_noindent ... ok
[INFO] [stdout] test parser::tests::tests::parser_parses_nolinkurl ... ok
[INFO] [stdout] test parser::tests::tests::parser_parses_noindent_and_par ... ok
[INFO] [stdout] test parser::tests::tests::parser_parses_num ... ok
[INFO] [stdout] test parser::tests::tests::parser_parses_normalcolor ... ok
[INFO] [stdout] test parser::tests::tests::parser_parses_pagebreak ... ok
[INFO] [stdout] test parser::tests::tests::parser_parses_overline ... ok
[INFO] [stdout] test parser::tests::tests::parser_parses_pageref ... ok
[INFO] [stdout] test parser::tests::tests::parser_parses_par ... ok
[INFO] [stdout] test parser::tests::tests::parser_parses_parbox ... ok
[INFO] [stdout] test parser::tests::tests::parser_parses_parencite ... ok
[INFO] [stdout] test parser::tests::tests::parser_parses_part ... ok
[INFO] [stdout] test parser::tests::tests::parser_parses_pagebreak_with_optional_arg ... ok
[INFO] [stdout] test parser::tests::tests::parser_parses_printbibliography ... ok
[INFO] [stdout] test parser::tests::tests::parser_parses_phantom ... ok
[INFO] [stdout] test parser::tests::tests::parser_parses_printbibliography_with_opts ... ok
[INFO] [stdout] test parser::tests::tests::parser_parses_proof_environment_without_title ... ok
[INFO] [stdout] test parser::tests::tests::parser_parses_quotation ... ok
[INFO] [stdout] test parser::tests::tests::parser_parses_quote ... ok
[INFO] [stdout] test parser::tests::tests::parser_parses_raggedleft ... ok
[INFO] [stdout] test parser::tests::tests::parser_parses_raisebox ... ok
[INFO] [stdout] test parser::tests::tests::parser_parses_ref ... ok
[INFO] [stdout] test parser::tests::tests::parser_parses_reflectbox ... ok
[INFO] [stdout] test parser::tests::tests::parser_parses_raggedright ... ok
[INFO] [stdout] test parser::tests::tests::parser_parses_resizebox ... ok
[INFO] [stdout] test parser::tests::tests::parser_parses_rotatebox ... ok
[INFO] [stdout] test parser::tests::tests::parser_parses_rowcolor ... ok
[INFO] [stdout] test parser::tests::tests::parser_parses_scalebox ... ok
[INFO] [stdout] test parser::tests::tests::parser_parses_rule ... ok
[INFO] [stdout] test parser::tests::tests::parser_parses_sections ... ok
[INFO] [stdout] test parser::tests::tests::parser_parses_si ... ok
[INFO] [stdout] test parser::tests::tests::parser_parses_si_unit ... ok
[INFO] [stdout] test parser::tests::tests::parser_parses_sirange ... ok
[INFO] [stdout] test parser::tests::tests::parser_parses_smash ... ok
[INFO] [stdout] test parser::tests::tests::parser_parses_sout ... ok
[INFO] [stdout] test parser::tests::tests::parser_parses_spacing_commands ... ok
[INFO] [stdout] test parser::tests::tests::parser_parses_starred_sections ... ok
[INFO] [stdout] test parser::tests::tests::parser_parses_subfigure ... ok
[INFO] [stdout] test parser::tests::tests::parser_parses_tabbing ... ok
[INFO] [stdout] test parser::tests::tests::parser_parses_table_environment ... ok
[INFO] [stdout] test parser::tests::tests::parser_parses_tableofcontents ... ok
[INFO] [stdout] test parser::tests::tests::parser_parses_tabular ... ok
[INFO] [stdout] test parser::tests::tests::parser_parses_tabular_star ... ok
[INFO] [stdout] test parser::tests::tests::parser_parses_tabularx ... ok
[INFO] [stdout] test parser::tests::tests::parser_parses_tag_star ... ok
[INFO] [stdout] test parser::tests::tests::parser_parses_text_command ... ok
[INFO] [stdout] test parser::tests::tests::parser_parses_text_formatting ... ok
[INFO] [stdout] test parser::tests::tests::parser_parses_text_special_chars ... ok
[INFO] [stdout] test parser::tests::tests::parser_parses_text_symbols ... ok
[INFO] [stdout] test parser::tests::tests::parser_parses_tag ... ok
[INFO] [stdout] test parser::tests::tests::parser_parses_textcircled ... ok
[INFO] [stdout] test parser::tests::tests::parser_parses_textcite ... ok
[INFO] [stdout] test parser::tests::tests::parser_parses_textcolor ... ok
[INFO] [stdout] test parser::tests::tests::parser_parses_textellipsis ... ok
[INFO] [stdout] test parser::tests::tests::parser_parses_textmd ... ok
[INFO] [stdout] test parser::tests::tests::parser_parses_textrm ... ok
[INFO] [stdout] test parser::tests::tests::parser_parses_textsc ... ok
[INFO] [stdout] test parser::tests::tests::parser_parses_textsl ... ok
[INFO] [stdout] test parser::tests::tests::parser_parses_textsf ... ok
[INFO] [stdout] test parser::tests::tests::parser_parses_textsubscript ... ok
[INFO] [stdout] test parser::tests::tests::parser_parses_textsuperscript ... ok
[INFO] [stdout] test parser::tests::tests::parser_parses_textup ... ok
[INFO] [stdout] test parser::tests::tests::parser_parses_thebibliography ... ok
[INFO] [stdout] test parser::tests::tests::parser_parses_theorem_environment ... ok
[INFO] [stdout] test parser::tests::tests::parser_parses_today ... ok
[INFO] [stdout] test parser::tests::tests::parser_parses_uline ... ok
[INFO] [stdout] test parser::tests::tests::parser_parses_underline ... ok
[INFO] [stdout] test parser::tests::tests::parser_parses_url ... ok
[INFO] [stdout] test parser::tests::tests::parser_parses_verb ... ok
[INFO] [stdout] test parser::tests::tests::parser_parses_verb_bang_delim ... ok
[INFO] [stdout] test parser::tests::tests::parser_parses_verb_star ... ok
[INFO] [stdout] test parser::tests::tests::parser_parses_verbatim_environment ... ok
[INFO] [stdout] test parser::tests::tests::parser_parses_vphantom ... ok
[INFO] [stdout] test parser::tests::tests::parser_parses_vspace ... ok
[INFO] [stdout] test parser::tests::tests::parser_parses_wrapfigure ... ok
[INFO] [stdout] test parser::tests::tests::parser_parses_wraptable ... ok
[INFO] [stdout] test parser::tests::tests::parser_plugin_handles_url ... ok
[INFO] [stdout] test parser::tests::tests::parser_preserves_ligatures_in_math ... ok
[INFO] [stdout] test parser::tests::tests::parser_skip_command_does_not_swallow_following_command ... ok
[INFO] [stdout] test parser::tests::tests::parser_skips_comment_env ... ok
[INFO] [stdout] test parser::tests::tests::parser_skips_definecolor ... ok
[INFO] [stdout] test parser::tests::tests::parser_skips_endsloppypar ... ok
[INFO] [stdout] test parser::tests::tests::parser_skips_floatbarrier ... ok
[INFO] [stdout] test parser::tests::tests::parser_skips_floatsep ... ok
[INFO] [stdout] test parser::tests::tests::parser_skips_let ... ok
[INFO] [stdout] test parser::tests::tests::parser_plugin_handles_today ... ok
[INFO] [stdout] test parser::tests::tests::parser_skips_nonumber ... ok
[INFO] [stdout] test parser::tests::tests::parser_skips_pagenumbering ... ok
[INFO] [stdout] test parser::tests::tests::parser_skips_pagestyle ... ok
[INFO] [stdout] test parser::tests::tests::parser_skips_sbox ... ok
[INFO] [stdout] test parser::tests::tests::parser_skips_parindent ... ok
[INFO] [stdout] test parser::tests::tests::parser_skips_setcounter ... ok
[INFO] [stdout] test parser::tests::tests::parser_skips_setlength ... ok
[INFO] [stdout] test parser::tests::tests::parser_skips_sisetup ... ok
[INFO] [stdout] test parser::tests::tests::parser_skips_stretch ... ok
[INFO] [stdout] test parser::tests::tests::parser_skips_theoremstyle ... ok
[INFO] [stdout] test parser::tests::tests::parser_skips_unknown_command_and_continues ... ok
[INFO] [stdout] test parser::tests::tests::parser_special_chars_word_boundary ... ok
[INFO] [stdout] test parser::tests::tests::parser_splits_cases_inside_display_math ... ok
[INFO] [stdout] test parser::tests::tests::parser_unknown_command_with_argument_does_not_hang ... ok
[INFO] [stdout] test parser::tests::text_coverage_tests::adjacent_text_fragments_concatenate_without_spaces ... ok
[INFO] [stdout] test parser::tests::tests::verbatim_does_not_swallow_following_content ... ok
[INFO] [stdout] test parser::tests::text_coverage_tests::braced_text_accents_compose ... ok
[INFO] [stdout] test parser::tests::text_coverage_tests::case_conversion_commands ... ok
[INFO] [stdout] test parser::tests::text_coverage_tests::cline_is_not_the_cedilla_accent ... ok
[INFO] [stdout] test parser::tests::text_coverage_tests::dotless_i_inside_accent_argument ... ok
[INFO] [stdout] test parser::tests::text_coverage_tests::attached_text_accents_compose ... ok
[INFO] [stdout] test parser::tests::text_coverage_tests::empty_group_terminates_command_scope ... ok
[INFO] [stdout] test parser::tests::text_coverage_tests::escaped_dollar_does_not_open_math ... ok
[INFO] [stdout] test parser::tests::text_coverage_tests::escaped_percent_does_not_start_a_comment ... ok
[INFO] [stdout] test parser::tests::text_coverage_tests::euro_symbol ... ok
[INFO] [stdout] test parser::tests::text_coverage_tests::escaped_special_characters_render_literally ... ok
[INFO] [stdout] test parser::tests::text_coverage_tests::space_after_control_word_is_eaten ... ok
[INFO] [stdout] test parser::tests::text_coverage_tests::thanks_becomes_a_footnote ... ok
[INFO] [stdout] test parser::tests::text_coverage_tests::uppercase_bases_compose ... ok
[INFO] [stdout] test parser::tests::text_coverage_tests::tilde_is_a_space_in_text_mode ... ok
[INFO] [stdout] test parser::text::tests::double_quote_ligatures ... ok
[INFO] [stdout] test parser::text::tests::em_dash_ligature ... ok
[INFO] [stdout] test parser::text::tests::em_dash_takes_precedence_over_en_dash ... ok
[INFO] [stdout] test parser::text::tests::en_dash_ligature ... ok
[INFO] [stdout] test parser::text::tests::ligatures_skipped_in_inline_math ... ok
[INFO] [stdout] test parser::text::tests::single_quotes_preserved ... ok
[INFO] [stdout] test plugins::tests::test_custom_format_plugin_bold ... ok
[INFO] [stdout] test plugins::tests::test_custom_format_plugin_wrong_command ... ok
[INFO] [stdout] test plugins::tests::test_plugin_error_display ... ok
[INFO] [stdout] test plugins::tests::test_custom_format_plugin_italic ... ok
[INFO] [stdout] test plugins::tests::test_registry_empty ... ok
[INFO] [stdout] test plugins::tests::test_transform_passthrough ... ok
[INFO] [stdout] test plugins::tests::test_try_environment_falls_through ... ok
[INFO] [stdout] test plugins::tests::test_url_plugin ... ok
[INFO] [stdout] test streaming::tests::force_rebuild_runs_even_when_unchanged ... ok
[INFO] [stdout] test plugins::tests::test_today_plugin ... ok
[INFO] [stdout] test streaming::tests::incremental_skips_unchanged_conversion ... ok
[INFO] [stdout] test streaming::tests::streaming_converts_docx ... ok
[INFO] [stdout] test streaming::tests::streaming_converts_epub ... ok
[INFO] [stdout] test streaming::tests::streaming_converts_html ... ok
[INFO] [stdout] test streaming::tests::streaming_custom_chunk_size ... ok
[INFO] [stdout] test streaming::tests::streaming_nonexistent_file_returns_error ... ok
[INFO] [stdout] test streaming::tests::streaming_writes_intermediate_artifacts ... ok
[INFO] [stdout] test streaming::tests::test_console_reporter_does_not_panic ... ok
[INFO] [stdout] test streaming::tests::test_converter_reports_stages ... ok
[INFO] [stdout] test streaming::tests::test_noop_reporter_does_not_panic ... ok
[INFO] [stdout] test table::tests::test_parse_column_spec ... ok
[INFO] [stdout] test table::tests::test_parse_column_spec_decorator_braces ... ok
[INFO] [stdout] test table::tests::test_parse_column_spec_m_b_columns ... ok
[INFO] [stdout] test table::tests::test_parse_column_spec_nested_repetition ... ok
[INFO] [stdout] test table::tests::test_parse_column_spec_repetition ... ok
[INFO] [stdout] test table::tests::test_parse_column_spec_tabularx_x ... ok
[INFO] [stdout] test table::tests::test_table_parse_at_spacing ... ok
[INFO] [stdout] test table::tests::test_table_parse_basic ... ok
[INFO] [stdout] test table::tests::test_table_parse_booktabs_rules ... ok
[INFO] [stdout] test table::tests::test_table_parse_cline_as_separator ... ok
[INFO] [stdout] test table::tests::test_table_parse_cmidrule_as_separator ... ok
[INFO] [stdout] test table::tests::test_table_parse_empty_content ... ok
[INFO] [stdout] test table::tests::test_table_parse_empty_lines ... ok
[INFO] [stdout] test table::tests::test_table_parse_multicolumn_as_last_cell ... ok
[INFO] [stdout] test table::tests::test_table_parse_multicolumn_full_width ... ok
[INFO] [stdout] test table::tests::test_table_parse_multicolumn_in_row ... ok
[INFO] [stdout] test table::tests::test_table_parse_p_column ... ok
[INFO] [stdout] test table::tests::test_table_parse_repetition_spec ... ok
[INFO] [stdout] test table::tests::test_table_parse_skips_non_table_commands ... ok
[INFO] [stdout] test table::tests::test_table_parse_with_dollar_escape ... ok
[INFO] [stdout] test tests::tests::test_cached_conversion_reuses_parsed_ast ... ok
[INFO] [stdout] test tests::tests::test_command_title_author_date_pdf_conversion ... ok
[INFO] [stdout] test streaming::tests::incremental_rebuilds_on_source_change ... ok
[INFO] [stdout] test tests::tests::test_complex_nested_elements_pdf_conversion ... ok
[INFO] [stdout] test tests::tests::test_complex_document ... ok
[INFO] [stdout] test tests::tests::test_conversion_options_builder ... ok
[INFO] [stdout] test output::pdfrs_pdf::tests::display_math_paragraph_stays_small ... ok
[INFO] [stdout] test tests::tests::test_convert_includegraphics_svg ... ok
[INFO] [stdout] test tests::tests::test_convert_tex_string_html ... ok
[INFO] [stdout] test tests::tests::test_convert_tex_string_pdf_format ... ok
[INFO] [stdout] test tests::tests::test_convert_tex_string_to_docx ... ok
[INFO] [stdout] test tests::tests::test_convert_string_with_cache ... ok
[INFO] [stdout] test tests::tests::test_convert_tex_string_to_epub ... ok
[INFO] [stdout] test tests::tests::test_convert_tex_string_to_html ... ok
[INFO] [stdout] test tests::tests::test_convert_tex_string_to_pdf_bytes ... ok
[INFO] [stdout] test tests::tests::test_converter_creation ... ok
[INFO] [stdout] test tests::tests::test_converter_with_cache ... ok
[INFO] [stdout] test tests::tests::test_infinity_superscript ... ok
[INFO] [stdout] test tests::tests::test_inline_math_parsing_issue ... ok
[INFO] [stdout] test tests::tests::test_invalid_input_path ... ok
[INFO] [stdout] test tests::tests::test_convert_tex_to_pdf_function ... ok
[INFO] [stdout] test tests::tests::test_itemlist_ordered_element_pdf_conversion ... ok
[INFO] [stdout] test tests::tests::test_invalid_tex_syntax ... ok
[INFO] [stdout] test tests::tests::test_itemlist_unordered_element_pdf_conversion ... ok
[INFO] [stdout] test tests::tests::test_lists_example ... ok
[INFO] [stdout] test tests::tests::test_marginpar_does_not_appear_in_output ... ok
[INFO] [stdout] test tests::tests::test_math_display_element_pdf_conversion ... ok
[INFO] [stdout] test tests::tests::test_math_inline_element_pdf_conversion ... ok
[INFO] [stdout] test tests::tests::test_math_symbols_in_html_output ... ok
[INFO] [stdout] test tests::tests::test_math_example ... ok
[INFO] [stdout] test tests::tests::test_multiple_conversions ... ok
[INFO] [stdout] test tests::tests::test_minimal_example ... ok
[INFO] [stdout] test output::pdfrs_pdf::tests::math_example_renders_via_pdfrs ... ok
[INFO] [stdout] test tests::tests::test_newpage_in_document ... ok
[INFO] [stdout] test tests::tests::test_output_directory_creation ... ok
[INFO] [stdout] test tests::tests::test_pdf_file_size ... ok
[INFO] [stdout] test tests::tests::test_paragraph_element_pdf_conversion ... ok
[INFO] [stdout] test tests::tests::test_section_element_pdf_conversion ... ok
[INFO] [stdout] test tests::tests::test_simple_tex_conversion ... ok
[INFO] [stdout] test tests::tests::test_keep_intermediate_writes_artifacts ... ok
[INFO] [stdout] test tests::tests::test_text_element_pdf_conversion ... ok
[INFO] [stdout] test tests::tests::test_texttt_parsing_issue ... ok
[INFO] [stdout] test utils::tests::test_extract_braced_empty ... ok
[INFO] [stdout] test utils::tests::test_extract_braced_inner ... ok
[INFO] [stdout] test utils::tests::test_extract_braced_inner_nested ... ok
[INFO] [stdout] test utils::tests::test_extract_braced_nested ... ok
[INFO] [stdout] test utils::tests::test_extract_braced_no_brace ... ok
[INFO] [stdout] test utils::tests::test_extract_braced_simple ... ok
[INFO] [stdout] test utils::tests::test_extract_braced_unbalanced ... ok
[INFO] [stdout] test tests::tests::test_text_formatting_renders_in_pdf ... ok
[INFO] [stdout] test utils::tests::test_extract_braced_with_offset ... ok
[INFO] [stdout] test utils::tests::test_extract_braced_inner_unbalanced ... ok
[INFO] [stdout] test tests::tests::test_table_example ... ok
[INFO] [stdout] test output::pdfrs_pdf::tests::features_example_renders_with_pdfrs ... ok
[INFO] [stdout] test output::pdfrs_pdf::tests::advanced_math_example_renders_greek_symbols ... ok
[INFO] [stdout] test watch::tests::watch_batch_initial_build ... ok
[INFO] [stdout] test incremental::tests::outputs_not_up_to_date_when_source_is_newer ... ok
[INFO] [stdout] test watch::tests::watch_rebuilds_root_when_dependency_changes ... ok
[INFO] [stdout] test incremental::tests::dependency_change_triggers_rebuild ... ok
[INFO] [stdout] test watch::tests::watch_triggers_on_change ... ok
[INFO] [stdout] 
[INFO] [stdout] failures:
[INFO] [stdout] 
[INFO] [stdout] ---- example_tests::example_tests::test_convert_all_examples stdout ----
[INFO] [stdout] 
[INFO] [stdout] thread 'example_tests::example_tests::test_convert_all_examples' (2314) panicked at src/example_tests.rs:14:40:
[INFO] [stdout] called `Result::unwrap()` on an `Err` value: Os { code: 30, kind: ReadOnlyFilesystem, message: "Read-only file system" }
[INFO] [stdout] stack backtrace:
[INFO] [stdout]    0:     0x615ec0c7af71 - std[617be2ca0a6fd877]::backtrace_rs::backtrace::libunwind::trace
[INFO] [stdout]                                at /rustc/e3feeb59cd1bdd011a2bfcc0747b55125d9b8527/library/std/src/../../backtrace/src/backtrace/libunwind.rs:117:9
[INFO] [stdout]    1:     0x615ec0c7af71 - std[617be2ca0a6fd877]::backtrace_rs::backtrace::trace_unsynchronized::<std[617be2ca0a6fd877]::sys::backtrace::_print_fmt::{closure#1}>
[INFO] [stdout]                                at /rustc/e3feeb59cd1bdd011a2bfcc0747b55125d9b8527/library/std/src/../../backtrace/src/backtrace/mod.rs:66:14
[INFO] [stdout]    2:     0x615ec0c7af71 - std[617be2ca0a6fd877]::sys::backtrace::_print_fmt
[INFO] [stdout]                                at /rustc/e3feeb59cd1bdd011a2bfcc0747b55125d9b8527/library/std/src/sys/backtrace.rs:74:9
[INFO] [stdout]    3:     0x615ec0c7af71 - <<std[617be2ca0a6fd877]::sys::backtrace::BacktraceLock>::print::DisplayBacktrace as core[a373ad73a504971]::fmt::Display>::fmt
[INFO] [stdout]                                at /rustc/e3feeb59cd1bdd011a2bfcc0747b55125d9b8527/library/std/src/sys/backtrace.rs:44:26
[INFO] [stdout]    4:     0x615ec0c94a5a - <core[a373ad73a504971]::fmt::rt::Argument>::fmt
[INFO] [stdout]                                at /rustc/e3feeb59cd1bdd011a2bfcc0747b55125d9b8527/library/core/src/fmt/rt.rs:152:76
[INFO] [stdout]    5:     0x615ec0c94a5a - core[a373ad73a504971]::fmt::write
[INFO] [stdout]    6:     0x615ec0c7f86c - core[a373ad73a504971]::io::write::default_write_fmt::<alloc[2e1b2a31b91974c5]::vec::Vec<u8>>
[INFO] [stdout]                                at /rustc/e3feeb59cd1bdd011a2bfcc0747b55125d9b8527/library/core/src/io/write.rs:402:11
[INFO] [stdout]    7:     0x615ec0c7f86c - <alloc[2e1b2a31b91974c5]::vec::Vec<u8> as core[a373ad73a504971]::io::write::Write>::write_fmt
[INFO] [stdout]                                at /rustc/e3feeb59cd1bdd011a2bfcc0747b55125d9b8527/library/core/src/io/write.rs:335:13
[INFO] [stdout]    8:     0x615ec0c53476 - <std[617be2ca0a6fd877]::sys::backtrace::BacktraceLock>::print
[INFO] [stdout]                                at /rustc/e3feeb59cd1bdd011a2bfcc0747b55125d9b8527/library/std/src/sys/backtrace.rs:47:9
[INFO] [stdout]    9:     0x615ec0c53476 - std[617be2ca0a6fd877]::panicking::default_hook::{closure#0}
[INFO] [stdout]                                at /rustc/e3feeb59cd1bdd011a2bfcc0747b55125d9b8527/library/std/src/panicking.rs:289:27
[INFO] [stdout]   10:     0x615ec0c718d9 - std[617be2ca0a6fd877]::panicking::default_hook
[INFO] [stdout]                                at /rustc/e3feeb59cd1bdd011a2bfcc0747b55125d9b8527/library/std/src/panicking.rs:313:9
[INFO] [stdout]   11:     0x615ec033bf60 - <alloc[2e1b2a31b91974c5]::boxed::Box<dyn for<'a, 'b> core[a373ad73a504971]::ops::function::Fn<(&'a std[617be2ca0a6fd877]::panic::PanicHookInfo<'b>,), Output = ()> + core[a373ad73a504971]::marker::Sync + core[a373ad73a504971]::marker::Send> as core[a373ad73a504971]::ops::function::Fn<(&std[617be2ca0a6fd877]::panic::PanicHookInfo,)>>::call
[INFO] [stdout]                                at /rustc/e3feeb59cd1bdd011a2bfcc0747b55125d9b8527/library/alloc/src/boxed.rs:2328:9
[INFO] [stdout]   12:     0x615ec033bf60 - test[aada8e7e76ba119b]::test_main_inner::{closure#0}
[INFO] [stdout]                                at /rustc/e3feeb59cd1bdd011a2bfcc0747b55125d9b8527/library/test/src/lib.rs:137:21
[INFO] [stdout]   13:     0x615ec0c71a92 - <alloc[2e1b2a31b91974c5]::boxed::Box<dyn for<'a, 'b> core[a373ad73a504971]::ops::function::Fn<(&'a std[617be2ca0a6fd877]::panic::PanicHookInfo<'b>,), Output = ()> + core[a373ad73a504971]::marker::Sync + core[a373ad73a504971]::marker::Send> as core[a373ad73a504971]::ops::function::Fn<(&std[617be2ca0a6fd877]::panic::PanicHookInfo,)>>::call
[INFO] [stdout]                                at /rustc/e3feeb59cd1bdd011a2bfcc0747b55125d9b8527/library/alloc/src/boxed.rs:2328:9
[INFO] [stdout]   14:     0x615ec0c71a92 - std[617be2ca0a6fd877]::panicking::panic_with_hook
[INFO] [stdout]                                at /rustc/e3feeb59cd1bdd011a2bfcc0747b55125d9b8527/library/std/src/panicking.rs:819:13
[INFO] [stdout]   15:     0x615ec0c53522 - std[617be2ca0a6fd877]::panicking::panic_handler::{closure#0}
[INFO] [stdout]                                at /rustc/e3feeb59cd1bdd011a2bfcc0747b55125d9b8527/library/std/src/panicking.rs:685:13
[INFO] [stdout]   16:     0x615ec0c4bc79 - std[617be2ca0a6fd877]::sys::backtrace::__rust_end_short_backtrace::<std[617be2ca0a6fd877]::panicking::panic_handler::{closure#0}, !>
[INFO] [stdout]                                at /rustc/e3feeb59cd1bdd011a2bfcc0747b55125d9b8527/library/std/src/sys/backtrace.rs:182:18
[INFO] [stdout]   17:     0x615ec0c5453d - __rustc[ea4f61d10b84890b]::rust_begin_unwind
[INFO] [stdout]                                at /rustc/e3feeb59cd1bdd011a2bfcc0747b55125d9b8527/library/std/src/panicking.rs:676:5
[INFO] [stdout]   18:     0x615ec0c9532c - core[a373ad73a504971]::panicking::panic_fmt
[INFO] [stdout]                                at /rustc/e3feeb59cd1bdd011a2bfcc0747b55125d9b8527/library/core/src/panicking.rs:80:14
[INFO] [stdout]   19:     0x615ec0c95052 - core[a373ad73a504971]::result::unwrap_failed
[INFO] [stdout]                                at /rustc/e3feeb59cd1bdd011a2bfcc0747b55125d9b8527/library/core/src/result.rs:1870:5
[INFO] [stdout]   20:     0x615ebfb3bd2c - <core[a373ad73a504971]::result::Result<(), core[a373ad73a504971]::io::error::Error>>::unwrap
[INFO] [stdout]                                at /rustc/e3feeb59cd1bdd011a2bfcc0747b55125d9b8527/library/core/src/result.rs:1232:23
[INFO] [stdout]   21:     0x615ebfb3bd2c - rtex[e1581c40b3770d42]::example_tests::example_tests::test_convert_all_examples
[INFO] [stdout]                                at /opt/rustwide/workdir/src/example_tests.rs:14:40
[INFO] [stdout]   22:     0x615ebfb32a07 - rtex[e1581c40b3770d42]::example_tests::example_tests::test_convert_all_examples::{closure#0}
[INFO] [stdout]                                at /opt/rustwide/workdir/src/example_tests.rs:9:35
[INFO] [stdout]   23:     0x615ebfaecc66 - <rtex[e1581c40b3770d42]::example_tests::example_tests::test_convert_all_examples::{closure#0} as core[a373ad73a504971]::ops::function::FnOnce<()>>::call_once
[INFO] [stdout]                                at /rustc/e3feeb59cd1bdd011a2bfcc0747b55125d9b8527/library/core/src/ops/function.rs:250:5
[INFO] [stdout]   24:     0x615ec032f3ab - <fn() -> core[a373ad73a504971]::result::Result<(), alloc[2e1b2a31b91974c5]::string::String> as core[a373ad73a504971]::ops::function::FnOnce<()>>::call_once
[INFO] [stdout]                                at /rustc/e3feeb59cd1bdd011a2bfcc0747b55125d9b8527/library/core/src/ops/function.rs:250:5
[INFO] [stdout]   25:     0x615ec032f3ab - test[aada8e7e76ba119b]::__rust_begin_short_backtrace::<core[a373ad73a504971]::result::Result<(), alloc[2e1b2a31b91974c5]::string::String>, fn() -> core[a373ad73a504971]::result::Result<(), alloc[2e1b2a31b91974c5]::string::String>>
[INFO] [stdout]                                at /rustc/e3feeb59cd1bdd011a2bfcc0747b55125d9b8527/library/test/src/lib.rs:701:18
[INFO] [stdout]   26:     0x615ec033c585 - test[aada8e7e76ba119b]::run_test_in_process::{closure#0}
[INFO] [stdout]                                at /rustc/e3feeb59cd1bdd011a2bfcc0747b55125d9b8527/library/test/src/lib.rs:724:74
[INFO] [stdout]   27:     0x615ec033c585 - <core[a373ad73a504971]::panic::unwind_safe::AssertUnwindSafe<test[aada8e7e76ba119b]::run_test_in_process::{closure#0}> as core[a373ad73a504971]::ops::function::FnOnce<()>>::call_once
[INFO] [stdout]                                at /rustc/e3feeb59cd1bdd011a2bfcc0747b55125d9b8527/library/core/src/panic/unwind_safe.rs:275:9
[INFO] [stdout]   28:     0x615ec033c585 - std[617be2ca0a6fd877]::panicking::catch_unwind::do_call::<core[a373ad73a504971]::panic::unwind_safe::AssertUnwindSafe<test[aada8e7e76ba119b]::run_test_in_process::{closure#0}>, core[a373ad73a504971]::result::Result<(), alloc[2e1b2a31b91974c5]::string::String>>
[INFO] [stdout]                                at /rustc/e3feeb59cd1bdd011a2bfcc0747b55125d9b8527/library/std/src/panicking.rs:573:43
[INFO] [stdout]   29:     0x615ec033c585 - std[617be2ca0a6fd877]::panicking::catch_unwind::<core[a373ad73a504971]::result::Result<(), alloc[2e1b2a31b91974c5]::string::String>, core[a373ad73a504971]::panic::unwind_safe::AssertUnwindSafe<test[aada8e7e76ba119b]::run_test_in_process::{closure#0}>>
[INFO] [stdout]                                at /rustc/e3feeb59cd1bdd011a2bfcc0747b55125d9b8527/library/std/src/panicking.rs:541:19
[INFO] [stdout]   30:     0x615ec033c585 - std[617be2ca0a6fd877]::panic::catch_unwind::<core[a373ad73a504971]::panic::unwind_safe::AssertUnwindSafe<test[aada8e7e76ba119b]::run_test_in_process::{closure#0}>, core[a373ad73a504971]::result::Result<(), alloc[2e1b2a31b91974c5]::string::String>>
[INFO] [stdout]                                at /rustc/e3feeb59cd1bdd011a2bfcc0747b55125d9b8527/library/std/src/panic.rs:359:14
[INFO] [stdout]   31:     0x615ec033c585 - test[aada8e7e76ba119b]::run_test_in_process
[INFO] [stdout]                                at /rustc/e3feeb59cd1bdd011a2bfcc0747b55125d9b8527/library/test/src/lib.rs:724:27
[INFO] [stdout]   32:     0x615ec033c585 - test[aada8e7e76ba119b]::run_test::{closure#0}
[INFO] [stdout]                                at /rustc/e3feeb59cd1bdd011a2bfcc0747b55125d9b8527/library/test/src/lib.rs:645:43
[INFO] [stdout]   33:     0x615ec0335e74 - test[aada8e7e76ba119b]::run_test::{closure#1}
[INFO] [stdout]                                at /rustc/e3feeb59cd1bdd011a2bfcc0747b55125d9b8527/library/test/src/lib.rs:675:41
[INFO] [stdout]   34:     0x615ec0335e74 - std[617be2ca0a6fd877]::sys::backtrace::__rust_begin_short_backtrace::<test[aada8e7e76ba119b]::run_test::{closure#1}, ()>
[INFO] [stdout]                                at /rustc/e3feeb59cd1bdd011a2bfcc0747b55125d9b8527/library/std/src/sys/backtrace.rs:166:18
[INFO] [stdout]   35:     0x615ec033f612 - std[617be2ca0a6fd877]::thread::lifecycle::spawn_unchecked::<test[aada8e7e76ba119b]::run_test::{closure#1}, ()>::{closure#1}::{closure#0}
[INFO] [stdout]                                at /rustc/e3feeb59cd1bdd011a2bfcc0747b55125d9b8527/library/std/src/thread/lifecycle.rs:70:13
[INFO] [stdout]   36:     0x615ec033f612 - <core[a373ad73a504971]::panic::unwind_safe::AssertUnwindSafe<std[617be2ca0a6fd877]::thread::lifecycle::spawn_unchecked<test[aada8e7e76ba119b]::run_test::{closure#1}, ()>::{closure#1}::{closure#0}> as core[a373ad73a504971]::ops::function::FnOnce<()>>::call_once
[INFO] [stdout]                                at /rustc/e3feeb59cd1bdd011a2bfcc0747b55125d9b8527/library/core/src/panic/unwind_safe.rs:275:9
[INFO] [stdout]   37:     0x615ec033f612 - std[617be2ca0a6fd877]::panicking::catch_unwind::do_call::<core[a373ad73a504971]::panic::unwind_safe::AssertUnwindSafe<std[617be2ca0a6fd877]::thread::lifecycle::spawn_unchecked<test[aada8e7e76ba119b]::run_test::{closure#1}, ()>::{closure#1}::{closure#0}>, ()>
[INFO] [stdout]                                at /rustc/e3feeb59cd1bdd011a2bfcc0747b55125d9b8527/library/std/src/panicking.rs:573:43
[INFO] [stdout]   38:     0x615ec033f612 - std[617be2ca0a6fd877]::panicking::catch_unwind::<(), core[a373ad73a504971]::panic::unwind_safe::AssertUnwindSafe<std[617be2ca0a6fd877]::thread::lifecycle::spawn_unchecked<test[aada8e7e76ba119b]::run_test::{closure#1}, ()>::{closure#1}::{closure#0}>>
[INFO] [stdout]                                at /rustc/e3feeb59cd1bdd011a2bfcc0747b55125d9b8527/library/std/src/panicking.rs:541:19
[INFO] [stdout]   39:     0x615ec033f612 - std[617be2ca0a6fd877]::panic::catch_unwind::<core[a373ad73a504971]::panic::unwind_safe::AssertUnwindSafe<std[617be2ca0a6fd877]::thread::lifecycle::spawn_unchecked<test[aada8e7e76ba119b]::run_test::{closure#1}, ()>::{closure#1}::{closure#0}>, ()>
[INFO] [stdout]                                at /rustc/e3feeb59cd1bdd011a2bfcc0747b55125d9b8527/library/std/src/panic.rs:359:14
[INFO] [stdout]   40:     0x615ec033f612 - std[617be2ca0a6fd877]::thread::lifecycle::spawn_unchecked::<test[aada8e7e76ba119b]::run_test::{closure#1}, ()>::{closure#1}
[INFO] [stdout]                                at /rustc/e3feeb59cd1bdd011a2bfcc0747b55125d9b8527/library/std/src/thread/lifecycle.rs:68:26
[INFO] [stdout]   41:     0x615ec033f612 - <std[617be2ca0a6fd877]::thread::lifecycle::spawn_unchecked<test[aada8e7e76ba119b]::run_test::{closure#1}, ()>::{closure#1} as core[a373ad73a504971]::ops::function::FnOnce<()>>::call_once::{shim:vtable#0}
[INFO] [stdout]                                at /rustc/e3feeb59cd1bdd011a2bfcc0747b55125d9b8527/library/core/src/ops/function.rs:250:5
[INFO] [stdout]   42:     0x615ec0c79a2f - <alloc[2e1b2a31b91974c5]::boxed::Box<dyn core[a373ad73a504971]::ops::function::FnOnce<(), Output = ()> + core[a373ad73a504971]::marker::Send> as core[a373ad73a504971]::ops::function::FnOnce<()>>::call_once
[INFO] [stdout]                                at /rustc/e3feeb59cd1bdd011a2bfcc0747b55125d9b8527/library/alloc/src/boxed.rs:2314:9
[INFO] [stdout]   43:     0x615ec0c79a2f - <std[617be2ca0a6fd877]::sys::thread::unix::Thread>::new::thread_start
[INFO] [stdout]                                at /rustc/e3feeb59cd1bdd011a2bfcc0747b55125d9b8527/library/std/src/sys/thread/unix.rs:127:17
[INFO] [stdout]   44:     0x7a9204c9bdfa - <unknown>
[INFO] [stdout]   45:     0x7a9204d2f3d4 - clone
[INFO] [stdout]   46:                0x0 - <unknown>
[INFO] [stdout] 
[INFO] [stdout] 
[INFO] [stdout] failures:
[INFO] [stdout]     example_tests::example_tests::test_convert_all_examples
[INFO] [stdout] 
[INFO] [stdout] test result: FAILED. 576 passed; 1 failed; 0 ignored; 0 measured; 0 filtered out; finished in 3.05s
[INFO] [stdout] 
[INFO] [stderr] error: test failed, to rerun pass `--lib`
[INFO] running `Command { std: "docker" "inspect" "cfc489a010c8f9bf820749d320e2dae7b1414f4302bd7079e04c613c9ed3c816", kill_on_drop: false }`
[INFO] running `Command { std: "docker" "rm" "-f" "cfc489a010c8f9bf820749d320e2dae7b1414f4302bd7079e04c613c9ed3c816", kill_on_drop: false }`
[INFO] [stdout] cfc489a010c8f9bf820749d320e2dae7b1414f4302bd7079e04c613c9ed3c816
