[INFO] fetching crate rigg 2.2.0...
[INFO] testing rigg-2.2.0 against 1.100.0-beta.1 for beta-1.100-2
[INFO] extracting crate rigg 2.2.0 into /workspace/builds/worker-2-tc2/source
[INFO] started tweaking crates.io crate rigg 2.2.0
[INFO] removed 0 missing tests
[INFO] finished tweaking crates.io crate rigg 2.2.0
[INFO] tweaked toml for crates.io crate rigg 2.2.0 written to /workspace/builds/worker-2-tc2/source/Cargo.toml
[INFO] validating manifest of crates.io crate rigg 2.2.0 on toolchain 1.100.0-beta.1
[INFO] running `Command { std: CARGO_HOME="/workspace/cargo-home" RUSTUP_HOME="/workspace/rustup-home" "/workspace/cargo-home/bin/cargo" "+1.100.0-beta.1" "metadata" "--manifest-path" "Cargo.toml" "--no-deps", kill_on_drop: false }`
[INFO] crate crates.io crate rigg 2.2.0 already has a lockfile, it will not be regenerated
[INFO] running `Command { std: CARGO_HOME="/workspace/cargo-home" RUSTUP_HOME="/workspace/rustup-home" "/workspace/cargo-home/bin/cargo" "+1.100.0-beta.1" "fetch" "--manifest-path" "Cargo.toml", kill_on_drop: false }`
[INFO] running `Command { std: "docker" "create" "-v" "/var/lib/crater-agent-workspace/builds/worker-2-tc2/source:/opt/rustwide/workdir:ro,Z" "-v" "/var/lib/crater-agent-workspace/builds/worker-2-tc2/target:/opt/rustwide/target:rw,Z" "-v" "/var/lib/crater-agent-workspace/cargo-home:/opt/rustwide/cargo-home:ro,Z" "-v" "/var/lib/crater-agent-workspace/rustup-home:/opt/rustwide/rustup-home:ro,Z" "-m" "1610612736" "--network" "none" "ghcr.io/rust-lang/crates-build-env/linux@sha256:3111399a4047eeb3a02b7a90e478d715f38a8c6669b5c4b49d30a17385265909" "sleep" "infinity", kill_on_drop: false }`
[INFO] [stdout] 0480c05f6dab84c32dea3d6c0a3d5021c8d7bc695aeded34c7e7b4b8a92048e8
[INFO] running `Command { std: "docker" "start" "0480c05f6dab84c32dea3d6c0a3d5021c8d7bc695aeded34c7e7b4b8a92048e8", kill_on_drop: false }`
[INFO] running `Command { std: "docker" "inspect" "0480c05f6dab84c32dea3d6c0a3d5021c8d7bc695aeded34c7e7b4b8a92048e8", kill_on_drop: false }`
[INFO] running `Command { std: "docker" "exec" "-e" "SOURCE_DIR=/opt/rustwide/workdir" "-e" "CARGO_HOME=/opt/rustwide/cargo-home" "-e" "RUSTUP_HOME=/opt/rustwide/rustup-home" "-e" "CARGO_TARGET_DIR=/opt/rustwide/target" "-w" "/opt/rustwide/workdir" "--user" "0:0" "0480c05f6dab84c32dea3d6c0a3d5021c8d7bc695aeded34c7e7b4b8a92048e8" "/opt/rustwide/cargo-home/bin/cargo" "+1.100.0-beta.1" "metadata" "--no-deps" "--format-version=1", kill_on_drop: false }`
[INFO] running `Command { std: "docker" "inspect" "0480c05f6dab84c32dea3d6c0a3d5021c8d7bc695aeded34c7e7b4b8a92048e8", kill_on_drop: false }`
[INFO] running `Command { std: "docker" "exec" "-e" "SOURCE_DIR=/opt/rustwide/workdir" "-e" "CARGO_HOME=/opt/rustwide/cargo-home" "-e" "RUSTUP_HOME=/opt/rustwide/rustup-home" "-e" "CARGO_TARGET_DIR=/opt/rustwide/target" "-e" "CARGO_INCREMENTAL=0" "-e" "RUST_BACKTRACE=full" "-e" "RUSTFLAGS=--cap-lints=warn" "-e" "RUSTDOCFLAGS=--cap-lints=warn" "-w" "/opt/rustwide/workdir" "--user" "0:0" "0480c05f6dab84c32dea3d6c0a3d5021c8d7bc695aeded34c7e7b4b8a92048e8" "/opt/rustwide/cargo-home/bin/cargo" "+1.100.0-beta.1" "build" "--frozen" "--message-format=json", kill_on_drop: false }`
[INFO] [stderr]    Compiling smallvec v1.16.1
[INFO] [stderr]    Compiling log v0.4.34
[INFO] [stderr]    Compiling bitflags v2.13.2
[INFO] [stderr]    Compiling serde_core v1.0.229
[INFO] [stderr]    Compiling foldhash v0.2.0
[INFO] [stderr]    Compiling shlex v2.0.1
[INFO] [stderr]    Compiling serde v1.0.229
[INFO] [stderr]    Compiling find-msvc-tools v0.1.13
[INFO] [stderr]    Compiling futures-core v0.3.34
[INFO] [stderr]    Compiling signal-hook v0.3.18
[INFO] [stderr]    Compiling thiserror v2.0.20
[INFO] [stderr]    Compiling rustix v1.1.5
[INFO] [stderr]    Compiling syn v3.0.6
[INFO] [stderr]    Compiling syn v2.0.119
[INFO] [stderr]    Compiling errno v0.3.14
[INFO] [stderr]    Compiling jobserver v0.1.35
[INFO] [stderr]    Compiling mio v1.2.3
[INFO] [stderr]    Compiling signal-hook-registry v1.4.8
[INFO] [stderr]    Compiling parking_lot_core v0.9.12
[INFO] [stderr]    Compiling hashbrown v0.17.1
[INFO] [stderr]    Compiling pkg-config v0.3.34
[INFO] [stderr]    Compiling dunce v1.0.5
[INFO] [stderr]    Compiling fs_extra v1.3.0
[INFO] [stderr]    Compiling futures-sink v0.3.34
[INFO] [stderr]    Compiling parking_lot v0.12.5
[INFO] [stderr]    Compiling convert_case v0.10.0
[INFO] [stderr]    Compiling cc v1.4.7
[INFO] [stderr]    Compiling futures-channel v0.3.34
[INFO] [stderr]    Compiling zeroize v1.9.0
[INFO] [stderr]    Compiling aws-lc-rs v1.18.1
[INFO] [stderr]    Compiling litemap v0.8.3
[INFO] [stderr]    Compiling writeable v0.6.4
[INFO] [stderr]    Compiling tracing-core v0.1.36
[INFO] [stderr]    Compiling icu_properties_data v2.3.0
[INFO] [stderr]    Compiling serde_json v1.0.151
[INFO] [stderr]    Compiling icu_normalizer_data v2.3.0
[INFO] [stderr]    Compiling signal-hook-mio v0.2.5
[INFO] [stderr]    Compiling rustls-pki-types v1.15.1
[INFO] [stderr]    Compiling aho-corasick v1.1.5
[INFO] [stderr]    Compiling regex-syntax v0.8.11
[INFO] [stderr]    Compiling itertools v0.14.0
[INFO] [stderr]    Compiling castaway v0.2.4
[INFO] [stderr]    Compiling hashbrown v0.16.1
[INFO] [stderr]    Compiling instability v0.3.13
[INFO] [stderr]    Compiling crossbeam-utils v0.8.23
[INFO] [stderr]    Compiling rustls v0.23.45
[INFO] [stderr]    Compiling compact_str v0.9.1
[INFO] [stderr]    Compiling num-traits v0.2.19
[INFO] [stderr]    Compiling indoc v2.0.7
[INFO] [stderr]    Compiling critical-section v1.2.0
[INFO] [stderr]    Compiling lru v0.18.4
[INFO] [stderr]    Compiling pest v2.9.2
[INFO] [stderr]    Compiling form_urlencoded v1.2.2
[INFO] [stderr]    Compiling time-core v0.1.9
[INFO] [stderr]    Compiling deranged v0.5.8
[INFO] [stderr]    Compiling num-conv v0.2.2
[INFO] [stderr]    Compiling mime_guess v2.0.5
[INFO] [stderr]    Compiling line-clipping v0.3.8
[INFO] [stderr]    Compiling sync_wrapper v1.0.2
[INFO] [stderr]    Compiling ipnet v2.12.2
[INFO] [stderr]    Compiling cmake v0.1.58
[INFO] [stderr]    Compiling crossbeam-epoch v0.9.21
[INFO] [stderr]    Compiling openssl-probe v0.2.1
[INFO] [stderr]    Compiling anstyle-parse v1.0.0
[INFO] [stderr]    Compiling dirs-sys v0.5.0
[INFO] [stderr]    Compiling rustls-native-certs v0.8.4
[INFO] [stderr]    Compiling is_terminal_polyfill v1.70.2
[INFO] [stderr]    Compiling anstyle v1.0.14
[INFO] [stderr]    Compiling crossbeam-deque v0.8.8
[INFO] [stderr]    Compiling anstyle-query v1.1.5
[INFO] [stderr]    Compiling base64 v0.23.1
[INFO] [stderr]    Compiling colorchoice v1.0.5
[INFO] [stderr]    Compiling ref-cast v1.0.27
[INFO] [stderr]    Compiling num-modular v0.6.5
[INFO] [stderr]    Compiling anstream v1.0.0
[INFO] [stderr]    Compiling dirs v7.0.0
[INFO] [stderr]    Compiling aws-lc-sys v0.45.0
[INFO] [stderr]    Compiling unicode-truncate v2.0.1
[INFO] [stderr]    Compiling indexmap v2.14.2
[INFO] [stderr]    Compiling pest_meta v2.9.2
[INFO] [stderr]    Compiling time v0.3.55
[INFO] [stderr]    Compiling terminal_size v0.4.4
[INFO] [stderr]    Compiling http-body-util v0.1.5
[INFO] [stderr]    Compiling thread_local v1.1.10
[INFO] [stderr]    Compiling similar v3.2.0
[INFO] [stderr]    Compiling same-file v1.0.6
[INFO] [stderr]    Compiling clap_lex v1.1.1
[INFO] [stderr]    Compiling strict v0.2.0
[INFO] [stderr]    Compiling clap_builder v4.6.7
[INFO] [stderr]    Compiling regex-automata v0.4.18
[INFO] [stderr]    Compiling walkdir v2.5.0
[INFO] [stderr]    Compiling num-order v1.2.0
[INFO] [stderr]    Compiling getrandom v0.4.3
[INFO] [stderr]    Compiling crossbeam-channel v0.5.17
[INFO] [stderr]    Compiling crossbeam-queue v0.3.14
[INFO] [stderr]    Compiling glob v0.3.4
[INFO] [stderr]    Compiling colored v3.1.1
[INFO] [stderr]    Compiling rmcp v3.4.0
[INFO] [stderr]    Compiling winnow v1.0.4
[INFO] [stderr]    Compiling sharded-slab v0.1.7
[INFO] [stderr]    Compiling crossbeam v0.8.5
[INFO] [stderr]    Compiling uuid v1.26.1
[INFO] [stderr]    Compiling fuzzy-matcher v0.3.7
[INFO] [stderr]    Compiling serde_spanned v1.1.1
[INFO] [stderr]    Compiling toml_datetime v1.1.1+spec-1.1.0
[INFO] [stderr]    Compiling darling_core v0.20.11
[INFO] [stderr]    Compiling pest_generator v2.9.2
[INFO] [stderr]    Compiling toml_parser v1.1.3+spec-1.1.0
[INFO] [stderr]    Compiling tracing-log v0.2.0
[INFO] [stderr]    Compiling minimad v0.16.0
[INFO] [stderr]    Compiling pastey v0.2.3
[INFO] [stderr]    Compiling toml_writer v1.1.2+spec-1.1.0
[INFO] [stderr]    Compiling unicode-width v0.1.14
[INFO] [stderr]    Compiling is_executable v1.0.6
[INFO] [stderr]    Compiling synstructure v0.14.0
[INFO] [stderr]    Compiling darling_core v0.24.1
[INFO] [stderr]    Compiling serde_derive_internals v0.30.0
[INFO] [stderr]    Compiling nu-ansi-term v0.50.3
[INFO] [stderr]    Compiling toml v1.1.6+spec-1.1.0
[INFO] [stderr]    Compiling derive_more-impl v2.1.1
[INFO] [stderr]    Compiling tracing-attributes v0.1.31
[INFO] [stderr]    Compiling strum_macros v0.28.0
[INFO] [stderr]    Compiling regex v1.13.1
[INFO] [stderr]    Compiling zerofrom-derive v0.1.8
[INFO] [stderr]    Compiling yoke-derive v0.8.3
[INFO] [stderr]    Compiling serde_derive v1.0.229
[INFO] [stderr]    Compiling zerovec-derive v0.11.6
[INFO] [stderr]    Compiling thiserror-impl v2.0.20
[INFO] [stderr]    Compiling displaydoc v0.2.7
[INFO] [stderr]    Compiling tokio-macros v2.7.2
[INFO] [stderr]    Compiling derive_more v2.1.1
[INFO] [stderr]    Compiling futures-macro v0.3.34
[INFO] [stderr]    Compiling tracing v0.1.44
[INFO] [stderr]    Compiling crossterm v0.29.0
[INFO] [stderr]    Compiling tokio v1.53.1
[INFO] [stderr]    Compiling ref-cast-impl v1.0.27
[INFO] [stderr]    Compiling zerofrom v0.1.8
[INFO] [stderr]    Compiling pest_derive v2.9.2
[INFO] [stderr]    Compiling yoke v0.8.3
[INFO] [stderr]    Compiling strum v0.28.0
[INFO] [stderr]    Compiling lazy-regex-proc_macros v3.6.1
[INFO] [stderr]    Compiling schemars_derive v1.2.2
[INFO] [stderr]    Compiling kasuari v0.4.12
[INFO] [stderr]    Compiling zerovec v0.11.8
[INFO] [stderr]    Compiling zerotrie v0.2.5
[INFO] [stderr]    Compiling darling_macro v0.20.11
[INFO] [stderr]    Compiling futures-util v0.3.34
[INFO] [stderr]    Compiling async-trait v0.1.92
[INFO] [stderr]    Compiling darling v0.20.11
[INFO] [stderr]    Compiling derive_builder_core v0.20.2
[INFO] [stderr]    Compiling clap_derive v4.6.7
[INFO] [stderr]    Compiling ratatui-core v0.1.2
[INFO] [stderr]    Compiling tinystr v0.8.4
[INFO] [stderr]    Compiling potential_utf v0.1.6
[INFO] [stderr]    Compiling icu_collections v2.3.0
[INFO] [stderr]    Compiling icu_locale_core v2.3.0
[INFO] [stderr]    Compiling coolor v1.1.0
[INFO] [stderr]    Compiling lazy-regex v3.6.1
[INFO] [stderr]    Compiling matchers v0.2.0
[INFO] [stderr]    Compiling tracing-subscriber v0.3.23
[INFO] [stderr]    Compiling inquire v0.9.4
[INFO] [stderr]    Compiling darling_macro v0.24.1
[INFO] [stderr]    Compiling crokey-proc_macros v1.5.0
[INFO] [stderr]    Compiling derive_builder_macro v0.20.2
[INFO] [stderr]    Compiling derive_builder v0.20.2
[INFO] [stderr]    Compiling darling v0.24.1
[INFO] [stderr]    Compiling icu_provider v2.3.1
[INFO] [stderr]    Compiling rmcp-macros v3.4.0
[INFO] [stderr]    Compiling icu_normalizer v2.3.0
[INFO] [stderr]    Compiling icu_properties v2.3.0
[INFO] [stderr]    Compiling ratatui-widgets v0.3.2
[INFO] [stderr]    Compiling ratatui-crossterm v0.1.2
[INFO] [stderr]    Compiling clap v4.6.7
[INFO] [stderr]    Compiling clap_complete v4.6.11
[INFO] [stderr]    Compiling futures-executor v0.3.34
[INFO] [stderr]    Compiling chrono v0.4.45
[INFO] [stderr]    Compiling serde_urlencoded v0.7.1
[INFO] [stderr]    Compiling rigg-diff v2.2.0
[INFO] [stderr]    Compiling serde_yaml v0.9.34+deprecated
[INFO] [stderr]    Compiling serde_yaml_ng v0.10.0
[INFO] [stderr]    Compiling handlebars v6.4.4
[INFO] [stderr]    Compiling futures v0.3.34
[INFO] [stderr]    Compiling crokey v1.5.0
[INFO] [stderr]    Compiling idna_adapter v1.2.2
[INFO] [stderr]    Compiling termimad v0.35.4
[INFO] [stderr]    Compiling idna v1.1.0
[INFO] [stderr]    Compiling url v2.5.8
[INFO] [stderr]    Compiling ratatui-macros v0.7.2
[INFO] [stderr]    Compiling ratatui v0.30.2
[INFO] [stderr]    Compiling schemars v1.2.2
[INFO] [stderr]    Compiling rigg-core v2.2.0
[INFO] [stderr]    Compiling hyper v1.11.1
[INFO] [stderr]    Compiling tokio-util v0.7.19
[INFO] [stderr]    Compiling tower v0.5.3
[INFO] [stderr]    Compiling tower-http v0.6.11
[INFO] [stderr]    Compiling hyper-util v0.1.20
[INFO] [stderr]    Compiling rustls-webpki v0.103.15
[INFO] [stderr]    Compiling tokio-rustls v0.26.5
[INFO] [stderr]    Compiling rustls-platform-verifier v0.7.0
[INFO] [stderr]    Compiling hyper-rustls v0.27.10
[INFO] [stderr]    Compiling reqwest v0.13.5
[INFO] [stderr]    Compiling ailloy v2.2.0
[INFO] [stderr]    Compiling rigg-client v2.2.0
[INFO] [stderr]    Compiling rigg v2.2.0 (/opt/rustwide/workdir)
[INFO] [stderr] warning: unused dependency `toml`
[INFO] [stderr]   --> Cargo.toml:86:15
[INFO] [stderr]    |
[INFO] [stderr] 86 | [dependencies.toml]
[INFO] [stderr]    |               ^^^^^
[INFO] [stderr]    |
[INFO] [stderr]    = note: `cargo::unused_dependencies` is set to `warn` by default
[INFO] [stderr] help: consider removing the dependency on `toml`
[INFO] [stderr] warning: `rigg` (manifest) generated 1 warning
[INFO] [stderr]     Finished `dev` profile [unoptimized + debuginfo] target(s) in 2m 53s
[INFO] running `Command { std: "docker" "inspect" "0480c05f6dab84c32dea3d6c0a3d5021c8d7bc695aeded34c7e7b4b8a92048e8", kill_on_drop: false }`
[INFO] running `Command { std: "docker" "exec" "-e" "SOURCE_DIR=/opt/rustwide/workdir" "-e" "CARGO_HOME=/opt/rustwide/cargo-home" "-e" "RUSTUP_HOME=/opt/rustwide/rustup-home" "-e" "CARGO_TARGET_DIR=/opt/rustwide/target" "-e" "CARGO_INCREMENTAL=0" "-e" "RUST_BACKTRACE=full" "-e" "RUSTFLAGS=--cap-lints=warn" "-e" "RUSTDOCFLAGS=--cap-lints=warn" "-w" "/opt/rustwide/workdir" "--user" "0:0" "0480c05f6dab84c32dea3d6c0a3d5021c8d7bc695aeded34c7e7b4b8a92048e8" "/opt/rustwide/cargo-home/bin/cargo" "+1.100.0-beta.1" "test" "--frozen" "--no-run" "--message-format=json", kill_on_drop: false }`
[INFO] [stderr]    Compiling rustix v1.1.5
[INFO] [stderr]    Compiling futures-util v0.3.34
[INFO] [stderr]    Compiling darling_core v0.20.11
[INFO] [stderr]    Compiling h2 v0.4.19
[INFO] [stderr]    Compiling predicates-core v1.0.10
[INFO] [stderr]    Compiling float-cmp v0.10.0
[INFO] [stderr]    Compiling num_cpus v1.17.0
[INFO] [stderr]    Compiling assert_cmd v2.2.2
[INFO] [stderr]    Compiling deadpool-runtime v0.1.4
[INFO] [stderr]    Compiling termtree v0.5.1
[INFO] [stderr]    Compiling difflib v0.4.0
[INFO] [stderr]    Compiling normalize-line-endings v0.3.0
[INFO] [stderr]    Compiling bstr v1.13.1
[INFO] [stderr]    Compiling assert-json-diff v2.0.2
[INFO] [stderr]    Compiling wait-timeout v0.2.1
[INFO] [stderr]    Compiling fastrand v2.5.0
[INFO] [stderr]    Compiling predicates-tree v1.0.13
[INFO] [stderr]    Compiling deadpool v0.12.3
[INFO] [stderr]    Compiling predicates v3.1.4
[INFO] [stderr]    Compiling darling_macro v0.20.11
[INFO] [stderr]    Compiling darling v0.20.11
[INFO] [stderr]    Compiling derive_builder_core v0.20.2
[INFO] [stderr]    Compiling crossterm v0.29.0
[INFO] [stderr]    Compiling terminal_size v0.4.4
[INFO] [stderr]    Compiling tempfile v3.27.0
[INFO] [stderr]    Compiling clap_builder v4.6.7
[INFO] [stderr]    Compiling hyper v1.11.1
[INFO] [stderr]    Compiling derive_builder_macro v0.20.2
[INFO] [stderr]    Compiling derive_builder v0.20.2
[INFO] [stderr]    Compiling handlebars v6.4.4
[INFO] [stderr]    Compiling ratatui-crossterm v0.1.2
[INFO] [stderr]    Compiling coolor v1.1.0
[INFO] [stderr]    Compiling crokey v1.5.0
[INFO] [stderr]    Compiling inquire v0.9.4
[INFO] [stderr]    Compiling tower v0.5.3
[INFO] [stderr]    Compiling futures-executor v0.3.34
[INFO] [stderr]    Compiling ratatui v0.30.2
[INFO] [stderr]    Compiling termimad v0.35.4
[INFO] [stderr]    Compiling futures v0.3.34
[INFO] [stderr]    Compiling rmcp v3.4.0
[INFO] [stderr]    Compiling hyper-util v0.1.20
[INFO] [stderr]    Compiling tower-http v0.6.11
[INFO] [stderr]    Compiling clap v4.6.7
[INFO] [stderr]    Compiling rigg-core v2.2.0
[INFO] [stderr]    Compiling clap_complete v4.6.11
[INFO] [stderr]    Compiling hyper-rustls v0.27.10
[INFO] [stderr]    Compiling wiremock v0.6.5
[INFO] [stderr]    Compiling reqwest v0.13.5
[INFO] [stderr]    Compiling ailloy v2.2.0
[INFO] [stderr]    Compiling rigg-client v2.2.0
[INFO] [stderr]    Compiling rigg v2.2.0 (/opt/rustwide/workdir)
[INFO] [stderr]     Finished `test` profile [unoptimized + debuginfo] target(s) in 5m 52s
[INFO] running `Command { std: "docker" "inspect" "0480c05f6dab84c32dea3d6c0a3d5021c8d7bc695aeded34c7e7b4b8a92048e8", kill_on_drop: false }`
[INFO] running `Command { std: "docker" "exec" "-e" "SOURCE_DIR=/opt/rustwide/workdir" "-e" "CARGO_HOME=/opt/rustwide/cargo-home" "-e" "RUSTUP_HOME=/opt/rustwide/rustup-home" "-e" "CARGO_TARGET_DIR=/opt/rustwide/target" "-e" "CARGO_INCREMENTAL=0" "-e" "RUST_BACKTRACE=full" "-e" "RUSTFLAGS=--cap-lints=warn" "-e" "RUSTDOCFLAGS=--cap-lints=warn" "-w" "/opt/rustwide/workdir" "--user" "0:0" "0480c05f6dab84c32dea3d6c0a3d5021c8d7bc695aeded34c7e7b4b8a92048e8" "/opt/rustwide/cargo-home/bin/cargo" "+1.100.0-beta.1" "test" "--frozen", kill_on_drop: false }`
[INFO] [stderr]     Finished `test` profile [unoptimized + debuginfo] target(s) in 0.87s
[INFO] [stderr]      Running unittests src/main.rs (/opt/rustwide/target/debug/build/rigg/e0625ed2989e897a/out/rigg-e0625ed2989e897a)
[INFO] [stdout] 
[INFO] [stdout] running 124 tests
[INFO] [stdout] test banner::tests::test_logo_is_not_empty ... ok
[INFO] [stdout] test commands::adopt::tests::wizard_candidates_excludes_platform_managed_guardrail ... ok
[INFO] [stdout] test commands::adopt::tests::unknown_kind_is_error_listing_kinds ... ok
[INFO] [stdout] test commands::adopt::tests::wizard_candidates_marks_target_project_owned_as_managed ... ok
[INFO] [stdout] test commands::ask::tests::coerce_enforces_candidates_and_confirm_env ... ok
[INFO] [stdout] test commands::ask::tests::interactive_asker_uses_presupplied_answers_without_prompting ... ok
[INFO] [stdout] test banner::tests::test_logo_contains_rigg_letters ... ok
[INFO] [stdout] test commands::adopt::tests::parses_all ... ok
[INFO] [stdout] test commands::adopt::tests::expand_deps_skips_platform_managed_guardrail_dependency ... ok
[INFO] [stdout] test commands::adopt::tests::parses_bare_kind ... ok
[INFO] [stdout] test commands::adopt::tests::parses_kind_slash_name ... ok
[INFO] [stdout] test commands::adopt::tests::is_broad_classifies_correctly ... ok
[INFO] [stdout] test commands::adopt::tests::wizard_candidates_filters_owned_and_groups_foundry_first ... ok
[INFO] [stdout] test commands::adopt::tests::equivalent_command_reconstructs_invocation ... ok
[INFO] [stdout] test commands::auth_engine::tests::a_report_deduplicates_identical_fixes ... ok
[INFO] [stdout] test commands::auth_engine::tests::auth_markers_match_on_word_boundaries ... ok
[INFO] [stdout] test commands::auth_engine::tests::auth_shaped_errors_are_recognised_case_insensitively ... ok
[INFO] [stdout] test commands::auth_engine::tests::az_commands_name_the_principal_role_and_scope ... ok
[INFO] [stdout] test commands::auth_engine::tests::fixes_never_include_the_callers_own_roles ... ok
[INFO] [stdout] test commands::az::agent::tests::extracts_output_text_items ... ok
[INFO] [stdout] test commands::bindings::tests::answers_rejects_two_proposals_renamed_to_the_same_name ... ok
[INFO] [stdout] test commands::bindings::tests::answers_skip_and_rename_proposals ... ok
[INFO] [stdout] test commands::ask::tests::load_answers_merges_flags_over_file_and_rejects_bad_flags ... ok
[INFO] [stdout] test commands::ask::tests::scripted_ask_all_reports_bad_answers_before_missing_ones ... ok
[INFO] [stdout] test commands::ask::tests::scripted_asker_answers_from_map_and_collects_the_rest ... ok
[INFO] [stdout] test commands::az::agent::tests::prefers_top_level_output_text ... ok
[INFO] [stdout] test commands::bindings::tests::answers_must_match_the_proposals_one_for_one ... ok
[INFO] [stdout] test commands::bindings::tests::kebab_and_origin_shape_proposal_names ... ok
[INFO] [stdout] test commands::bindings::tests::parse_binding_accepts_urls_and_rejects_unknown_types ... ok
[INFO] [stdout] test commands::bindings::tests::storage_resource_id_is_located_anywhere_and_trimmed ... ok
[INFO] [stdout] test commands::credentials::function_key_header_tests::header_name_matching_is_case_insensitive ... ok
[INFO] [stdout] test commands::credentials::function_key_header_tests::empty_or_null_header_values_are_unusable ... ok
[INFO] [stdout] test commands::credentials::function_key_header_tests::auth_resource_id_or_annotation_suppresses_header_detection ... ok
[INFO] [stdout] test commands::concepts::tests::concepts_md_states_the_core_invariant ... ok
[INFO] [stdout] test commands::credentials::function_key_header_tests::place_function_key_prefers_header_carrier_preserving_name_case ... ok
[INFO] [stdout] test commands::credentials::function_key_header_tests::detects_redacted_functions_key_header ... ok
[INFO] [stdout] test commands::bindings::tests::proposed_value_keeps_the_arm_id_a_file_already_carries ... ok
[INFO] [stdout] test commands::bindings::tests::workspace_yaml_header_matches_init ... ok
[INFO] [stdout] test commands::credentials::function_key_header_tests::real_header_value_is_not_flagged_as_missing ... ok
[INFO] [stdout] test commands::credentials::function_key_header_tests::place_function_key_falls_back_to_code_param ... ok
[INFO] [stdout] test commands::credentials::tests::a_key_vault_answer_becomes_the_annotation_push_understands ... ok
[INFO] [stdout] test commands::credentials::tests::account_name_from_subdomain ... ok
[INFO] [stdout] test commands::credentials::tests::code_param_roundtrip ... ok
[INFO] [stdout] test commands::ci::tests::templates_are_valid_yaml_with_placeholder ... ok
[INFO] [stdout] test commands::credentials::function_key_header_tests::absent_header_is_not_flagged ... ok
[INFO] [stdout] test banner::tests::test_logo_has_six_lines ... ok
[INFO] [stdout] test commands::credentials::tests::detects_key_based_ai_services_with_placeholder ... ok
[INFO] [stdout] test commands::credentials::function_key_header_tests::remove_function_key_header_strips_any_casing ... ok
[INFO] [stdout] test commands::adopt::tests::expand_deps_reports_owned_references ... ok
[INFO] [stdout] test commands::credentials::tests::detects_webapi_skill_with_redacted_code ... ok
[INFO] [stdout] test commands::auth_engine::tests::last_result_error_ignores_successful_runs_and_joins_item_errors ... ok
[INFO] [stdout] test commands::az::agent::tests::none_when_no_text ... ok
[INFO] [stdout] test commands::credentials::tests::easy_auth_audience_prefers_the_allowed_audience_over_the_client_id ... ok
[INFO] [stdout] test commands::credentials::tests::ignores_identity_based_and_real_keys ... ok
[INFO] [stdout] test commands::credentials::tests::rewrite_sets_identity_form ... ok
[INFO] [stdout] test commands::credentials::function_key_header_tests::restore_key_carriers_puts_the_local_placeholders_back ... ok
[INFO] [stdout] test commands::dev::tests::every_spec_backed_provider_is_checked ... ok
[INFO] [stdout] test commands::dev::tests::version_ordering ... ok
[INFO] [stdout] test commands::credentials::tests::missing_credentials_detection ... ok
[INFO] [stdout] test commands::credentials::tests::parses_function_uris ... ok
[INFO] [stdout] test commands::docs_check::tests::non_rigg_lines_are_ignored ... ok
[INFO] [stdout] test commands::docgen::tests::slugs_follow_github_rules ... ok
[INFO] [stdout] test commands::easy_auth::tests::merge_drops_a_stale_client_secret_setting_when_the_client_id_changes ... ok
[INFO] [stdout] test commands::docs_check::tests::env_var_scan_finds_real_names_only ... ok
[INFO] [stdout] test commands::docs_check::tests::heading_slugs_skip_fences_and_number_duplicates ... ok
[INFO] [stdout] test commands::easy_auth::tests::merge_is_idempotent ... ok
[INFO] [stdout] test commands::dev::tests::latest_from_entries_picks_newest_version_folder ... ok
[INFO] [stdout] test commands::dev::tests::status_is_held_when_upstream_equals_the_documented_hold ... ok
[INFO] [stdout] test commands::infra_report::tests::model_host_leak_suggests_the_ai_services_keyword ... ok
[INFO] [stdout] test commands::easy_auth::tests::merge_unions_audiences_and_allowed_applications_never_replaces_them ... ok
[INFO] [stdout] test commands::easy_auth::tests::merge_keeps_other_providers_and_unrelated_fields_verbatim ... ok
[INFO] [stdout] test commands::infra_report::tests::unbound_names_the_validated_environment_and_follows_strictness ... ok
[INFO] [stdout] test commands::easy_auth::tests::merge_sets_every_field_the_spec_requires_on_an_empty_document ... ok
[INFO] [stdout] test commands::easy_auth::tests::uri_host_reads_the_host_only ... ok
[INFO] [stdout] test commands::infra_report::tests::bound_and_shared_report_nothing ... ok
[INFO] [stdout] test commands::easy_auth::tests::merge_admits_every_identity_it_is_given ... ok
[INFO] [stdout] test commands::infra_report::tests::leak_onto_an_implicit_target_suggests_changing_the_target_not_a_binding ... ok
[INFO] [stdout] test commands::docgen::tests::infra_table_has_a_section_per_kind_with_refs ... ok
[INFO] [stdout] test commands::credentials::function_key_header_tests::restore_key_carriers_tolerates_a_recased_header_in_the_echo ... ok
[INFO] [stdout] test commands::docs_check::tests::a_bad_flag_is_reported_with_file_and_line ... ok
[INFO] [stdout] test commands::docs_check::tests::link_targets_are_extracted_without_titles_or_images ... ok
[INFO] [stdout] test commands::docs_check::tests::placeholders_continuations_comments_and_redirects_are_handled ... ok
[INFO] [stdout] test commands::docs_check::tests::only_shell_fences_are_scanned ... ok
[INFO] [stdout] test commands::promote::tests::declined_external_endpoint_is_a_usage_error_naming_env_bind ... ok
[INFO] [stdout] test commands::promote::tests::a_capacity_answer_replaces_the_deployments_own ... ok
[INFO] [stdout] test commands::promote::tests::deployment_answers_are_case_insensitive_and_capacity_must_be_positive ... ok
[INFO] [stdout] test commands::promote::tests::skill_index_and_subscription_are_parsed_from_their_paths ... ok
[INFO] [stdout] test commands::promote::tests::a_capacity_increase_only_demands_the_delta_over_what_is_deployed ... ok
[INFO] [stdout] test commands::promote::tests::missing_env_message_names_the_source_environments_targets ... ok
[INFO] [stdout] test commands::promote::tests::the_usage_name_comes_from_the_sku_the_deployment_asks_for ... ok
[INFO] [stdout] test commands::promote::tests::quota_is_short_when_the_free_headroom_is_below_the_capacity ... ok
[INFO] [stdout] test commands::promote::tests::skip_answers_are_remembered_instead_of_written ... ok
[INFO] [stdout] test commands::verify::tests::scope_resource_reads_the_last_arm_segment ... ok
[INFO] [stdout] test commands::verify::tests::kb_source_errors_are_surfaced_from_the_activity_records ... ok
[INFO] [stdout] test commands::pull::tests::conflict_summary_counts_and_names_fields ... ok
[INFO] [stdout] test commands::remote::tests::an_mcp_tool_gets_a_server_label_from_its_x_rigg_ref ... ok
[INFO] [stdout] test commands::remote::tests::kb_mcp_url_uses_the_documented_form_and_preview_version ... ok
[INFO] [stdout] test commands::tests::protected_env_question_and_confirm_env_answer_line_up ... ok
[INFO] [stdout] test commands::tests::needs_input_maps_to_exit_6 ... ok
[INFO] [stdout] test commands::tests::command_errors_map_to_codes ... ok
[INFO] [stdout] test commands::tests::non_interactive_env_ignores_empty_and_off_values ... ok
[INFO] [stdout] test commands::promote::tests::a_model_the_region_does_not_offer_is_a_question ... ok
[INFO] [stdout] test commands::promote::tests::answers_are_recorded_in_memory_and_batched_per_environment_on_persist ... ok
[INFO] [stdout] test mcp::tools::tests::with_common_answers_none_matches_with_common ... ok
[INFO] [stdout] test commands::tests::exit_codes_are_stable ... ok
[INFO] [stdout] test update::tests::should_check_returns_true_when_no_cache ... ok
[INFO] [stdout] test mcp::tools::tests::promote_args_includes_answer_flags ... ok
[INFO] [stdout] test commands::verify::tests::attribution_only_fires_for_auth_shaped_messages ... ok
[INFO] [stdout] test mcp::tools::tests::with_common_appends_answer_flags_in_sorted_order ... ok
[INFO] [stdout] test update::tests::should_check_returns_false_when_cache_is_fresh ... ok
[INFO] [stdout] test update::tests::version_comparison_newer_available ... ok
[INFO] [stdout] test completion_dynamic::tests::new_kinds_include_specials_and_resources ... ok
[INFO] [stdout] test update::tests::version_comparison_older_or_dev ... ok
[INFO] [stdout] test mcp::tools::tests::promote_args_without_force_previews_with_dry_run ... ok
[INFO] [stdout] test update::tests::version_comparison_same ... ok
[INFO] [stdout] test mcp::tools::tests::isolate_needs_input_passes_through_anything_else ... ok
[INFO] [stdout] test mcp::tools::tests::promote_args_with_force_writes_with_yes ... ok
[INFO] [stdout] test mcp::tools::tests::isolate_needs_input_returns_the_document_alone ... ok
[INFO] [stdout] test update::tests::should_check_returns_true_when_cache_is_stale ... ok
[INFO] [stdout] test update::tests::detect_install_method_returns_something ... ok
[INFO] [stdout] test completion_dynamic::tests::completes_projects_envs_resources_selectors ... ok
[INFO] [stdout] test update::tests::cache_serialization_roundtrip ... ok
[INFO] [stdout] test completion_dynamic::tests::outside_workspace_completes_nothing ... ok
[INFO] [stdout] test commands::docgen::tests::cli_reference_covers_the_visible_tree_and_links_resolve ... ok
[INFO] [stdout] 
[INFO] [stdout] test result: ok. 124 passed; 0 failed; 0 ignored; 0 measured; 0 filtered out; finished in 0.09s
[INFO] [stdout] 
[INFO] [stderr]      Running tests/arm_fake.rs (/opt/rustwide/target/debug/build/rigg/b69f42d5b371dded/out/arm_fake-b69f42d5b371dded)
[INFO] [stdout] 
[INFO] [stdout] running 0 tests
[INFO] [stdout] 
[INFO] [stdout] test result: ok. 0 passed; 0 failed; 0 ignored; 0 measured; 0 filtered out; finished in 0.00s
[INFO] [stdout] 
[INFO] [stderr]      Running tests/arm_fake_tests.rs (/opt/rustwide/target/debug/build/rigg/65fc751524628928/out/arm_fake_tests-65fc751524628928)
[INFO] [stdout] 
[INFO] [stdout] running 7 tests
[INFO] [stdout] test resolve_binding_by_arm_id_fills_location_and_subscription ... ok
[INFO] [stdout] test resolve_binding_url_needs_no_arm_call ... ok
[INFO] [stdout] test resolve_binding_across_all_subscriptions_when_none_given ... ok
[INFO] [stdout] test resolve_binding_not_found_when_one_subscription_denied_and_other_has_no_match ... ok
[INFO] [stdout] test resolve_binding_skips_subscriptions_that_cannot_be_listed ... ok
[INFO] [stdout] test resolve_binding_reports_the_listing_error_when_every_subscription_fails ... ok
[INFO] [stdout] test resolve_binding_by_name_and_by_id ... ok
[INFO] [stdout] 
[INFO] [stdout] test result: ok. 7 passed; 0 failed; 0 ignored; 0 measured; 0 filtered out; finished in 0.31s
[INFO] [stdout] 
[INFO] [stderr]      Running tests/auth_fake.rs (/opt/rustwide/target/debug/build/rigg/2cae477144c91ea0/out/auth_fake-2cae477144c91ea0)
[INFO] [stdout] 
[INFO] [stdout] running 49 tests
[INFO] [stdout] test a_fully_wired_environment_is_green ... ok
[INFO] [stdout] test a_firewalled_storage_account_without_the_bypass_is_a_setting_finding ... ok
[INFO] [stdout] test auth_roles_remove_on_a_protected_env_is_gated ... ok
[INFO] [stdout] test a_missing_project_identity_role_is_reported_against_the_projects_object_id ... ok
[INFO] [stdout] test easy_auth_accepts_the_registrations_own_client_id_as_the_audience ... ok
[INFO] [stdout] test a_user_assigned_identity_on_firewalled_storage_reports_the_constraint ... ok
[INFO] [stdout] test a_missing_role_exits_4_and_prints_the_az_command ... ok
[INFO] [stdout] test a_foundry_project_identity_edge_resolves_and_verifies_end_to_end ... ok
[INFO] [stdout] test auth_doctor_fix_on_a_protected_env_is_gated ... ok
[INFO] [stdout] test confirm_env_satisfies_the_gate_for_auth_doctor_fix ... ok
[INFO] [stdout] test auth_roles_reports_one_assignment_reachable_from_two_scopes_once ... ok
[INFO] [stdout] test easy_auth_rejects_a_binding_that_is_not_a_function_app ... ok
[INFO] [stdout] test easy_auth_reports_an_app_that_does_not_reject_anonymous_callers ... ok
[INFO] [stdout] test fix_never_grants_the_operator_their_own_roles ... ok
[INFO] [stdout] test a_requirement_rigg_may_not_grant_stops_the_retry_loop ... ok
[INFO] [stdout] test a_uami_only_service_is_missing_the_system_identity_its_files_use ... ok
[INFO] [stdout] test auth_roles_reaches_the_foundry_project_scope ... ok
[INFO] [stdout] test easy_auth_on_a_protected_env_is_gated ... ok
[INFO] [stdout] test json_output_carries_edges_checks_operator_and_summary ... ok
[INFO] [stdout] test easy_auth_admits_the_skillsets_user_assigned_identity_when_it_declares_one ... ok
[INFO] [stdout] test fix_without_yes_is_needs_input_non_interactively ... ok
[INFO] [stdout] test easy_auth_asks_before_changing_anything ... ok
[INFO] [stdout] test every_identity_scaffold_passes_validate ... ok
[INFO] [stdout] test new_with_identity_writes_the_user_assigned_identity_object ... ok
[INFO] [stdout] test owner_plus_an_explicit_foundry_user_assignment_is_green ... ok
[INFO] [stdout] test principal_checks_operator_rights_for_someone_else ... ok
[INFO] [stdout] test a_named_uami_that_is_not_attached_is_missing_and_fixable ... ok
[INFO] [stdout] test owner_covers_the_operators_control_plane_roles_but_not_foundry_user ... ok
[INFO] [stdout] test fix_yes_creates_the_assignment_with_the_rigg_description ... ok
[INFO] [stdout] test auth_roles_lists_and_removes_only_riggs_own_assignments ... ok
[INFO] [stdout] test easy_auth_reuses_the_registration_named_by_client_id ... ok
[INFO] [stdout] test easy_auth_registers_the_app_merges_settings_and_makes_the_skillset_keyless ... ok
[INFO] [stdout] test push_refuses_before_writing_when_the_operator_cannot_do_the_push ... ok
[INFO] [stdout] test validate_checks_the_key_vault_binding_behind_the_annotation ... ok
[INFO] [stdout] test live_attributes_an_auth_shaped_indexer_failure_to_its_storage_edge ... ok
[INFO] [stdout] test no_search_identity_is_offered_as_a_fix_and_leaves_its_edges_unresolved ... ok
[INFO] [stdout] test push_dry_run_reports_auth_problems_without_refusing_or_granting ... ok
[INFO] [stdout] test push_grants_the_missing_role_waits_for_it_then_pushes ... ok
[INFO] [stdout] test plan_narrows_the_graph_to_what_a_push_would_send ... ok
[INFO] [stdout] test skip_auth_preflight_pushes_anyway ... ok
[INFO] [stdout] test verify_attributes_an_auth_shaped_indexer_failure_and_exits_1 ... ok
[INFO] [stdout] test easy_auth_assigns_the_app_role_when_the_enterprise_app_is_gated ... ok
[INFO] [stdout] test push_preflight_accepts_an_owner_with_the_data_roles ... ok
[INFO] [stdout] test push_to_a_protected_env_grants_nothing_before_the_gate ... ok
[INFO] [stdout] test push_injects_the_key_vault_secret_into_the_body_only ... ok
[INFO] [stdout] test standard3_high_density_cannot_host_knowledge_bases ... ok
[INFO] [stdout] test push_preflight_still_refuses_an_owner_without_the_data_role ... ok
[INFO] [stdout] test verify_runs_every_indexer_knowledge_base_and_agent ... ok
[INFO] [stdout] test status_auth_adds_one_identity_line_per_environment ... ok
[INFO] [stdout] 
[INFO] [stdout] test result: ok. 49 passed; 0 failed; 0 ignored; 0 measured; 0 filtered out; finished in 3.97s
[INFO] [stdout] 
[INFO] [stderr]      Running tests/cli_surface.rs (/opt/rustwide/target/debug/build/rigg/22f5a7467c200cef/out/cli_surface-22f5a7467c200cef)
[INFO] [stdout] 
[INFO] [stdout] running 99 tests
[INFO] [stdout] test adopt_help_documents_readoption ... ok
[INFO] [stdout] test adopt_rejects_unknown_kind ... ok
[INFO] [stdout] test adopt_requires_a_selector ... ok
[INFO] [stdout] test crate_concepts_doc_matches_repo_root_copy ... ok
[INFO] [stdout] test answer_flags_are_global ... ok
[INFO] [stdout] test ci_init_role_list_names_the_bound_storage_role_with_its_scope ... ok
[INFO] [stdout] test datasource_scaffolds_include_deletion_tracking_and_validate_warns_when_missing ... ok
[INFO] [stdout] test describe_empty_workspace_hints_next_steps ... ok
[INFO] [stdout] test delete_requires_remote_flag ... ok
[INFO] [stdout] test adopt_without_project_non_interactive_is_usage_error ... ok
[INFO] [stdout] test adopt_help_lists_selectors ... ok
[INFO] [stdout] test concepts_no_color_emits_no_ansi ... ok
[INFO] [stdout] test dynamic_completion_emits_registration_script ... ok
[INFO] [stdout] test az_surface_parses ... ok
[INFO] [stdout] test describe_empty_workspace_json_stays_empty_array ... ok
[INFO] [stdout] test concepts_includes_environments_chapter ... ok
[INFO] [stdout] test describe_lists_dependencies_and_apis ... ok
[INFO] [stdout] test copy_within_project ... ok
[INFO] [stdout] test ci_init_uses_the_selected_environment ... ok
[INFO] [stdout] test env_bind_learn_skips_a_proposal_answered_with_skip ... ok
[INFO] [stdout] test concepts_json_returns_markdown_source ... ok
[INFO] [stdout] test env_bind_learn_proposes_from_files_and_writes_with_yes ... ok
[INFO] [stdout] test help_shows_project_scoped_surface ... ok
[INFO] [stdout] test env_bind_preserves_the_environments_other_fields ... ok
[INFO] [stdout] test env_add_like_with_no_bindings_and_no_targets_is_a_usage_error ... ok
[INFO] [stdout] test env_bind_and_unbind_edit_rigg_yaml ... ok
[INFO] [stdout] test env_bind_on_an_already_bound_name_replaces_it ... ok
[INFO] [stdout] test init_records_tenant_and_subscription_flags ... ok
[INFO] [stdout] test describe_lists_infrastructure ... ok
[INFO] [stdout] test init_next_steps_reference_live_commands ... ok
[INFO] [stdout] test learned_bindings_name_files_relative_to_the_workspace ... ok
[INFO] [stdout] test env_add_without_flags_non_interactive_is_usage_error ... ok
[INFO] [stdout] test init_output_explains_the_environment ... ok
[INFO] [stdout] test concepts_explains_the_model ... ok
[INFO] [stdout] test env_add_with_like_flags_copies_and_overrides_bindings ... ok
[INFO] [stdout] test help_points_at_concepts ... ok
[INFO] [stdout] test env_add_like_skip_drops_a_binding_and_unknown_same_is_a_usage_error ... ok
[INFO] [stdout] test new_datasource_type_validation ... ok
[INFO] [stdout] test new_api_scaffolds_openapi_spec ... ok
[INFO] [stdout] test concepts_includes_naming_guidance ... ok
[INFO] [stdout] test promote_help_documents_translation_and_offline ... ok
[INFO] [stdout] test promote_into_unknown_env_non_interactive_points_at_env_add ... ok
[INFO] [stdout] test new_project_signposts_adopt_path ... ok
[INFO] [stdout] test outside_workspace_errors_cleanly ... ok
[INFO] [stdout] test promote_dry_run_does_not_record_answered_bindings ... ok
[INFO] [stdout] test new_project_and_resource_land_in_right_paths ... ok
[INFO] [stdout] test promote_json_output_has_documented_keys ... ok
[INFO] [stdout] test promote_keeps_target_identity_applies_other_changes_and_creates_missing_files ... ok
[INFO] [stdout] test promote_needs_input_exit_does_not_record_answered_bindings ... ok
[INFO] [stdout] test promote_defaults_to_the_only_project ... ok
[INFO] [stdout] test init_with_folder_keeps_workspace_in_cwd_and_stores_files_there ... ok
[INFO] [stdout] test promote_leaves_only_in_to_resources_byte_identical ... ok
[INFO] [stdout] test migrate_requires_subcommand_and_rejects_conflicting_modes ... ok
[INFO] [stdout] test init_writes_workspace_files ... ok
[INFO] [stdout] test promote_non_interactive_without_yes_is_usage_error ... ok
[INFO] [stdout] test promote_pinned_array_path_preserves_target_only_tools_end_to_end ... ok
[INFO] [stdout] test new_resource_existence_is_by_physical_name_and_never_clobbers_a_stem ... ok
[INFO] [stdout] test promote_multi_project_without_name_is_usage_error ... ok
[INFO] [stdout] test output_json_alone_selects_script_mode ... ok
[INFO] [stdout] test promote_renames_sibling_references_in_the_target ... ok
[INFO] [stdout] test promote_translates_the_function_url_and_keeps_the_targets_auth_carrier ... ok
[INFO] [stdout] test env_commands_roundtrip ... ok
[INFO] [stdout] test promote_new_skillset_translates_the_function_url_and_reports_the_auth_carrier ... ok
[INFO] [stdout] test new_pipeline_scaffolds_explicit_chain ... ok
[INFO] [stdout] test promote_unbound_source_reference_asks_to_bind_it ... ok
[INFO] [stdout] test promote_x_rigg_pin_annotation_keeps_extra_path_and_itself ... ok
[INFO] [stdout] test promote_rejects_unknown_source_env ... ok
[INFO] [stdout] test promote_rejects_same_env ... ok
[INFO] [stdout] test promote_dry_run_shows_rewiring_and_writes_nothing ... ok
[INFO] [stdout] test promote_missing_target_binding_emits_needs_input_non_interactively ... ok
[INFO] [stdout] test unknown_answer_id_is_a_usage_error ... ok
[INFO] [stdout] test rigg_non_interactive_env_var_selects_script_mode ... ok
[INFO] [stdout] test reserved_binding_name_is_a_workspace_file_error_not_a_missing_workspace ... ok
[INFO] [stdout] test promote_summarizes_references_kept_from_the_source ... ok
[INFO] [stdout] test unreadable_rigg_yaml_is_not_reported_as_a_missing_workspace ... ok
[INFO] [stdout] test status_empty_workspace_hints_next_steps ... ok
[INFO] [stdout] test removed_search_connection_pin_errors_clearly ... ok
[INFO] [stdout] test pull_adopt_flag_is_gone ... ok
[INFO] [stdout] test unknown_command_exits_2 ... ok
[INFO] [stdout] test validate_accepts_redacted_functions_key_header ... ok
[INFO] [stdout] test promote_nothing_to_do_when_envs_already_match ... ok
[INFO] [stdout] test removed_flags_are_gone ... ok
[INFO] [stdout] test promote_rewires_a_data_source_that_already_exists_in_the_target ... ok
[INFO] [stdout] test validate_warns_on_datasource_without_credentials ... ok
[INFO] [stdout] test promote_writes_translated_files_with_yes ... ok
[INFO] [stdout] test validate_leak_hint_uses_a_real_binding_type_keyword ... ok
[INFO] [stdout] test validate_flags_a_prod_file_pointing_at_dev_storage_as_a_leak ... ok
[INFO] [stdout] test validate_duplicate_ownership_exits_3 ... ok
[INFO] [stdout] test validate_empty_workspace_passes ... ok
[INFO] [stdout] test validate_rejects_secrets_exit_3 ... ok
[INFO] [stdout] test validate_checks_webapi_skill_contract ... ok
[INFO] [stdout] test validate_show_bindings_lists_bound_and_shared ... ok
[INFO] [stdout] test validate_placeholder_reference_fails ... ok
[INFO] [stdout] test verify_surface_and_unknown_project ... ok
[INFO] [stdout] test validate_strict_accepts_builtin_guardrail_references ... ok
[INFO] [stdout] test validate_rejects_real_functions_key_header_exit_3 ... ok
[INFO] [stdout] test validate_leak_onto_another_environments_foundry_account_suggests_the_target ... ok
[INFO] [stdout] test validate_warns_on_unbound_in_dev_but_errors_in_protected_prod ... ok
[INFO] [stdout] test ai_skill_output_passes_docs_check ... ok
[INFO] [stdout] 
[INFO] [stdout] test result: ok. 99 passed; 0 failed; 0 ignored; 0 measured; 0 filtered out; finished in 1.07s
[INFO] [stdout] 
[INFO] [stderr]      Running tests/client_fakes.rs (/opt/rustwide/target/debug/build/rigg/fefd7849f56752d8/out/client_fakes-fefd7849f56752d8)
[INFO] [stdout] 
[INFO] [stdout] running 37 tests
[INFO] [stdout] test create_role_assignment_described_sends_type_and_description ... ok
[INFO] [stdout] test a_refused_token_request_reports_aadsts_without_the_secret ... ok
[INFO] [stdout] test create_role_assignment_keeps_service_principal_default ... ok
[INFO] [stdout] test caller_object_id_decodes_a_service_principal_token ... ok
[INFO] [stdout] test add_storage_bypass_is_idempotent_when_already_present ... ok
[INFO] [stdout] test can_write_role_assignments_false_when_not_actions_exclude_it ... ok
[INFO] [stdout] test attach_user_assigned_identity_merges_with_the_identities_already_there ... ok
[INFO] [stdout] test add_storage_bypass_azure_services_preserves_the_rest_of_network_acls ... ok
[INFO] [stdout] test can_write_role_assignments_true_for_owner_shaped_permissions ... ok
[INFO] [stdout] test add_storage_resource_instance_rule_appends_the_rule ... ok
[INFO] [stdout] test get_storage_account_reads_network_and_key_settings ... ok
[INFO] [stdout] test caller_object_id_decodes_a_user_token ... ok
[INFO] [stdout] test attach_user_assigned_identity_does_not_switch_on_a_system_identity ... ok
[INFO] [stdout] test a_federated_assertion_is_exchanged_for_a_token ... ok
[INFO] [stdout] test a_service_principal_secret_is_exchanged_for_a_token ... ok
[INFO] [stdout] test create_user_assigned_identity_puts_the_location_and_returns_principal ... ok
[INFO] [stdout] test caller_object_id_errors_on_a_non_jwt_token ... ok
[INFO] [stdout] test graph_errors_carry_the_graph_message ... ok
[INFO] [stdout] test get_blob_service_properties_reads_soft_delete_and_versioning ... ok
[INFO] [stdout] test get_search_service_reports_api_key_only_as_rbac_disabled ... ok
[INFO] [stdout] test get_search_service_reads_sku_identity_and_auth_options ... ok
[INFO] [stdout] test ensure_service_principal_reuses_an_existing_one ... ok
[INFO] [stdout] test get_cognitive_account_by_id_reads_kind_and_endpoint ... ok
[INFO] [stdout] test key_vault_get_secret_returns_the_value ... ok
[INFO] [stdout] test graph_easy_auth_flow_creates_app_role_and_service_principal ... ok
[INFO] [stdout] test key_vault_missing_secret_is_an_error_not_an_empty_value ... ok
[INFO] [stdout] test role_assignments_follow_the_next_link_across_pages ... ok
[INFO] [stdout] test role_assignments_for_keeps_inherited_assignments_and_parses_properties ... ok
[INFO] [stdout] test set_blob_soft_delete_puts_the_retention_policy ... ok
[INFO] [stdout] test list_shared_private_links_returns_the_resources ... ok
[INFO] [stdout] test delete_role_assignment_issues_a_delete_on_the_assignment_id ... ok
[INFO] [stdout] test set_identifier_uri_and_role_keeps_the_identifier_uris_the_app_already_has ... ok
[INFO] [stdout] test set_search_auth_options_patches_aad_or_api_key ... ok
[INFO] [stdout] test set_identifier_uri_and_role_reuses_an_existing_caller_role_id ... ok
[INFO] [stdout] test set_identifier_uri_and_role_keeps_the_roles_the_app_already_has ... ok
[INFO] [stdout] test set_identifier_uri_and_role_adds_its_uri_to_the_ones_already_there ... ok
[INFO] [stdout] test list_rigg_role_assignments_filters_by_description_prefix_and_scope ... ok
[INFO] [stdout] 
[INFO] [stdout] test result: ok. 37 passed; 0 failed; 0 ignored; 0 measured; 0 filtered out; finished in 1.67s
[INFO] [stdout] 
[INFO] [stderr]      Running tests/docs_guards.rs (/opt/rustwide/target/debug/build/rigg/6984c5003a7cbf99/out/docs_guards-6984c5003a7cbf99)
[INFO] [stdout] 
[INFO] [stdout] running 5 tests
[INFO] [stdout] test cli_reference_is_current ... FAILED
[INFO] [stdout] test infra_table_is_current ... FAILED
[INFO] [stdout] test docs_commands_parse ... FAILED
[INFO] [stdout] test mcp_tool_table_is_current ... FAILED
[INFO] [stdout] test relative_links_resolve ... FAILED
[INFO] [stdout] 
[INFO] [stdout] failures:
[INFO] [stdout] 
[INFO] [stdout] ---- cli_reference_is_current stdout ----
[INFO] [stdout] 
[INFO] [stdout] thread 'cli_reference_is_current' (11056) panicked at tests/docs_guards.rs:96:29:
[INFO] [stdout] /opt/docs/reference/cli.md is readable: No such file or directory (os error 2)
[INFO] [stdout] stack backtrace:
[INFO] [stdout]    0:     0x5a2dc2444e71 - std[617be2ca0a6fd877]::backtrace_rs::backtrace::libunwind::trace
[INFO] [stdout]                                at /rustc/e3feeb59cd1bdd011a2bfcc0747b55125d9b8527/library/std/src/../../backtrace/src/backtrace/libunwind.rs:117:9
[INFO] [stdout]    1:     0x5a2dc2444e71 - std[617be2ca0a6fd877]::backtrace_rs::backtrace::trace_unsynchronized::<std[617be2ca0a6fd877]::sys::backtrace::_print_fmt::{closure#1}>
[INFO] [stdout]                                at /rustc/e3feeb59cd1bdd011a2bfcc0747b55125d9b8527/library/std/src/../../backtrace/src/backtrace/mod.rs:66:14
[INFO] [stdout]    2:     0x5a2dc2444e71 - std[617be2ca0a6fd877]::sys::backtrace::_print_fmt
[INFO] [stdout]                                at /rustc/e3feeb59cd1bdd011a2bfcc0747b55125d9b8527/library/std/src/sys/backtrace.rs:74:9
[INFO] [stdout]    3:     0x5a2dc2444e71 - <<std[617be2ca0a6fd877]::sys::backtrace::BacktraceLock>::print::DisplayBacktrace as core[a373ad73a504971]::fmt::Display>::fmt
[INFO] [stdout]                                at /rustc/e3feeb59cd1bdd011a2bfcc0747b55125d9b8527/library/std/src/sys/backtrace.rs:44:26
[INFO] [stdout]    4:     0x5a2dc245b84a - <core[a373ad73a504971]::fmt::rt::Argument>::fmt
[INFO] [stdout]                                at /rustc/e3feeb59cd1bdd011a2bfcc0747b55125d9b8527/library/core/src/fmt/rt.rs:152:76
[INFO] [stdout]    5:     0x5a2dc245b84a - core[a373ad73a504971]::fmt::write
[INFO] [stdout]    6:     0x5a2dc244a50c - core[a373ad73a504971]::io::write::default_write_fmt::<alloc[2e1b2a31b91974c5]::vec::Vec<u8>>
[INFO] [stdout]                                at /rustc/e3feeb59cd1bdd011a2bfcc0747b55125d9b8527/library/core/src/io/write.rs:402:11
[INFO] [stdout]    7:     0x5a2dc244a50c - <alloc[2e1b2a31b91974c5]::vec::Vec<u8> as core[a373ad73a504971]::io::write::Write>::write_fmt
[INFO] [stdout]                                at /rustc/e3feeb59cd1bdd011a2bfcc0747b55125d9b8527/library/core/src/io/write.rs:335:13
[INFO] [stdout]    8:     0x5a2dc241ff06 - <std[617be2ca0a6fd877]::sys::backtrace::BacktraceLock>::print
[INFO] [stdout]                                at /rustc/e3feeb59cd1bdd011a2bfcc0747b55125d9b8527/library/std/src/sys/backtrace.rs:47:9
[INFO] [stdout]    9:     0x5a2dc241ff06 - std[617be2ca0a6fd877]::panicking::default_hook::{closure#0}
[INFO] [stdout]                                at /rustc/e3feeb59cd1bdd011a2bfcc0747b55125d9b8527/library/std/src/panicking.rs:289:27
[INFO] [stdout]   10:     0x5a2dc243d089 - std[617be2ca0a6fd877]::panicking::default_hook
[INFO] [stdout]                                at /rustc/e3feeb59cd1bdd011a2bfcc0747b55125d9b8527/library/std/src/panicking.rs:313:9
[INFO] [stdout]   11:     0x5a2dc239efb0 - <alloc[2e1b2a31b91974c5]::boxed::Box<dyn for<'a, 'b> core[a373ad73a504971]::ops::function::Fn<(&'a std[617be2ca0a6fd877]::panic::PanicHookInfo<'b>,), Output = ()> + core[a373ad73a504971]::marker::Sync + core[a373ad73a504971]::marker::Send> as core[a373ad73a504971]::ops::function::Fn<(&std[617be2ca0a6fd877]::panic::PanicHookInfo,)>>::call
[INFO] [stdout]                                at /rustc/e3feeb59cd1bdd011a2bfcc0747b55125d9b8527/library/alloc/src/boxed.rs:2328:9
[INFO] [stdout]   12:     0x5a2dc239efb0 - test[aada8e7e76ba119b]::test_main_inner::{closure#0}
[INFO] [stdout]                                at /rustc/e3feeb59cd1bdd011a2bfcc0747b55125d9b8527/library/test/src/lib.rs:137:21
[INFO] [stdout]   13:     0x5a2dc243d242 - <alloc[2e1b2a31b91974c5]::boxed::Box<dyn for<'a, 'b> core[a373ad73a504971]::ops::function::Fn<(&'a std[617be2ca0a6fd877]::panic::PanicHookInfo<'b>,), Output = ()> + core[a373ad73a504971]::marker::Sync + core[a373ad73a504971]::marker::Send> as core[a373ad73a504971]::ops::function::Fn<(&std[617be2ca0a6fd877]::panic::PanicHookInfo,)>>::call
[INFO] [stdout]                                at /rustc/e3feeb59cd1bdd011a2bfcc0747b55125d9b8527/library/alloc/src/boxed.rs:2328:9
[INFO] [stdout]   14:     0x5a2dc243d242 - std[617be2ca0a6fd877]::panicking::panic_with_hook
[INFO] [stdout]                                at /rustc/e3feeb59cd1bdd011a2bfcc0747b55125d9b8527/library/std/src/panicking.rs:819:13
[INFO] [stdout]   15:     0x5a2dc241ffb2 - std[617be2ca0a6fd877]::panicking::panic_handler::{closure#0}
[INFO] [stdout]                                at /rustc/e3feeb59cd1bdd011a2bfcc0747b55125d9b8527/library/std/src/panicking.rs:685:13
[INFO] [stdout]   16:     0x5a2dc2418b39 - std[617be2ca0a6fd877]::sys::backtrace::__rust_end_short_backtrace::<std[617be2ca0a6fd877]::panicking::panic_handler::{closure#0}, !>
[INFO] [stdout]                                at /rustc/e3feeb59cd1bdd011a2bfcc0747b55125d9b8527/library/std/src/sys/backtrace.rs:182:18
[INFO] [stdout]   17:     0x5a2dc2420bbd - __rustc[ea4f61d10b84890b]::rust_begin_unwind
[INFO] [stdout]                                at /rustc/e3feeb59cd1bdd011a2bfcc0747b55125d9b8527/library/std/src/panicking.rs:676:5
[INFO] [stdout]   18:     0x5a2dc245c0bc - core[a373ad73a504971]::panicking::panic_fmt
[INFO] [stdout]                                at /rustc/e3feeb59cd1bdd011a2bfcc0747b55125d9b8527/library/core/src/panicking.rs:80:14
[INFO] [stdout]   19:     0x5a2dc238d10c - docs_guards[67327a855f633a76]::cli_reference_is_current::{closure#0}
[INFO] [stdout]                                at /opt/rustwide/workdir/tests/docs_guards.rs:96:29
[INFO] [stdout]   20:     0x5a2dc2389ec1 - <core[a373ad73a504971]::result::Result<alloc[2e1b2a31b91974c5]::string::String, core[a373ad73a504971]::io::error::Error>>::unwrap_or_else::<docs_guards[67327a855f633a76]::cli_reference_is_current::{closure#0}>
[INFO] [stdout]                                at /rustc/e3feeb59cd1bdd011a2bfcc0747b55125d9b8527/library/core/src/result.rs:1619:23
[INFO] [stdout]   21:     0x5a2dc238eb68 - docs_guards[67327a855f633a76]::cli_reference_is_current
[INFO] [stdout]                                at /opt/rustwide/workdir/tests/docs_guards.rs:96:10
[INFO] [stdout]   22:     0x5a2dc238cfa7 - docs_guards[67327a855f633a76]::cli_reference_is_current::{closure#0}
[INFO] [stdout]                                at /opt/rustwide/workdir/tests/docs_guards.rs:93:30
[INFO] [stdout]   23:     0x5a2dc23922a6 - <docs_guards[67327a855f633a76]::cli_reference_is_current::{closure#0} as core[a373ad73a504971]::ops::function::FnOnce<()>>::call_once
[INFO] [stdout]                                at /rustc/e3feeb59cd1bdd011a2bfcc0747b55125d9b8527/library/core/src/ops/function.rs:250:5
[INFO] [stdout]   24:     0x5a2dc23923fb - <fn() -> core[a373ad73a504971]::result::Result<(), alloc[2e1b2a31b91974c5]::string::String> as core[a373ad73a504971]::ops::function::FnOnce<()>>::call_once
[INFO] [stdout]                                at /rustc/e3feeb59cd1bdd011a2bfcc0747b55125d9b8527/library/core/src/ops/function.rs:250:5
[INFO] [stdout]   25:     0x5a2dc23923fb - test[aada8e7e76ba119b]::__rust_begin_short_backtrace::<core[a373ad73a504971]::result::Result<(), alloc[2e1b2a31b91974c5]::string::String>, fn() -> core[a373ad73a504971]::result::Result<(), alloc[2e1b2a31b91974c5]::string::String>>
[INFO] [stdout]                                at /rustc/e3feeb59cd1bdd011a2bfcc0747b55125d9b8527/library/test/src/lib.rs:701:18
[INFO] [stdout]   26:     0x5a2dc239f5d5 - test[aada8e7e76ba119b]::run_test_in_process::{closure#0}
[INFO] [stdout]                                at /rustc/e3feeb59cd1bdd011a2bfcc0747b55125d9b8527/library/test/src/lib.rs:724:74
[INFO] [stdout]   27:     0x5a2dc239f5d5 - <core[a373ad73a504971]::panic::unwind_safe::AssertUnwindSafe<test[aada8e7e76ba119b]::run_test_in_process::{closure#0}> as core[a373ad73a504971]::ops::function::FnOnce<()>>::call_once
[INFO] [stdout]                                at /rustc/e3feeb59cd1bdd011a2bfcc0747b55125d9b8527/library/core/src/panic/unwind_safe.rs:275:9
[INFO] [stdout]   28:     0x5a2dc239f5d5 - std[617be2ca0a6fd877]::panicking::catch_unwind::do_call::<core[a373ad73a504971]::panic::unwind_safe::AssertUnwindSafe<test[aada8e7e76ba119b]::run_test_in_process::{closure#0}>, core[a373ad73a504971]::result::Result<(), alloc[2e1b2a31b91974c5]::string::String>>
[INFO] [stdout]                                at /rustc/e3feeb59cd1bdd011a2bfcc0747b55125d9b8527/library/std/src/panicking.rs:573:43
[INFO] [stdout]   29:     0x5a2dc239f5d5 - std[617be2ca0a6fd877]::panicking::catch_unwind::<core[a373ad73a504971]::result::Result<(), alloc[2e1b2a31b91974c5]::string::String>, core[a373ad73a504971]::panic::unwind_safe::AssertUnwindSafe<test[aada8e7e76ba119b]::run_test_in_process::{closure#0}>>
[INFO] [stdout]                                at /rustc/e3feeb59cd1bdd011a2bfcc0747b55125d9b8527/library/std/src/panicking.rs:541:19
[INFO] [stdout]   30:     0x5a2dc239f5d5 - std[617be2ca0a6fd877]::panic::catch_unwind::<core[a373ad73a504971]::panic::unwind_safe::AssertUnwindSafe<test[aada8e7e76ba119b]::run_test_in_process::{closure#0}>, core[a373ad73a504971]::result::Result<(), alloc[2e1b2a31b91974c5]::string::String>>
[INFO] [stdout]                                at /rustc/e3feeb59cd1bdd011a2bfcc0747b55125d9b8527/library/std/src/panic.rs:359:14
[INFO] [stdout]   31:     0x5a2dc239f5d5 - test[aada8e7e76ba119b]::run_test_in_process
[INFO] [stdout]                                at /rustc/e3feeb59cd1bdd011a2bfcc0747b55125d9b8527/library/test/src/lib.rs:724:27
[INFO] [stdout]   32:     0x5a2dc239f5d5 - test[aada8e7e76ba119b]::run_test::{closure#0}
[INFO] [stdout]                                at /rustc/e3feeb59cd1bdd011a2bfcc0747b55125d9b8527/library/test/src/lib.rs:645:43
[INFO] [stdout]   33:     0x5a2dc2398ec4 - test[aada8e7e76ba119b]::run_test::{closure#1}
[INFO] [stdout]                                at /rustc/e3feeb59cd1bdd011a2bfcc0747b55125d9b8527/library/test/src/lib.rs:675:41
[INFO] [stdout]   34:     0x5a2dc2398ec4 - std[617be2ca0a6fd877]::sys::backtrace::__rust_begin_short_backtrace::<test[aada8e7e76ba119b]::run_test::{closure#1}, ()>
[INFO] [stdout]                                at /rustc/e3feeb59cd1bdd011a2bfcc0747b55125d9b8527/library/std/src/sys/backtrace.rs:166:18
[INFO] [stdout]   35:     0x5a2dc23a2662 - std[617be2ca0a6fd877]::thread::lifecycle::spawn_unchecked::<test[aada8e7e76ba119b]::run_test::{closure#1}, ()>::{closure#1}::{closure#0}
[INFO] [stdout]                                at /rustc/e3feeb59cd1bdd011a2bfcc0747b55125d9b8527/library/std/src/thread/lifecycle.rs:70:13
[INFO] [stdout]   36:     0x5a2dc23a2662 - <core[a373ad73a504971]::panic::unwind_safe::AssertUnwindSafe<std[617be2ca0a6fd877]::thread::lifecycle::spawn_unchecked<test[aada8e7e76ba119b]::run_test::{closure#1}, ()>::{closure#1}::{closure#0}> as core[a373ad73a504971]::ops::function::FnOnce<()>>::call_once
[INFO] [stdout]                                at /rustc/e3feeb59cd1bdd011a2bfcc0747b55125d9b8527/library/core/src/panic/unwind_safe.rs:275:9
[INFO] [stdout]   37:     0x5a2dc23a2662 - std[617be2ca0a6fd877]::panicking::catch_unwind::do_call::<core[a373ad73a504971]::panic::unwind_safe::AssertUnwindSafe<std[617be2ca0a6fd877]::thread::lifecycle::spawn_unchecked<test[aada8e7e76ba119b]::run_test::{closure#1}, ()>::{closure#1}::{closure#0}>, ()>
[INFO] [stdout]                                at /rustc/e3feeb59cd1bdd011a2bfcc0747b55125d9b8527/library/std/src/panicking.rs:573:43
[INFO] [stdout]   38:     0x5a2dc23a2662 - std[617be2ca0a6fd877]::panicking::catch_unwind::<(), core[a373ad73a504971]::panic::unwind_safe::AssertUnwindSafe<std[617be2ca0a6fd877]::thread::lifecycle::spawn_unchecked<test[aada8e7e76ba119b]::run_test::{closure#1}, ()>::{closure#1}::{closure#0}>>
[INFO] [stdout]                                at /rustc/e3feeb59cd1bdd011a2bfcc0747b55125d9b8527/library/std/src/panicking.rs:541:19
[INFO] [stdout]   39:     0x5a2dc23a2662 - std[617be2ca0a6fd877]::panic::catch_unwind::<core[a373ad73a504971]::panic::unwind_safe::AssertUnwindSafe<std[617be2ca0a6fd877]::thread::lifecycle::spawn_unchecked<test[aada8e7e76ba119b]::run_test::{closure#1}, ()>::{closure#1}::{closure#0}>, ()>
[INFO] [stdout]                                at /rustc/e3feeb59cd1bdd011a2bfcc0747b55125d9b8527/library/std/src/panic.rs:359:14
[INFO] [stdout]   40:     0x5a2dc23a2662 - std[617be2ca0a6fd877]::thread::lifecycle::spawn_unchecked::<test[aada8e7e76ba119b]::run_test::{closure#1}, ()>::{closure#1}
[INFO] [stdout]                                at /rustc/e3feeb59cd1bdd011a2bfcc0747b55125d9b8527/library/std/src/thread/lifecycle.rs:68:26
[INFO] [stdout]   41:     0x5a2dc23a2662 - <std[617be2ca0a6fd877]::thread::lifecycle::spawn_unchecked<test[aada8e7e76ba119b]::run_test::{closure#1}, ()>::{closure#1} as core[a373ad73a504971]::ops::function::FnOnce<()>>::call_once::{shim:vtable#0}
[INFO] [stdout]                                at /rustc/e3feeb59cd1bdd011a2bfcc0747b55125d9b8527/library/core/src/ops/function.rs:250:5
[INFO] [stdout]   42:     0x5a2dc24442ef - <alloc[2e1b2a31b91974c5]::boxed::Box<dyn core[a373ad73a504971]::ops::function::FnOnce<(), Output = ()> + core[a373ad73a504971]::marker::Send> as core[a373ad73a504971]::ops::function::FnOnce<()>>::call_once
[INFO] [stdout]                                at /rustc/e3feeb59cd1bdd011a2bfcc0747b55125d9b8527/library/alloc/src/boxed.rs:2314:9
[INFO] [stdout]   43:     0x5a2dc24442ef - <std[617be2ca0a6fd877]::sys::thread::unix::Thread>::new::thread_start
[INFO] [stdout]                                at /rustc/e3feeb59cd1bdd011a2bfcc0747b55125d9b8527/library/std/src/sys/thread/unix.rs:127:17
[INFO] [stdout]   44:     0x72374ca1adfa - <unknown>
[INFO] [stdout]   45:     0x72374caae3d4 - clone
[INFO] [stdout]   46:                0x0 - <unknown>
[INFO] [stdout] 
[INFO] [stdout] ---- infra_table_is_current stdout ----
[INFO] [stdout] 
[INFO] [stdout] thread 'infra_table_is_current' (11058) panicked at tests/docs_guards.rs:51:29:
[INFO] [stdout] /opt/docs/reference/resource-files.md is readable: No such file or directory (os error 2)
[INFO] [stdout] stack backtrace:
[INFO] [stdout]    0:     0x5a2dc2444e71 - std[617be2ca0a6fd877]::backtrace_rs::backtrace::libunwind::trace
[INFO] [stdout]                                at /rustc/e3feeb59cd1bdd011a2bfcc0747b55125d9b8527/library/std/src/../../backtrace/src/backtrace/libunwind.rs:117:9
[INFO] [stdout]    1:     0x5a2dc2444e71 - std[617be2ca0a6fd877]::backtrace_rs::backtrace::trace_unsynchronized::<std[617be2ca0a6fd877]::sys::backtrace::_print_fmt::{closure#1}>
[INFO] [stdout]                                at /rustc/e3feeb59cd1bdd011a2bfcc0747b55125d9b8527/library/std/src/../../backtrace/src/backtrace/mod.rs:66:14
[INFO] [stdout]    2:     0x5a2dc2444e71 - std[617be2ca0a6fd877]::sys::backtrace::_print_fmt
[INFO] [stdout]                                at /rustc/e3feeb59cd1bdd011a2bfcc0747b55125d9b8527/library/std/src/sys/backtrace.rs:74:9
[INFO] [stdout]    3:     0x5a2dc2444e71 - <<std[617be2ca0a6fd877]::sys::backtrace::BacktraceLock>::print::DisplayBacktrace as core[a373ad73a504971]::fmt::Display>::fmt
[INFO] [stdout]                                at /rustc/e3feeb59cd1bdd011a2bfcc0747b55125d9b8527/library/std/src/sys/backtrace.rs:44:26
[INFO] [stdout]    4:     0x5a2dc245b84a - <core[a373ad73a504971]::fmt::rt::Argument>::fmt
[INFO] [stdout]                                at /rustc/e3feeb59cd1bdd011a2bfcc0747b55125d9b8527/library/core/src/fmt/rt.rs:152:76
[INFO] [stdout]    5:     0x5a2dc245b84a - core[a373ad73a504971]::fmt::write
[INFO] [stdout]    6:     0x5a2dc244a50c - core[a373ad73a504971]::io::write::default_write_fmt::<alloc[2e1b2a31b91974c5]::vec::Vec<u8>>
[INFO] [stdout]                                at /rustc/e3feeb59cd1bdd011a2bfcc0747b55125d9b8527/library/core/src/io/write.rs:402:11
[INFO] [stdout]    7:     0x5a2dc244a50c - <alloc[2e1b2a31b91974c5]::vec::Vec<u8> as core[a373ad73a504971]::io::write::Write>::write_fmt
[INFO] [stdout]                                at /rustc/e3feeb59cd1bdd011a2bfcc0747b55125d9b8527/library/core/src/io/write.rs:335:13
[INFO] [stdout]    8:     0x5a2dc241ff06 - <std[617be2ca0a6fd877]::sys::backtrace::BacktraceLock>::print
[INFO] [stdout]                                at /rustc/e3feeb59cd1bdd011a2bfcc0747b55125d9b8527/library/std/src/sys/backtrace.rs:47:9
[INFO] [stdout]    9:     0x5a2dc241ff06 - std[617be2ca0a6fd877]::panicking::default_hook::{closure#0}
[INFO] [stdout]                                at /rustc/e3feeb59cd1bdd011a2bfcc0747b55125d9b8527/library/std/src/panicking.rs:289:27
[INFO] [stdout]   10:     0x5a2dc243d089 - std[617be2ca0a6fd877]::panicking::default_hook
[INFO] [stdout]                                at /rustc/e3feeb59cd1bdd011a2bfcc0747b55125d9b8527/library/std/src/panicking.rs:313:9
[INFO] [stdout]   11:     0x5a2dc239efb0 - <alloc[2e1b2a31b91974c5]::boxed::Box<dyn for<'a, 'b> core[a373ad73a504971]::ops::function::Fn<(&'a std[617be2ca0a6fd877]::panic::PanicHookInfo<'b>,), Output = ()> + core[a373ad73a504971]::marker::Sync + core[a373ad73a504971]::marker::Send> as core[a373ad73a504971]::ops::function::Fn<(&std[617be2ca0a6fd877]::panic::PanicHookInfo,)>>::call
[INFO] [stdout]                                at /rustc/e3feeb59cd1bdd011a2bfcc0747b55125d9b8527/library/alloc/src/boxed.rs:2328:9
[INFO] [stdout]   12:     0x5a2dc239efb0 - test[aada8e7e76ba119b]::test_main_inner::{closure#0}
[INFO] [stdout]                                at /rustc/e3feeb59cd1bdd011a2bfcc0747b55125d9b8527/library/test/src/lib.rs:137:21
[INFO] [stdout]   13:     0x5a2dc243d242 - <alloc[2e1b2a31b91974c5]::boxed::Box<dyn for<'a, 'b> core[a373ad73a504971]::ops::function::Fn<(&'a std[617be2ca0a6fd877]::panic::PanicHookInfo<'b>,), Output = ()> + core[a373ad73a504971]::marker::Sync + core[a373ad73a504971]::marker::Send> as core[a373ad73a504971]::ops::function::Fn<(&std[617be2ca0a6fd877]::panic::PanicHookInfo,)>>::call
[INFO] [stdout]                                at /rustc/e3feeb59cd1bdd011a2bfcc0747b55125d9b8527/library/alloc/src/boxed.rs:2328:9
[INFO] [stdout]   14:     0x5a2dc243d242 - std[617be2ca0a6fd877]::panicking::panic_with_hook
[INFO] [stdout]                                at /rustc/e3feeb59cd1bdd011a2bfcc0747b55125d9b8527/library/std/src/panicking.rs:819:13
[INFO] [stdout]   15:     0x5a2dc241ffb2 - std[617be2ca0a6fd877]::panicking::panic_handler::{closure#0}
[INFO] [stdout]                                at /rustc/e3feeb59cd1bdd011a2bfcc0747b55125d9b8527/library/std/src/panicking.rs:685:13
[INFO] [stdout]   16:     0x5a2dc2418b39 - std[617be2ca0a6fd877]::sys::backtrace::__rust_end_short_backtrace::<std[617be2ca0a6fd877]::panicking::panic_handler::{closure#0}, !>
[INFO] [stdout]                                at /rustc/e3feeb59cd1bdd011a2bfcc0747b55125d9b8527/library/std/src/sys/backtrace.rs:182:18
[INFO] [stdout]   17:     0x5a2dc2420bbd - __rustc[ea4f61d10b84890b]::rust_begin_unwind
[INFO] [stdout]                                at /rustc/e3feeb59cd1bdd011a2bfcc0747b55125d9b8527/library/std/src/panicking.rs:676:5
[INFO] [stdout]   18:     0x5a2dc245c0bc - core[a373ad73a504971]::panicking::panic_fmt
[INFO] [stdout]                                at /rustc/e3feeb59cd1bdd011a2bfcc0747b55125d9b8527/library/core/src/panicking.rs:80:14
[INFO] [stdout]   19:     0x5a2dc238cd88 - docs_guards[67327a855f633a76]::generated_region::{closure#0}
[INFO] [stdout]                                at /opt/rustwide/workdir/tests/docs_guards.rs:51:29
[INFO] [stdout]   20:     0x5a2dc2389e40 - <core[a373ad73a504971]::result::Result<alloc[2e1b2a31b91974c5]::string::String, core[a373ad73a504971]::io::error::Error>>::unwrap_or_else::<docs_guards[67327a855f633a76]::generated_region::{closure#0}>
[INFO] [stdout]                                at /rustc/e3feeb59cd1bdd011a2bfcc0747b55125d9b8527/library/core/src/result.rs:1619:23
[INFO] [stdout]   21:     0x5a2dc238d438 - docs_guards[67327a855f633a76]::generated_region
[INFO] [stdout]                                at /opt/rustwide/workdir/tests/docs_guards.rs:51:10
[INFO] [stdout]   22:     0x5a2dc238d8da - docs_guards[67327a855f633a76]::assert_region_current
[INFO] [stdout]                                at /opt/rustwide/workdir/tests/docs_guards.rs:81:31
[INFO] [stdout]   23:     0x5a2dc238e5b1 - docs_guards[67327a855f633a76]::infra_table_is_current
[INFO] [stdout]                                at /opt/rustwide/workdir/tests/docs_guards.rs:111:5
[INFO] [stdout]   24:     0x5a2dc238cf47 - docs_guards[67327a855f633a76]::infra_table_is_current::{closure#0}
[INFO] [stdout]                                at /opt/rustwide/workdir/tests/docs_guards.rs:106:28
[INFO] [stdout]   25:     0x5a2dc2392266 - <docs_guards[67327a855f633a76]::infra_table_is_current::{closure#0} as core[a373ad73a504971]::ops::function::FnOnce<()>>::call_once
[INFO] [stdout]                                at /rustc/e3feeb59cd1bdd011a2bfcc0747b55125d9b8527/library/core/src/ops/function.rs:250:5
[INFO] [stdout]   26:     0x5a2dc23923fb - <fn() -> core[a373ad73a504971]::result::Result<(), alloc[2e1b2a31b91974c5]::string::String> as core[a373ad73a504971]::ops::function::FnOnce<()>>::call_once
[INFO] [stdout]                                at /rustc/e3feeb59cd1bdd011a2bfcc0747b55125d9b8527/library/core/src/ops/function.rs:250:5
[INFO] [stdout]   27:     0x5a2dc23923fb - test[aada8e7e76ba119b]::__rust_begin_short_backtrace::<core[a373ad73a504971]::result::Result<(), alloc[2e1b2a31b91974c5]::string::String>, fn() -> core[a373ad73a504971]::result::Result<(), alloc[2e1b2a31b91974c5]::string::String>>
[INFO] [stdout]                                at /rustc/e3feeb59cd1bdd011a2bfcc0747b55125d9b8527/library/test/src/lib.rs:701:18
[INFO] [stdout]   28:     0x5a2dc239f5d5 - test[aada8e7e76ba119b]::run_test_in_process::{closure#0}
[INFO] [stdout]                                at /rustc/e3feeb59cd1bdd011a2bfcc0747b55125d9b8527/library/test/src/lib.rs:724:74
[INFO] [stdout]   29:     0x5a2dc239f5d5 - <core[a373ad73a504971]::panic::unwind_safe::AssertUnwindSafe<test[aada8e7e76ba119b]::run_test_in_process::{closure#0}> as core[a373ad73a504971]::ops::function::FnOnce<()>>::call_once
[INFO] [stdout]                                at /rustc/e3feeb59cd1bdd011a2bfcc0747b55125d9b8527/library/core/src/panic/unwind_safe.rs:275:9
[INFO] [stdout]   30:     0x5a2dc239f5d5 - std[617be2ca0a6fd877]::panicking::catch_unwind::do_call::<core[a373ad73a504971]::panic::unwind_safe::AssertUnwindSafe<test[aada8e7e76ba119b]::run_test_in_process::{closure#0}>, core[a373ad73a504971]::result::Result<(), alloc[2e1b2a31b91974c5]::string::String>>
[INFO] [stdout]                                at /rustc/e3feeb59cd1bdd011a2bfcc0747b55125d9b8527/library/std/src/panicking.rs:573:43
[INFO] [stdout]   31:     0x5a2dc239f5d5 - std[617be2ca0a6fd877]::panicking::catch_unwind::<core[a373ad73a504971]::result::Result<(), alloc[2e1b2a31b91974c5]::string::String>, core[a373ad73a504971]::panic::unwind_safe::AssertUnwindSafe<test[aada8e7e76ba119b]::run_test_in_process::{closure#0}>>
[INFO] [stdout]                                at /rustc/e3feeb59cd1bdd011a2bfcc0747b55125d9b8527/library/std/src/panicking.rs:541:19
[INFO] [stdout]   32:     0x5a2dc239f5d5 - std[617be2ca0a6fd877]::panic::catch_unwind::<core[a373ad73a504971]::panic::unwind_safe::AssertUnwindSafe<test[aada8e7e76ba119b]::run_test_in_process::{closure#0}>, core[a373ad73a504971]::result::Result<(), alloc[2e1b2a31b91974c5]::string::String>>
[INFO] [stdout]                                at /rustc/e3feeb59cd1bdd011a2bfcc0747b55125d9b8527/library/std/src/panic.rs:359:14
[INFO] [stdout]   33:     0x5a2dc239f5d5 - test[aada8e7e76ba119b]::run_test_in_process
[INFO] [stdout]                                at /rustc/e3feeb59cd1bdd011a2bfcc0747b55125d9b8527/library/test/src/lib.rs:724:27
[INFO] [stdout]   34:     0x5a2dc239f5d5 - test[aada8e7e76ba119b]::run_test::{closure#0}
[INFO] [stdout]                                at /rustc/e3feeb59cd1bdd011a2bfcc0747b55125d9b8527/library/test/src/lib.rs:645:43
[INFO] [stdout]   35:     0x5a2dc2398ec4 - test[aada8e7e76ba119b]::run_test::{closure#1}
[INFO] [stdout]                                at /rustc/e3feeb59cd1bdd011a2bfcc0747b55125d9b8527/library/test/src/lib.rs:675:41
[INFO] [stdout]   36:     0x5a2dc2398ec4 - std[617be2ca0a6fd877]::sys::backtrace::__rust_begin_short_backtrace::<test[aada8e7e76ba119b]::run_test::{closure#1}, ()>
[INFO] [stdout]                                at /rustc/e3feeb59cd1bdd011a2bfcc0747b55125d9b8527/library/std/src/sys/backtrace.rs:166:18
[INFO] [stdout]   37:     0x5a2dc23a2662 - std[617be2ca0a6fd877]::thread::lifecycle::spawn_unchecked::<test[aada8e7e76ba119b]::run_test::{closure#1}, ()>::{closure#1}::{closure#0}
[INFO] [stdout]                                at /rustc/e3feeb59cd1bdd011a2bfcc0747b55125d9b8527/library/std/src/thread/lifecycle.rs:70:13
[INFO] [stdout]   38:     0x5a2dc23a2662 - <core[a373ad73a504971]::panic::unwind_safe::AssertUnwindSafe<std[617be2ca0a6fd877]::thread::lifecycle::spawn_unchecked<test[aada8e7e76ba119b]::run_test::{closure#1}, ()>::{closure#1}::{closure#0}> as core[a373ad73a504971]::ops::function::FnOnce<()>>::call_once
[INFO] [stdout]                                at /rustc/e3feeb59cd1bdd011a2bfcc0747b55125d9b8527/library/core/src/panic/unwind_safe.rs:275:9
[INFO] [stdout]   39:     0x5a2dc23a2662 - std[617be2ca0a6fd877]::panicking::catch_unwind::do_call::<core[a373ad73a504971]::panic::unwind_safe::AssertUnwindSafe<std[617be2ca0a6fd877]::thread::lifecycle::spawn_unchecked<test[aada8e7e76ba119b]::run_test::{closure#1}, ()>::{closure#1}::{closure#0}>, ()>
[INFO] [stdout]                                at /rustc/e3feeb59cd1bdd011a2bfcc0747b55125d9b8527/library/std/src/panicking.rs:573:43
[INFO] [stdout]   40:     0x5a2dc23a2662 - std[617be2ca0a6fd877]::panicking::catch_unwind::<(), core[a373ad73a504971]::panic::unwind_safe::AssertUnwindSafe<std[617be2ca0a6fd877]::thread::lifecycle::spawn_unchecked<test[aada8e7e76ba119b]::run_test::{closure#1}, ()>::{closure#1}::{closure#0}>>
[INFO] [stdout]                                at /rustc/e3feeb59cd1bdd011a2bfcc0747b55125d9b8527/library/std/src/panicking.rs:541:19
[INFO] [stdout]   41:     0x5a2dc23a2662 - std[617be2ca0a6fd877]::panic::catch_unwind::<core[a373ad73a504971]::panic::unwind_safe::AssertUnwindSafe<std[617be2ca0a6fd877]::thread::lifecycle::spawn_unchecked<test[aada8e7e76ba119b]::run_test::{closure#1}, ()>::{closure#1}::{closure#0}>, ()>
[INFO] [stdout]                                at /rustc/e3feeb59cd1bdd011a2bfcc0747b55125d9b8527/library/std/src/panic.rs:359:14
[INFO] [stdout]   42:     0x5a2dc23a2662 - std[617be2ca0a6fd877]::thread::lifecycle::spawn_unchecked::<test[aada8e7e76ba119b]::run_test::{closure#1}, ()>::{closure#1}
[INFO] [stdout]                                at /rustc/e3feeb59cd1bdd011a2bfcc0747b55125d9b8527/library/std/src/thread/lifecycle.rs:68:26
[INFO] [stdout]   43:     0x5a2dc23a2662 - <std[617be2ca0a6fd877]::thread::lifecycle::spawn_unchecked<test[aada8e7e76ba119b]::run_test::{closure#1}, ()>::{closure#1} as core[a373ad73a504971]::ops::function::FnOnce<()>>::call_once::{shim:vtable#0}
[INFO] [stdout]                                at /rustc/e3feeb59cd1bdd011a2bfcc0747b55125d9b8527/library/core/src/ops/function.rs:250:5
[INFO] [stdout]   44:     0x5a2dc24442ef - <alloc[2e1b2a31b91974c5]::boxed::Box<dyn core[a373ad73a504971]::ops::function::FnOnce<(), Output = ()> + core[a373ad73a504971]::marker::Send> as core[a373ad73a504971]::ops::function::FnOnce<()>>::call_once
[INFO] [stdout]                                at /rustc/e3feeb59cd1bdd011a2bfcc0747b55125d9b8527/library/alloc/src/boxed.rs:2314:9
[INFO] [stdout]   45:     0x5a2dc24442ef - <std[617be2ca0a6fd877]::sys::thread::unix::Thread>::new::thread_start
[INFO] [stdout]                                at /rustc/e3feeb59cd1bdd011a2bfcc0747b55125d9b8527/library/std/src/sys/thread/unix.rs:127:17
[INFO] [stdout]   46:     0x72374ca1adfa - <unknown>
[INFO] [stdout]   47:     0x72374caae3d4 - clone
[INFO] [stdout]   48:                0x0 - <unknown>
[INFO] [stdout] 
[INFO] [stdout] ---- docs_commands_parse stdout ----
[INFO] [stdout] 
[INFO] [stdout] thread 'docs_commands_parse' (11057) panicked at tests/docs_guards.rs:133:10:
[INFO] [stdout] Unexpected failure.
[INFO] [stdout] code=1
[INFO] [stdout] stderr=```"Error: docs-check: no documentation files found under /opt\n"```
[INFO] [stdout] command=`env -u RIGG_ENV RIGG_NO_UPDATE_CHECK="1" "/opt/rustwide/target/debug/rigg" "dev" "docs-check" "--root" "/opt"`
[INFO] [stdout] code=1
[INFO] [stdout] stdout=""
[INFO] [stdout] stderr="Error: docs-check: no documentation files found under /opt\n"
[INFO] [stdout] 
[INFO] [stdout] stack backtrace:
[INFO] [stdout]    0:     0x5a2dc2444e71 - std[617be2ca0a6fd877]::backtrace_rs::backtrace::libunwind::trace
[INFO] [stdout]                                at /rustc/e3feeb59cd1bdd011a2bfcc0747b55125d9b8527/library/std/src/../../backtrace/src/backtrace/libunwind.rs:117:9
[INFO] [stdout]    1:     0x5a2dc2444e71 - std[617be2ca0a6fd877]::backtrace_rs::backtrace::trace_unsynchronized::<std[617be2ca0a6fd877]::sys::backtrace::_print_fmt::{closure#1}>
[INFO] [stdout]                                at /rustc/e3feeb59cd1bdd011a2bfcc0747b55125d9b8527/library/std/src/../../backtrace/src/backtrace/mod.rs:66:14
[INFO] [stdout]    2:     0x5a2dc2444e71 - std[617be2ca0a6fd877]::sys::backtrace::_print_fmt
[INFO] [stdout]                                at /rustc/e3feeb59cd1bdd011a2bfcc0747b55125d9b8527/library/std/src/sys/backtrace.rs:74:9
[INFO] [stdout]    3:     0x5a2dc2444e71 - <<std[617be2ca0a6fd877]::sys::backtrace::BacktraceLock>::print::DisplayBacktrace as core[a373ad73a504971]::fmt::Display>::fmt
[INFO] [stdout]                                at /rustc/e3feeb59cd1bdd011a2bfcc0747b55125d9b8527/library/std/src/sys/backtrace.rs:44:26
[INFO] [stdout]    4:     0x5a2dc245b84a - <core[a373ad73a504971]::fmt::rt::Argument>::fmt
[INFO] [stdout]                                at /rustc/e3feeb59cd1bdd011a2bfcc0747b55125d9b8527/library/core/src/fmt/rt.rs:152:76
[INFO] [stdout]    5:     0x5a2dc245b84a - core[a373ad73a504971]::fmt::write
[INFO] [stdout]    6:     0x5a2dc244a50c - core[a373ad73a504971]::io::write::default_write_fmt::<alloc[2e1b2a31b91974c5]::vec::Vec<u8>>
[INFO] [stdout]                                at /rustc/e3feeb59cd1bdd011a2bfcc0747b55125d9b8527/library/core/src/io/write.rs:402:11
[INFO] [stdout]    7:     0x5a2dc244a50c - <alloc[2e1b2a31b91974c5]::vec::Vec<u8> as core[a373ad73a504971]::io::write::Write>::write_fmt
[INFO] [stdout]                                at /rustc/e3feeb59cd1bdd011a2bfcc0747b55125d9b8527/library/core/src/io/write.rs:335:13
[INFO] [stdout]    8:     0x5a2dc241ff06 - <std[617be2ca0a6fd877]::sys::backtrace::BacktraceLock>::print
[INFO] [stdout]                                at /rustc/e3feeb59cd1bdd011a2bfcc0747b55125d9b8527/library/std/src/sys/backtrace.rs:47:9
[INFO] [stdout]    9:     0x5a2dc241ff06 - std[617be2ca0a6fd877]::panicking::default_hook::{closure#0}
[INFO] [stdout]                                at /rustc/e3feeb59cd1bdd011a2bfcc0747b55125d9b8527/library/std/src/panicking.rs:289:27
[INFO] [stdout]   10:     0x5a2dc243d089 - std[617be2ca0a6fd877]::panicking::default_hook
[INFO] [stdout]                                at /rustc/e3feeb59cd1bdd011a2bfcc0747b55125d9b8527/library/std/src/panicking.rs:313:9
[INFO] [stdout]   11:     0x5a2dc239efb0 - <alloc[2e1b2a31b91974c5]::boxed::Box<dyn for<'a, 'b> core[a373ad73a504971]::ops::function::Fn<(&'a std[617be2ca0a6fd877]::panic::PanicHookInfo<'b>,), Output = ()> + core[a373ad73a504971]::marker::Sync + core[a373ad73a504971]::marker::Send> as core[a373ad73a504971]::ops::function::Fn<(&std[617be2ca0a6fd877]::panic::PanicHookInfo,)>>::call
[INFO] [stdout]                                at /rustc/e3feeb59cd1bdd011a2bfcc0747b55125d9b8527/library/alloc/src/boxed.rs:2328:9
[INFO] [stdout]   12:     0x5a2dc239efb0 - test[aada8e7e76ba119b]::test_main_inner::{closure#0}
[INFO] [stdout]                                at /rustc/e3feeb59cd1bdd011a2bfcc0747b55125d9b8527/library/test/src/lib.rs:137:21
[INFO] [stdout]   13:     0x5a2dc243d242 - <alloc[2e1b2a31b91974c5]::boxed::Box<dyn for<'a, 'b> core[a373ad73a504971]::ops::function::Fn<(&'a std[617be2ca0a6fd877]::panic::PanicHookInfo<'b>,), Output = ()> + core[a373ad73a504971]::marker::Sync + core[a373ad73a504971]::marker::Send> as core[a373ad73a504971]::ops::function::Fn<(&std[617be2ca0a6fd877]::panic::PanicHookInfo,)>>::call
[INFO] [stdout]                                at /rustc/e3feeb59cd1bdd011a2bfcc0747b55125d9b8527/library/alloc/src/boxed.rs:2328:9
[INFO] [stdout]   14:     0x5a2dc243d242 - std[617be2ca0a6fd877]::panicking::panic_with_hook
[INFO] [stdout]                                at /rustc/e3feeb59cd1bdd011a2bfcc0747b55125d9b8527/library/std/src/panicking.rs:819:13
[INFO] [stdout]   15:     0x5a2dc241ffb2 - std[617be2ca0a6fd877]::panicking::panic_handler::{closure#0}
[INFO] [stdout]                                at /rustc/e3feeb59cd1bdd011a2bfcc0747b55125d9b8527/library/std/src/panicking.rs:685:13
[INFO] [stdout]   16:     0x5a2dc2418b39 - std[617be2ca0a6fd877]::sys::backtrace::__rust_end_short_backtrace::<std[617be2ca0a6fd877]::panicking::panic_handler::{closure#0}, !>
[INFO] [stdout]                                at /rustc/e3feeb59cd1bdd011a2bfcc0747b55125d9b8527/library/std/src/sys/backtrace.rs:182:18
[INFO] [stdout]   17:     0x5a2dc2420bbd - __rustc[ea4f61d10b84890b]::rust_begin_unwind
[INFO] [stdout]                                at /rustc/e3feeb59cd1bdd011a2bfcc0747b55125d9b8527/library/std/src/panicking.rs:676:5
[INFO] [stdout]   18:     0x5a2dc245c0bc - core[a373ad73a504971]::panicking::panic_fmt
[INFO] [stdout]                                at /rustc/e3feeb59cd1bdd011a2bfcc0747b55125d9b8527/library/core/src/panicking.rs:80:14
[INFO] [stdout]   19:     0x5a2dc23e8088 - core[a373ad73a504971]::panicking::panic_display::<assert_cmd[a496ff2ce1433586]::assert::AssertError>
[INFO] [stdout]                                at /rustc/e3feeb59cd1bdd011a2bfcc0747b55125d9b8527/library/core/src/panicking.rs:259:5
[INFO] [stdout]   20:     0x5a2dc23e7e77 - <assert_cmd[a496ff2ce1433586]::assert::AssertError>::panic::<assert_cmd[a496ff2ce1433586]::assert::Assert>
[INFO] [stdout]                                at /opt/rustwide/cargo-home/registry/src/index.crates.io-1949cf8c6b5b557f/assert_cmd-2.2.2/src/assert.rs:1061:9
[INFO] [stdout]   21:     0x5a2dc23e930d - <assert_cmd[a496ff2ce1433586]::assert::Assert>::success
[INFO] [stdout]                                at /opt/rustwide/cargo-home/registry/src/index.crates.io-1949cf8c6b5b557f/assert_cmd-2.2.2/src/assert.rs:165:25
[INFO] [stdout]   22:     0x5a2dc238e110 - docs_guards[67327a855f633a76]::docs_commands_parse
[INFO] [stdout]                                at /opt/rustwide/workdir/tests/docs_guards.rs:133:10
[INFO] [stdout]   23:     0x5a2dc238cf17 - docs_guards[67327a855f633a76]::docs_commands_parse::{closure#0}
[INFO] [stdout]                                at /opt/rustwide/workdir/tests/docs_guards.rs:127:25
[INFO] [stdout]   24:     0x5a2dc2392246 - <docs_guards[67327a855f633a76]::docs_commands_parse::{closure#0} as core[a373ad73a504971]::ops::function::FnOnce<()>>::call_once
[INFO] [stdout]                                at /rustc/e3feeb59cd1bdd011a2bfcc0747b55125d9b8527/library/core/src/ops/function.rs:250:5
[INFO] [stdout]   25:     0x5a2dc23923fb - <fn() -> core[a373ad73a504971]::result::Result<(), alloc[2e1b2a31b91974c5]::string::String> as core[a373ad73a504971]::ops::function::FnOnce<()>>::call_once
[INFO] [stdout]                                at /rustc/e3feeb59cd1bdd011a2bfcc0747b55125d9b8527/library/core/src/ops/function.rs:250:5
[INFO] [stdout]   26:     0x5a2dc23923fb - test[aada8e7e76ba119b]::__rust_begin_short_backtrace::<core[a373ad73a504971]::result::Result<(), alloc[2e1b2a31b91974c5]::string::String>, fn() -> core[a373ad73a504971]::result::Result<(), alloc[2e1b2a31b91974c5]::string::String>>
[INFO] [stdout]                                at /rustc/e3feeb59cd1bdd011a2bfcc0747b55125d9b8527/library/test/src/lib.rs:701:18
[INFO] [stdout]   27:     0x5a2dc239f5d5 - test[aada8e7e76ba119b]::run_test_in_process::{closure#0}
[INFO] [stdout]                                at /rustc/e3feeb59cd1bdd011a2bfcc0747b55125d9b8527/library/test/src/lib.rs:724:74
[INFO] [stdout]   28:     0x5a2dc239f5d5 - <core[a373ad73a504971]::panic::unwind_safe::AssertUnwindSafe<test[aada8e7e76ba119b]::run_test_in_process::{closure#0}> as core[a373ad73a504971]::ops::function::FnOnce<()>>::call_once
[INFO] [stdout]                                at /rustc/e3feeb59cd1bdd011a2bfcc0747b55125d9b8527/library/core/src/panic/unwind_safe.rs:275:9
[INFO] [stdout]   29:     0x5a2dc239f5d5 - std[617be2ca0a6fd877]::panicking::catch_unwind::do_call::<core[a373ad73a504971]::panic::unwind_safe::AssertUnwindSafe<test[aada8e7e76ba119b]::run_test_in_process::{closure#0}>, core[a373ad73a504971]::result::Result<(), alloc[2e1b2a31b91974c5]::string::String>>
[INFO] [stdout]                                at /rustc/e3feeb59cd1bdd011a2bfcc0747b55125d9b8527/library/std/src/panicking.rs:573:43
[INFO] [stdout]   30:     0x5a2dc239f5d5 - std[617be2ca0a6fd877]::panicking::catch_unwind::<core[a373ad73a504971]::result::Result<(), alloc[2e1b2a31b91974c5]::string::String>, core[a373ad73a504971]::panic::unwind_safe::AssertUnwindSafe<test[aada8e7e76ba119b]::run_test_in_process::{closure#0}>>
[INFO] [stdout]                                at /rustc/e3feeb59cd1bdd011a2bfcc0747b55125d9b8527/library/std/src/panicking.rs:541:19
[INFO] [stdout]   31:     0x5a2dc239f5d5 - std[617be2ca0a6fd877]::panic::catch_unwind::<core[a373ad73a504971]::panic::unwind_safe::AssertUnwindSafe<test[aada8e7e76ba119b]::run_test_in_process::{closure#0}>, core[a373ad73a504971]::result::Result<(), alloc[2e1b2a31b91974c5]::string::String>>
[INFO] [stdout]                                at /rustc/e3feeb59cd1bdd011a2bfcc0747b55125d9b8527/library/std/src/panic.rs:359:14
[INFO] [stdout]   32:     0x5a2dc239f5d5 - test[aada8e7e76ba119b]::run_test_in_process
[INFO] [stdout]                                at /rustc/e3feeb59cd1bdd011a2bfcc0747b55125d9b8527/library/test/src/lib.rs:724:27
[INFO] [stdout]   33:     0x5a2dc239f5d5 - test[aada8e7e76ba119b]::run_test::{closure#0}
[INFO] [stdout]                                at /rustc/e3feeb59cd1bdd011a2bfcc0747b55125d9b8527/library/test/src/lib.rs:645:43
[INFO] [stdout]   34:     0x5a2dc2398ec4 - test[aada8e7e76ba119b]::run_test::{closure#1}
[INFO] [stdout]                                at /rustc/e3feeb59cd1bdd011a2bfcc0747b55125d9b8527/library/test/src/lib.rs:675:41
[INFO] [stdout]   35:     0x5a2dc2398ec4 - std[617be2ca0a6fd877]::sys::backtrace::__rust_begin_short_backtrace::<test[aada8e7e76ba119b]::run_test::{closure#1}, ()>
[INFO] [stdout]                                at /rustc/e3feeb59cd1bdd011a2bfcc0747b55125d9b8527/library/std/src/sys/backtrace.rs:166:18
[INFO] [stdout]   36:     0x5a2dc23a2662 - std[617be2ca0a6fd877]::thread::lifecycle::spawn_unchecked::<test[aada8e7e76ba119b]::run_test::{closure#1}, ()>::{closure#1}::{closure#0}
[INFO] [stdout]                                at /rustc/e3feeb59cd1bdd011a2bfcc0747b55125d9b8527/library/std/src/thread/lifecycle.rs:70:13
[INFO] [stdout]   37:     0x5a2dc23a2662 - <core[a373ad73a504971]::panic::unwind_safe::AssertUnwindSafe<std[617be2ca0a6fd877]::thread::lifecycle::spawn_unchecked<test[aada8e7e76ba119b]::run_test::{closure#1}, ()>::{closure#1}::{closure#0}> as core[a373ad73a504971]::ops::function::FnOnce<()>>::call_once
[INFO] [stdout]                                at /rustc/e3feeb59cd1bdd011a2bfcc0747b55125d9b8527/library/core/src/panic/unwind_safe.rs:275:9
[INFO] [stdout]   38:     0x5a2dc23a2662 - std[617be2ca0a6fd877]::panicking::catch_unwind::do_call::<core[a373ad73a504971]::panic::unwind_safe::AssertUnwindSafe<std[617be2ca0a6fd877]::thread::lifecycle::spawn_unchecked<test[aada8e7e76ba119b]::run_test::{closure#1}, ()>::{closure#1}::{closure#0}>, ()>
[INFO] [stdout]                                at /rustc/e3feeb59cd1bdd011a2bfcc0747b55125d9b8527/library/std/src/panicking.rs:573:43
[INFO] [stdout]   39:     0x5a2dc23a2662 - std[617be2ca0a6fd877]::panicking::catch_unwind::<(), core[a373ad73a504971]::panic::unwind_safe::AssertUnwindSafe<std[617be2ca0a6fd877]::thread::lifecycle::spawn_unchecked<test[aada8e7e76ba119b]::run_test::{closure#1}, ()>::{closure#1}::{closure#0}>>
[INFO] [stdout]                                at /rustc/e3feeb59cd1bdd011a2bfcc0747b55125d9b8527/library/std/src/panicking.rs:541:19
[INFO] [stdout]   40:     0x5a2dc23a2662 - std[617be2ca0a6fd877]::panic::catch_unwind::<core[a373ad73a504971]::panic::unwind_safe::AssertUnwindSafe<std[617be2ca0a6fd877]::thread::lifecycle::spawn_unchecked<test[aada8e7e76ba119b]::run_test::{closure#1}, ()>::{closure#1}::{closure#0}>, ()>
[INFO] [stdout]                                at /rustc/e3feeb59cd1bdd011a2bfcc0747b55125d9b8527/library/std/src/panic.rs:359:14
[INFO] [stdout]   41:     0x5a2dc23a2662 - std[617be2ca0a6fd877]::thread::lifecycle::spawn_unchecked::<test[aada8e7e76ba119b]::run_test::{closure#1}, ()>::{closure#1}
[INFO] [stdout]                                at /rustc/e3feeb59cd1bdd011a2bfcc0747b55125d9b8527/library/std/src/thread/lifecycle.rs:68:26
[INFO] [stdout]   42:     0x5a2dc23a2662 - <std[617be2ca0a6fd877]::thread::lifecycle::spawn_unchecked<test[aada8e7e76ba119b]::run_test::{closure#1}, ()>::{closure#1} as core[a373ad73a504971]::ops::function::FnOnce<()>>::call_once::{shim:vtable#0}
[INFO] [stdout]                                at /rustc/e3feeb59cd1bdd011a2bfcc0747b55125d9b8527/library/core/src/ops/function.rs:250:5
[INFO] [stdout]   43:     0x5a2dc24442ef - <alloc[2e1b2a31b91974c5]::boxed::Box<dyn core[a373ad73a504971]::ops::function::FnOnce<(), Output = ()> + core[a373ad73a504971]::marker::Send> as core[a373ad73a504971]::ops::function::FnOnce<()>>::call_once
[INFO] [stdout]                                at /rustc/e3feeb59cd1bdd011a2bfcc0747b55125d9b8527/library/alloc/src/boxed.rs:2314:9
[INFO] [stdout]   44:     0x5a2dc24442ef - <std[617be2ca0a6fd877]::sys::thread::unix::Thread>::new::thread_start
[INFO] [stdout]                                at /rustc/e3feeb59cd1bdd011a2bfcc0747b55125d9b8527/library/std/src/sys/thread/unix.rs:127:17
[INFO] [stdout]   45:     0x72374ca1adfa - <unknown>
[INFO] [stdout]   46:     0x72374caae3d4 - clone
[INFO] [stdout]   47:                0x0 - <unknown>
[INFO] [stdout] 
[INFO] [stdout] ---- mcp_tool_table_is_current stdout ----
[INFO] [stdout] 
[INFO] [stdout] thread 'mcp_tool_table_is_current' (11059) panicked at tests/docs_guards.rs:51:29:
[INFO] [stdout] /opt/MCP.md is readable: No such file or directory (os error 2)
[INFO] [stdout] stack backtrace:
[INFO] [stdout]    0:     0x5a2dc2444e71 - std[617be2ca0a6fd877]::backtrace_rs::backtrace::libunwind::trace
[INFO] [stdout]                                at /rustc/e3feeb59cd1bdd011a2bfcc0747b55125d9b8527/library/std/src/../../backtrace/src/backtrace/libunwind.rs:117:9
[INFO] [stdout]    1:     0x5a2dc2444e71 - std[617be2ca0a6fd877]::backtrace_rs::backtrace::trace_unsynchronized::<std[617be2ca0a6fd877]::sys::backtrace::_print_fmt::{closure#1}>
[INFO] [stdout]                                at /rustc/e3feeb59cd1bdd011a2bfcc0747b55125d9b8527/library/std/src/../../backtrace/src/backtrace/mod.rs:66:14
[INFO] [stdout]    2:     0x5a2dc2444e71 - std[617be2ca0a6fd877]::sys::backtrace::_print_fmt
[INFO] [stdout]                                at /rustc/e3feeb59cd1bdd011a2bfcc0747b55125d9b8527/library/std/src/sys/backtrace.rs:74:9
[INFO] [stdout]    3:     0x5a2dc2444e71 - <<std[617be2ca0a6fd877]::sys::backtrace::BacktraceLock>::print::DisplayBacktrace as core[a373ad73a504971]::fmt::Display>::fmt
[INFO] [stdout]                                at /rustc/e3feeb59cd1bdd011a2bfcc0747b55125d9b8527/library/std/src/sys/backtrace.rs:44:26
[INFO] [stdout]    4:     0x5a2dc245b84a - <core[a373ad73a504971]::fmt::rt::Argument>::fmt
[INFO] [stdout]                                at /rustc/e3feeb59cd1bdd011a2bfcc0747b55125d9b8527/library/core/src/fmt/rt.rs:152:76
[INFO] [stdout]    5:     0x5a2dc245b84a - core[a373ad73a504971]::fmt::write
[INFO] [stdout]    6:     0x5a2dc244a50c - core[a373ad73a504971]::io::write::default_write_fmt::<alloc[2e1b2a31b91974c5]::vec::Vec<u8>>
[INFO] [stdout]                                at /rustc/e3feeb59cd1bdd011a2bfcc0747b55125d9b8527/library/core/src/io/write.rs:402:11
[INFO] [stdout]    7:     0x5a2dc244a50c - <alloc[2e1b2a31b91974c5]::vec::Vec<u8> as core[a373ad73a504971]::io::write::Write>::write_fmt
[INFO] [stdout]                                at /rustc/e3feeb59cd1bdd011a2bfcc0747b55125d9b8527/library/core/src/io/write.rs:335:13
[INFO] [stdout]    8:     0x5a2dc241ff06 - <std[617be2ca0a6fd877]::sys::backtrace::BacktraceLock>::print
[INFO] [stdout]                                at /rustc/e3feeb59cd1bdd011a2bfcc0747b55125d9b8527/library/std/src/sys/backtrace.rs:47:9
[INFO] [stdout]    9:     0x5a2dc241ff06 - std[617be2ca0a6fd877]::panicking::default_hook::{closure#0}
[INFO] [stdout]                                at /rustc/e3feeb59cd1bdd011a2bfcc0747b55125d9b8527/library/std/src/panicking.rs:289:27
[INFO] [stdout]   10:     0x5a2dc243d089 - std[617be2ca0a6fd877]::panicking::default_hook
[INFO] [stdout]                                at /rustc/e3feeb59cd1bdd011a2bfcc0747b55125d9b8527/library/std/src/panicking.rs:313:9
[INFO] [stdout]   11:     0x5a2dc239efb0 - <alloc[2e1b2a31b91974c5]::boxed::Box<dyn for<'a, 'b> core[a373ad73a504971]::ops::function::Fn<(&'a std[617be2ca0a6fd877]::panic::PanicHookInfo<'b>,), Output = ()> + core[a373ad73a504971]::marker::Sync + core[a373ad73a504971]::marker::Send> as core[a373ad73a504971]::ops::function::Fn<(&std[617be2ca0a6fd877]::panic::PanicHookInfo,)>>::call
[INFO] [stdout]                                at /rustc/e3feeb59cd1bdd011a2bfcc0747b55125d9b8527/library/alloc/src/boxed.rs:2328:9
[INFO] [stdout]   12:     0x5a2dc239efb0 - test[aada8e7e76ba119b]::test_main_inner::{closure#0}
[INFO] [stdout]                                at /rustc/e3feeb59cd1bdd011a2bfcc0747b55125d9b8527/library/test/src/lib.rs:137:21
[INFO] [stdout]   13:     0x5a2dc243d242 - <alloc[2e1b2a31b91974c5]::boxed::Box<dyn for<'a, 'b> core[a373ad73a504971]::ops::function::Fn<(&'a std[617be2ca0a6fd877]::panic::PanicHookInfo<'b>,), Output = ()> + core[a373ad73a504971]::marker::Sync + core[a373ad73a504971]::marker::Send> as core[a373ad73a504971]::ops::function::Fn<(&std[617be2ca0a6fd877]::panic::PanicHookInfo,)>>::call
[INFO] [stdout]                                at /rustc/e3feeb59cd1bdd011a2bfcc0747b55125d9b8527/library/alloc/src/boxed.rs:2328:9
[INFO] [stdout]   14:     0x5a2dc243d242 - std[617be2ca0a6fd877]::panicking::panic_with_hook
[INFO] [stdout]                                at /rustc/e3feeb59cd1bdd011a2bfcc0747b55125d9b8527/library/std/src/panicking.rs:819:13
[INFO] [stdout]   15:     0x5a2dc241ffb2 - std[617be2ca0a6fd877]::panicking::panic_handler::{closure#0}
[INFO] [stdout]                                at /rustc/e3feeb59cd1bdd011a2bfcc0747b55125d9b8527/library/std/src/panicking.rs:685:13
[INFO] [stdout]   16:     0x5a2dc2418b39 - std[617be2ca0a6fd877]::sys::backtrace::__rust_end_short_backtrace::<std[617be2ca0a6fd877]::panicking::panic_handler::{closure#0}, !>
[INFO] [stdout]                                at /rustc/e3feeb59cd1bdd011a2bfcc0747b55125d9b8527/library/std/src/sys/backtrace.rs:182:18
[INFO] [stdout]   17:     0x5a2dc2420bbd - __rustc[ea4f61d10b84890b]::rust_begin_unwind
[INFO] [stdout]                                at /rustc/e3feeb59cd1bdd011a2bfcc0747b55125d9b8527/library/std/src/panicking.rs:676:5
[INFO] [stdout]   18:     0x5a2dc245c0bc - core[a373ad73a504971]::panicking::panic_fmt
[INFO] [stdout]                                at /rustc/e3feeb59cd1bdd011a2bfcc0747b55125d9b8527/library/core/src/panicking.rs:80:14
[INFO] [stdout]   19:     0x5a2dc238cd88 - docs_guards[67327a855f633a76]::generated_region::{closure#0}
[INFO] [stdout]                                at /opt/rustwide/workdir/tests/docs_guards.rs:51:29
[INFO] [stdout]   20:     0x5a2dc2389e40 - <core[a373ad73a504971]::result::Result<alloc[2e1b2a31b91974c5]::string::String, core[a373ad73a504971]::io::error::Error>>::unwrap_or_else::<docs_guards[67327a855f633a76]::generated_region::{closure#0}>
[INFO] [stdout]                                at /rustc/e3feeb59cd1bdd011a2bfcc0747b55125d9b8527/library/core/src/result.rs:1619:23
[INFO] [stdout]   21:     0x5a2dc238d438 - docs_guards[67327a855f633a76]::generated_region
[INFO] [stdout]                                at /opt/rustwide/workdir/tests/docs_guards.rs:51:10
[INFO] [stdout]   22:     0x5a2dc238d8da - docs_guards[67327a855f633a76]::assert_region_current
[INFO] [stdout]                                at /opt/rustwide/workdir/tests/docs_guards.rs:81:31
[INFO] [stdout]   23:     0x5a2dc238ef80 - docs_guards[67327a855f633a76]::mcp_tool_table_is_current
[INFO] [stdout]                                at /opt/rustwide/workdir/tests/docs_guards.rs:117:5
[INFO] [stdout]   24:     0x5a2dc238cfd7 - docs_guards[67327a855f633a76]::mcp_tool_table_is_current::{closure#0}
[INFO] [stdout]                                at /opt/rustwide/workdir/tests/docs_guards.rs:115:31
[INFO] [stdout]   25:     0x5a2dc23922c6 - <docs_guards[67327a855f633a76]::mcp_tool_table_is_current::{closure#0} as core[a373ad73a504971]::ops::function::FnOnce<()>>::call_once
[INFO] [stdout]                                at /rustc/e3feeb59cd1bdd011a2bfcc0747b55125d9b8527/library/core/src/ops/function.rs:250:5
[INFO] [stdout]   26:     0x5a2dc23923fb - <fn() -> core[a373ad73a504971]::result::Result<(), alloc[2e1b2a31b91974c5]::string::String> as core[a373ad73a504971]::ops::function::FnOnce<()>>::call_once
[INFO] [stdout]                                at /rustc/e3feeb59cd1bdd011a2bfcc0747b55125d9b8527/library/core/src/ops/function.rs:250:5
[INFO] [stdout]   27:     0x5a2dc23923fb - test[aada8e7e76ba119b]::__rust_begin_short_backtrace::<core[a373ad73a504971]::result::Result<(), alloc[2e1b2a31b91974c5]::string::String>, fn() -> core[a373ad73a504971]::result::Result<(), alloc[2e1b2a31b91974c5]::string::String>>
[INFO] [stdout]                                at /rustc/e3feeb59cd1bdd011a2bfcc0747b55125d9b8527/library/test/src/lib.rs:701:18
[INFO] [stdout]   28:     0x5a2dc239f5d5 - test[aada8e7e76ba119b]::run_test_in_process::{closure#0}
[INFO] [stdout]                                at /rustc/e3feeb59cd1bdd011a2bfcc0747b55125d9b8527/library/test/src/lib.rs:724:74
[INFO] [stdout]   29:     0x5a2dc239f5d5 - <core[a373ad73a504971]::panic::unwind_safe::AssertUnwindSafe<test[aada8e7e76ba119b]::run_test_in_process::{closure#0}> as core[a373ad73a504971]::ops::function::FnOnce<()>>::call_once
[INFO] [stdout]                                at /rustc/e3feeb59cd1bdd011a2bfcc0747b55125d9b8527/library/core/src/panic/unwind_safe.rs:275:9
[INFO] [stdout]   30:     0x5a2dc239f5d5 - std[617be2ca0a6fd877]::panicking::catch_unwind::do_call::<core[a373ad73a504971]::panic::unwind_safe::AssertUnwindSafe<test[aada8e7e76ba119b]::run_test_in_process::{closure#0}>, core[a373ad73a504971]::result::Result<(), alloc[2e1b2a31b91974c5]::string::String>>
[INFO] [stdout]                                at /rustc/e3feeb59cd1bdd011a2bfcc0747b55125d9b8527/library/std/src/panicking.rs:573:43
[INFO] [stdout]   31:     0x5a2dc239f5d5 - std[617be2ca0a6fd877]::panicking::catch_unwind::<core[a373ad73a504971]::result::Result<(), alloc[2e1b2a31b91974c5]::string::String>, core[a373ad73a504971]::panic::unwind_safe::AssertUnwindSafe<test[aada8e7e76ba119b]::run_test_in_process::{closure#0}>>
[INFO] [stdout]                                at /rustc/e3feeb59cd1bdd011a2bfcc0747b55125d9b8527/library/std/src/panicking.rs:541:19
[INFO] [stdout]   32:     0x5a2dc239f5d5 - std[617be2ca0a6fd877]::panic::catch_unwind::<core[a373ad73a504971]::panic::unwind_safe::AssertUnwindSafe<test[aada8e7e76ba119b]::run_test_in_process::{closure#0}>, core[a373ad73a504971]::result::Result<(), alloc[2e1b2a31b91974c5]::string::String>>
[INFO] [stdout]                                at /rustc/e3feeb59cd1bdd011a2bfcc0747b55125d9b8527/library/std/src/panic.rs:359:14
[INFO] [stdout]   33:     0x5a2dc239f5d5 - test[aada8e7e76ba119b]::run_test_in_process
[INFO] [stdout]                                at /rustc/e3feeb59cd1bdd011a2bfcc0747b55125d9b8527/library/test/src/lib.rs:724:27
[INFO] [stdout]   34:     0x5a2dc239f5d5 - test[aada8e7e76ba119b]::run_test::{closure#0}
[INFO] [stdout]                                at /rustc/e3feeb59cd1bdd011a2bfcc0747b55125d9b8527/library/test/src/lib.rs:645:43
[INFO] [stdout]   35:     0x5a2dc2398ec4 - test[aada8e7e76ba119b]::run_test::{closure#1}
[INFO] [stdout]                                at /rustc/e3feeb59cd1bdd011a2bfcc0747b55125d9b8527/library/test/src/lib.rs:675:41
[INFO] [stdout]   36:     0x5a2dc2398ec4 - std[617be2ca0a6fd877]::sys::backtrace::__rust_begin_short_backtrace::<test[aada8e7e76ba119b]::run_test::{closure#1}, ()>
[INFO] [stdout]                                at /rustc/e3feeb59cd1bdd011a2bfcc0747b55125d9b8527/library/std/src/sys/backtrace.rs:166:18
[INFO] [stdout]   37:     0x5a2dc23a2662 - std[617be2ca0a6fd877]::thread::lifecycle::spawn_unchecked::<test[aada8e7e76ba119b]::run_test::{closure#1}, ()>::{closure#1}::{closure#0}
[INFO] [stdout]                                at /rustc/e3feeb59cd1bdd011a2bfcc0747b55125d9b8527/library/std/src/thread/lifecycle.rs:70:13
[INFO] [stdout]   38:     0x5a2dc23a2662 - <core[a373ad73a504971]::panic::unwind_safe::AssertUnwindSafe<std[617be2ca0a6fd877]::thread::lifecycle::spawn_unchecked<test[aada8e7e76ba119b]::run_test::{closure#1}, ()>::{closure#1}::{closure#0}> as core[a373ad73a504971]::ops::function::FnOnce<()>>::call_once
[INFO] [stdout]                                at /rustc/e3feeb59cd1bdd011a2bfcc0747b55125d9b8527/library/core/src/panic/unwind_safe.rs:275:9
[INFO] [stdout]   39:     0x5a2dc23a2662 - std[617be2ca0a6fd877]::panicking::catch_unwind::do_call::<core[a373ad73a504971]::panic::unwind_safe::AssertUnwindSafe<std[617be2ca0a6fd877]::thread::lifecycle::spawn_unchecked<test[aada8e7e76ba119b]::run_test::{closure#1}, ()>::{closure#1}::{closure#0}>, ()>
[INFO] [stdout]                                at /rustc/e3feeb59cd1bdd011a2bfcc0747b55125d9b8527/library/std/src/panicking.rs:573:43
[INFO] [stdout]   40:     0x5a2dc23a2662 - std[617be2ca0a6fd877]::panicking::catch_unwind::<(), core[a373ad73a504971]::panic::unwind_safe::AssertUnwindSafe<std[617be2ca0a6fd877]::thread::lifecycle::spawn_unchecked<test[aada8e7e76ba119b]::run_test::{closure#1}, ()>::{closure#1}::{closure#0}>>
[INFO] [stdout]                                at /rustc/e3feeb59cd1bdd011a2bfcc0747b55125d9b8527/library/std/src/panicking.rs:541:19
[INFO] [stdout]   41:     0x5a2dc23a2662 - std[617be2ca0a6fd877]::panic::catch_unwind::<core[a373ad73a504971]::panic::unwind_safe::AssertUnwindSafe<std[617be2ca0a6fd877]::thread::lifecycle::spawn_unchecked<test[aada8e7e76ba119b]::run_test::{closure#1}, ()>::{closure#1}::{closure#0}>, ()>
[INFO] [stdout]                                at /rustc/e3feeb59cd1bdd011a2bfcc0747b55125d9b8527/library/std/src/panic.rs:359:14
[INFO] [stdout]   42:     0x5a2dc23a2662 - std[617be2ca0a6fd877]::thread::lifecycle::spawn_unchecked::<test[aada8e7e76ba119b]::run_test::{closure#1}, ()>::{closure#1}
[INFO] [stdout]                                at /rustc/e3feeb59cd1bdd011a2bfcc0747b55125d9b8527/library/std/src/thread/lifecycle.rs:68:26
[INFO] [stdout]   43:     0x5a2dc23a2662 - <std[617be2ca0a6fd877]::thread::lifecycle::spawn_unchecked<test[aada8e7e76ba119b]::run_test::{closure#1}, ()>::{closure#1} as core[a373ad73a504971]::ops::function::FnOnce<()>>::call_once::{shim:vtable#0}
[INFO] [stdout]                                at /rustc/e3feeb59cd1bdd011a2bfcc0747b55125d9b8527/library/core/src/ops/function.rs:250:5
[INFO] [stdout]   44:     0x5a2dc24442ef - <alloc[2e1b2a31b91974c5]::boxed::Box<dyn core[a373ad73a504971]::ops::function::FnOnce<(), Output = ()> + core[a373ad73a504971]::marker::Send> as core[a373ad73a504971]::ops::function::FnOnce<()>>::call_once
[INFO] [stdout]                                at /rustc/e3feeb59cd1bdd011a2bfcc0747b55125d9b8527/library/alloc/src/boxed.rs:2314:9
[INFO] [stdout]   45:     0x5a2dc24442ef - <std[617be2ca0a6fd877]::sys::thread::unix::Thread>::new::thread_start
[INFO] [stdout]                                at /rustc/e3feeb59cd1bdd011a2bfcc0747b55125d9b8527/library/std/src/sys/thread/unix.rs:127:17
[INFO] [stdout]   46:     0x72374ca1adfa - <unknown>
[INFO] [stdout]   47:     0x72374caae3d4 - clone
[INFO] [stdout]   48:                0x0 - <unknown>
[INFO] [stdout] 
[INFO] [stdout] ---- relative_links_resolve stdout ----
[INFO] [stdout] 
[INFO] [stdout] thread 'relative_links_resolve' (11060) panicked at tests/docs_guards.rs:149:10:
[INFO] [stdout] Unexpected failure.
[INFO] [stdout] code=1
[INFO] [stdout] stderr=```"Error: docs-check: no documentation files found under /opt\n"```
[INFO] [stdout] command=`env -u RIGG_ENV RIGG_NO_UPDATE_CHECK="1" "/opt/rustwide/target/debug/rigg" "dev" "docs-check" "--root" "/opt"`
[INFO] [stdout] code=1
[INFO] [stdout] stdout=""
[INFO] [stdout] stderr="Error: docs-check: no documentation files found under /opt\n"
[INFO] [stdout] 
[INFO] [stdout] stack backtrace:
[INFO] [stdout]    0:     0x5a2dc2444e71 - std[617be2ca0a6fd877]::backtrace_rs::backtrace::libunwind::trace
[INFO] [stdout]                                at /rustc/e3feeb59cd1bdd011a2bfcc0747b55125d9b8527/library/std/src/../../backtrace/src/backtrace/libunwind.rs:117:9
[INFO] [stdout]    1:     0x5a2dc2444e71 - std[617be2ca0a6fd877]::backtrace_rs::backtrace::trace_unsynchronized::<std[617be2ca0a6fd877]::sys::backtrace::_print_fmt::{closure#1}>
[INFO] [stdout]                                at /rustc/e3feeb59cd1bdd011a2bfcc0747b55125d9b8527/library/std/src/../../backtrace/src/backtrace/mod.rs:66:14
[INFO] [stdout]    2:     0x5a2dc2444e71 - std[617be2ca0a6fd877]::sys::backtrace::_print_fmt
[INFO] [stdout]                                at /rustc/e3feeb59cd1bdd011a2bfcc0747b55125d9b8527/library/std/src/sys/backtrace.rs:74:9
[INFO] [stdout]    3:     0x5a2dc2444e71 - <<std[617be2ca0a6fd877]::sys::backtrace::BacktraceLock>::print::DisplayBacktrace as core[a373ad73a504971]::fmt::Display>::fmt
[INFO] [stdout]                                at /rustc/e3feeb59cd1bdd011a2bfcc0747b55125d9b8527/library/std/src/sys/backtrace.rs:44:26
[INFO] [stdout]    4:     0x5a2dc245b84a - <core[a373ad73a504971]::fmt::rt::Argument>::fmt
[INFO] [stdout]                                at /rustc/e3feeb59cd1bdd011a2bfcc0747b55125d9b8527/library/core/src/fmt/rt.rs:152:76
[INFO] [stdout]    5:     0x5a2dc245b84a - core[a373ad73a504971]::fmt::write
[INFO] [stdout]    6:     0x5a2dc244a50c - core[a373ad73a504971]::io::write::default_write_fmt::<alloc[2e1b2a31b91974c5]::vec::Vec<u8>>
[INFO] [stdout]                                at /rustc/e3feeb59cd1bdd011a2bfcc0747b55125d9b8527/library/core/src/io/write.rs:402:11
[INFO] [stdout]    7:     0x5a2dc244a50c - <alloc[2e1b2a31b91974c5]::vec::Vec<u8> as core[a373ad73a504971]::io::write::Write>::write_fmt
[INFO] [stdout]                                at /rustc/e3feeb59cd1bdd011a2bfcc0747b55125d9b8527/library/core/src/io/write.rs:335:13
[INFO] [stdout]    8:     0x5a2dc241ff06 - <std[617be2ca0a6fd877]::sys::backtrace::BacktraceLock>::print
[INFO] [stdout]                                at /rustc/e3feeb59cd1bdd011a2bfcc0747b55125d9b8527/library/std/src/sys/backtrace.rs:47:9
[INFO] [stdout]    9:     0x5a2dc241ff06 - std[617be2ca0a6fd877]::panicking::default_hook::{closure#0}
[INFO] [stdout]                                at /rustc/e3feeb59cd1bdd011a2bfcc0747b55125d9b8527/library/std/src/panicking.rs:289:27
[INFO] [stdout]   10:     0x5a2dc243d089 - std[617be2ca0a6fd877]::panicking::default_hook
[INFO] [stdout]                                at /rustc/e3feeb59cd1bdd011a2bfcc0747b55125d9b8527/library/std/src/panicking.rs:313:9
[INFO] [stdout]   11:     0x5a2dc239efb0 - <alloc[2e1b2a31b91974c5]::boxed::Box<dyn for<'a, 'b> core[a373ad73a504971]::ops::function::Fn<(&'a std[617be2ca0a6fd877]::panic::PanicHookInfo<'b>,), Output = ()> + core[a373ad73a504971]::marker::Sync + core[a373ad73a504971]::marker::Send> as core[a373ad73a504971]::ops::function::Fn<(&std[617be2ca0a6fd877]::panic::PanicHookInfo,)>>::call
[INFO] [stdout]                                at /rustc/e3feeb59cd1bdd011a2bfcc0747b55125d9b8527/library/alloc/src/boxed.rs:2328:9
[INFO] [stdout]   12:     0x5a2dc239efb0 - test[aada8e7e76ba119b]::test_main_inner::{closure#0}
[INFO] [stdout]                                at /rustc/e3feeb59cd1bdd011a2bfcc0747b55125d9b8527/library/test/src/lib.rs:137:21
[INFO] [stdout]   13:     0x5a2dc243d242 - <alloc[2e1b2a31b91974c5]::boxed::Box<dyn for<'a, 'b> core[a373ad73a504971]::ops::function::Fn<(&'a std[617be2ca0a6fd877]::panic::PanicHookInfo<'b>,), Output = ()> + core[a373ad73a504971]::marker::Sync + core[a373ad73a504971]::marker::Send> as core[a373ad73a504971]::ops::function::Fn<(&std[617be2ca0a6fd877]::panic::PanicHookInfo,)>>::call
[INFO] [stdout]                                at /rustc/e3feeb59cd1bdd011a2bfcc0747b55125d9b8527/library/alloc/src/boxed.rs:2328:9
[INFO] [stdout]   14:     0x5a2dc243d242 - std[617be2ca0a6fd877]::panicking::panic_with_hook
[INFO] [stdout]                                at /rustc/e3feeb59cd1bdd011a2bfcc0747b55125d9b8527/library/std/src/panicking.rs:819:13
[INFO] [stdout]   15:     0x5a2dc241ffb2 - std[617be2ca0a6fd877]::panicking::panic_handler::{closure#0}
[INFO] [stdout]                                at /rustc/e3feeb59cd1bdd011a2bfcc0747b55125d9b8527/library/std/src/panicking.rs:685:13
[INFO] [stdout]   16:     0x5a2dc2418b39 - std[617be2ca0a6fd877]::sys::backtrace::__rust_end_short_backtrace::<std[617be2ca0a6fd877]::panicking::panic_handler::{closure#0}, !>
[INFO] [stdout]                                at /rustc/e3feeb59cd1bdd011a2bfcc0747b55125d9b8527/library/std/src/sys/backtrace.rs:182:18
[INFO] [stdout]   17:     0x5a2dc2420bbd - __rustc[ea4f61d10b84890b]::rust_begin_unwind
[INFO] [stdout]                                at /rustc/e3feeb59cd1bdd011a2bfcc0747b55125d9b8527/library/std/src/panicking.rs:676:5
[INFO] [stdout]   18:     0x5a2dc245c0bc - core[a373ad73a504971]::panicking::panic_fmt
[INFO] [stdout]                                at /rustc/e3feeb59cd1bdd011a2bfcc0747b55125d9b8527/library/core/src/panicking.rs:80:14
[INFO] [stdout]   19:     0x5a2dc23e8088 - core[a373ad73a504971]::panicking::panic_display::<assert_cmd[a496ff2ce1433586]::assert::AssertError>
[INFO] [stdout]                                at /rustc/e3feeb59cd1bdd011a2bfcc0747b55125d9b8527/library/core/src/panicking.rs:259:5
[INFO] [stdout]   20:     0x5a2dc23e7e77 - <assert_cmd[a496ff2ce1433586]::assert::AssertError>::panic::<assert_cmd[a496ff2ce1433586]::assert::Assert>
[INFO] [stdout]                                at /opt/rustwide/cargo-home/registry/src/index.crates.io-1949cf8c6b5b557f/assert_cmd-2.2.2/src/assert.rs:1061:9
[INFO] [stdout]   21:     0x5a2dc23e930d - <assert_cmd[a496ff2ce1433586]::assert::Assert>::success
[INFO] [stdout]                                at /opt/rustwide/cargo-home/registry/src/index.crates.io-1949cf8c6b5b557f/assert_cmd-2.2.2/src/assert.rs:165:25
[INFO] [stdout]   22:     0x5a2dc238e720 - docs_guards[67327a855f633a76]::relative_links_resolve
[INFO] [stdout]                                at /opt/rustwide/workdir/tests/docs_guards.rs:149:10
[INFO] [stdout]   23:     0x5a2dc238cf77 - docs_guards[67327a855f633a76]::relative_links_resolve::{closure#0}
[INFO] [stdout]                                at /opt/rustwide/workdir/tests/docs_guards.rs:143:28
[INFO] [stdout]   24:     0x5a2dc2392286 - <docs_guards[67327a855f633a76]::relative_links_resolve::{closure#0} as core[a373ad73a504971]::ops::function::FnOnce<()>>::call_once
[INFO] [stdout]                                at /rustc/e3feeb59cd1bdd011a2bfcc0747b55125d9b8527/library/core/src/ops/function.rs:250:5
[INFO] [stdout]   25:     0x5a2dc23923fb - <fn() -> core[a373ad73a504971]::result::Result<(), alloc[2e1b2a31b91974c5]::string::String> as core[a373ad73a504971]::ops::function::FnOnce<()>>::call_once
[INFO] [stdout]                                at /rustc/e3feeb59cd1bdd011a2bfcc0747b55125d9b8527/library/core/src/ops/function.rs:250:5
[INFO] [stdout]   26:     0x5a2dc23923fb - test[aada8e7e76ba119b]::__rust_begin_short_backtrace::<core[a373ad73a504971]::result::Result<(), alloc[2e1b2a31b91974c5]::string::String>, fn() -> core[a373ad73a504971]::result::Result<(), alloc[2e1b2a31b91974c5]::string::String>>
[INFO] [stdout]                                at /rustc/e3feeb59cd1bdd011a2bfcc0747b55125d9b8527/library/test/src/lib.rs:701:18
[INFO] [stdout]   27:     0x5a2dc239f5d5 - test[aada8e7e76ba119b]::run_test_in_process::{closure#0}
[INFO] [stdout]                                at /rustc/e3feeb59cd1bdd011a2bfcc0747b55125d9b8527/library/test/src/lib.rs:724:74
[INFO] [stdout]   28:     0x5a2dc239f5d5 - <core[a373ad73a504971]::panic::unwind_safe::AssertUnwindSafe<test[aada8e7e76ba119b]::run_test_in_process::{closure#0}> as core[a373ad73a504971]::ops::function::FnOnce<()>>::call_once
[INFO] [stdout]                                at /rustc/e3feeb59cd1bdd011a2bfcc0747b55125d9b8527/library/core/src/panic/unwind_safe.rs:275:9
[INFO] [stdout]   29:     0x5a2dc239f5d5 - std[617be2ca0a6fd877]::panicking::catch_unwind::do_call::<core[a373ad73a504971]::panic::unwind_safe::AssertUnwindSafe<test[aada8e7e76ba119b]::run_test_in_process::{closure#0}>, core[a373ad73a504971]::result::Result<(), alloc[2e1b2a31b91974c5]::string::String>>
[INFO] [stdout]                                at /rustc/e3feeb59cd1bdd011a2bfcc0747b55125d9b8527/library/std/src/panicking.rs:573:43
[INFO] [stdout]   30:     0x5a2dc239f5d5 - std[617be2ca0a6fd877]::panicking::catch_unwind::<core[a373ad73a504971]::result::Result<(), alloc[2e1b2a31b91974c5]::string::String>, core[a373ad73a504971]::panic::unwind_safe::AssertUnwindSafe<test[aada8e7e76ba119b]::run_test_in_process::{closure#0}>>
[INFO] [stdout]                                at /rustc/e3feeb59cd1bdd011a2bfcc0747b55125d9b8527/library/std/src/panicking.rs:541:19
[INFO] [stdout]   31:     0x5a2dc239f5d5 - std[617be2ca0a6fd877]::panic::catch_unwind::<core[a373ad73a504971]::panic::unwind_safe::AssertUnwindSafe<test[aada8e7e76ba119b]::run_test_in_process::{closure#0}>, core[a373ad73a504971]::result::Result<(), alloc[2e1b2a31b91974c5]::string::String>>
[INFO] [stdout]                                at /rustc/e3feeb59cd1bdd011a2bfcc0747b55125d9b8527/library/std/src/panic.rs:359:14
[INFO] [stdout]   32:     0x5a2dc239f5d5 - test[aada8e7e76ba119b]::run_test_in_process
[INFO] [stdout]                                at /rustc/e3feeb59cd1bdd011a2bfcc0747b55125d9b8527/library/test/src/lib.rs:724:27
[INFO] [stdout]   33:     0x5a2dc239f5d5 - test[aada8e7e76ba119b]::run_test::{closure#0}
[INFO] [stdout]                                at /rustc/e3feeb59cd1bdd011a2bfcc0747b55125d9b8527/library/test/src/lib.rs:645:43
[INFO] [stdout]   34:     0x5a2dc2398ec4 - test[aada8e7e76ba119b]::run_test::{closure#1}
[INFO] [stdout]                                at /rustc/e3feeb59cd1bdd011a2bfcc0747b55125d9b8527/library/test/src/lib.rs:675:41
[INFO] [stdout]   35:     0x5a2dc2398ec4 - std[617be2ca0a6fd877]::sys::backtrace::__rust_begin_short_backtrace::<test[aada8e7e76ba119b]::run_test::{closure#1}, ()>
[INFO] [stdout]                                at /rustc/e3feeb59cd1bdd011a2bfcc0747b55125d9b8527/library/std/src/sys/backtrace.rs:166:18
[INFO] [stdout]   36:     0x5a2dc23a2662 - std[617be2ca0a6fd877]::thread::lifecycle::spawn_unchecked::<test[aada8e7e76ba119b]::run_test::{closure#1}, ()>::{closure#1}::{closure#0}
[INFO] [stdout]                                at /rustc/e3feeb59cd1bdd011a2bfcc0747b55125d9b8527/library/std/src/thread/lifecycle.rs:70:13
[INFO] [stdout]   37:     0x5a2dc23a2662 - <core[a373ad73a504971]::panic::unwind_safe::AssertUnwindSafe<std[617be2ca0a6fd877]::thread::lifecycle::spawn_unchecked<test[aada8e7e76ba119b]::run_test::{closure#1}, ()>::{closure#1}::{closure#0}> as core[a373ad73a504971]::ops::function::FnOnce<()>>::call_once
[INFO] [stdout]                                at /rustc/e3feeb59cd1bdd011a2bfcc0747b55125d9b8527/library/core/src/panic/unwind_safe.rs:275:9
[INFO] [stdout]   38:     0x5a2dc23a2662 - std[617be2ca0a6fd877]::panicking::catch_unwind::do_call::<core[a373ad73a504971]::panic::unwind_safe::AssertUnwindSafe<std[617be2ca0a6fd877]::thread::lifecycle::spawn_unchecked<test[aada8e7e76ba119b]::run_test::{closure#1}, ()>::{closure#1}::{closure#0}>, ()>
[INFO] [stdout]                                at /rustc/e3feeb59cd1bdd011a2bfcc0747b55125d9b8527/library/std/src/panicking.rs:573:43
[INFO] [stdout]   39:     0x5a2dc23a2662 - std[617be2ca0a6fd877]::panicking::catch_unwind::<(), core[a373ad73a504971]::panic::unwind_safe::AssertUnwindSafe<std[617be2ca0a6fd877]::thread::lifecycle::spawn_unchecked<test[aada8e7e76ba119b]::run_test::{closure#1}, ()>::{closure#1}::{closure#0}>>
[INFO] [stdout]                                at /rustc/e3feeb59cd1bdd011a2bfcc0747b55125d9b8527/library/std/src/panicking.rs:541:19
[INFO] [stdout]   40:     0x5a2dc23a2662 - std[617be2ca0a6fd877]::panic::catch_unwind::<core[a373ad73a504971]::panic::unwind_safe::AssertUnwindSafe<std[617be2ca0a6fd877]::thread::lifecycle::spawn_unchecked<test[aada8e7e76ba119b]::run_test::{closure#1}, ()>::{closure#1}::{closure#0}>, ()>
[INFO] [stdout]                                at /rustc/e3feeb59cd1bdd011a2bfcc0747b55125d9b8527/library/std/src/panic.rs:359:14
[INFO] [stdout]   41:     0x5a2dc23a2662 - std[617be2ca0a6fd877]::thread::lifecycle::spawn_unchecked::<test[aada8e7e76ba119b]::run_test::{closure#1}, ()>::{closure#1}
[INFO] [stdout]                                at /rustc/e3feeb59cd1bdd011a2bfcc0747b55125d9b8527/library/std/src/thread/lifecycle.rs:68:26
[INFO] [stdout]   42:     0x5a2dc23a2662 - <std[617be2ca0a6fd877]::thread::lifecycle::spawn_unchecked<test[aada8e7e76ba119b]::run_test::{closure#1}, ()>::{closure#1} as core[a373ad73a504971]::ops::function::FnOnce<()>>::call_once::{shim:vtable#0}
[INFO] [stdout]                                at /rustc/e3feeb59cd1bdd011a2bfcc0747b55125d9b8527/library/core/src/ops/function.rs:250:5
[INFO] [stdout]   43:     0x5a2dc24442ef - <alloc[2e1b2a31b91974c5]::boxed::Box<dyn core[a373ad73a504971]::ops::function::FnOnce<(), Output = ()> + core[a373ad73a504971]::marker::Send> as core[a373ad73a504971]::ops::function::FnOnce<()>>::call_once
[INFO] [stdout]                                at /rustc/e3feeb59cd1bdd011a2bfcc0747b55125d9b8527/library/alloc/src/boxed.rs:2314:9
[INFO] [stdout]   44:     0x5a2dc24442ef - <std[617be2ca0a6fd877]::sys::thread::unix::Thread>::new::thread_start
[INFO] [stdout]                                at /rustc/e3feeb59cd1bdd011a2bfcc0747b55125d9b8527/library/std/src/sys/thread/unix.rs:127:17
[INFO] [stdout]   45:     0x72374ca1adfa - <unknown>
[INFO] [stdout]   46:     0x72374caae3d4 - clone
[INFO] [stdout]   47:                0x0 - <unknown>
[INFO] [stdout] 
[INFO] [stdout] 
[INFO] [stdout] failures:
[INFO] [stdout]     cli_reference_is_current
[INFO] [stdout]     docs_commands_parse
[INFO] [stdout]     infra_table_is_current
[INFO] [stdout]     mcp_tool_table_is_current
[INFO] [stdout]     relative_links_resolve
[INFO] [stdout] 
[INFO] [stdout] test result: FAILED. 0 passed; 5 failed; 0 ignored; 0 measured; 0 filtered out; finished in 0.19s
[INFO] [stdout] 
[INFO] [stderr] error: test failed, to rerun pass `--test docs_guards`
[INFO] running `Command { std: "docker" "inspect" "0480c05f6dab84c32dea3d6c0a3d5021c8d7bc695aeded34c7e7b4b8a92048e8", kill_on_drop: false }`
[INFO] running `Command { std: "docker" "rm" "-f" "0480c05f6dab84c32dea3d6c0a3d5021c8d7bc695aeded34c7e7b4b8a92048e8", kill_on_drop: false }`
[INFO] [stdout] 0480c05f6dab84c32dea3d6c0a3d5021c8d7bc695aeded34c7e7b4b8a92048e8
