[INFO] fetching crate neo-cli 1.0.0...
[INFO] testing neo-cli-1.0.0 against 1.100.0-beta.1 for beta-1.100-2
[INFO] extracting crate neo-cli 1.0.0 into /workspace/builds/worker-3-tc2/source
[INFO] removed /workspace/builds/worker-3-tc2/source/.cargo/config.toml
[INFO] started tweaking crates.io crate neo-cli 1.0.0
[INFO] removed 0 missing tests
[INFO] finished tweaking crates.io crate neo-cli 1.0.0
[INFO] tweaked toml for crates.io crate neo-cli 1.0.0 written to /workspace/builds/worker-3-tc2/source/Cargo.toml
[INFO] validating manifest of crates.io crate neo-cli 1.0.0 on toolchain 1.100.0-beta.1
[INFO] running `Command { std: CARGO_HOME="/workspace/cargo-home" RUSTUP_HOME="/workspace/rustup-home" "/workspace/cargo-home/bin/cargo" "+1.100.0-beta.1" "metadata" "--manifest-path" "Cargo.toml" "--no-deps", kill_on_drop: false }`
[INFO] crate crates.io crate neo-cli 1.0.0 already has a lockfile, it will not be regenerated
[INFO] running `Command { std: CARGO_HOME="/workspace/cargo-home" RUSTUP_HOME="/workspace/rustup-home" "/workspace/cargo-home/bin/cargo" "+1.100.0-beta.1" "fetch" "--manifest-path" "Cargo.toml", kill_on_drop: false }`
[INFO] [stderr] warning: `package.homepage` is redundant with `package.repository`
[INFO] [stderr]    --> Cargo.toml:126:12
[INFO] [stderr]     |
[INFO] [stderr] 126 | homepage = "https://github.com/R3E-Network/NeoRust"
[INFO] [stderr]     |            ^^^^^^^^^^^^^^^^^^^^^^^^^^^^^^^^^^^^^^^^
[INFO] [stderr] ...
[INFO] [stderr] 130 | repository = "https://github.com/R3E-Network/NeoRust"
[INFO] [stderr]     |              ----------------------------------------
[INFO] [stderr]     |
[INFO] [stderr]     = note: `cargo::redundant_homepage` is set to `warn` by default
[INFO] [stderr] help: consider removing `package.homepage`
[INFO] [stderr] warning: `neo-cli` (manifest) generated 1 warning
[INFO] running `Command { std: "docker" "create" "-v" "/var/lib/crater-agent-workspace/builds/worker-3-tc2/source:/opt/rustwide/workdir:ro,Z" "-v" "/var/lib/crater-agent-workspace/builds/worker-3-tc2/target:/opt/rustwide/target:rw,Z" "-v" "/var/lib/crater-agent-workspace/cargo-home:/opt/rustwide/cargo-home:ro,Z" "-v" "/var/lib/crater-agent-workspace/rustup-home:/opt/rustwide/rustup-home:ro,Z" "-m" "1610612736" "--network" "none" "ghcr.io/rust-lang/crates-build-env/linux@sha256:3111399a4047eeb3a02b7a90e478d715f38a8c6669b5c4b49d30a17385265909" "sleep" "infinity", kill_on_drop: false }`
[INFO] [stdout] ec5b6baf67ead6f3842d503dbbe3577b18123de54a7b3797623ccebf25f96ce6
[INFO] running `Command { std: "docker" "start" "ec5b6baf67ead6f3842d503dbbe3577b18123de54a7b3797623ccebf25f96ce6", kill_on_drop: false }`
[INFO] running `Command { std: "docker" "inspect" "ec5b6baf67ead6f3842d503dbbe3577b18123de54a7b3797623ccebf25f96ce6", kill_on_drop: false }`
[INFO] running `Command { std: "docker" "exec" "-e" "SOURCE_DIR=/opt/rustwide/workdir" "-e" "CARGO_HOME=/opt/rustwide/cargo-home" "-e" "RUSTUP_HOME=/opt/rustwide/rustup-home" "-e" "CARGO_TARGET_DIR=/opt/rustwide/target" "-w" "/opt/rustwide/workdir" "--user" "0:0" "ec5b6baf67ead6f3842d503dbbe3577b18123de54a7b3797623ccebf25f96ce6" "/opt/rustwide/cargo-home/bin/cargo" "+1.100.0-beta.1" "metadata" "--no-deps" "--format-version=1", kill_on_drop: false }`
[INFO] running `Command { std: "docker" "inspect" "ec5b6baf67ead6f3842d503dbbe3577b18123de54a7b3797623ccebf25f96ce6", kill_on_drop: false }`
[INFO] running `Command { std: "docker" "exec" "-e" "SOURCE_DIR=/opt/rustwide/workdir" "-e" "CARGO_HOME=/opt/rustwide/cargo-home" "-e" "RUSTUP_HOME=/opt/rustwide/rustup-home" "-e" "CARGO_TARGET_DIR=/opt/rustwide/target" "-e" "CARGO_INCREMENTAL=0" "-e" "RUST_BACKTRACE=full" "-e" "RUSTFLAGS=--cap-lints=warn" "-e" "RUSTDOCFLAGS=--cap-lints=warn" "-w" "/opt/rustwide/workdir" "--user" "0:0" "ec5b6baf67ead6f3842d503dbbe3577b18123de54a7b3797623ccebf25f96ce6" "/opt/rustwide/cargo-home/bin/cargo" "+1.100.0-beta.1" "build" "--frozen" "--message-format=json", kill_on_drop: false }`
[INFO] [stderr] warning: `package.homepage` is redundant with `package.repository`
[INFO] [stderr]    --> Cargo.toml:126:12
[INFO] [stderr]     |
[INFO] [stderr] 126 | homepage = "https://github.com/R3E-Network/NeoRust"
[INFO] [stderr]     |            ^^^^^^^^^^^^^^^^^^^^^^^^^^^^^^^^^^^^^^^^
[INFO] [stderr] ...
[INFO] [stderr] 130 | repository = "https://github.com/R3E-Network/NeoRust"
[INFO] [stderr]     |              ----------------------------------------
[INFO] [stderr]     |
[INFO] [stderr]     = note: `cargo::redundant_homepage` is set to `warn` by default
[INFO] [stderr] help: consider removing `package.homepage`
[INFO] [stderr] warning: `neo-cli` (manifest) generated 1 warning
[INFO] [stderr]    Compiling proc-macro2 v1.0.103
[INFO] [stderr]    Compiling quote v1.0.42
[INFO] [stderr]    Compiling libc v0.2.177
[INFO] [stderr]    Compiling cc v1.2.47
[INFO] [stderr]    Compiling bytes v1.11.0
[INFO] [stderr]    Compiling futures-channel v0.3.31
[INFO] [stderr]    Compiling base64ct v1.8.0
[INFO] [stderr]    Compiling zerocopy v0.8.28
[INFO] [stderr]    Compiling futures-task v0.3.31
[INFO] [stderr]    Compiling futures-io v0.3.31
[INFO] [stderr]    Compiling wasm-bindgen-shared v0.2.105
[INFO] [stderr]    Compiling block-padding v0.3.3
[INFO] [stderr]    Compiling num-traits v0.2.19
[INFO] [stderr]    Compiling log v0.4.28
[INFO] [stderr]    Compiling winnow v0.7.13
[INFO] [stderr]    Compiling inout v0.1.4
[INFO] [stderr]    Compiling rustix v1.1.2
[INFO] [stderr]    Compiling wasm-bindgen v0.2.105
[INFO] [stderr]    Compiling rustls v0.23.35
[INFO] [stderr]    Compiling memoffset v0.7.1
[INFO] [stderr]    Compiling toml_datetime v0.7.3
[INFO] [stderr]    Compiling serde_json v1.0.145
[INFO] [stderr]    Compiling rusb v0.9.4
[INFO] [stderr]    Compiling crunchy v0.2.4
[INFO] [stderr]    Compiling thiserror v2.0.17
[INFO] [stderr]    Compiling bitcoin-internals v0.2.0
[INFO] [stderr]    Compiling pem-rfc7468 v0.7.0
[INFO] [stderr]    Compiling curve25519-dalek v4.1.3
[INFO] [stderr]    Compiling regex-syntax v0.8.8
[INFO] [stderr]    Compiling tinyvec_macros v0.1.1
[INFO] [stderr]    Compiling tinyvec v1.10.0
[INFO] [stderr]    Compiling der v0.7.10
[INFO] [stderr]    Compiling convert_case v0.6.0
[INFO] [stderr]    Compiling webpki-roots v1.0.4
[INFO] [stderr]    Compiling syn v2.0.110
[INFO] [stderr]    Compiling proc-macro-error-attr2 v2.0.0
[INFO] [stderr]    Compiling hex-conservative v0.1.2
[INFO] [stderr]    Compiling rust_decimal v1.39.0
[INFO] [stderr]    Compiling http v1.3.1
[INFO] [stderr]    Compiling num-integer v0.1.46
[INFO] [stderr]    Compiling opaque-debug v0.3.1
[INFO] [stderr]    Compiling unicase v2.8.1
[INFO] [stderr]    Compiling uint v0.10.0
[INFO] [stderr]    Compiling unicode-normalization v0.1.25
[INFO] [stderr]    Compiling bitcoin_hashes v0.13.0
[INFO] [stderr]    Compiling pem v3.0.6
[INFO] [stderr]    Compiling neo3 v1.0.0
[INFO] [stderr]    Compiling mime_guess v2.0.5
[INFO] [stderr]    Compiling num-bigint v0.4.6
[INFO] [stderr]    Compiling anyhow v1.0.100
[INFO] [stderr]    Compiling openssl-sys v0.9.111
[INFO] [stderr]    Compiling ring v0.17.14
[INFO] [stderr]    Compiling libusb1-sys v0.7.0
[INFO] [stderr]    Compiling http-body v1.0.1
[INFO] [stderr]    Compiling hidapi-rusb v1.3.3
[INFO] [stderr]    Compiling openssl v0.10.75
[INFO] [stderr]    Compiling spki v0.7.3
[INFO] [stderr]    Compiling native-tls v0.2.14
[INFO] [stderr]    Compiling http-body-util v0.1.3
[INFO] [stderr]    Compiling pkcs8 v0.10.2
[INFO] [stderr]    Compiling iana-time-zone v0.1.64
[INFO] [stderr]    Compiling arrayvec v0.7.6
[INFO] [stderr]    Compiling regex-automata v0.4.13
[INFO] [stderr]    Compiling sec1 v0.7.3
[INFO] [stderr]    Compiling clap_builder v4.5.53
[INFO] [stderr]    Compiling tracing-subscriber v0.3.20
[INFO] [stderr]    Compiling bs58 v0.5.1
[INFO] [stderr]    Compiling byte-slice-cast v1.2.3
[INFO] [stderr]    Compiling shell-words v1.1.0
[INFO] [stderr]    Compiling hex-literal v0.4.1
[INFO] [stderr]    Compiling strum v0.26.3
[INFO] [stderr]    Compiling humantime v2.3.0
[INFO] [stderr]    Compiling getrandom v0.2.16
[INFO] [stderr]    Compiling parking_lot_core v0.9.12
[INFO] [stderr]    Compiling signal-hook-registry v1.4.6
[INFO] [stderr]    Compiling socket2 v0.6.1
[INFO] [stderr]    Compiling mio v1.1.0
[INFO] [stderr]    Compiling rand_core v0.6.4
[INFO] [stderr]    Compiling ppv-lite86 v0.2.21
[INFO] [stderr]    Compiling parking_lot v0.12.5
[INFO] [stderr]    Compiling toml_parser v1.0.4
[INFO] [stderr]    Compiling crypto-common v0.1.7
[INFO] [stderr]    Compiling ff v0.13.1
[INFO] [stderr]    Compiling digest v0.10.7
[INFO] [stderr]    Compiling cipher v0.4.4
[INFO] [stderr]    Compiling hmac v0.12.1
[INFO] [stderr]    Compiling signature v2.2.0
[INFO] [stderr]    Compiling group v0.13.0
[INFO] [stderr]    Compiling crypto-bigint v0.5.5
[INFO] [stderr]    Compiling sha2 v0.10.9
[INFO] [stderr]    Compiling rfc6979 v0.4.0
[INFO] [stderr]    Compiling rand_chacha v0.3.1
[INFO] [stderr]    Compiling getrandom v0.3.4
[INFO] [stderr]    Compiling sha1 v0.10.6
[INFO] [stderr]    Compiling universal-hash v0.5.1
[INFO] [stderr]    Compiling polyval v0.6.2
[INFO] [stderr]    Compiling tempfile v3.23.0
[INFO] [stderr]    Compiling pbkdf2 v0.12.2
[INFO] [stderr]    Compiling rand v0.8.5
[INFO] [stderr]    Compiling ed25519 v2.2.3
[INFO] [stderr]    Compiling toml_edit v0.23.7
[INFO] [stderr]    Compiling aes v0.8.4
[INFO] [stderr]    Compiling salsa20 v0.10.2
[INFO] [stderr]    Compiling password-hash v0.5.0
[INFO] [stderr]    Compiling nix v0.26.4
[INFO] [stderr]    Compiling ghash v0.5.1
[INFO] [stderr]    Compiling crossterm v0.29.0
[INFO] [stderr]    Compiling ecb v0.1.2
[INFO] [stderr]    Compiling ctr v0.9.2
[INFO] [stderr]    Compiling blake2 v0.10.6
[INFO] [stderr]    Compiling ripemd v0.1.3
[INFO] [stderr]    Compiling sha3 v0.10.8
[INFO] [stderr]    Compiling scrypt v0.11.0
[INFO] [stderr]    Compiling aead v0.5.2
[INFO] [stderr]    Compiling console v0.15.11
[INFO] [stderr]    Compiling dirs-sys v0.4.1
[INFO] [stderr]    Compiling comfy-table v7.2.1
[INFO] [stderr]    Compiling aes-gcm v0.10.3
[INFO] [stderr]    Compiling uuid v1.18.1
[INFO] [stderr]    Compiling proc-macro-crate v3.4.0
[INFO] [stderr]    Compiling fixed-hash v0.8.0
[INFO] [stderr]    Compiling regex v1.12.2
[INFO] [stderr]    Compiling dirs v5.0.1
[INFO] [stderr]    Compiling elliptic-curve v0.13.8
[INFO] [stderr]    Compiling colored v2.2.0
[INFO] [stderr]    Compiling env_filter v0.1.4
[INFO] [stderr]    Compiling ecdsa v0.16.9
[INFO] [stderr]    Compiling primeorder v0.13.6
[INFO] [stderr]    Compiling env_logger v0.11.6
[INFO] [stderr]    Compiling p256 v0.13.2
[INFO] [stderr]    Compiling k256 v0.13.4
[INFO] [stderr]    Compiling synstructure v0.13.2
[INFO] [stderr]    Compiling wasm-bindgen-macro-support v0.2.105
[INFO] [stderr]    Compiling darling_core v0.21.3
[INFO] [stderr]    Compiling proc-macro-error2 v2.0.1
[INFO] [stderr]    Compiling rustls-webpki v0.103.8
[INFO] [stderr]    Compiling zerofrom-derive v0.1.6
[INFO] [stderr]    Compiling serde_derive v1.0.228
[INFO] [stderr]    Compiling yoke-derive v0.8.1
[INFO] [stderr]    Compiling tokio-macros v2.6.0
[INFO] [stderr]    Compiling zerovec-derive v0.11.2
[INFO] [stderr]    Compiling displaydoc v0.2.5
[INFO] [stderr]    Compiling futures-macro v0.3.31
[INFO] [stderr]    Compiling tracing-attributes v0.1.30
[INFO] [stderr]    Compiling openssl-macros v0.1.1
[INFO] [stderr]    Compiling thiserror-impl v1.0.69
[INFO] [stderr]    Compiling thiserror-impl v2.0.17
[INFO] [stderr]    Compiling pin-project-internal v1.1.10
[INFO] [stderr]    Compiling tokio v1.48.0
[INFO] [stderr]    Compiling futures-util v0.3.31
[INFO] [stderr]    Compiling thiserror v1.0.69
[INFO] [stderr]    Compiling curve25519-dalek-derive v0.1.1
[INFO] [stderr]    Compiling pin-project v1.1.10
[INFO] [stderr]    Compiling num_enum_derive v0.7.5
[INFO] [stderr]    Compiling derive_more-impl v1.0.0
[INFO] [stderr]    Compiling async-trait v0.1.89
[INFO] [stderr]    Compiling tracing v0.1.41
[INFO] [stderr]    Compiling clap_derive v4.5.49
[INFO] [stderr]    Compiling zerofrom v0.1.6
[INFO] [stderr]    Compiling tracing-futures v0.2.5
[INFO] [stderr]    Compiling simple_asn1 v0.6.3
[INFO] [stderr]    Compiling yoke v0.8.1
[INFO] [stderr]    Compiling strum_macros v0.26.4
[INFO] [stderr]    Compiling getset v0.1.6
[INFO] [stderr]    Compiling zerovec v0.11.5
[INFO] [stderr]    Compiling zerotrie v0.2.3
[INFO] [stderr]    Compiling num_enum v0.7.5
[INFO] [stderr]    Compiling auto_impl v1.3.0
[INFO] [stderr]    Compiling tinystr v0.8.2
[INFO] [stderr]    Compiling potential_utf v0.1.4
[INFO] [stderr]    Compiling icu_collections v2.1.1
[INFO] [stderr]    Compiling icu_locale_core v2.1.1
[INFO] [stderr]    Compiling dialoguer v0.11.0
[INFO] [stderr]    Compiling wasm-bindgen-macro v0.2.105
[INFO] [stderr]    Compiling ed25519-dalek v2.2.0
[INFO] [stderr]    Compiling darling_macro v0.21.3
[INFO] [stderr]    Compiling darling v0.21.3
[INFO] [stderr]    Compiling serde_with_macros v3.16.0
[INFO] [stderr]    Compiling js-sys v0.3.82
[INFO] [stderr]    Compiling icu_provider v2.1.1
[INFO] [stderr]    Compiling clap v4.5.53
[INFO] [stderr]    Compiling futures v0.3.31
[INFO] [stderr]    Compiling icu_properties v2.1.1
[INFO] [stderr]    Compiling icu_normalizer v2.1.1
[INFO] [stderr]    Compiling tungstenite v0.23.0
[INFO] [stderr]    Compiling serde v1.0.228
[INFO] [stderr]    Compiling serde_with v3.16.0
[INFO] [stderr]    Compiling toml_datetime v0.6.11
[INFO] [stderr]    Compiling impl-serde v0.5.0
[INFO] [stderr]    Compiling serde_urlencoded v0.7.1
[INFO] [stderr]    Compiling serde_spanned v0.6.9
[INFO] [stderr]    Compiling jsonwebtoken v9.3.1
[INFO] [stderr]    Compiling chrono v0.4.42
[INFO] [stderr]    Compiling primitive-types v0.13.1
[INFO] [stderr]    Compiling bip39 v2.2.0
[INFO] [stderr]    Compiling toml_edit v0.22.27
[INFO] [stderr]    Compiling idna_adapter v1.2.1
[INFO] [stderr]    Compiling idna v1.1.0
[INFO] [stderr]    Compiling tokio-util v0.7.17
[INFO] [stderr]    Compiling tokio-native-tls v0.3.1
[INFO] [stderr]    Compiling tokio-rustls v0.26.4
[INFO] [stderr]    Compiling tower v0.5.2
[INFO] [stderr]    Compiling tokio-tungstenite v0.23.1
[INFO] [stderr]    Compiling url v2.5.7
[INFO] [stderr]    Compiling derive_more v1.0.0
[INFO] [stderr]    Compiling h2 v0.4.12
[INFO] [stderr]    Compiling tower-http v0.6.6
[INFO] [stderr]    Compiling toml v0.8.23
[INFO] [stderr]    Compiling coins-ledger v0.12.0
[INFO] [stderr]    Compiling gloo-timers v0.2.6
[INFO] [stderr]    Compiling futures-timer v3.0.3
[INFO] [stderr]    Compiling hyper v1.8.1
[INFO] [stderr]    Compiling hyper-util v0.1.18
[INFO] [stderr]    Compiling hyper-tls v0.6.0
[INFO] [stderr]    Compiling hyper-rustls v0.27.7
[INFO] [stderr]    Compiling reqwest v0.12.24
[INFO] [stderr]    Compiling neo-cli v1.0.0 (/opt/rustwide/workdir)
[INFO] [stderr]     Finished `dev` profile [unoptimized + debuginfo] target(s) in 2m 01s
[INFO] [stderr] warning: the following packages contain code that will be rejected by a future version of Rust: primitive-types v0.13.1, proc-macro-error2 v2.0.1
[INFO] [stderr] note: to see what the problems were, use the option `--future-incompat-report`, or run `cargo report future-incompatibilities --id 3`
[INFO] running `Command { std: "docker" "inspect" "ec5b6baf67ead6f3842d503dbbe3577b18123de54a7b3797623ccebf25f96ce6", kill_on_drop: false }`
[INFO] running `Command { std: "docker" "exec" "-e" "SOURCE_DIR=/opt/rustwide/workdir" "-e" "CARGO_HOME=/opt/rustwide/cargo-home" "-e" "RUSTUP_HOME=/opt/rustwide/rustup-home" "-e" "CARGO_TARGET_DIR=/opt/rustwide/target" "-e" "CARGO_INCREMENTAL=0" "-e" "RUST_BACKTRACE=full" "-e" "RUSTFLAGS=--cap-lints=warn" "-e" "RUSTDOCFLAGS=--cap-lints=warn" "-w" "/opt/rustwide/workdir" "--user" "0:0" "ec5b6baf67ead6f3842d503dbbe3577b18123de54a7b3797623ccebf25f96ce6" "/opt/rustwide/cargo-home/bin/cargo" "+1.100.0-beta.1" "test" "--frozen" "--no-run" "--message-format=json", kill_on_drop: false }`
[INFO] [stderr] warning: `package.homepage` is redundant with `package.repository`
[INFO] [stderr]    --> Cargo.toml:126:12
[INFO] [stderr]     |
[INFO] [stderr] 126 | homepage = "https://github.com/R3E-Network/NeoRust"
[INFO] [stderr]     |            ^^^^^^^^^^^^^^^^^^^^^^^^^^^^^^^^^^^^^^^^
[INFO] [stderr] ...
[INFO] [stderr] 130 | repository = "https://github.com/R3E-Network/NeoRust"
[INFO] [stderr]     |              ----------------------------------------
[INFO] [stderr]     |
[INFO] [stderr]     = note: `cargo::redundant_homepage` is set to `warn` by default
[INFO] [stderr] help: consider removing `package.homepage`
[INFO] [stderr] warning: `neo-cli` (manifest) generated 1 warning
[INFO] [stderr]    Compiling regex-automata v0.4.13
[INFO] [stderr]    Compiling float-cmp v0.10.0
[INFO] [stderr]    Compiling assert_cmd v2.1.1
[INFO] [stderr]    Compiling normalize-line-endings v0.3.0
[INFO] [stderr]    Compiling wait-timeout v0.2.1
[INFO] [stderr]    Compiling regex v1.12.2
[INFO] [stderr]    Compiling bstr v1.12.1
[INFO] [stderr]    Compiling env_filter v0.1.4
[INFO] [stderr]    Compiling predicates v3.1.3
[INFO] [stderr]    Compiling env_logger v0.11.6
[INFO] [stderr]    Compiling neo-cli v1.0.0 (/opt/rustwide/workdir)
[INFO] [stderr]     Finished `test` profile [unoptimized + debuginfo] target(s) in 20.30s
[INFO] [stderr] warning: the following packages contain code that will be rejected by a future version of Rust: primitive-types v0.13.1, proc-macro-error2 v2.0.1
[INFO] [stderr] note: to see what the problems were, use the option `--future-incompat-report`, or run `cargo report future-incompatibilities --id 3`
[INFO] running `Command { std: "docker" "inspect" "ec5b6baf67ead6f3842d503dbbe3577b18123de54a7b3797623ccebf25f96ce6", kill_on_drop: false }`
[INFO] running `Command { std: "docker" "exec" "-e" "SOURCE_DIR=/opt/rustwide/workdir" "-e" "CARGO_HOME=/opt/rustwide/cargo-home" "-e" "RUSTUP_HOME=/opt/rustwide/rustup-home" "-e" "CARGO_TARGET_DIR=/opt/rustwide/target" "-e" "CARGO_INCREMENTAL=0" "-e" "RUST_BACKTRACE=full" "-e" "RUSTFLAGS=--cap-lints=warn" "-e" "RUSTDOCFLAGS=--cap-lints=warn" "-w" "/opt/rustwide/workdir" "--user" "0:0" "ec5b6baf67ead6f3842d503dbbe3577b18123de54a7b3797623ccebf25f96ce6" "/opt/rustwide/cargo-home/bin/cargo" "+1.100.0-beta.1" "test" "--frozen", kill_on_drop: false }`
[INFO] [stderr] warning: `package.homepage` is redundant with `package.repository`
[INFO] [stderr]    --> Cargo.toml:126:12
[INFO] [stderr]     |
[INFO] [stderr] 126 | homepage = "https://github.com/R3E-Network/NeoRust"
[INFO] [stderr]     |            ^^^^^^^^^^^^^^^^^^^^^^^^^^^^^^^^^^^^^^^^
[INFO] [stderr] ...
[INFO] [stderr] 130 | repository = "https://github.com/R3E-Network/NeoRust"
[INFO] [stderr]     |              ----------------------------------------
[INFO] [stderr]     |
[INFO] [stderr]     = note: `cargo::redundant_homepage` is set to `warn` by default
[INFO] [stderr] help: consider removing `package.homepage`
[INFO] [stderr] warning: `neo-cli` (manifest) generated 1 warning
[INFO] [stderr]     Finished `test` profile [unoptimized + debuginfo] target(s) in 0.50s
[INFO] [stderr] warning: the following packages contain code that will be rejected by a future version of Rust: primitive-types v0.13.1, proc-macro-error2 v2.0.1
[INFO] [stderr] note: to see what the problems were, use the option `--future-incompat-report`, or run `cargo report future-incompatibilities --id 3`
[INFO] [stderr]      Running unittests src/main.rs (/opt/rustwide/target/debug/build/neo-cli/54baf9f9696e49b9/out/neo_cli-54baf9f9696e49b9)
[INFO] [stdout] 
[INFO] [stdout] running 17 tests
[INFO] [stdout] test generator::tests::test_template_variable_replacement ... ok
[INFO] [stdout] test monitoring::logger::tests::test_logger_initialization ... ok
[INFO] [stdout] test monitoring::metrics::tests::test_metrics_registry ... ok
[INFO] [stdout] test monitoring::metrics::tests::test_prometheus_export ... ok
[INFO] [stdout] test security::error_handler::tests::test_circuit_breaker ... ok
[INFO] [stdout] test security::keychain::tests::test_keychain_manager_creation ... ok
[INFO] [stdout] test security::keychain::tests::test_secure_wallet_storage ... ok
[INFO] [stdout] test security::network_failover::tests::test_endpoint_health_scoring ... ok
[INFO] [stdout] test security::session::tests::test_concurrent_session_limit ... ok
[INFO] [stdout] test security::network_failover::tests::test_failover_manager ... ok
[INFO] [stdout] test security::session::tests::test_session_creation ... ok
[INFO] [stdout] test security::session::tests::test_session_validation ... ok
[INFO] [stdout] test generator::tests::test_project_generation ... ok
[INFO] [stdout] test generator::tests::test_embedded_templates_parse ... ok
[INFO] [stderr] [2026-10-06 16:42:20.404] WARN  Operation failed (attempt 1/3), retrying in 100ms: Network error: Test error
[INFO] [stderr] [2026-10-06 16:42:20.404] INFO  Test message [operation=transfer, user=alice]
[INFO] [stdout] test monitoring::logger::tests::test_structured_logger ... ok
[INFO] [stdout] test monitoring::logger::tests::test_performance_logger ... ok
[INFO] [stderr] [2026-10-06 16:42:20.514] WARN  Operation failed (attempt 2/3), retrying in 150ms: Network error: Test error
[INFO] [stdout] test security::error_handler::tests::test_retry_handler ... ok
[INFO] [stdout] 
[INFO] [stdout] test result: ok. 17 passed; 0 failed; 0 ignored; 0 measured; 0 filtered out; finished in 0.26s
[INFO] [stdout] 
[INFO] [stderr]      Running tests/integration_tests.rs (/opt/rustwide/target/debug/build/neo-cli/cf84e6b81757dfeb/out/integration_tests-cf84e6b81757dfeb)
[INFO] [stdout] 
[INFO] [stdout] running 42 tests
[INFO] [stdout] test integration::contract_tests::tests::test_contract_manifest ... ignored
[INFO] [stdout] test integration::contract_tests::tests::test_contract_methods ... ignored
[INFO] [stdout] test integration::contract_tests::tests::test_contract_storage ... ignored
[INFO] [stdout] test integration::defi_tests::tests::test_defi_balance ... ok
[INFO] [stdout] test integration::contract_tests::tests::test_contract_info ... ok
[INFO] [stdout] test integration::blockchain_tests::test_blockchain_get_block_by_hash ... ok
[INFO] [stdout] test integration::defi_tests::tests::test_defi_pools ... ok
[INFO] [stdout] test integration::blockchain_tests::test_blockchain_height ... ok
[INFO] [stdout] test integration::blockchain_tests::test_blockchain_info ... ok
[INFO] [stdout] test integration::blockchain_tests::test_blockchain_get_asset has been running for over 60 seconds
[INFO] [stdout] test integration::blockchain_tests::test_blockchain_get_block_by_index has been running for over 60 seconds
[INFO] [stdout] test integration::contract_tests::tests::test_contract_deploy has been running for over 60 seconds
[INFO] [stdout] test integration::contract_tests::tests::test_contract_test_invoke has been running for over 60 seconds
[INFO] [stdout] test integration::defi_tests::tests::test_defi_add_liquidity has been running for over 60 seconds
[INFO] [stdout] test integration::defi_tests::tests::test_defi_balance_with_wallet has been running for over 60 seconds
[INFO] [stdout] test integration::defi_tests::tests::test_defi_invalid_token has been running for over 60 seconds
[INFO] [stdout] test integration::defi_tests::tests::test_defi_invoke_test has been running for over 60 seconds
[INFO] [stdout] test integration::defi_tests::tests::test_defi_remove_liquidity has been running for over 60 seconds
[INFO] [stdout] test integration::defi_tests::tests::test_defi_swap has been running for over 60 seconds
[INFO] [stdout] test integration::defi_tests::tests::test_defi_invoke_test ... ok
[INFO] [stdout] test integration::blockchain_tests::test_blockchain_get_block_by_index ... ok
[INFO] [stdout] test integration::defi_tests::tests::test_defi_swap_info has been running for over 60 seconds
[INFO] [stdout] test integration::contract_tests::tests::test_contract_deploy ... ok
[INFO] [stdout] test integration::defi_tests::tests::test_defi_token_info has been running for over 60 seconds
[INFO] [stdout] test integration::contract_tests::tests::test_contract_test_invoke ... ok
[INFO] [stdout] test integration::defi_tests::tests::test_defi_token_info_gas has been running for over 60 seconds
[INFO] [stdout] test integration::defi_tests::tests::test_defi_balance_with_wallet ... ok
[INFO] [stdout] test integration::fs_tests::test_fs_acl_operations has been running for over 60 seconds
[INFO] [stdout] test integration::blockchain_tests::test_blockchain_get_asset ... ok
[INFO] [stdout] test integration::fs_tests::test_fs_container_operations has been running for over 60 seconds
[INFO] [stdout] test integration::defi_tests::tests::test_defi_invalid_token ... ok
[INFO] [stdout] test integration::defi_tests::tests::test_defi_swap_info ... ok
[INFO] [stdout] test integration::fs_tests::test_fs_endpoints_list has been running for over 60 seconds
[INFO] [stdout] test integration::defi_tests::tests::test_defi_token_info ... ok
[INFO] [stdout] test integration::fs_tests::test_fs_endpoints_test has been running for over 60 seconds
[INFO] [stdout] test integration::defi_tests::tests::test_defi_token_info_gas ... ok
[INFO] [stdout] test integration::fs_tests::test_fs_object_operations has been running for over 60 seconds
[INFO] [stdout] test integration::fs_tests::test_fs_acl_operations ... ok
[INFO] [stdout] test integration::fs_tests::test_fs_status_no_wallet has been running for over 60 seconds
[INFO] [stdout] test integration::fs_tests::test_fs_container_operations ... ok
[INFO] [stdout] test integration::defi_tests::tests::test_defi_add_liquidity ... ok
[INFO] [stdout] test integration::wallet_tests::test_wallet_balance ... ignored
[INFO] [stdout] test integration::generate_tests::tests::test_generate_list_templates has been running for over 60 seconds
[INFO] [stdout] test integration::fs_tests::test_fs_endpoints_list ... FAILED
[INFO] [stdout] test integration::wallet_tests::test_wallet_create_address ... ignored
[INFO] [stdout] test integration::init_tests::tests::test_init_custom_path has been running for over 60 seconds
[INFO] [stdout] test integration::init_tests::tests::test_init_default has been running for over 60 seconds
[INFO] [stdout] test integration::fs_tests::test_fs_object_operations ... ok
[INFO] [stdout] test integration::fs_tests::test_fs_status_no_wallet ... ok
[INFO] [stdout] test integration::network_tests::test_network_add_node has been running for over 60 seconds
[INFO] [stdout] test integration::defi_tests::tests::test_defi_remove_liquidity ... ok
[INFO] [stdout] test integration::network_tests::test_network_nodes has been running for over 60 seconds
[INFO] [stdout] test integration::network_tests::test_network_ping has been running for over 60 seconds
[INFO] [stdout] test integration::generate_tests::tests::test_generate_list_templates ... FAILED
[INFO] [stdout] test integration::network_tests::test_network_set_default has been running for over 60 seconds
[INFO] [stdout] test integration::init_tests::tests::test_init_custom_path ... FAILED
[INFO] [stdout] test integration::network_tests::test_network_status has been running for over 60 seconds
[INFO] [stdout] test integration::network_tests::test_network_switch has been running for over 60 seconds
[INFO] [stdout] test integration::init_tests::tests::test_init_default ... FAILED
[INFO] [stdout] test integration::wallet_tests::test_wallet_create has been running for over 60 seconds
[INFO] [stdout] test integration::wallet_tests::test_wallet_list_address has been running for over 60 seconds
[INFO] [stdout] test integration::defi_tests::tests::test_defi_swap ... ok
[INFO] [stdout] test integration::wallet_tests::test_wallet_open_and_close has been running for over 60 seconds
[INFO] [stdout] test integration::network_tests::test_network_add_node ... ok
[INFO] [stdout] test integration::network_tests::test_network_nodes ... ok
[INFO] [stdout] test integration::network_tests::test_network_ping ... ok
[INFO] [stdout] test integration::network_tests::test_network_status ... ok
[INFO] [stdout] test integration::fs_tests::test_fs_endpoints_test ... ok
[INFO] [stdout] test integration::network_tests::test_network_set_default ... ok
[INFO] [stdout] test integration::network_tests::test_network_switch ... ok
[INFO] [stdout] test integration::wallet_tests::test_wallet_create ... ok
[INFO] [stdout] test integration::wallet_tests::test_wallet_list_address ... ok
[INFO] [stdout] test integration::wallet_tests::test_wallet_open_and_close ... ok
[INFO] [stdout] 
[INFO] [stdout] failures:
[INFO] [stdout] 
[INFO] [stdout] ---- integration::fs_tests::test_fs_endpoints_list stdout ----
[INFO] [stdout] 
[INFO] [stdout] thread 'integration::fs_tests::test_fs_endpoints_list' (4282) panicked at tests/integration/utils.rs:60:5:
[INFO] [stdout] Command failed: warning: `package.homepage` is redundant with `package.repository`
[INFO] [stdout]    --> Cargo.toml:126:12
[INFO] [stdout]     |
[INFO] [stdout] 126 | homepage = "https://github.com/R3E-Network/NeoRust"
[INFO] [stdout]     |            ^^^^^^^^^^^^^^^^^^^^^^^^^^^^^^^^^^^^^^^^
[INFO] [stdout] ...
[INFO] [stdout] 130 | repository = "https://github.com/R3E-Network/NeoRust"
[INFO] [stdout]     |              ----------------------------------------
[INFO] [stdout]     |
[INFO] [stdout]     = note: `cargo::redundant_homepage` is set to `warn` by default
[INFO] [stdout] help: consider removing `package.homepage`
[INFO] [stdout] warning: `neo-cli` (manifest) generated 1 warning
[INFO] [stdout]     Blocking waiting for file lock on build directory
[INFO] [stdout]    Compiling neo3 v1.0.0
[INFO] [stdout] error: could not compile `neo3` (lib)
[INFO] [stdout] 
[INFO] [stdout] Caused by:
[INFO] [stdout]   process didn't exit successfully: `/opt/rustwide/rustup-home/toolchains/1.100.0-beta.1-x86_64-unknown-linux-gnu/bin/rustc --crate-name neo3 --edition=2021 /opt/rustwide/cargo-home/registry/src/index.crates.io-1949cf8c6b5b557f/neo3-1.0.0/src/lib.rs --error-format=json --json=diagnostic-rendered-ansi,artifacts,future-incompat,unused-externs-silent --crate-type lib --emit=dep-info,metadata,link -C embed-bitcode=no -C debuginfo=2 --cfg 'feature="coins-ledger"' --cfg 'feature="default"' --cfg 'feature="futures"' --cfg 'feature="ledger"' --cfg 'feature="ws"' --check-cfg 'cfg(docsrs,test)' --check-cfg 'cfg(feature, values("coins-ledger", "default", "futures", "init", "ipc", "ledger", "legacy-ws", "mock", "mock-hsm", "no_std", "sgx", "ws", "yubi", "yubihsm"))' -C metadata=29cefe4925613be7 -C extra-filename=-0b893acd5ca04af9 --out-dir /opt/rustwide/target/debug/build/neo3/0b893acd5ca04af9/out -L dependency=/opt/rustwide/target/debug/build/arrayvec/9d0aa62fa88910b3/out -L dependency=/opt/rustwide/target/debug/build/async-trait/1e23919fdf7d7dba/out -L dependency=/opt/rustwide/target/debug/build/atomic-waker/06950c8c08d2b8fa/out -L dependency=/opt/rustwide/target/debug/build/base16ct/c4cc4b0550013254/out -L dependency=/opt/rustwide/target/debug/build/base64/32787b0325ea6df8/out -L dependency=/opt/rustwide/target/debug/build/base64ct/4e8a849eadea5a34/out -L dependency=/opt/rustwide/target/debug/build/bitcoin-internals/614397c8ce69e705/out -L dependency=/opt/rustwide/target/debug/build/bitcoin_hashes/0c84dcc854f43084/out -L dependency=/opt/rustwide/target/debug/build/bitflags/9362e66b8880981a/out -L dependency=/opt/rustwide/target/debug/build/bitflags/dde12b0d7d495b50/out -L dependency=/opt/rustwide/target/debug/build/block-buffer/e72745894d3d446e/out -L dependency=/opt/rustwide/target/debug/build/block-padding/1d8db7b62d0c2242/out -L dependency=/opt/rustwide/target/debug/build/byteorder/8f59b6d1bfdaa844/out -L dependency=/opt/rustwide/target/debug/build/bytes/3529dc27cc7678fe/out -L dependency=/opt/rustwide/target/debug/build/cfg-if/83060ec5685761ae/out -L dependency=/opt/rustwide/target/debug/build/cipher/3559464ccc854dbf/out -L dependency=/opt/rustwide/target/debug/build/const-hex/f445940526292884/out -L dependency=/opt/rustwide/target/debug/build/const-oid/2aadc73a32842898/out -L dependency=/opt/rustwide/target/debug/build/cpufeatures/e04321643d03190d/out -L dependency=/opt/rustwide/target/debug/build/crossbeam-deque/e71c6317821167fb/out -L dependency=/opt/rustwide/target/debug/build/crossbeam-epoch/5fdcd5978a9f0010/out -L dependency=/opt/rustwide/target/debug/build/crossbeam-utils/f696a08ab1e94e7a/out -L dependency=/opt/rustwide/target/debug/build/crunchy/e5afda26bcbe7d3a/out -L dependency=/opt/rustwide/target/debug/build/crypto-bigint/b4d7fdb4d5995c90/out -L dependency=/opt/rustwide/target/debug/build/crypto-common/451574b58892e3f9/out -L dependency=/opt/rustwide/target/debug/build/curve25519-dalek-derive/43ca51d20b649a9a/out -L dependency=/opt/rustwide/target/debug/build/curve25519-dalek/9c18229fe406faa0/out -L dependency=/opt/rustwide/target/debug/build/data-encoding/506ef4e476430498/out -L dependency=/opt/rustwide/target/debug/build/der/cbb6a246b9903ceb/out -L dependency=/opt/rustwide/target/debug/build/deranged/0497f8a63ebb66e0/out -L dependency=/opt/rustwide/target/debug/build/derive_more-impl/c5b0d8be6be6e576/out -L dependency=/opt/rustwide/target/debug/build/digest/5bad71b39267c3a2/out -L dependency=/opt/rustwide/target/debug/build/displaydoc/7006491e2cd48a3a/out -L dependency=/opt/rustwide/target/debug/build/ecdsa/30bbe47a88f2f880/out -L dependency=/opt/rustwide/target/debug/build/ed25519/672bf87ac1842a0c/out -L dependency=/opt/rustwide/target/debug/build/either/40b894c145b6eae5/out -L dependency=/opt/rustwide/target/debug/build/elliptic-curve/52a2fd496ee659e6/out -L dependency=/opt/rustwide/target/debug/build/encoding_rs/c7a67ac351c2b19f/out -L dependency=/opt/rustwide/target/debug/build/equivalent/6a754676e6af62ae/out -L dependency=/opt/rustwide/target/debug/build/fastrand/751bcde24b8aa073/out -L dependency=/opt/rustwide/target/debug/build/ff/b740e2709af37aa7/out -L dependency=/opt/rustwide/target/debug/build/fixed-hash/8f8392157573ed98/out -L dependency=/opt/rustwide/target/debug/build/fnv/79e2cbfbe03dcd16/out -L dependency=/opt/rustwide/target/debug/build/foreign-types-shared/47b443a4583fd949/out -L dependency=/opt/rustwide/target/debug/build/foreign-types/4fe1886d5d9265b9/out -L dependency=/opt/rustwide/target/debug/build/form_urlencoded/58b0f0edb59b40d2/out -L dependency=/opt/rustwide/target/debug/build/futures-channel/3bb2db6cecc5bacb/out -L dependency=/opt/rustwide/target/debug/build/futures-core/3b920243fce8fec0/out -L dependency=/opt/rustwide/target/debug/build/futures-io/59d0071c9258d69f/out -L dependency=/opt/rustwide/target/debug/build/futures-macro/4832813a2dfba9c8/out -L dependency=/opt/rustwide/target/debug/build/futures-sink/ae1eb2d060de53a2/out -L dependency=/opt/rustwide/target/debug/build/futures-task/e09ab7898221cb97/out -L dependency=/opt/rustwide/target/debug/build/futures-util/0ac09006233b5620/out -L dependency=/opt/rustwide/target/debug/build/generic-array/ad155cd9a6ab1a8c/out -L dependency=/opt/rustwide/target/debug/build/getrandom/6c52f1842ea78338/out -L dependency=/opt/rustwide/target/debug/build/getrandom/f321d4be89094b74/out -L dependency=/opt/rustwide/target/debug/build/gloo-timers/90451e95f4bcc94c/out -L dependency=/opt/rustwide/target/debug/build/group/226b3cce6c51fe97/out -L dependency=/opt/rustwide/target/debug/build/h2/1f127d05a28a020e/out -L dependency=/opt/rustwide/target/debug/build/hashbrown/25abce2d85979e8d/out -L dependency=/opt/rustwide/target/debug/build/hex-conservative/2336a1378e083bec/out -L dependency=/opt/rustwide/target/debug/build/hex/13e08b3b00984ab7/out -L dependency=/opt/rustwide/target/debug/build/hidapi-rusb/9830143c1f13718e/out -L dependency=/opt/rustwide/target/debug/build/hmac/2a81b57109c5b407/out -L dependency=/opt/rustwide/target/debug/build/http-body-util/440746345ebd809c/out -L dependency=/opt/rustwide/target/debug/build/http-body/010641745bcea95a/out -L dependency=/opt/rustwide/target/debug/build/http/fc13d883992f1b04/out -L dependency=/opt/rustwide/target/debug/build/httparse/8c9b827b8f345444/out -L dependency=/opt/rustwide/target/debug/build/hyper-rustls/afcdf6b444f1044b/out -L dependency=/opt/rustwide/target/debug/build/hyper-tls/d728d4ac7ad450d7/out -L dependency=/opt/rustwide/target/debug/build/hyper-util/e8c16230fac51eae/out -L dependency=/opt/rustwide/target/debug/build/hyper/149fcd223ec66aa4/out -L dependency=/opt/rustwide/target/debug/build/iana-time-zone/bab5d12b40894ac1/out -L dependency=/opt/rustwide/target/debug/build/icu_collections/de2b6a29560794a5/out -L dependency=/opt/rustwide/target/debug/build/icu_locale_core/0a3b8450dc29000c/out -L dependency=/opt/rustwide/target/debug/build/icu_normalizer/902ba7960da90d3e/out -L dependency=/opt/rustwide/target/debug/build/icu_normalizer_data/ab8997d7cbbb3306/out -L dependency=/opt/rustwide/target/debug/build/icu_properties/c536cf771b9e4baf/out -L dependency=/opt/rustwide/target/debug/build/icu_properties_data/ca07e36d75086861/out -L dependency=/opt/rustwide/target/debug/build/icu_provider/998e7925aee47079/out -L dependency=/opt/rustwide/target/debug/build/idna/1a79da537f0560aa/out -L dependency=/opt/rustwide/target/debug/build/idna_adapter/8bc83506c44de50e/out -L dependency=/opt/rustwide/target/debug/build/impl-serde/1483650c3066efcd/out -L dependency=/opt/rustwide/target/debug/build/indexmap/449c7f9540d8144f/out -L dependency=/opt/rustwide/target/debug/build/inout/6c570ca34de6e8c0/out -L dependency=/opt/rustwide/target/debug/build/ipnet/a38805d99c19843f/out -L dependency=/opt/rustwide/target/debug/build/iri-string/de8b1024d8676424/out -L dependency=/opt/rustwide/target/debug/build/itoa/ef40fa516293a9d3/out -L dependency=/opt/rustwide/target/debug/build/js-sys/81b1f98912feb901/out -L dependency=/opt/rustwide/target/debug/build/keccak/b3eea90d0aeeb926/out -L dependency=/opt/rustwide/target/debug/build/lazy_static/3674be3f4245d19b/out -L dependency=/opt/rustwide/target/debug/build/libc/447cbd2ab314a675/out -L dependency=/opt/rustwide/target/debug/build/libusb1-sys/387d5879133776d2/out -L dependency=/opt/rustwide/target/debug/build/linux-raw-sys/7c0af75954695899/out -L dependency=/opt/rustwide/target/debug/build/litemap/cd9b5b2aa04e2018/out -L dependency=/opt/rustwide/target/debug/build/lock_api/16d46fed645f7bff/out -L dependency=/opt/rustwide/target/debug/build/log/28ade3d6717210f3/out -L dependency=/opt/rustwide/target/debug/build/memchr/9be7e24c0cc6f173/out -L dependency=/opt/rustwide/target/debug/build/memoffset/0ebfc19fc9e64523/out -L dependency=/opt/rustwide/target/debug/build/mime/0188e0814ca7ddbf/out -L dependency=/opt/rustwide/target/debug/build/mio/274a87e64cd614eb/out -L dependency=/opt/rustwide/target/debug/build/native-tls/61446f97e4b9c209/out -L dependency=/opt/rustwide/target/debug/build/nix/6f1a7ca9d75435b1/out -L dependency=/opt/rustwide/target/debug/build/num-bigint/914061b6a0c2b743/out -L dependency=/opt/rustwide/target/debug/build/num-conv/d3297905cfb69f59/out -L dependency=/opt/rustwide/target/debug/build/num-integer/e1dae9bde9b8ffd5/out -L dependency=/opt/rustwide/target/debug/build/num-traits/61451ab850bd490d/out -L dependency=/opt/rustwide/target/debug/build/num_enum_derive/cae1051c47ba1593/out -L dependency=/opt/rustwide/target/debug/build/once_cell/e9252a7b5119f3eb/out -L dependency=/opt/rustwide/target/debug/build/openssl-macros/a1f1a566fe76629a/out -L dependency=/opt/rustwide/target/debug/build/openssl-probe/2c6d21a9709cae46/out -L dependency=/opt/rustwide/target/debug/build/openssl-sys/1a9c9df3075e3a94/out -L dependency=/opt/rustwide/target/debug/build/openssl/1ea09173d7209c74/out -L dependency=/opt/rustwide/target/debug/build/parking_lot/cb48728aa8a0aeef/out -L dependency=/opt/rustwide/target/debug/build/parking_lot_core/0d3604d4ca93000b/out -L dependency=/opt/rustwide/target/debug/build/password-hash/361608d0d816bf57/out -L dependency=/opt/rustwide/target/debug/build/pbkdf2/c66e16f5a4878504/out -L dependency=/opt/rustwide/target/debug/build/pem-rfc7468/153a74cc2fe186aa/out -L dependency=/opt/rustwide/target/debug/build/pem/c65b0b75163a9934/out -L dependency=/opt/rustwide/target/debug/build/percent-encoding/fa055ecaa1e57cfa/out -L dependency=/opt/rustwide/target/debug/build/pin-project-internal/1580cc9d9750c9ae/out -L dependency=/opt/rustwide/target/debug/build/pin-project-lite/72bf04572caa1c84/out -L dependency=/opt/rustwide/target/debug/build/pin-project/297b2bd6017f2259/out -L dependency=/opt/rustwide/target/debug/build/pin-utils/3860774ad9b215b5/out -L dependency=/opt/rustwide/target/debug/build/pkcs8/1de5ea84543ad855/out -L dependency=/opt/rustwide/target/debug/build/potential_utf/608e6368da7cc52b/out -L dependency=/opt/rustwide/target/debug/build/powerfmt/f6019a2766e431f7/out -L dependency=/opt/rustwide/target/debug/build/ppv-lite86/ebbdd8494be45e3f/out -L dependency=/opt/rustwide/target/debug/build/primeorder/a5f10ca165b1445f/out -L dependency=/opt/rustwide/target/debug/build/rand/76d89d1fe19f7632/out -L dependency=/opt/rustwide/target/debug/build/rand_chacha/c02348638e512e5b/out -L dependency=/opt/rustwide/target/debug/build/rand_core/eb9c49f5ff0e0975/out -L dependency=/opt/rustwide/target/debug/build/rayon-core/e986c1d1845fe6c3/out -L dependency=/opt/rustwide/target/debug/build/rfc6979/81677a5a6c893890/out -L dependency=/opt/rustwide/target/debug/build/ring/8ddd93c13b8edf7c/out -L dependency=/opt/rustwide/target/debug/build/rusb/d3ee7924c11e50ee/out -L dependency=/opt/rustwide/target/debug/build/rustc-hex/8e10e209a94b3eae/out -L dependency=/opt/rustwide/target/debug/build/rustix/4db499f8d75f5eed/out -L dependency=/opt/rustwide/target/debug/build/rustls-pki-types/8c387a8fd80598f5/out -L dependency=/opt/rustwide/target/debug/build/rustls-webpki/94dd75dd5c996537/out -L dependency=/opt/rustwide/target/debug/build/rustls/fc7c3457e432af88/out -L dependency=/opt/rustwide/target/debug/build/rustversion/0fe8e9afe386a651/out -L dependency=/opt/rustwide/target/debug/build/ryu/a7164637bc4900ee/out -L dependency=/opt/rustwide/target/debug/build/salsa20/f9e7f99cd5e790da/out -L dependency=/opt/rustwide/target/debug/build/scopeguard/7ec2214574194454/out -L dependency=/opt/rustwide/target/debug/build/sec1/87afc8fd5a4be539/out -L dependency=/opt/rustwide/target/debug/build/send_wrapper/ffe6578f923a42a8/out -L dependency=/opt/rustwide/target/debug/build/serde/de2bb839857ea442/out -L dependency=/opt/rustwide/target/debug/build/serde_core/21f22ac7b803fb0e/out -L dependency=/opt/rustwide/target/debug/build/serde_derive/8e8b2fcf9f32cd92/out -L dependency=/opt/rustwide/target/debug/build/serde_json/11835850f6c6792b/out -L dependency=/opt/rustwide/target/debug/build/serde_urlencoded/c2d4a16c1982b1c6/out -L dependency=/opt/rustwide/target/debug/build/serde_with_macros/28d233a12a19053b/out -L dependency=/opt/rustwide/target/debug/build/sha1/79c745d4fbd6e7dd/out -L dependency=/opt/rustwide/target/debug/build/sha2/c93ebd8a2027057a/out -L dependency=/opt/rustwide/target/debug/build/sharded-slab/bd3e89e1e50b7c87/out -L dependency=/opt/rustwide/target/debug/build/signal-hook-registry/d688fd7f782fc468/out -L dependency=/opt/rustwide/target/debug/build/signature/70360faf96b0f3e1/out -L dependency=/opt/rustwide/target/debug/build/simple_asn1/77ad072f05c9abdd/out -L dependency=/opt/rustwide/target/debug/build/slab/5629529544b2a983/out -L dependency=/opt/rustwide/target/debug/build/smallvec/bc3128fdd57228fc/out -L dependency=/opt/rustwide/target/debug/build/socket2/74cdf1fe8b7a45b9/out -L dependency=/opt/rustwide/target/debug/build/spki/b21eda3427876861/out -L dependency=/opt/rustwide/target/debug/build/stable_deref_trait/63cbf3f3d3f94e56/out -L dependency=/opt/rustwide/target/debug/build/static_assertions/f0217ecdd817a834/out -L dependency=/opt/rustwide/target/debug/build/subtle/cdc2b7d5fab71c70/out -L dependency=/opt/rustwide/target/debug/build/sync_wrapper/a254cb6192850e87/out -L dependency=/opt/rustwide/target/debug/build/thiserror-impl/99da14be8eb82bac/out -L dependency=/opt/rustwide/target/debug/build/thiserror-impl/efa8d263738d773f/out -L dependency=/opt/rustwide/target/debug/build/thiserror/305a9f409fb69cab/out -L dependency=/opt/rustwide/target/debug/build/thiserror/5bdf1edcba661d46/out -L dependency=/opt/rustwide/target/debug/build/thread_local/b4f6fe44d641c0b1/out -L dependency=/opt/rustwide/target/debug/build/time-core/18c82ab596674382/out -L dependency=/opt/rustwide/target/debug/build/time-macros/64e21c6052aec81a/out -L dependency=/opt/rustwide/target/debug/build/time/cc363f6f1742a55f/out -L dependency=/opt/rustwide/target/debug/build/tinystr/46edb3257ccb7cd0/out -L dependency=/opt/rustwide/target/debug/build/tinyvec/0e7c5ebf3c1ba3ec/out -L dependency=/opt/rustwide/target/debug/build/tinyvec_macros/7b77ea21c73594ca/out -L dependency=/opt/rustwide/target/debug/build/tokio-macros/ffdd2fe02d50bc0b/out -L dependency=/opt/rustwide/target/debug/build/tokio-native-tls/a368f90a50084ab4/out -L dependency=/opt/rustwide/target/debug/build/tokio-rustls/e49f8698801e05da/out -L dependency=/opt/rustwide/target/debug/build/tokio-util/e2dd979dfd9d69b7/out -L dependency=/opt/rustwide/target/debug/build/tokio/00b8a5d7005e7f25/out -L dependency=/opt/rustwide/target/debug/build/tower-http/ab23270959cf0ad0/out -L dependency=/opt/rustwide/target/debug/build/tower-layer/d908dd771b239ecd/out -L dependency=/opt/rustwide/target/debug/build/tower-service/3fb88d28c2218805/out -L dependency=/opt/rustwide/target/debug/build/tower/43d95004c6d60697/out -L dependency=/opt/rustwide/target/debug/build/tracing-attributes/21ea05b9b26e87e0/out -L dependency=/opt/rustwide/target/debug/build/tracing-core/05e1b75a06fc0004/out -L dependency=/opt/rustwide/target/debug/build/tracing/48143926acf64637/out -L dependency=/opt/rustwide/target/debug/build/try-lock/8fa2f6971035be84/out -L dependency=/opt/rustwide/target/debug/build/tungstenite/664ae4b56fada8ed/out -L dependency=/opt/rustwide/target/debug/build/typenum/973adb5204d6e560/out -L dependency=/opt/rustwide/target/debug/build/uint/4890f99f116c10c3/out -L dependency=/opt/rustwide/target/debug/build/unicode-ident/e2d52eba11085272/out -L dependency=/opt/rustwide/target/debug/build/unicode-normalization/1d8f2c7258de4ea2/out -L dependency=/opt/rustwide/target/debug/build/untrusted/b2f816886faf2178/out -L dependency=/opt/rustwide/target/debug/build/url/34aeddcf9f9e0735/out -L dependency=/opt/rustwide/target/debug/build/utf-8/f4341c3c7568480d/out -L dependency=/opt/rustwide/target/debug/build/utf8_iter/51566bbad89f3a68/out -L dependency=/opt/rustwide/target/debug/build/want/7a6260b9c50f1479/out -L dependency=/opt/rustwide/target/debug/build/wasm-bindgen-macro/50a257b9dc9ebfce/out -L dependency=/opt/rustwide/target/debug/build/wasm-bindgen-shared/acec11ce276a811f/out -L dependency=/opt/rustwide/target/debug/build/wasm-bindgen/cd2f8ba69492fcdb/out -L dependency=/opt/rustwide/target/debug/build/webpki-roots/73263cd55948bd9f/out -L dependency=/opt/rustwide/target/debug/build/writeable/4f74a67d38fff78e/out -L dependency=/opt/rustwide/target/debug/build/yoke-derive/59b22dd7c8a01357/out -L dependency=/opt/rustwide/target/debug/build/yoke/e6430ad56a1dad25/out -L dependency=/opt/rustwide/target/debug/build/zerocopy/dae5b0e38d061e95/out -L dependency=/opt/rustwide/target/debug/build/zerofrom-derive/bddee05548133849/out -L dependency=/opt/rustwide/target/debug/build/zerofrom/219718a6f8fb9878/out -L dependency=/opt/rustwide/target/debug/build/zeroize/7f213bea776ca5b6/out -L dependency=/opt/rustwide/target/debug/build/zerotrie/e18e5cdf1678704f/out -L dependency=/opt/rustwide/target/debug/build/zerovec-derive/190f004b4466241d/out -L dependency=/opt/rustwide/target/debug/build/zerovec/4533cd13ddf3ef50/out --extern aes=/opt/rustwide/target/debug/build/aes/7d7a97bd6b6be984/out/libaes-7d7a97bd6b6be984.rmeta --extern async_trait=/opt/rustwide/target/debug/build/async-trait/1e23919fdf7d7dba/out/libasync_trait-1e23919fdf7d7dba.so --extern auto_impl=/opt/rustwide/target/debug/build/auto_impl/72946ab6a9d55c57/out/libauto_impl-72946ab6a9d55c57.so --extern base64=/opt/rustwide/target/debug/build/base64/32787b0325ea6df8/out/libbase64-32787b0325ea6df8.rmeta --extern bip39=/opt/rustwide/target/debug/build/bip39/c73bff24b1f2f9e1/out/libbip39-c73bff24b1f2f9e1.rmeta --extern blake2=/opt/rustwide/target/debug/build/blake2/08cfcc23a249a632/out/libblake2-08cfcc23a249a632.rmeta --extern bs58=/opt/rustwide/target/debug/build/bs58/6d9c7a5f59ca4fad/out/libbs58-6d9c7a5f59ca4fad.rmeta --extern byte_slice_cast=/opt/rustwide/target/debug/build/byte-slice-cast/547e2bc2aa459c88/out/libbyte_slice_cast-547e2bc2aa459c88.rmeta --extern bytes=/opt/rustwide/target/debug/build/bytes/3529dc27cc7678fe/out/libbytes-3529dc27cc7678fe.rmeta --extern chrono=/opt/rustwide/target/debug/build/chrono/5b218a60503bbb8c/out/libchrono-5b218a60503bbb8c.rmeta --extern coins_ledger=/opt/rustwide/target/debug/build/coins-ledger/74331ac272182f05/out/libcoins_ledger.rlib --extern hex=/opt/rustwide/target/debug/build/const-hex/f445940526292884/out/libconst_hex-f445940526292884.rmeta --extern derive_more=/opt/rustwide/target/debug/build/derive_more/968548e30f89043a/out/libderive_more-968548e30f89043a.rmeta --extern ecb=/opt/rustwide/target/debug/build/ecb/93bcf0eca447ef0a/out/libecb-93bcf0eca447ef0a.rmeta --extern ed25519_dalek=/opt/rustwide/target/debug/build/ed25519-dalek/56f214a9f7ffd086/out/libed25519_dalek-56f214a9f7ffd086.rmeta --extern elliptic_curve=/opt/rustwide/target/debug/build/elliptic-curve/52a2fd496ee659e6/out/libelliptic_curve-52a2fd496ee659e6.rmeta --extern futures=/opt/rustwide/target/debug/build/futures/a932b24c95b2bd03/out/libfutures-a932b24c95b2bd03.rmeta --extern futures_channel=/opt/rustwide/target/debug/build/futures-channel/3bb2db6cecc5bacb/out/libfutures_channel-3bb2db6cecc5bacb.rmeta --extern futures_timer=/opt/rustwide/target/debug/build/futures-timer/e35e5efb0a39bbb5/out/libfutures_timer-e35e5efb0a39bbb5.rmeta --extern futures_util=/opt/rustwide/target/debug/build/futures-util/0ac09006233b5620/out/libfutures_util-0ac09006233b5620.rmeta --extern getset=/opt/rustwide/target/debug/build/getset/ff98393e5bd8afd1/out/libgetset-ff98393e5bd8afd1.so --extern hex_literal=/opt/rustwide/target/debug/build/hex-literal/ef575e66466a3155/out/libhex_literal-ef575e66466a3155.rmeta --extern hmac=/opt/rustwide/target/debug/build/hmac/2a81b57109c5b407/out/libhmac-2a81b57109c5b407.rmeta --extern http=/opt/rustwide/target/debug/build/http/fc13d883992f1b04/out/libhttp-fc13d883992f1b04.rmeta --extern jsonwebtoken=/opt/rustwide/target/debug/build/jsonwebtoken/504e42c666ae94e1/out/libjsonwebtoken-504e42c666ae94e1.rmeta --extern k256=/opt/rustwide/target/debug/build/k256/78c2a50ce3dc3e6c/out/libk256-78c2a50ce3dc3e6c.rmeta --extern lazy_static=/opt/rustwide/target/debug/build/lazy_static/3674be3f4245d19b/out/liblazy_static-3674be3f4245d19b.rmeta --extern log=/opt/rustwide/target/debug/build/log/28ade3d6717210f3/out/liblog-28ade3d6717210f3.rmeta --extern num_bigint=/opt/rustwide/target/debug/build/num-bigint/914061b6a0c2b743/out/libnum_bigint-914061b6a0c2b743.rmeta --extern num_traits=/opt/rustwide/target/debug/build/num-traits/61451ab850bd490d/out/libnum_traits-61451ab850bd490d.rmeta --extern num_enum=/opt/rustwide/target/debug/build/num_enum/08046bbf64272f17/out/libnum_enum-08046bbf64272f17.rmeta --extern once_cell=/opt/rustwide/target/debug/build/once_cell/e9252a7b5119f3eb/out/libonce_cell-e9252a7b5119f3eb.rmeta --extern p256=/opt/rustwide/target/debug/build/p256/8302fd254bce4dd0/out/libp256-8302fd254bce4dd0.rmeta --extern pin_project=/opt/rustwide/target/debug/build/pin-project/297b2bd6017f2259/out/libpin_project-297b2bd6017f2259.rmeta --extern primitive_types=/opt/rustwide/target/debug/build/primitive-types/194d271f4480326f/out/libprimitive_types-194d271f4480326f.rmeta --extern rand=/opt/rustwide/target/debug/build/rand/76d89d1fe19f7632/out/librand-76d89d1fe19f7632.rmeta --extern rand_core=/opt/rustwide/target/debug/build/rand_core/eb9c49f5ff0e0975/out/librand_core-eb9c49f5ff0e0975.rmeta --extern rayon=/opt/rustwide/target/debug/build/rayon/f14587bbf0e4b44d/out/librayon-f14587bbf0e4b44d.rmeta --extern reqwest=/opt/rustwide/target/debug/build/reqwest/66bccaf49b4069a7/out/libreqwest-66bccaf49b4069a7.rmeta --extern ripemd=/opt/rustwide/target/debug/build/ripemd/b8c82c1c051edec5/out/libripemd-b8c82c1c051edec5.rmeta --extern rust_decimal=/opt/rustwide/target/debug/build/rust_decimal/a3ef340cfd84e61f/out/librust_decimal-a3ef340cfd84e61f.rmeta --extern scrypt=/opt/rustwide/target/debug/build/scrypt/deb538400bdbadb5/out/libscrypt-deb538400bdbadb5.rmeta --extern serde=/opt/rustwide/target/debug/build/serde/de2bb839857ea442/out/libserde-de2bb839857ea442.rmeta --extern serde_json=/opt/rustwide/target/debug/build/serde_json/11835850f6c6792b/out/libserde_json-11835850f6c6792b.rmeta --extern serde_with=/opt/rustwide/target/debug/build/serde_with/cd4c09bb249f360d/out/libserde_with-cd4c09bb249f360d.rmeta --extern sha2=/opt/rustwide/target/debug/build/sha2/c93ebd8a2027057a/out/libsha2-c93ebd8a2027057a.rmeta --extern sha3=/opt/rustwide/target/debug/build/sha3/87001783d0327887/out/libsha3-87001783d0327887.rmeta --extern signature=/opt/rustwide/target/debug/build/signature/70360faf96b0f3e1/out/libsignature-70360faf96b0f3e1.rmeta --extern strum=/opt/rustwide/target/debug/build/strum/e3cef8f7d45a2447/out/libstrum-e3cef8f7d45a2447.rmeta --extern strum_macros=/opt/rustwide/target/debug/build/strum_macros/915870cc97c94755/out/libstrum_macros-915870cc97c94755.so --extern tempfile=/opt/rustwide/target/debug/build/tempfile/9c4e7d63f512e8fb/out/libtempfile-9c4e7d63f512e8fb.rmeta --extern thiserror=/opt/rustwide/target/debug/build/thiserror/5bdf1edcba661d46/out/libthiserror-5bdf1edcba661d46.rmeta --extern tokio=/opt/rustwide/target/debug/build/tokio/00b8a5d7005e7f25/out/libtokio-00b8a5d7005e7f25.rmeta --extern tokio_tungstenite=/opt/rustwide/target/debug/build/tokio-tungstenite/62438d433f91a471/out/libtokio_tungstenite-62438d433f91a471.rmeta --extern tracing=/opt/rustwide/target/debug/build/tracing/48143926acf64637/out/libtracing-48143926acf64637.rmeta --extern tracing_futures=/opt/rustwide/target/debug/build/tracing-futures/03393d7a9ba23113/out/libtracing_futures-03393d7a9ba23113.rmeta --extern tracing_subscriber=/opt/rustwide/target/debug/build/tracing-subscriber/6cdfb2fa4c2bbe9e/out/libtracing_subscriber-6cdfb2fa4c2bbe9e.rmeta --extern tungstenite=/opt/rustwide/target/debug/build/tungstenite/664ae4b56fada8ed/out/libtungstenite-664ae4b56fada8ed.rmeta --extern url=/opt/rustwide/target/debug/build/url/34aeddcf9f9e0735/out/liburl-34aeddcf9f9e0735.rmeta --cap-lints allow --cap-lints=warn --force-warn=unused_crate_dependencies -L native=/opt/rustwide/target/debug/build/hidapi-rusb/5daec124d0137eaf/out -L native=/opt/rustwide/target/debug/build/ring/a20b7f4a149585cd/out -L native=/usr/lib/x86_64-linux-gnu` (signal: 9, SIGKILL: kill)
[INFO] [stdout] 
[INFO] [stdout] stack backtrace:
[INFO] [stdout]    0:     0x5727e595dde1 - std[617be2ca0a6fd877]::backtrace_rs::backtrace::libunwind::trace
[INFO] [stdout]                                at /rustc/e3feeb59cd1bdd011a2bfcc0747b55125d9b8527/library/std/src/../../backtrace/src/backtrace/libunwind.rs:117:9
[INFO] [stdout]    1:     0x5727e595dde1 - std[617be2ca0a6fd877]::backtrace_rs::backtrace::trace_unsynchronized::<std[617be2ca0a6fd877]::sys::backtrace::_print_fmt::{closure#1}>
[INFO] [stdout]                                at /rustc/e3feeb59cd1bdd011a2bfcc0747b55125d9b8527/library/std/src/../../backtrace/src/backtrace/mod.rs:66:14
[INFO] [stdout]    2:     0x5727e595dde1 - std[617be2ca0a6fd877]::sys::backtrace::_print_fmt
[INFO] [stdout]                                at /rustc/e3feeb59cd1bdd011a2bfcc0747b55125d9b8527/library/std/src/sys/backtrace.rs:74:9
[INFO] [stdout]    3:     0x5727e595dde1 - <<std[617be2ca0a6fd877]::sys::backtrace::BacktraceLock>::print::DisplayBacktrace as core[a373ad73a504971]::fmt::Display>::fmt
[INFO] [stdout]                                at /rustc/e3feeb59cd1bdd011a2bfcc0747b55125d9b8527/library/std/src/sys/backtrace.rs:44:26
[INFO] [stdout]    4:     0x5727e59720ba - <core[a373ad73a504971]::fmt::rt::Argument>::fmt
[INFO] [stdout]                                at /rustc/e3feeb59cd1bdd011a2bfcc0747b55125d9b8527/library/core/src/fmt/rt.rs:152:76
[INFO] [stdout]    5:     0x5727e59720ba - core[a373ad73a504971]::fmt::write
[INFO] [stdout]    6:     0x5727e596225c - core[a373ad73a504971]::io::write::default_write_fmt::<alloc[2e1b2a31b91974c5]::vec::Vec<u8>>
[INFO] [stdout]                                at /rustc/e3feeb59cd1bdd011a2bfcc0747b55125d9b8527/library/core/src/io/write.rs:402:11
[INFO] [stdout]    7:     0x5727e596225c - <alloc[2e1b2a31b91974c5]::vec::Vec<u8> as core[a373ad73a504971]::io::write::Write>::write_fmt
[INFO] [stdout]                                at /rustc/e3feeb59cd1bdd011a2bfcc0747b55125d9b8527/library/core/src/io/write.rs:335:13
[INFO] [stdout]    8:     0x5727e5938c46 - <std[617be2ca0a6fd877]::sys::backtrace::BacktraceLock>::print
[INFO] [stdout]                                at /rustc/e3feeb59cd1bdd011a2bfcc0747b55125d9b8527/library/std/src/sys/backtrace.rs:47:9
[INFO] [stdout]    9:     0x5727e5938c46 - std[617be2ca0a6fd877]::panicking::default_hook::{closure#0}
[INFO] [stdout]                                at /rustc/e3feeb59cd1bdd011a2bfcc0747b55125d9b8527/library/std/src/panicking.rs:289:27
[INFO] [stdout]   10:     0x5727e5955c79 - std[617be2ca0a6fd877]::panicking::default_hook
[INFO] [stdout]                                at /rustc/e3feeb59cd1bdd011a2bfcc0747b55125d9b8527/library/std/src/panicking.rs:313:9
[INFO] [stdout]   11:     0x5727e58e3430 - <alloc[2e1b2a31b91974c5]::boxed::Box<dyn for<'a, 'b> core[a373ad73a504971]::ops::function::Fn<(&'a std[617be2ca0a6fd877]::panic::PanicHookInfo<'b>,), Output = ()> + core[a373ad73a504971]::marker::Sync + core[a373ad73a504971]::marker::Send> as core[a373ad73a504971]::ops::function::Fn<(&std[617be2ca0a6fd877]::panic::PanicHookInfo,)>>::call
[INFO] [stdout]                                at /rustc/e3feeb59cd1bdd011a2bfcc0747b55125d9b8527/library/alloc/src/boxed.rs:2328:9
[INFO] [stdout]   12:     0x5727e58e3430 - test[aada8e7e76ba119b]::test_main_inner::{closure#0}
[INFO] [stdout]                                at /rustc/e3feeb59cd1bdd011a2bfcc0747b55125d9b8527/library/test/src/lib.rs:137:21
[INFO] [stdout]   13:     0x5727e5955e32 - <alloc[2e1b2a31b91974c5]::boxed::Box<dyn for<'a, 'b> core[a373ad73a504971]::ops::function::Fn<(&'a std[617be2ca0a6fd877]::panic::PanicHookInfo<'b>,), Output = ()> + core[a373ad73a504971]::marker::Sync + core[a373ad73a504971]::marker::Send> as core[a373ad73a504971]::ops::function::Fn<(&std[617be2ca0a6fd877]::panic::PanicHookInfo,)>>::call
[INFO] [stdout]                                at /rustc/e3feeb59cd1bdd011a2bfcc0747b55125d9b8527/library/alloc/src/boxed.rs:2328:9
[INFO] [stdout]   14:     0x5727e5955e32 - std[617be2ca0a6fd877]::panicking::panic_with_hook
[INFO] [stdout]                                at /rustc/e3feeb59cd1bdd011a2bfcc0747b55125d9b8527/library/std/src/panicking.rs:819:13
[INFO] [stdout]   15:     0x5727e5938cf2 - std[617be2ca0a6fd877]::panicking::panic_handler::{closure#0}
[INFO] [stdout]                                at /rustc/e3feeb59cd1bdd011a2bfcc0747b55125d9b8527/library/std/src/panicking.rs:685:13
[INFO] [stdout]   16:     0x5727e59318e9 - std[617be2ca0a6fd877]::sys::backtrace::__rust_end_short_backtrace::<std[617be2ca0a6fd877]::panicking::panic_handler::{closure#0}, !>
[INFO] [stdout]                                at /rustc/e3feeb59cd1bdd011a2bfcc0747b55125d9b8527/library/std/src/sys/backtrace.rs:182:18
[INFO] [stdout]   17:     0x5727e59398fd - __rustc[ea4f61d10b84890b]::rust_begin_unwind
[INFO] [stdout]                                at /rustc/e3feeb59cd1bdd011a2bfcc0747b55125d9b8527/library/std/src/panicking.rs:676:5
[INFO] [stdout]   18:     0x5727e597284c - core[a373ad73a504971]::panicking::panic_fmt
[INFO] [stdout]                                at /rustc/e3feeb59cd1bdd011a2bfcc0747b55125d9b8527/library/core/src/panicking.rs:80:14
[INFO] [stdout]   19:     0x5727e58d4b48 - integration_tests[365792dbe8968a49]::integration::utils::assert_success
[INFO] [stdout]                                at /opt/rustwide/workdir/tests/integration/utils.rs:60:2
[INFO] [stdout]   20:     0x5727e58cb480 - integration_tests[365792dbe8968a49]::integration::fs_tests::test_fs_endpoints_list
[INFO] [stdout]                                at /opt/rustwide/workdir/tests/integration/fs_tests.rs:12:2
[INFO] [stdout]   21:     0x5727e58c88f7 - integration_tests[365792dbe8968a49]::integration::fs_tests::test_fs_endpoints_list::{closure#0}
[INFO] [stdout]                                at /opt/rustwide/workdir/tests/integration/fs_tests.rs:6:28
[INFO] [stdout]   22:     0x5727e58d64f6 - <integration_tests[365792dbe8968a49]::integration::fs_tests::test_fs_endpoints_list::{closure#0} as core[a373ad73a504971]::ops::function::FnOnce<()>>::call_once
[INFO] [stdout]                                at /rustc/e3feeb59cd1bdd011a2bfcc0747b55125d9b8527/library/core/src/ops/function.rs:250:5
[INFO] [stdout]   23:     0x5727e58d687b - <fn() -> core[a373ad73a504971]::result::Result<(), alloc[2e1b2a31b91974c5]::string::String> as core[a373ad73a504971]::ops::function::FnOnce<()>>::call_once
[INFO] [stdout]                                at /rustc/e3feeb59cd1bdd011a2bfcc0747b55125d9b8527/library/core/src/ops/function.rs:250:5
[INFO] [stdout]   24:     0x5727e58d687b - test[aada8e7e76ba119b]::__rust_begin_short_backtrace::<core[a373ad73a504971]::result::Result<(), alloc[2e1b2a31b91974c5]::string::String>, fn() -> core[a373ad73a504971]::result::Result<(), alloc[2e1b2a31b91974c5]::string::String>>
[INFO] [stdout]                                at /rustc/e3feeb59cd1bdd011a2bfcc0747b55125d9b8527/library/test/src/lib.rs:701:18
[INFO] [stdout]   25:     0x5727e58e3a55 - test[aada8e7e76ba119b]::run_test_in_process::{closure#0}
[INFO] [stdout]                                at /rustc/e3feeb59cd1bdd011a2bfcc0747b55125d9b8527/library/test/src/lib.rs:724:74
[INFO] [stdout]   26:     0x5727e58e3a55 - <core[a373ad73a504971]::panic::unwind_safe::AssertUnwindSafe<test[aada8e7e76ba119b]::run_test_in_process::{closure#0}> as core[a373ad73a504971]::ops::function::FnOnce<()>>::call_once
[INFO] [stdout]                                at /rustc/e3feeb59cd1bdd011a2bfcc0747b55125d9b8527/library/core/src/panic/unwind_safe.rs:275:9
[INFO] [stdout]   27:     0x5727e58e3a55 - std[617be2ca0a6fd877]::panicking::catch_unwind::do_call::<core[a373ad73a504971]::panic::unwind_safe::AssertUnwindSafe<test[aada8e7e76ba119b]::run_test_in_process::{closure#0}>, core[a373ad73a504971]::result::Result<(), alloc[2e1b2a31b91974c5]::string::String>>
[INFO] [stdout]                                at /rustc/e3feeb59cd1bdd011a2bfcc0747b55125d9b8527/library/std/src/panicking.rs:573:43
[INFO] [stdout]   28:     0x5727e58e3a55 - std[617be2ca0a6fd877]::panicking::catch_unwind::<core[a373ad73a504971]::result::Result<(), alloc[2e1b2a31b91974c5]::string::String>, core[a373ad73a504971]::panic::unwind_safe::AssertUnwindSafe<test[aada8e7e76ba119b]::run_test_in_process::{closure#0}>>
[INFO] [stdout]                                at /rustc/e3feeb59cd1bdd011a2bfcc0747b55125d9b8527/library/std/src/panicking.rs:541:19
[INFO] [stdout]   29:     0x5727e58e3a55 - std[617be2ca0a6fd877]::panic::catch_unwind::<core[a373ad73a504971]::panic::unwind_safe::AssertUnwindSafe<test[aada8e7e76ba119b]::run_test_in_process::{closure#0}>, core[a373ad73a504971]::result::Result<(), alloc[2e1b2a31b91974c5]::string::String>>
[INFO] [stdout]                                at /rustc/e3feeb59cd1bdd011a2bfcc0747b55125d9b8527/library/std/src/panic.rs:359:14
[INFO] [stdout]   30:     0x5727e58e3a55 - test[aada8e7e76ba119b]::run_test_in_process
[INFO] [stdout]                                at /rustc/e3feeb59cd1bdd011a2bfcc0747b55125d9b8527/library/test/src/lib.rs:724:27
[INFO] [stdout]   31:     0x5727e58e3a55 - test[aada8e7e76ba119b]::run_test::{closure#0}
[INFO] [stdout]                                at /rustc/e3feeb59cd1bdd011a2bfcc0747b55125d9b8527/library/test/src/lib.rs:645:43
[INFO] [stdout]   32:     0x5727e58dd344 - test[aada8e7e76ba119b]::run_test::{closure#1}
[INFO] [stdout]                                at /rustc/e3feeb59cd1bdd011a2bfcc0747b55125d9b8527/library/test/src/lib.rs:675:41
[INFO] [stdout]   33:     0x5727e58dd344 - std[617be2ca0a6fd877]::sys::backtrace::__rust_begin_short_backtrace::<test[aada8e7e76ba119b]::run_test::{closure#1}, ()>
[INFO] [stdout]                                at /rustc/e3feeb59cd1bdd011a2bfcc0747b55125d9b8527/library/std/src/sys/backtrace.rs:166:18
[INFO] [stdout]   34:     0x5727e58e6ae2 - std[617be2ca0a6fd877]::thread::lifecycle::spawn_unchecked::<test[aada8e7e76ba119b]::run_test::{closure#1}, ()>::{closure#1}::{closure#0}
[INFO] [stdout]                                at /rustc/e3feeb59cd1bdd011a2bfcc0747b55125d9b8527/library/std/src/thread/lifecycle.rs:70:13
[INFO] [stdout]   35:     0x5727e58e6ae2 - <core[a373ad73a504971]::panic::unwind_safe::AssertUnwindSafe<std[617be2ca0a6fd877]::thread::lifecycle::spawn_unchecked<test[aada8e7e76ba119b]::run_test::{closure#1}, ()>::{closure#1}::{closure#0}> as core[a373ad73a504971]::ops::function::FnOnce<()>>::call_once
[INFO] [stdout]                                at /rustc/e3feeb59cd1bdd011a2bfcc0747b55125d9b8527/library/core/src/panic/unwind_safe.rs:275:9
[INFO] [stdout]   36:     0x5727e58e6ae2 - std[617be2ca0a6fd877]::panicking::catch_unwind::do_call::<core[a373ad73a504971]::panic::unwind_safe::AssertUnwindSafe<std[617be2ca0a6fd877]::thread::lifecycle::spawn_unchecked<test[aada8e7e76ba119b]::run_test::{closure#1}, ()>::{closure#1}::{closure#0}>, ()>
[INFO] [stdout]                                at /rustc/e3feeb59cd1bdd011a2bfcc0747b55125d9b8527/library/std/src/panicking.rs:573:43
[INFO] [stdout]   37:     0x5727e58e6ae2 - std[617be2ca0a6fd877]::panicking::catch_unwind::<(), core[a373ad73a504971]::panic::unwind_safe::AssertUnwindSafe<std[617be2ca0a6fd877]::thread::lifecycle::spawn_unchecked<test[aada8e7e76ba119b]::run_test::{closure#1}, ()>::{closure#1}::{closure#0}>>
[INFO] [stdout]                                at /rustc/e3feeb59cd1bdd011a2bfcc0747b55125d9b8527/library/std/src/panicking.rs:541:19
[INFO] [stdout]   38:     0x5727e58e6ae2 - std[617be2ca0a6fd877]::panic::catch_unwind::<core[a373ad73a504971]::panic::unwind_safe::AssertUnwindSafe<std[617be2ca0a6fd877]::thread::lifecycle::spawn_unchecked<test[aada8e7e76ba119b]::run_test::{closure#1}, ()>::{closure#1}::{closure#0}>, ()>
[INFO] [stdout]                                at /rustc/e3feeb59cd1bdd011a2bfcc0747b55125d9b8527/library/std/src/panic.rs:359:14
[INFO] [stdout]   39:     0x5727e58e6ae2 - std[617be2ca0a6fd877]::thread::lifecycle::spawn_unchecked::<test[aada8e7e76ba119b]::run_test::{closure#1}, ()>::{closure#1}
[INFO] [stdout]                                at /rustc/e3feeb59cd1bdd011a2bfcc0747b55125d9b8527/library/std/src/thread/lifecycle.rs:68:26
[INFO] [stdout]   40:     0x5727e58e6ae2 - <std[617be2ca0a6fd877]::thread::lifecycle::spawn_unchecked<test[aada8e7e76ba119b]::run_test::{closure#1}, ()>::{closure#1} as core[a373ad73a504971]::ops::function::FnOnce<()>>::call_once::{shim:vtable#0}
[INFO] [stdout]                                at /rustc/e3feeb59cd1bdd011a2bfcc0747b55125d9b8527/library/core/src/ops/function.rs:250:5
[INFO] [stdout]   41:     0x5727e595d63f - <alloc[2e1b2a31b91974c5]::boxed::Box<dyn core[a373ad73a504971]::ops::function::FnOnce<(), Output = ()> + core[a373ad73a504971]::marker::Send> as core[a373ad73a504971]::ops::function::FnOnce<()>>::call_once
[INFO] [stdout]                                at /rustc/e3feeb59cd1bdd011a2bfcc0747b55125d9b8527/library/alloc/src/boxed.rs:2314:9
[INFO] [stdout]   42:     0x5727e595d63f - <std[617be2ca0a6fd877]::sys::thread::unix::Thread>::new::thread_start
[INFO] [stdout]                                at /rustc/e3feeb59cd1bdd011a2bfcc0747b55125d9b8527/library/std/src/sys/thread/unix.rs:127:17
[INFO] [stdout]   43:     0x7375f3b7edfa - <unknown>
[INFO] [stdout]   44:     0x7375f3c123d4 - clone
[INFO] [stdout]   45:                0x0 - <unknown>
[INFO] [stdout] 
[INFO] [stdout] ---- integration::generate_tests::tests::test_generate_list_templates stdout ----
[INFO] [stdout] 
[INFO] [stdout] thread 'integration::generate_tests::tests::test_generate_list_templates' (4366) panicked at tests/integration/utils.rs:60:5:
[INFO] [stdout] Command failed: warning: `package.homepage` is redundant with `package.repository`
[INFO] [stdout]    --> Cargo.toml:126:12
[INFO] [stdout]     |
[INFO] [stdout] 126 | homepage = "https://github.com/R3E-Network/NeoRust"
[INFO] [stdout]     |            ^^^^^^^^^^^^^^^^^^^^^^^^^^^^^^^^^^^^^^^^
[INFO] [stdout] ...
[INFO] [stdout] 130 | repository = "https://github.com/R3E-Network/NeoRust"
[INFO] [stdout]     |              ----------------------------------------
[INFO] [stdout]     |
[INFO] [stdout]     = note: `cargo::redundant_homepage` is set to `warn` by default
[INFO] [stdout] help: consider removing `package.homepage`
[INFO] [stdout] warning: `neo-cli` (manifest) generated 1 warning
[INFO] [stdout]     Blocking waiting for file lock on build directory
[INFO] [stdout]    Compiling neo3 v1.0.0
[INFO] [stdout] error: could not compile `neo3` (lib)
[INFO] [stdout] 
[INFO] [stdout] Caused by:
[INFO] [stdout]   process didn't exit successfully: `/opt/rustwide/rustup-home/toolchains/1.100.0-beta.1-x86_64-unknown-linux-gnu/bin/rustc --crate-name neo3 --edition=2021 /opt/rustwide/cargo-home/registry/src/index.crates.io-1949cf8c6b5b557f/neo3-1.0.0/src/lib.rs --error-format=json --json=diagnostic-rendered-ansi,artifacts,future-incompat,unused-externs-silent --crate-type lib --emit=dep-info,metadata,link -C embed-bitcode=no -C debuginfo=2 --cfg 'feature="coins-ledger"' --cfg 'feature="default"' --cfg 'feature="futures"' --cfg 'feature="ledger"' --cfg 'feature="ws"' --check-cfg 'cfg(docsrs,test)' --check-cfg 'cfg(feature, values("coins-ledger", "default", "futures", "init", "ipc", "ledger", "legacy-ws", "mock", "mock-hsm", "no_std", "sgx", "ws", "yubi", "yubihsm"))' -C metadata=29cefe4925613be7 -C extra-filename=-0b893acd5ca04af9 --out-dir /opt/rustwide/target/debug/build/neo3/0b893acd5ca04af9/out -L dependency=/opt/rustwide/target/debug/build/arrayvec/9d0aa62fa88910b3/out -L dependency=/opt/rustwide/target/debug/build/async-trait/1e23919fdf7d7dba/out -L dependency=/opt/rustwide/target/debug/build/atomic-waker/06950c8c08d2b8fa/out -L dependency=/opt/rustwide/target/debug/build/base16ct/c4cc4b0550013254/out -L dependency=/opt/rustwide/target/debug/build/base64/32787b0325ea6df8/out -L dependency=/opt/rustwide/target/debug/build/base64ct/4e8a849eadea5a34/out -L dependency=/opt/rustwide/target/debug/build/bitcoin-internals/614397c8ce69e705/out -L dependency=/opt/rustwide/target/debug/build/bitcoin_hashes/0c84dcc854f43084/out -L dependency=/opt/rustwide/target/debug/build/bitflags/9362e66b8880981a/out -L dependency=/opt/rustwide/target/debug/build/bitflags/dde12b0d7d495b50/out -L dependency=/opt/rustwide/target/debug/build/block-buffer/e72745894d3d446e/out -L dependency=/opt/rustwide/target/debug/build/block-padding/1d8db7b62d0c2242/out -L dependency=/opt/rustwide/target/debug/build/byteorder/8f59b6d1bfdaa844/out -L dependency=/opt/rustwide/target/debug/build/bytes/3529dc27cc7678fe/out -L dependency=/opt/rustwide/target/debug/build/cfg-if/83060ec5685761ae/out -L dependency=/opt/rustwide/target/debug/build/cipher/3559464ccc854dbf/out -L dependency=/opt/rustwide/target/debug/build/const-hex/f445940526292884/out -L dependency=/opt/rustwide/target/debug/build/const-oid/2aadc73a32842898/out -L dependency=/opt/rustwide/target/debug/build/cpufeatures/e04321643d03190d/out -L dependency=/opt/rustwide/target/debug/build/crossbeam-deque/e71c6317821167fb/out -L dependency=/opt/rustwide/target/debug/build/crossbeam-epoch/5fdcd5978a9f0010/out -L dependency=/opt/rustwide/target/debug/build/crossbeam-utils/f696a08ab1e94e7a/out -L dependency=/opt/rustwide/target/debug/build/crunchy/e5afda26bcbe7d3a/out -L dependency=/opt/rustwide/target/debug/build/crypto-bigint/b4d7fdb4d5995c90/out -L dependency=/opt/rustwide/target/debug/build/crypto-common/451574b58892e3f9/out -L dependency=/opt/rustwide/target/debug/build/curve25519-dalek-derive/43ca51d20b649a9a/out -L dependency=/opt/rustwide/target/debug/build/curve25519-dalek/9c18229fe406faa0/out -L dependency=/opt/rustwide/target/debug/build/data-encoding/506ef4e476430498/out -L dependency=/opt/rustwide/target/debug/build/der/cbb6a246b9903ceb/out -L dependency=/opt/rustwide/target/debug/build/deranged/0497f8a63ebb66e0/out -L dependency=/opt/rustwide/target/debug/build/derive_more-impl/c5b0d8be6be6e576/out -L dependency=/opt/rustwide/target/debug/build/digest/5bad71b39267c3a2/out -L dependency=/opt/rustwide/target/debug/build/displaydoc/7006491e2cd48a3a/out -L dependency=/opt/rustwide/target/debug/build/ecdsa/30bbe47a88f2f880/out -L dependency=/opt/rustwide/target/debug/build/ed25519/672bf87ac1842a0c/out -L dependency=/opt/rustwide/target/debug/build/either/40b894c145b6eae5/out -L dependency=/opt/rustwide/target/debug/build/elliptic-curve/52a2fd496ee659e6/out -L dependency=/opt/rustwide/target/debug/build/encoding_rs/c7a67ac351c2b19f/out -L dependency=/opt/rustwide/target/debug/build/equivalent/6a754676e6af62ae/out -L dependency=/opt/rustwide/target/debug/build/fastrand/751bcde24b8aa073/out -L dependency=/opt/rustwide/target/debug/build/ff/b740e2709af37aa7/out -L dependency=/opt/rustwide/target/debug/build/fixed-hash/8f8392157573ed98/out -L dependency=/opt/rustwide/target/debug/build/fnv/79e2cbfbe03dcd16/out -L dependency=/opt/rustwide/target/debug/build/foreign-types-shared/47b443a4583fd949/out -L dependency=/opt/rustwide/target/debug/build/foreign-types/4fe1886d5d9265b9/out -L dependency=/opt/rustwide/target/debug/build/form_urlencoded/58b0f0edb59b40d2/out -L dependency=/opt/rustwide/target/debug/build/futures-channel/3bb2db6cecc5bacb/out -L dependency=/opt/rustwide/target/debug/build/futures-core/3b920243fce8fec0/out -L dependency=/opt/rustwide/target/debug/build/futures-io/59d0071c9258d69f/out -L dependency=/opt/rustwide/target/debug/build/futures-macro/4832813a2dfba9c8/out -L dependency=/opt/rustwide/target/debug/build/futures-sink/ae1eb2d060de53a2/out -L dependency=/opt/rustwide/target/debug/build/futures-task/e09ab7898221cb97/out -L dependency=/opt/rustwide/target/debug/build/futures-util/0ac09006233b5620/out -L dependency=/opt/rustwide/target/debug/build/generic-array/ad155cd9a6ab1a8c/out -L dependency=/opt/rustwide/target/debug/build/getrandom/6c52f1842ea78338/out -L dependency=/opt/rustwide/target/debug/build/getrandom/f321d4be89094b74/out -L dependency=/opt/rustwide/target/debug/build/gloo-timers/90451e95f4bcc94c/out -L dependency=/opt/rustwide/target/debug/build/group/226b3cce6c51fe97/out -L dependency=/opt/rustwide/target/debug/build/h2/1f127d05a28a020e/out -L dependency=/opt/rustwide/target/debug/build/hashbrown/25abce2d85979e8d/out -L dependency=/opt/rustwide/target/debug/build/hex-conservative/2336a1378e083bec/out -L dependency=/opt/rustwide/target/debug/build/hex/13e08b3b00984ab7/out -L dependency=/opt/rustwide/target/debug/build/hidapi-rusb/9830143c1f13718e/out -L dependency=/opt/rustwide/target/debug/build/hmac/2a81b57109c5b407/out -L dependency=/opt/rustwide/target/debug/build/http-body-util/440746345ebd809c/out -L dependency=/opt/rustwide/target/debug/build/http-body/010641745bcea95a/out -L dependency=/opt/rustwide/target/debug/build/http/fc13d883992f1b04/out -L dependency=/opt/rustwide/target/debug/build/httparse/8c9b827b8f345444/out -L dependency=/opt/rustwide/target/debug/build/hyper-rustls/afcdf6b444f1044b/out -L dependency=/opt/rustwide/target/debug/build/hyper-tls/d728d4ac7ad450d7/out -L dependency=/opt/rustwide/target/debug/build/hyper-util/e8c16230fac51eae/out -L dependency=/opt/rustwide/target/debug/build/hyper/149fcd223ec66aa4/out -L dependency=/opt/rustwide/target/debug/build/iana-time-zone/bab5d12b40894ac1/out -L dependency=/opt/rustwide/target/debug/build/icu_collections/de2b6a29560794a5/out -L dependency=/opt/rustwide/target/debug/build/icu_locale_core/0a3b8450dc29000c/out -L dependency=/opt/rustwide/target/debug/build/icu_normalizer/902ba7960da90d3e/out -L dependency=/opt/rustwide/target/debug/build/icu_normalizer_data/ab8997d7cbbb3306/out -L dependency=/opt/rustwide/target/debug/build/icu_properties/c536cf771b9e4baf/out -L dependency=/opt/rustwide/target/debug/build/icu_properties_data/ca07e36d75086861/out -L dependency=/opt/rustwide/target/debug/build/icu_provider/998e7925aee47079/out -L dependency=/opt/rustwide/target/debug/build/idna/1a79da537f0560aa/out -L dependency=/opt/rustwide/target/debug/build/idna_adapter/8bc83506c44de50e/out -L dependency=/opt/rustwide/target/debug/build/impl-serde/1483650c3066efcd/out -L dependency=/opt/rustwide/target/debug/build/indexmap/449c7f9540d8144f/out -L dependency=/opt/rustwide/target/debug/build/inout/6c570ca34de6e8c0/out -L dependency=/opt/rustwide/target/debug/build/ipnet/a38805d99c19843f/out -L dependency=/opt/rustwide/target/debug/build/iri-string/de8b1024d8676424/out -L dependency=/opt/rustwide/target/debug/build/itoa/ef40fa516293a9d3/out -L dependency=/opt/rustwide/target/debug/build/js-sys/81b1f98912feb901/out -L dependency=/opt/rustwide/target/debug/build/keccak/b3eea90d0aeeb926/out -L dependency=/opt/rustwide/target/debug/build/lazy_static/3674be3f4245d19b/out -L dependency=/opt/rustwide/target/debug/build/libc/447cbd2ab314a675/out -L dependency=/opt/rustwide/target/debug/build/libusb1-sys/387d5879133776d2/out -L dependency=/opt/rustwide/target/debug/build/linux-raw-sys/7c0af75954695899/out -L dependency=/opt/rustwide/target/debug/build/litemap/cd9b5b2aa04e2018/out -L dependency=/opt/rustwide/target/debug/build/lock_api/16d46fed645f7bff/out -L dependency=/opt/rustwide/target/debug/build/log/28ade3d6717210f3/out -L dependency=/opt/rustwide/target/debug/build/memchr/9be7e24c0cc6f173/out -L dependency=/opt/rustwide/target/debug/build/memoffset/0ebfc19fc9e64523/out -L dependency=/opt/rustwide/target/debug/build/mime/0188e0814ca7ddbf/out -L dependency=/opt/rustwide/target/debug/build/mio/274a87e64cd614eb/out -L dependency=/opt/rustwide/target/debug/build/native-tls/61446f97e4b9c209/out -L dependency=/opt/rustwide/target/debug/build/nix/6f1a7ca9d75435b1/out -L dependency=/opt/rustwide/target/debug/build/num-bigint/914061b6a0c2b743/out -L dependency=/opt/rustwide/target/debug/build/num-conv/d3297905cfb69f59/out -L dependency=/opt/rustwide/target/debug/build/num-integer/e1dae9bde9b8ffd5/out -L dependency=/opt/rustwide/target/debug/build/num-traits/61451ab850bd490d/out -L dependency=/opt/rustwide/target/debug/build/num_enum_derive/cae1051c47ba1593/out -L dependency=/opt/rustwide/target/debug/build/once_cell/e9252a7b5119f3eb/out -L dependency=/opt/rustwide/target/debug/build/openssl-macros/a1f1a566fe76629a/out -L dependency=/opt/rustwide/target/debug/build/openssl-probe/2c6d21a9709cae46/out -L dependency=/opt/rustwide/target/debug/build/openssl-sys/1a9c9df3075e3a94/out -L dependency=/opt/rustwide/target/debug/build/openssl/1ea09173d7209c74/out -L dependency=/opt/rustwide/target/debug/build/parking_lot/cb48728aa8a0aeef/out -L dependency=/opt/rustwide/target/debug/build/parking_lot_core/0d3604d4ca93000b/out -L dependency=/opt/rustwide/target/debug/build/password-hash/361608d0d816bf57/out -L dependency=/opt/rustwide/target/debug/build/pbkdf2/c66e16f5a4878504/out -L dependency=/opt/rustwide/target/debug/build/pem-rfc7468/153a74cc2fe186aa/out -L dependency=/opt/rustwide/target/debug/build/pem/c65b0b75163a9934/out -L dependency=/opt/rustwide/target/debug/build/percent-encoding/fa055ecaa1e57cfa/out -L dependency=/opt/rustwide/target/debug/build/pin-project-internal/1580cc9d9750c9ae/out -L dependency=/opt/rustwide/target/debug/build/pin-project-lite/72bf04572caa1c84/out -L dependency=/opt/rustwide/target/debug/build/pin-project/297b2bd6017f2259/out -L dependency=/opt/rustwide/target/debug/build/pin-utils/3860774ad9b215b5/out -L dependency=/opt/rustwide/target/debug/build/pkcs8/1de5ea84543ad855/out -L dependency=/opt/rustwide/target/debug/build/potential_utf/608e6368da7cc52b/out -L dependency=/opt/rustwide/target/debug/build/powerfmt/f6019a2766e431f7/out -L dependency=/opt/rustwide/target/debug/build/ppv-lite86/ebbdd8494be45e3f/out -L dependency=/opt/rustwide/target/debug/build/primeorder/a5f10ca165b1445f/out -L dependency=/opt/rustwide/target/debug/build/rand/76d89d1fe19f7632/out -L dependency=/opt/rustwide/target/debug/build/rand_chacha/c02348638e512e5b/out -L dependency=/opt/rustwide/target/debug/build/rand_core/eb9c49f5ff0e0975/out -L dependency=/opt/rustwide/target/debug/build/rayon-core/e986c1d1845fe6c3/out -L dependency=/opt/rustwide/target/debug/build/rfc6979/81677a5a6c893890/out -L dependency=/opt/rustwide/target/debug/build/ring/8ddd93c13b8edf7c/out -L dependency=/opt/rustwide/target/debug/build/rusb/d3ee7924c11e50ee/out -L dependency=/opt/rustwide/target/debug/build/rustc-hex/8e10e209a94b3eae/out -L dependency=/opt/rustwide/target/debug/build/rustix/4db499f8d75f5eed/out -L dependency=/opt/rustwide/target/debug/build/rustls-pki-types/8c387a8fd80598f5/out -L dependency=/opt/rustwide/target/debug/build/rustls-webpki/94dd75dd5c996537/out -L dependency=/opt/rustwide/target/debug/build/rustls/fc7c3457e432af88/out -L dependency=/opt/rustwide/target/debug/build/rustversion/0fe8e9afe386a651/out -L dependency=/opt/rustwide/target/debug/build/ryu/a7164637bc4900ee/out -L dependency=/opt/rustwide/target/debug/build/salsa20/f9e7f99cd5e790da/out -L dependency=/opt/rustwide/target/debug/build/scopeguard/7ec2214574194454/out -L dependency=/opt/rustwide/target/debug/build/sec1/87afc8fd5a4be539/out -L dependency=/opt/rustwide/target/debug/build/send_wrapper/ffe6578f923a42a8/out -L dependency=/opt/rustwide/target/debug/build/serde/de2bb839857ea442/out -L dependency=/opt/rustwide/target/debug/build/serde_core/21f22ac7b803fb0e/out -L dependency=/opt/rustwide/target/debug/build/serde_derive/8e8b2fcf9f32cd92/out -L dependency=/opt/rustwide/target/debug/build/serde_json/11835850f6c6792b/out -L dependency=/opt/rustwide/target/debug/build/serde_urlencoded/c2d4a16c1982b1c6/out -L dependency=/opt/rustwide/target/debug/build/serde_with_macros/28d233a12a19053b/out -L dependency=/opt/rustwide/target/debug/build/sha1/79c745d4fbd6e7dd/out -L dependency=/opt/rustwide/target/debug/build/sha2/c93ebd8a2027057a/out -L dependency=/opt/rustwide/target/debug/build/sharded-slab/bd3e89e1e50b7c87/out -L dependency=/opt/rustwide/target/debug/build/signal-hook-registry/d688fd7f782fc468/out -L dependency=/opt/rustwide/target/debug/build/signature/70360faf96b0f3e1/out -L dependency=/opt/rustwide/target/debug/build/simple_asn1/77ad072f05c9abdd/out -L dependency=/opt/rustwide/target/debug/build/slab/5629529544b2a983/out -L dependency=/opt/rustwide/target/debug/build/smallvec/bc3128fdd57228fc/out -L dependency=/opt/rustwide/target/debug/build/socket2/74cdf1fe8b7a45b9/out -L dependency=/opt/rustwide/target/debug/build/spki/b21eda3427876861/out -L dependency=/opt/rustwide/target/debug/build/stable_deref_trait/63cbf3f3d3f94e56/out -L dependency=/opt/rustwide/target/debug/build/static_assertions/f0217ecdd817a834/out -L dependency=/opt/rustwide/target/debug/build/subtle/cdc2b7d5fab71c70/out -L dependency=/opt/rustwide/target/debug/build/sync_wrapper/a254cb6192850e87/out -L dependency=/opt/rustwide/target/debug/build/thiserror-impl/99da14be8eb82bac/out -L dependency=/opt/rustwide/target/debug/build/thiserror-impl/efa8d263738d773f/out -L dependency=/opt/rustwide/target/debug/build/thiserror/305a9f409fb69cab/out -L dependency=/opt/rustwide/target/debug/build/thiserror/5bdf1edcba661d46/out -L dependency=/opt/rustwide/target/debug/build/thread_local/b4f6fe44d641c0b1/out -L dependency=/opt/rustwide/target/debug/build/time-core/18c82ab596674382/out -L dependency=/opt/rustwide/target/debug/build/time-macros/64e21c6052aec81a/out -L dependency=/opt/rustwide/target/debug/build/time/cc363f6f1742a55f/out -L dependency=/opt/rustwide/target/debug/build/tinystr/46edb3257ccb7cd0/out -L dependency=/opt/rustwide/target/debug/build/tinyvec/0e7c5ebf3c1ba3ec/out -L dependency=/opt/rustwide/target/debug/build/tinyvec_macros/7b77ea21c73594ca/out -L dependency=/opt/rustwide/target/debug/build/tokio-macros/ffdd2fe02d50bc0b/out -L dependency=/opt/rustwide/target/debug/build/tokio-native-tls/a368f90a50084ab4/out -L dependency=/opt/rustwide/target/debug/build/tokio-rustls/e49f8698801e05da/out -L dependency=/opt/rustwide/target/debug/build/tokio-util/e2dd979dfd9d69b7/out -L dependency=/opt/rustwide/target/debug/build/tokio/00b8a5d7005e7f25/out -L dependency=/opt/rustwide/target/debug/build/tower-http/ab23270959cf0ad0/out -L dependency=/opt/rustwide/target/debug/build/tower-layer/d908dd771b239ecd/out -L dependency=/opt/rustwide/target/debug/build/tower-service/3fb88d28c2218805/out -L dependency=/opt/rustwide/target/debug/build/tower/43d95004c6d60697/out -L dependency=/opt/rustwide/target/debug/build/tracing-attributes/21ea05b9b26e87e0/out -L dependency=/opt/rustwide/target/debug/build/tracing-core/05e1b75a06fc0004/out -L dependency=/opt/rustwide/target/debug/build/tracing/48143926acf64637/out -L dependency=/opt/rustwide/target/debug/build/try-lock/8fa2f6971035be84/out -L dependency=/opt/rustwide/target/debug/build/tungstenite/664ae4b56fada8ed/out -L dependency=/opt/rustwide/target/debug/build/typenum/973adb5204d6e560/out -L dependency=/opt/rustwide/target/debug/build/uint/4890f99f116c10c3/out -L dependency=/opt/rustwide/target/debug/build/unicode-ident/e2d52eba11085272/out -L dependency=/opt/rustwide/target/debug/build/unicode-normalization/1d8f2c7258de4ea2/out -L dependency=/opt/rustwide/target/debug/build/untrusted/b2f816886faf2178/out -L dependency=/opt/rustwide/target/debug/build/url/34aeddcf9f9e0735/out -L dependency=/opt/rustwide/target/debug/build/utf-8/f4341c3c7568480d/out -L dependency=/opt/rustwide/target/debug/build/utf8_iter/51566bbad89f3a68/out -L dependency=/opt/rustwide/target/debug/build/want/7a6260b9c50f1479/out -L dependency=/opt/rustwide/target/debug/build/wasm-bindgen-macro/50a257b9dc9ebfce/out -L dependency=/opt/rustwide/target/debug/build/wasm-bindgen-shared/acec11ce276a811f/out -L dependency=/opt/rustwide/target/debug/build/wasm-bindgen/cd2f8ba69492fcdb/out -L dependency=/opt/rustwide/target/debug/build/webpki-roots/73263cd55948bd9f/out -L dependency=/opt/rustwide/target/debug/build/writeable/4f74a67d38fff78e/out -L dependency=/opt/rustwide/target/debug/build/yoke-derive/59b22dd7c8a01357/out -L dependency=/opt/rustwide/target/debug/build/yoke/e6430ad56a1dad25/out -L dependency=/opt/rustwide/target/debug/build/zerocopy/dae5b0e38d061e95/out -L dependency=/opt/rustwide/target/debug/build/zerofrom-derive/bddee05548133849/out -L dependency=/opt/rustwide/target/debug/build/zerofrom/219718a6f8fb9878/out -L dependency=/opt/rustwide/target/debug/build/zeroize/7f213bea776ca5b6/out -L dependency=/opt/rustwide/target/debug/build/zerotrie/e18e5cdf1678704f/out -L dependency=/opt/rustwide/target/debug/build/zerovec-derive/190f004b4466241d/out -L dependency=/opt/rustwide/target/debug/build/zerovec/4533cd13ddf3ef50/out --extern aes=/opt/rustwide/target/debug/build/aes/7d7a97bd6b6be984/out/libaes-7d7a97bd6b6be984.rmeta --extern async_trait=/opt/rustwide/target/debug/build/async-trait/1e23919fdf7d7dba/out/libasync_trait-1e23919fdf7d7dba.so --extern auto_impl=/opt/rustwide/target/debug/build/auto_impl/72946ab6a9d55c57/out/libauto_impl-72946ab6a9d55c57.so --extern base64=/opt/rustwide/target/debug/build/base64/32787b0325ea6df8/out/libbase64-32787b0325ea6df8.rmeta --extern bip39=/opt/rustwide/target/debug/build/bip39/c73bff24b1f2f9e1/out/libbip39-c73bff24b1f2f9e1.rmeta --extern blake2=/opt/rustwide/target/debug/build/blake2/08cfcc23a249a632/out/libblake2-08cfcc23a249a632.rmeta --extern bs58=/opt/rustwide/target/debug/build/bs58/6d9c7a5f59ca4fad/out/libbs58-6d9c7a5f59ca4fad.rmeta --extern byte_slice_cast=/opt/rustwide/target/debug/build/byte-slice-cast/547e2bc2aa459c88/out/libbyte_slice_cast-547e2bc2aa459c88.rmeta --extern bytes=/opt/rustwide/target/debug/build/bytes/3529dc27cc7678fe/out/libbytes-3529dc27cc7678fe.rmeta --extern chrono=/opt/rustwide/target/debug/build/chrono/5b218a60503bbb8c/out/libchrono-5b218a60503bbb8c.rmeta --extern coins_ledger=/opt/rustwide/target/debug/build/coins-ledger/74331ac272182f05/out/libcoins_ledger.rlib --extern hex=/opt/rustwide/target/debug/build/const-hex/f445940526292884/out/libconst_hex-f445940526292884.rmeta --extern derive_more=/opt/rustwide/target/debug/build/derive_more/968548e30f89043a/out/libderive_more-968548e30f89043a.rmeta --extern ecb=/opt/rustwide/target/debug/build/ecb/93bcf0eca447ef0a/out/libecb-93bcf0eca447ef0a.rmeta --extern ed25519_dalek=/opt/rustwide/target/debug/build/ed25519-dalek/56f214a9f7ffd086/out/libed25519_dalek-56f214a9f7ffd086.rmeta --extern elliptic_curve=/opt/rustwide/target/debug/build/elliptic-curve/52a2fd496ee659e6/out/libelliptic_curve-52a2fd496ee659e6.rmeta --extern futures=/opt/rustwide/target/debug/build/futures/a932b24c95b2bd03/out/libfutures-a932b24c95b2bd03.rmeta --extern futures_channel=/opt/rustwide/target/debug/build/futures-channel/3bb2db6cecc5bacb/out/libfutures_channel-3bb2db6cecc5bacb.rmeta --extern futures_timer=/opt/rustwide/target/debug/build/futures-timer/e35e5efb0a39bbb5/out/libfutures_timer-e35e5efb0a39bbb5.rmeta --extern futures_util=/opt/rustwide/target/debug/build/futures-util/0ac09006233b5620/out/libfutures_util-0ac09006233b5620.rmeta --extern getset=/opt/rustwide/target/debug/build/getset/ff98393e5bd8afd1/out/libgetset-ff98393e5bd8afd1.so --extern hex_literal=/opt/rustwide/target/debug/build/hex-literal/ef575e66466a3155/out/libhex_literal-ef575e66466a3155.rmeta --extern hmac=/opt/rustwide/target/debug/build/hmac/2a81b57109c5b407/out/libhmac-2a81b57109c5b407.rmeta --extern http=/opt/rustwide/target/debug/build/http/fc13d883992f1b04/out/libhttp-fc13d883992f1b04.rmeta --extern jsonwebtoken=/opt/rustwide/target/debug/build/jsonwebtoken/504e42c666ae94e1/out/libjsonwebtoken-504e42c666ae94e1.rmeta --extern k256=/opt/rustwide/target/debug/build/k256/78c2a50ce3dc3e6c/out/libk256-78c2a50ce3dc3e6c.rmeta --extern lazy_static=/opt/rustwide/target/debug/build/lazy_static/3674be3f4245d19b/out/liblazy_static-3674be3f4245d19b.rmeta --extern log=/opt/rustwide/target/debug/build/log/28ade3d6717210f3/out/liblog-28ade3d6717210f3.rmeta --extern num_bigint=/opt/rustwide/target/debug/build/num-bigint/914061b6a0c2b743/out/libnum_bigint-914061b6a0c2b743.rmeta --extern num_traits=/opt/rustwide/target/debug/build/num-traits/61451ab850bd490d/out/libnum_traits-61451ab850bd490d.rmeta --extern num_enum=/opt/rustwide/target/debug/build/num_enum/08046bbf64272f17/out/libnum_enum-08046bbf64272f17.rmeta --extern once_cell=/opt/rustwide/target/debug/build/once_cell/e9252a7b5119f3eb/out/libonce_cell-e9252a7b5119f3eb.rmeta --extern p256=/opt/rustwide/target/debug/build/p256/8302fd254bce4dd0/out/libp256-8302fd254bce4dd0.rmeta --extern pin_project=/opt/rustwide/target/debug/build/pin-project/297b2bd6017f2259/out/libpin_project-297b2bd6017f2259.rmeta --extern primitive_types=/opt/rustwide/target/debug/build/primitive-types/194d271f4480326f/out/libprimitive_types-194d271f4480326f.rmeta --extern rand=/opt/rustwide/target/debug/build/rand/76d89d1fe19f7632/out/librand-76d89d1fe19f7632.rmeta --extern rand_core=/opt/rustwide/target/debug/build/rand_core/eb9c49f5ff0e0975/out/librand_core-eb9c49f5ff0e0975.rmeta --extern rayon=/opt/rustwide/target/debug/build/rayon/f14587bbf0e4b44d/out/librayon-f14587bbf0e4b44d.rmeta --extern reqwest=/opt/rustwide/target/debug/build/reqwest/66bccaf49b4069a7/out/libreqwest-66bccaf49b4069a7.rmeta --extern ripemd=/opt/rustwide/target/debug/build/ripemd/b8c82c1c051edec5/out/libripemd-b8c82c1c051edec5.rmeta --extern rust_decimal=/opt/rustwide/target/debug/build/rust_decimal/a3ef340cfd84e61f/out/librust_decimal-a3ef340cfd84e61f.rmeta --extern scrypt=/opt/rustwide/target/debug/build/scrypt/deb538400bdbadb5/out/libscrypt-deb538400bdbadb5.rmeta --extern serde=/opt/rustwide/target/debug/build/serde/de2bb839857ea442/out/libserde-de2bb839857ea442.rmeta --extern serde_json=/opt/rustwide/target/debug/build/serde_json/11835850f6c6792b/out/libserde_json-11835850f6c6792b.rmeta --extern serde_with=/opt/rustwide/target/debug/build/serde_with/cd4c09bb249f360d/out/libserde_with-cd4c09bb249f360d.rmeta --extern sha2=/opt/rustwide/target/debug/build/sha2/c93ebd8a2027057a/out/libsha2-c93ebd8a2027057a.rmeta --extern sha3=/opt/rustwide/target/debug/build/sha3/87001783d0327887/out/libsha3-87001783d0327887.rmeta --extern signature=/opt/rustwide/target/debug/build/signature/70360faf96b0f3e1/out/libsignature-70360faf96b0f3e1.rmeta --extern strum=/opt/rustwide/target/debug/build/strum/e3cef8f7d45a2447/out/libstrum-e3cef8f7d45a2447.rmeta --extern strum_macros=/opt/rustwide/target/debug/build/strum_macros/915870cc97c94755/out/libstrum_macros-915870cc97c94755.so --extern tempfile=/opt/rustwide/target/debug/build/tempfile/9c4e7d63f512e8fb/out/libtempfile-9c4e7d63f512e8fb.rmeta --extern thiserror=/opt/rustwide/target/debug/build/thiserror/5bdf1edcba661d46/out/libthiserror-5bdf1edcba661d46.rmeta --extern tokio=/opt/rustwide/target/debug/build/tokio/00b8a5d7005e7f25/out/libtokio-00b8a5d7005e7f25.rmeta --extern tokio_tungstenite=/opt/rustwide/target/debug/build/tokio-tungstenite/62438d433f91a471/out/libtokio_tungstenite-62438d433f91a471.rmeta --extern tracing=/opt/rustwide/target/debug/build/tracing/48143926acf64637/out/libtracing-48143926acf64637.rmeta --extern tracing_futures=/opt/rustwide/target/debug/build/tracing-futures/03393d7a9ba23113/out/libtracing_futures-03393d7a9ba23113.rmeta --extern tracing_subscriber=/opt/rustwide/target/debug/build/tracing-subscriber/6cdfb2fa4c2bbe9e/out/libtracing_subscriber-6cdfb2fa4c2bbe9e.rmeta --extern tungstenite=/opt/rustwide/target/debug/build/tungstenite/664ae4b56fada8ed/out/libtungstenite-664ae4b56fada8ed.rmeta --extern url=/opt/rustwide/target/debug/build/url/34aeddcf9f9e0735/out/liburl-34aeddcf9f9e0735.rmeta --cap-lints allow --cap-lints=warn --force-warn=unused_crate_dependencies -L native=/opt/rustwide/target/debug/build/hidapi-rusb/5daec124d0137eaf/out -L native=/opt/rustwide/target/debug/build/ring/a20b7f4a149585cd/out -L native=/usr/lib/x86_64-linux-gnu` (signal: 9, SIGKILL: kill)
[INFO] [stdout] 
[INFO] [stdout] stack backtrace:
[INFO] [stdout]    0:     0x5727e595dde1 - std[617be2ca0a6fd877]::backtrace_rs::backtrace::libunwind::trace
[INFO] [stdout]                                at /rustc/e3feeb59cd1bdd011a2bfcc0747b55125d9b8527/library/std/src/../../backtrace/src/backtrace/libunwind.rs:117:9
[INFO] [stdout]    1:     0x5727e595dde1 - std[617be2ca0a6fd877]::backtrace_rs::backtrace::trace_unsynchronized::<std[617be2ca0a6fd877]::sys::backtrace::_print_fmt::{closure#1}>
[INFO] [stdout]                                at /rustc/e3feeb59cd1bdd011a2bfcc0747b55125d9b8527/library/std/src/../../backtrace/src/backtrace/mod.rs:66:14
[INFO] [stdout]    2:     0x5727e595dde1 - std[617be2ca0a6fd877]::sys::backtrace::_print_fmt
[INFO] [stdout]                                at /rustc/e3feeb59cd1bdd011a2bfcc0747b55125d9b8527/library/std/src/sys/backtrace.rs:74:9
[INFO] [stdout]    3:     0x5727e595dde1 - <<std[617be2ca0a6fd877]::sys::backtrace::BacktraceLock>::print::DisplayBacktrace as core[a373ad73a504971]::fmt::Display>::fmt
[INFO] [stdout]                                at /rustc/e3feeb59cd1bdd011a2bfcc0747b55125d9b8527/library/std/src/sys/backtrace.rs:44:26
[INFO] [stdout]    4:     0x5727e59720ba - <core[a373ad73a504971]::fmt::rt::Argument>::fmt
[INFO] [stdout]                                at /rustc/e3feeb59cd1bdd011a2bfcc0747b55125d9b8527/library/core/src/fmt/rt.rs:152:76
[INFO] [stdout]    5:     0x5727e59720ba - core[a373ad73a504971]::fmt::write
[INFO] [stdout]    6:     0x5727e596225c - core[a373ad73a504971]::io::write::default_write_fmt::<alloc[2e1b2a31b91974c5]::vec::Vec<u8>>
[INFO] [stdout]                                at /rustc/e3feeb59cd1bdd011a2bfcc0747b55125d9b8527/library/core/src/io/write.rs:402:11
[INFO] [stdout]    7:     0x5727e596225c - <alloc[2e1b2a31b91974c5]::vec::Vec<u8> as core[a373ad73a504971]::io::write::Write>::write_fmt
[INFO] [stdout]                                at /rustc/e3feeb59cd1bdd011a2bfcc0747b55125d9b8527/library/core/src/io/write.rs:335:13
[INFO] [stdout]    8:     0x5727e5938c46 - <std[617be2ca0a6fd877]::sys::backtrace::BacktraceLock>::print
[INFO] [stdout]                                at /rustc/e3feeb59cd1bdd011a2bfcc0747b55125d9b8527/library/std/src/sys/backtrace.rs:47:9
[INFO] [stdout]    9:     0x5727e5938c46 - std[617be2ca0a6fd877]::panicking::default_hook::{closure#0}
[INFO] [stdout]                                at /rustc/e3feeb59cd1bdd011a2bfcc0747b55125d9b8527/library/std/src/panicking.rs:289:27
[INFO] [stdout]   10:     0x5727e5955c79 - std[617be2ca0a6fd877]::panicking::default_hook
[INFO] [stdout]                                at /rustc/e3feeb59cd1bdd011a2bfcc0747b55125d9b8527/library/std/src/panicking.rs:313:9
[INFO] [stdout]   11:     0x5727e58e3430 - <alloc[2e1b2a31b91974c5]::boxed::Box<dyn for<'a, 'b> core[a373ad73a504971]::ops::function::Fn<(&'a std[617be2ca0a6fd877]::panic::PanicHookInfo<'b>,), Output = ()> + core[a373ad73a504971]::marker::Sync + core[a373ad73a504971]::marker::Send> as core[a373ad73a504971]::ops::function::Fn<(&std[617be2ca0a6fd877]::panic::PanicHookInfo,)>>::call
[INFO] [stdout]                                at /rustc/e3feeb59cd1bdd011a2bfcc0747b55125d9b8527/library/alloc/src/boxed.rs:2328:9
[INFO] [stdout]   12:     0x5727e58e3430 - test[aada8e7e76ba119b]::test_main_inner::{closure#0}
[INFO] [stdout]                                at /rustc/e3feeb59cd1bdd011a2bfcc0747b55125d9b8527/library/test/src/lib.rs:137:21
[INFO] [stdout]   13:     0x5727e5955e32 - <alloc[2e1b2a31b91974c5]::boxed::Box<dyn for<'a, 'b> core[a373ad73a504971]::ops::function::Fn<(&'a std[617be2ca0a6fd877]::panic::PanicHookInfo<'b>,), Output = ()> + core[a373ad73a504971]::marker::Sync + core[a373ad73a504971]::marker::Send> as core[a373ad73a504971]::ops::function::Fn<(&std[617be2ca0a6fd877]::panic::PanicHookInfo,)>>::call
[INFO] [stdout]                                at /rustc/e3feeb59cd1bdd011a2bfcc0747b55125d9b8527/library/alloc/src/boxed.rs:2328:9
[INFO] [stdout]   14:     0x5727e5955e32 - std[617be2ca0a6fd877]::panicking::panic_with_hook
[INFO] [stdout]                                at /rustc/e3feeb59cd1bdd011a2bfcc0747b55125d9b8527/library/std/src/panicking.rs:819:13
[INFO] [stdout]   15:     0x5727e5938cf2 - std[617be2ca0a6fd877]::panicking::panic_handler::{closure#0}
[INFO] [stdout]                                at /rustc/e3feeb59cd1bdd011a2bfcc0747b55125d9b8527/library/std/src/panicking.rs:685:13
[INFO] [stdout]   16:     0x5727e59318e9 - std[617be2ca0a6fd877]::sys::backtrace::__rust_end_short_backtrace::<std[617be2ca0a6fd877]::panicking::panic_handler::{closure#0}, !>
[INFO] [stdout]                                at /rustc/e3feeb59cd1bdd011a2bfcc0747b55125d9b8527/library/std/src/sys/backtrace.rs:182:18
[INFO] [stdout]   17:     0x5727e59398fd - __rustc[ea4f61d10b84890b]::rust_begin_unwind
[INFO] [stdout]                                at /rustc/e3feeb59cd1bdd011a2bfcc0747b55125d9b8527/library/std/src/panicking.rs:676:5
[INFO] [stdout]   18:     0x5727e597284c - core[a373ad73a504971]::panicking::panic_fmt
[INFO] [stdout]                                at /rustc/e3feeb59cd1bdd011a2bfcc0747b55125d9b8527/library/core/src/panicking.rs:80:14
[INFO] [stdout]   19:     0x5727e58d4b48 - integration_tests[365792dbe8968a49]::integration::utils::assert_success
[INFO] [stdout]                                at /opt/rustwide/workdir/tests/integration/utils.rs:60:2
[INFO] [stdout]   20:     0x5727e58ced0f - integration_tests[365792dbe8968a49]::integration::generate_tests::tests::test_generate_list_templates
[INFO] [stdout]                                at /opt/rustwide/workdir/tests/integration/generate_tests.rs:11:3
[INFO] [stdout]   21:     0x5727e58c9077 - integration_tests[365792dbe8968a49]::integration::generate_tests::tests::test_generate_list_templates::{closure#0}
[INFO] [stdout]                                at /opt/rustwide/workdir/tests/integration/generate_tests.rs:6:35
[INFO] [stdout]   22:     0x5727e58d67f6 - <integration_tests[365792dbe8968a49]::integration::generate_tests::tests::test_generate_list_templates::{closure#0} as core[a373ad73a504971]::ops::function::FnOnce<()>>::call_once
[INFO] [stdout]                                at /rustc/e3feeb59cd1bdd011a2bfcc0747b55125d9b8527/library/core/src/ops/function.rs:250:5
[INFO] [stdout]   23:     0x5727e58d687b - <fn() -> core[a373ad73a504971]::result::Result<(), alloc[2e1b2a31b91974c5]::string::String> as core[a373ad73a504971]::ops::function::FnOnce<()>>::call_once
[INFO] [stdout]                                at /rustc/e3feeb59cd1bdd011a2bfcc0747b55125d9b8527/library/core/src/ops/function.rs:250:5
[INFO] [stdout]   24:     0x5727e58d687b - test[aada8e7e76ba119b]::__rust_begin_short_backtrace::<core[a373ad73a504971]::result::Result<(), alloc[2e1b2a31b91974c5]::string::String>, fn() -> core[a373ad73a504971]::result::Result<(), alloc[2e1b2a31b91974c5]::string::String>>
[INFO] [stdout]                                at /rustc/e3feeb59cd1bdd011a2bfcc0747b55125d9b8527/library/test/src/lib.rs:701:18
[INFO] [stdout]   25:     0x5727e58e3a55 - test[aada8e7e76ba119b]::run_test_in_process::{closure#0}
[INFO] [stdout]                                at /rustc/e3feeb59cd1bdd011a2bfcc0747b55125d9b8527/library/test/src/lib.rs:724:74
[INFO] [stdout]   26:     0x5727e58e3a55 - <core[a373ad73a504971]::panic::unwind_safe::AssertUnwindSafe<test[aada8e7e76ba119b]::run_test_in_process::{closure#0}> as core[a373ad73a504971]::ops::function::FnOnce<()>>::call_once
[INFO] [stdout]                                at /rustc/e3feeb59cd1bdd011a2bfcc0747b55125d9b8527/library/core/src/panic/unwind_safe.rs:275:9
[INFO] [stdout]   27:     0x5727e58e3a55 - std[617be2ca0a6fd877]::panicking::catch_unwind::do_call::<core[a373ad73a504971]::panic::unwind_safe::AssertUnwindSafe<test[aada8e7e76ba119b]::run_test_in_process::{closure#0}>, core[a373ad73a504971]::result::Result<(), alloc[2e1b2a31b91974c5]::string::String>>
[INFO] [stdout]                                at /rustc/e3feeb59cd1bdd011a2bfcc0747b55125d9b8527/library/std/src/panicking.rs:573:43
[INFO] [stdout]   28:     0x5727e58e3a55 - std[617be2ca0a6fd877]::panicking::catch_unwind::<core[a373ad73a504971]::result::Result<(), alloc[2e1b2a31b91974c5]::string::String>, core[a373ad73a504971]::panic::unwind_safe::AssertUnwindSafe<test[aada8e7e76ba119b]::run_test_in_process::{closure#0}>>
[INFO] [stdout]                                at /rustc/e3feeb59cd1bdd011a2bfcc0747b55125d9b8527/library/std/src/panicking.rs:541:19
[INFO] [stdout]   29:     0x5727e58e3a55 - std[617be2ca0a6fd877]::panic::catch_unwind::<core[a373ad73a504971]::panic::unwind_safe::AssertUnwindSafe<test[aada8e7e76ba119b]::run_test_in_process::{closure#0}>, core[a373ad73a504971]::result::Result<(), alloc[2e1b2a31b91974c5]::string::String>>
[INFO] [stdout]                                at /rustc/e3feeb59cd1bdd011a2bfcc0747b55125d9b8527/library/std/src/panic.rs:359:14
[INFO] [stdout]   30:     0x5727e58e3a55 - test[aada8e7e76ba119b]::run_test_in_process
[INFO] [stdout]                                at /rustc/e3feeb59cd1bdd011a2bfcc0747b55125d9b8527/library/test/src/lib.rs:724:27
[INFO] [stdout]   31:     0x5727e58e3a55 - test[aada8e7e76ba119b]::run_test::{closure#0}
[INFO] [stdout]                                at /rustc/e3feeb59cd1bdd011a2bfcc0747b55125d9b8527/library/test/src/lib.rs:645:43
[INFO] [stdout]   32:     0x5727e58dd344 - test[aada8e7e76ba119b]::run_test::{closure#1}
[INFO] [stdout]                                at /rustc/e3feeb59cd1bdd011a2bfcc0747b55125d9b8527/library/test/src/lib.rs:675:41
[INFO] [stdout]   33:     0x5727e58dd344 - std[617be2ca0a6fd877]::sys::backtrace::__rust_begin_short_backtrace::<test[aada8e7e76ba119b]::run_test::{closure#1}, ()>
[INFO] [stdout]                                at /rustc/e3feeb59cd1bdd011a2bfcc0747b55125d9b8527/library/std/src/sys/backtrace.rs:166:18
[INFO] [stdout]   34:     0x5727e58e6ae2 - std[617be2ca0a6fd877]::thread::lifecycle::spawn_unchecked::<test[aada8e7e76ba119b]::run_test::{closure#1}, ()>::{closure#1}::{closure#0}
[INFO] [stdout]                                at /rustc/e3feeb59cd1bdd011a2bfcc0747b55125d9b8527/library/std/src/thread/lifecycle.rs:70:13
[INFO] [stdout]   35:     0x5727e58e6ae2 - <core[a373ad73a504971]::panic::unwind_safe::AssertUnwindSafe<std[617be2ca0a6fd877]::thread::lifecycle::spawn_unchecked<test[aada8e7e76ba119b]::run_test::{closure#1}, ()>::{closure#1}::{closure#0}> as core[a373ad73a504971]::ops::function::FnOnce<()>>::call_once
[INFO] [stdout]                                at /rustc/e3feeb59cd1bdd011a2bfcc0747b55125d9b8527/library/core/src/panic/unwind_safe.rs:275:9
[INFO] [stdout]   36:     0x5727e58e6ae2 - std[617be2ca0a6fd877]::panicking::catch_unwind::do_call::<core[a373ad73a504971]::panic::unwind_safe::AssertUnwindSafe<std[617be2ca0a6fd877]::thread::lifecycle::spawn_unchecked<test[aada8e7e76ba119b]::run_test::{closure#1}, ()>::{closure#1}::{closure#0}>, ()>
[INFO] [stdout]                                at /rustc/e3feeb59cd1bdd011a2bfcc0747b55125d9b8527/library/std/src/panicking.rs:573:43
[INFO] [stdout]   37:     0x5727e58e6ae2 - std[617be2ca0a6fd877]::panicking::catch_unwind::<(), core[a373ad73a504971]::panic::unwind_safe::AssertUnwindSafe<std[617be2ca0a6fd877]::thread::lifecycle::spawn_unchecked<test[aada8e7e76ba119b]::run_test::{closure#1}, ()>::{closure#1}::{closure#0}>>
[INFO] [stdout]                                at /rustc/e3feeb59cd1bdd011a2bfcc0747b55125d9b8527/library/std/src/panicking.rs:541:19
[INFO] [stdout]   38:     0x5727e58e6ae2 - std[617be2ca0a6fd877]::panic::catch_unwind::<core[a373ad73a504971]::panic::unwind_safe::AssertUnwindSafe<std[617be2ca0a6fd877]::thread::lifecycle::spawn_unchecked<test[aada8e7e76ba119b]::run_test::{closure#1}, ()>::{closure#1}::{closure#0}>, ()>
[INFO] [stdout]                                at /rustc/e3feeb59cd1bdd011a2bfcc0747b55125d9b8527/library/std/src/panic.rs:359:14
[INFO] [stdout]   39:     0x5727e58e6ae2 - std[617be2ca0a6fd877]::thread::lifecycle::spawn_unchecked::<test[aada8e7e76ba119b]::run_test::{closure#1}, ()>::{closure#1}
[INFO] [stdout]                                at /rustc/e3feeb59cd1bdd011a2bfcc0747b55125d9b8527/library/std/src/thread/lifecycle.rs:68:26
[INFO] [stdout]   40:     0x5727e58e6ae2 - <std[617be2ca0a6fd877]::thread::lifecycle::spawn_unchecked<test[aada8e7e76ba119b]::run_test::{closure#1}, ()>::{closure#1} as core[a373ad73a504971]::ops::function::FnOnce<()>>::call_once::{shim:vtable#0}
[INFO] [stdout]                                at /rustc/e3feeb59cd1bdd011a2bfcc0747b55125d9b8527/library/core/src/ops/function.rs:250:5
[INFO] [stdout]   41:     0x5727e595d63f - <alloc[2e1b2a31b91974c5]::boxed::Box<dyn core[a373ad73a504971]::ops::function::FnOnce<(), Output = ()> + core[a373ad73a504971]::marker::Send> as core[a373ad73a504971]::ops::function::FnOnce<()>>::call_once
[INFO] [stdout]                                at /rustc/e3feeb59cd1bdd011a2bfcc0747b55125d9b8527/library/alloc/src/boxed.rs:2314:9
[INFO] [stdout]   42:     0x5727e595d63f - <std[617be2ca0a6fd877]::sys::thread::unix::Thread>::new::thread_start
[INFO] [stdout]                                at /rustc/e3feeb59cd1bdd011a2bfcc0747b55125d9b8527/library/std/src/sys/thread/unix.rs:127:17
[INFO] [stdout]   43:     0x7375f3b7edfa - <unknown>
[INFO] [stdout]   44:     0x7375f3c123d4 - clone
[INFO] [stdout]   45:                0x0 - <unknown>
[INFO] [stdout] 
[INFO] [stdout] ---- integration::init_tests::tests::test_init_custom_path stdout ----
[INFO] [stdout] 
[INFO] [stdout] thread 'integration::init_tests::tests::test_init_custom_path' (4383) panicked at tests/integration/utils.rs:60:5:
[INFO] [stdout] Command failed: warning: `package.homepage` is redundant with `package.repository`
[INFO] [stdout]    --> Cargo.toml:126:12
[INFO] [stdout]     |
[INFO] [stdout] 126 | homepage = "https://github.com/R3E-Network/NeoRust"
[INFO] [stdout]     |            ^^^^^^^^^^^^^^^^^^^^^^^^^^^^^^^^^^^^^^^^
[INFO] [stdout] ...
[INFO] [stdout] 130 | repository = "https://github.com/R3E-Network/NeoRust"
[INFO] [stdout]     |              ----------------------------------------
[INFO] [stdout]     |
[INFO] [stdout]     = note: `cargo::redundant_homepage` is set to `warn` by default
[INFO] [stdout] help: consider removing `package.homepage`
[INFO] [stdout] warning: `neo-cli` (manifest) generated 1 warning
[INFO] [stdout]     Blocking waiting for file lock on build directory
[INFO] [stdout]    Compiling neo3 v1.0.0
[INFO] [stdout] error: could not compile `neo3` (lib)
[INFO] [stdout] 
[INFO] [stdout] Caused by:
[INFO] [stdout]   process didn't exit successfully: `/opt/rustwide/rustup-home/toolchains/1.100.0-beta.1-x86_64-unknown-linux-gnu/bin/rustc --crate-name neo3 --edition=2021 /opt/rustwide/cargo-home/registry/src/index.crates.io-1949cf8c6b5b557f/neo3-1.0.0/src/lib.rs --error-format=json --json=diagnostic-rendered-ansi,artifacts,future-incompat,unused-externs-silent --crate-type lib --emit=dep-info,metadata,link -C embed-bitcode=no -C debuginfo=2 --cfg 'feature="coins-ledger"' --cfg 'feature="default"' --cfg 'feature="futures"' --cfg 'feature="ledger"' --cfg 'feature="ws"' --check-cfg 'cfg(docsrs,test)' --check-cfg 'cfg(feature, values("coins-ledger", "default", "futures", "init", "ipc", "ledger", "legacy-ws", "mock", "mock-hsm", "no_std", "sgx", "ws", "yubi", "yubihsm"))' -C metadata=29cefe4925613be7 -C extra-filename=-0b893acd5ca04af9 --out-dir /opt/rustwide/target/debug/build/neo3/0b893acd5ca04af9/out -L dependency=/opt/rustwide/target/debug/build/arrayvec/9d0aa62fa88910b3/out -L dependency=/opt/rustwide/target/debug/build/async-trait/1e23919fdf7d7dba/out -L dependency=/opt/rustwide/target/debug/build/atomic-waker/06950c8c08d2b8fa/out -L dependency=/opt/rustwide/target/debug/build/base16ct/c4cc4b0550013254/out -L dependency=/opt/rustwide/target/debug/build/base64/32787b0325ea6df8/out -L dependency=/opt/rustwide/target/debug/build/base64ct/4e8a849eadea5a34/out -L dependency=/opt/rustwide/target/debug/build/bitcoin-internals/614397c8ce69e705/out -L dependency=/opt/rustwide/target/debug/build/bitcoin_hashes/0c84dcc854f43084/out -L dependency=/opt/rustwide/target/debug/build/bitflags/9362e66b8880981a/out -L dependency=/opt/rustwide/target/debug/build/bitflags/dde12b0d7d495b50/out -L dependency=/opt/rustwide/target/debug/build/block-buffer/e72745894d3d446e/out -L dependency=/opt/rustwide/target/debug/build/block-padding/1d8db7b62d0c2242/out -L dependency=/opt/rustwide/target/debug/build/byteorder/8f59b6d1bfdaa844/out -L dependency=/opt/rustwide/target/debug/build/bytes/3529dc27cc7678fe/out -L dependency=/opt/rustwide/target/debug/build/cfg-if/83060ec5685761ae/out -L dependency=/opt/rustwide/target/debug/build/cipher/3559464ccc854dbf/out -L dependency=/opt/rustwide/target/debug/build/const-hex/f445940526292884/out -L dependency=/opt/rustwide/target/debug/build/const-oid/2aadc73a32842898/out -L dependency=/opt/rustwide/target/debug/build/cpufeatures/e04321643d03190d/out -L dependency=/opt/rustwide/target/debug/build/crossbeam-deque/e71c6317821167fb/out -L dependency=/opt/rustwide/target/debug/build/crossbeam-epoch/5fdcd5978a9f0010/out -L dependency=/opt/rustwide/target/debug/build/crossbeam-utils/f696a08ab1e94e7a/out -L dependency=/opt/rustwide/target/debug/build/crunchy/e5afda26bcbe7d3a/out -L dependency=/opt/rustwide/target/debug/build/crypto-bigint/b4d7fdb4d5995c90/out -L dependency=/opt/rustwide/target/debug/build/crypto-common/451574b58892e3f9/out -L dependency=/opt/rustwide/target/debug/build/curve25519-dalek-derive/43ca51d20b649a9a/out -L dependency=/opt/rustwide/target/debug/build/curve25519-dalek/9c18229fe406faa0/out -L dependency=/opt/rustwide/target/debug/build/data-encoding/506ef4e476430498/out -L dependency=/opt/rustwide/target/debug/build/der/cbb6a246b9903ceb/out -L dependency=/opt/rustwide/target/debug/build/deranged/0497f8a63ebb66e0/out -L dependency=/opt/rustwide/target/debug/build/derive_more-impl/c5b0d8be6be6e576/out -L dependency=/opt/rustwide/target/debug/build/digest/5bad71b39267c3a2/out -L dependency=/opt/rustwide/target/debug/build/displaydoc/7006491e2cd48a3a/out -L dependency=/opt/rustwide/target/debug/build/ecdsa/30bbe47a88f2f880/out -L dependency=/opt/rustwide/target/debug/build/ed25519/672bf87ac1842a0c/out -L dependency=/opt/rustwide/target/debug/build/either/40b894c145b6eae5/out -L dependency=/opt/rustwide/target/debug/build/elliptic-curve/52a2fd496ee659e6/out -L dependency=/opt/rustwide/target/debug/build/encoding_rs/c7a67ac351c2b19f/out -L dependency=/opt/rustwide/target/debug/build/equivalent/6a754676e6af62ae/out -L dependency=/opt/rustwide/target/debug/build/fastrand/751bcde24b8aa073/out -L dependency=/opt/rustwide/target/debug/build/ff/b740e2709af37aa7/out -L dependency=/opt/rustwide/target/debug/build/fixed-hash/8f8392157573ed98/out -L dependency=/opt/rustwide/target/debug/build/fnv/79e2cbfbe03dcd16/out -L dependency=/opt/rustwide/target/debug/build/foreign-types-shared/47b443a4583fd949/out -L dependency=/opt/rustwide/target/debug/build/foreign-types/4fe1886d5d9265b9/out -L dependency=/opt/rustwide/target/debug/build/form_urlencoded/58b0f0edb59b40d2/out -L dependency=/opt/rustwide/target/debug/build/futures-channel/3bb2db6cecc5bacb/out -L dependency=/opt/rustwide/target/debug/build/futures-core/3b920243fce8fec0/out -L dependency=/opt/rustwide/target/debug/build/futures-io/59d0071c9258d69f/out -L dependency=/opt/rustwide/target/debug/build/futures-macro/4832813a2dfba9c8/out -L dependency=/opt/rustwide/target/debug/build/futures-sink/ae1eb2d060de53a2/out -L dependency=/opt/rustwide/target/debug/build/futures-task/e09ab7898221cb97/out -L dependency=/opt/rustwide/target/debug/build/futures-util/0ac09006233b5620/out -L dependency=/opt/rustwide/target/debug/build/generic-array/ad155cd9a6ab1a8c/out -L dependency=/opt/rustwide/target/debug/build/getrandom/6c52f1842ea78338/out -L dependency=/opt/rustwide/target/debug/build/getrandom/f321d4be89094b74/out -L dependency=/opt/rustwide/target/debug/build/gloo-timers/90451e95f4bcc94c/out -L dependency=/opt/rustwide/target/debug/build/group/226b3cce6c51fe97/out -L dependency=/opt/rustwide/target/debug/build/h2/1f127d05a28a020e/out -L dependency=/opt/rustwide/target/debug/build/hashbrown/25abce2d85979e8d/out -L dependency=/opt/rustwide/target/debug/build/hex-conservative/2336a1378e083bec/out -L dependency=/opt/rustwide/target/debug/build/hex/13e08b3b00984ab7/out -L dependency=/opt/rustwide/target/debug/build/hidapi-rusb/9830143c1f13718e/out -L dependency=/opt/rustwide/target/debug/build/hmac/2a81b57109c5b407/out -L dependency=/opt/rustwide/target/debug/build/http-body-util/440746345ebd809c/out -L dependency=/opt/rustwide/target/debug/build/http-body/010641745bcea95a/out -L dependency=/opt/rustwide/target/debug/build/http/fc13d883992f1b04/out -L dependency=/opt/rustwide/target/debug/build/httparse/8c9b827b8f345444/out -L dependency=/opt/rustwide/target/debug/build/hyper-rustls/afcdf6b444f1044b/out -L dependency=/opt/rustwide/target/debug/build/hyper-tls/d728d4ac7ad450d7/out -L dependency=/opt/rustwide/target/debug/build/hyper-util/e8c16230fac51eae/out -L dependency=/opt/rustwide/target/debug/build/hyper/149fcd223ec66aa4/out -L dependency=/opt/rustwide/target/debug/build/iana-time-zone/bab5d12b40894ac1/out -L dependency=/opt/rustwide/target/debug/build/icu_collections/de2b6a29560794a5/out -L dependency=/opt/rustwide/target/debug/build/icu_locale_core/0a3b8450dc29000c/out -L dependency=/opt/rustwide/target/debug/build/icu_normalizer/902ba7960da90d3e/out -L dependency=/opt/rustwide/target/debug/build/icu_normalizer_data/ab8997d7cbbb3306/out -L dependency=/opt/rustwide/target/debug/build/icu_properties/c536cf771b9e4baf/out -L dependency=/opt/rustwide/target/debug/build/icu_properties_data/ca07e36d75086861/out -L dependency=/opt/rustwide/target/debug/build/icu_provider/998e7925aee47079/out -L dependency=/opt/rustwide/target/debug/build/idna/1a79da537f0560aa/out -L dependency=/opt/rustwide/target/debug/build/idna_adapter/8bc83506c44de50e/out -L dependency=/opt/rustwide/target/debug/build/impl-serde/1483650c3066efcd/out -L dependency=/opt/rustwide/target/debug/build/indexmap/449c7f9540d8144f/out -L dependency=/opt/rustwide/target/debug/build/inout/6c570ca34de6e8c0/out -L dependency=/opt/rustwide/target/debug/build/ipnet/a38805d99c19843f/out -L dependency=/opt/rustwide/target/debug/build/iri-string/de8b1024d8676424/out -L dependency=/opt/rustwide/target/debug/build/itoa/ef40fa516293a9d3/out -L dependency=/opt/rustwide/target/debug/build/js-sys/81b1f98912feb901/out -L dependency=/opt/rustwide/target/debug/build/keccak/b3eea90d0aeeb926/out -L dependency=/opt/rustwide/target/debug/build/lazy_static/3674be3f4245d19b/out -L dependency=/opt/rustwide/target/debug/build/libc/447cbd2ab314a675/out -L dependency=/opt/rustwide/target/debug/build/libusb1-sys/387d5879133776d2/out -L dependency=/opt/rustwide/target/debug/build/linux-raw-sys/7c0af75954695899/out -L dependency=/opt/rustwide/target/debug/build/litemap/cd9b5b2aa04e2018/out -L dependency=/opt/rustwide/target/debug/build/lock_api/16d46fed645f7bff/out -L dependency=/opt/rustwide/target/debug/build/log/28ade3d6717210f3/out -L dependency=/opt/rustwide/target/debug/build/memchr/9be7e24c0cc6f173/out -L dependency=/opt/rustwide/target/debug/build/memoffset/0ebfc19fc9e64523/out -L dependency=/opt/rustwide/target/debug/build/mime/0188e0814ca7ddbf/out -L dependency=/opt/rustwide/target/debug/build/mio/274a87e64cd614eb/out -L dependency=/opt/rustwide/target/debug/build/native-tls/61446f97e4b9c209/out -L dependency=/opt/rustwide/target/debug/build/nix/6f1a7ca9d75435b1/out -L dependency=/opt/rustwide/target/debug/build/num-bigint/914061b6a0c2b743/out -L dependency=/opt/rustwide/target/debug/build/num-conv/d3297905cfb69f59/out -L dependency=/opt/rustwide/target/debug/build/num-integer/e1dae9bde9b8ffd5/out -L dependency=/opt/rustwide/target/debug/build/num-traits/61451ab850bd490d/out -L dependency=/opt/rustwide/target/debug/build/num_enum_derive/cae1051c47ba1593/out -L dependency=/opt/rustwide/target/debug/build/once_cell/e9252a7b5119f3eb/out -L dependency=/opt/rustwide/target/debug/build/openssl-macros/a1f1a566fe76629a/out -L dependency=/opt/rustwide/target/debug/build/openssl-probe/2c6d21a9709cae46/out -L dependency=/opt/rustwide/target/debug/build/openssl-sys/1a9c9df3075e3a94/out -L dependency=/opt/rustwide/target/debug/build/openssl/1ea09173d7209c74/out -L dependency=/opt/rustwide/target/debug/build/parking_lot/cb48728aa8a0aeef/out -L dependency=/opt/rustwide/target/debug/build/parking_lot_core/0d3604d4ca93000b/out -L dependency=/opt/rustwide/target/debug/build/password-hash/361608d0d816bf57/out -L dependency=/opt/rustwide/target/debug/build/pbkdf2/c66e16f5a4878504/out -L dependency=/opt/rustwide/target/debug/build/pem-rfc7468/153a74cc2fe186aa/out -L dependency=/opt/rustwide/target/debug/build/pem/c65b0b75163a9934/out -L dependency=/opt/rustwide/target/debug/build/percent-encoding/fa055ecaa1e57cfa/out -L dependency=/opt/rustwide/target/debug/build/pin-project-internal/1580cc9d9750c9ae/out -L dependency=/opt/rustwide/target/debug/build/pin-project-lite/72bf04572caa1c84/out -L dependency=/opt/rustwide/target/debug/build/pin-project/297b2bd6017f2259/out -L dependency=/opt/rustwide/target/debug/build/pin-utils/3860774ad9b215b5/out -L dependency=/opt/rustwide/target/debug/build/pkcs8/1de5ea84543ad855/out -L dependency=/opt/rustwide/target/debug/build/potential_utf/608e6368da7cc52b/out -L dependency=/opt/rustwide/target/debug/build/powerfmt/f6019a2766e431f7/out -L dependency=/opt/rustwide/target/debug/build/ppv-lite86/ebbdd8494be45e3f/out -L dependency=/opt/rustwide/target/debug/build/primeorder/a5f10ca165b1445f/out -L dependency=/opt/rustwide/target/debug/build/rand/76d89d1fe19f7632/out -L dependency=/opt/rustwide/target/debug/build/rand_chacha/c02348638e512e5b/out -L dependency=/opt/rustwide/target/debug/build/rand_core/eb9c49f5ff0e0975/out -L dependency=/opt/rustwide/target/debug/build/rayon-core/e986c1d1845fe6c3/out -L dependency=/opt/rustwide/target/debug/build/rfc6979/81677a5a6c893890/out -L dependency=/opt/rustwide/target/debug/build/ring/8ddd93c13b8edf7c/out -L dependency=/opt/rustwide/target/debug/build/rusb/d3ee7924c11e50ee/out -L dependency=/opt/rustwide/target/debug/build/rustc-hex/8e10e209a94b3eae/out -L dependency=/opt/rustwide/target/debug/build/rustix/4db499f8d75f5eed/out -L dependency=/opt/rustwide/target/debug/build/rustls-pki-types/8c387a8fd80598f5/out -L dependency=/opt/rustwide/target/debug/build/rustls-webpki/94dd75dd5c996537/out -L dependency=/opt/rustwide/target/debug/build/rustls/fc7c3457e432af88/out -L dependency=/opt/rustwide/target/debug/build/rustversion/0fe8e9afe386a651/out -L dependency=/opt/rustwide/target/debug/build/ryu/a7164637bc4900ee/out -L dependency=/opt/rustwide/target/debug/build/salsa20/f9e7f99cd5e790da/out -L dependency=/opt/rustwide/target/debug/build/scopeguard/7ec2214574194454/out -L dependency=/opt/rustwide/target/debug/build/sec1/87afc8fd5a4be539/out -L dependency=/opt/rustwide/target/debug/build/send_wrapper/ffe6578f923a42a8/out -L dependency=/opt/rustwide/target/debug/build/serde/de2bb839857ea442/out -L dependency=/opt/rustwide/target/debug/build/serde_core/21f22ac7b803fb0e/out -L dependency=/opt/rustwide/target/debug/build/serde_derive/8e8b2fcf9f32cd92/out -L dependency=/opt/rustwide/target/debug/build/serde_json/11835850f6c6792b/out -L dependency=/opt/rustwide/target/debug/build/serde_urlencoded/c2d4a16c1982b1c6/out -L dependency=/opt/rustwide/target/debug/build/serde_with_macros/28d233a12a19053b/out -L dependency=/opt/rustwide/target/debug/build/sha1/79c745d4fbd6e7dd/out -L dependency=/opt/rustwide/target/debug/build/sha2/c93ebd8a2027057a/out -L dependency=/opt/rustwide/target/debug/build/sharded-slab/bd3e89e1e50b7c87/out -L dependency=/opt/rustwide/target/debug/build/signal-hook-registry/d688fd7f782fc468/out -L dependency=/opt/rustwide/target/debug/build/signature/70360faf96b0f3e1/out -L dependency=/opt/rustwide/target/debug/build/simple_asn1/77ad072f05c9abdd/out -L dependency=/opt/rustwide/target/debug/build/slab/5629529544b2a983/out -L dependency=/opt/rustwide/target/debug/build/smallvec/bc3128fdd57228fc/out -L dependency=/opt/rustwide/target/debug/build/socket2/74cdf1fe8b7a45b9/out -L dependency=/opt/rustwide/target/debug/build/spki/b21eda3427876861/out -L dependency=/opt/rustwide/target/debug/build/stable_deref_trait/63cbf3f3d3f94e56/out -L dependency=/opt/rustwide/target/debug/build/static_assertions/f0217ecdd817a834/out -L dependency=/opt/rustwide/target/debug/build/subtle/cdc2b7d5fab71c70/out -L dependency=/opt/rustwide/target/debug/build/sync_wrapper/a254cb6192850e87/out -L dependency=/opt/rustwide/target/debug/build/thiserror-impl/99da14be8eb82bac/out -L dependency=/opt/rustwide/target/debug/build/thiserror-impl/efa8d263738d773f/out -L dependency=/opt/rustwide/target/debug/build/thiserror/305a9f409fb69cab/out -L dependency=/opt/rustwide/target/debug/build/thiserror/5bdf1edcba661d46/out -L dependency=/opt/rustwide/target/debug/build/thread_local/b4f6fe44d641c0b1/out -L dependency=/opt/rustwide/target/debug/build/time-core/18c82ab596674382/out -L dependency=/opt/rustwide/target/debug/build/time-macros/64e21c6052aec81a/out -L dependency=/opt/rustwide/target/debug/build/time/cc363f6f1742a55f/out -L dependency=/opt/rustwide/target/debug/build/tinystr/46edb3257ccb7cd0/out -L dependency=/opt/rustwide/target/debug/build/tinyvec/0e7c5ebf3c1ba3ec/out -L dependency=/opt/rustwide/target/debug/build/tinyvec_macros/7b77ea21c73594ca/out -L dependency=/opt/rustwide/target/debug/build/tokio-macros/ffdd2fe02d50bc0b/out -L dependency=/opt/rustwide/target/debug/build/tokio-native-tls/a368f90a50084ab4/out -L dependency=/opt/rustwide/target/debug/build/tokio-rustls/e49f8698801e05da/out -L dependency=/opt/rustwide/target/debug/build/tokio-util/e2dd979dfd9d69b7/out -L dependency=/opt/rustwide/target/debug/build/tokio/00b8a5d7005e7f25/out -L dependency=/opt/rustwide/target/debug/build/tower-http/ab23270959cf0ad0/out -L dependency=/opt/rustwide/target/debug/build/tower-layer/d908dd771b239ecd/out -L dependency=/opt/rustwide/target/debug/build/tower-service/3fb88d28c2218805/out -L dependency=/opt/rustwide/target/debug/build/tower/43d95004c6d60697/out -L dependency=/opt/rustwide/target/debug/build/tracing-attributes/21ea05b9b26e87e0/out -L dependency=/opt/rustwide/target/debug/build/tracing-core/05e1b75a06fc0004/out -L dependency=/opt/rustwide/target/debug/build/tracing/48143926acf64637/out -L dependency=/opt/rustwide/target/debug/build/try-lock/8fa2f6971035be84/out -L dependency=/opt/rustwide/target/debug/build/tungstenite/664ae4b56fada8ed/out -L dependency=/opt/rustwide/target/debug/build/typenum/973adb5204d6e560/out -L dependency=/opt/rustwide/target/debug/build/uint/4890f99f116c10c3/out -L dependency=/opt/rustwide/target/debug/build/unicode-ident/e2d52eba11085272/out -L dependency=/opt/rustwide/target/debug/build/unicode-normalization/1d8f2c7258de4ea2/out -L dependency=/opt/rustwide/target/debug/build/untrusted/b2f816886faf2178/out -L dependency=/opt/rustwide/target/debug/build/url/34aeddcf9f9e0735/out -L dependency=/opt/rustwide/target/debug/build/utf-8/f4341c3c7568480d/out -L dependency=/opt/rustwide/target/debug/build/utf8_iter/51566bbad89f3a68/out -L dependency=/opt/rustwide/target/debug/build/want/7a6260b9c50f1479/out -L dependency=/opt/rustwide/target/debug/build/wasm-bindgen-macro/50a257b9dc9ebfce/out -L dependency=/opt/rustwide/target/debug/build/wasm-bindgen-shared/acec11ce276a811f/out -L dependency=/opt/rustwide/target/debug/build/wasm-bindgen/cd2f8ba69492fcdb/out -L dependency=/opt/rustwide/target/debug/build/webpki-roots/73263cd55948bd9f/out -L dependency=/opt/rustwide/target/debug/build/writeable/4f74a67d38fff78e/out -L dependency=/opt/rustwide/target/debug/build/yoke-derive/59b22dd7c8a01357/out -L dependency=/opt/rustwide/target/debug/build/yoke/e6430ad56a1dad25/out -L dependency=/opt/rustwide/target/debug/build/zerocopy/dae5b0e38d061e95/out -L dependency=/opt/rustwide/target/debug/build/zerofrom-derive/bddee05548133849/out -L dependency=/opt/rustwide/target/debug/build/zerofrom/219718a6f8fb9878/out -L dependency=/opt/rustwide/target/debug/build/zeroize/7f213bea776ca5b6/out -L dependency=/opt/rustwide/target/debug/build/zerotrie/e18e5cdf1678704f/out -L dependency=/opt/rustwide/target/debug/build/zerovec-derive/190f004b4466241d/out -L dependency=/opt/rustwide/target/debug/build/zerovec/4533cd13ddf3ef50/out --extern aes=/opt/rustwide/target/debug/build/aes/7d7a97bd6b6be984/out/libaes-7d7a97bd6b6be984.rmeta --extern async_trait=/opt/rustwide/target/debug/build/async-trait/1e23919fdf7d7dba/out/libasync_trait-1e23919fdf7d7dba.so --extern auto_impl=/opt/rustwide/target/debug/build/auto_impl/72946ab6a9d55c57/out/libauto_impl-72946ab6a9d55c57.so --extern base64=/opt/rustwide/target/debug/build/base64/32787b0325ea6df8/out/libbase64-32787b0325ea6df8.rmeta --extern bip39=/opt/rustwide/target/debug/build/bip39/c73bff24b1f2f9e1/out/libbip39-c73bff24b1f2f9e1.rmeta --extern blake2=/opt/rustwide/target/debug/build/blake2/08cfcc23a249a632/out/libblake2-08cfcc23a249a632.rmeta --extern bs58=/opt/rustwide/target/debug/build/bs58/6d9c7a5f59ca4fad/out/libbs58-6d9c7a5f59ca4fad.rmeta --extern byte_slice_cast=/opt/rustwide/target/debug/build/byte-slice-cast/547e2bc2aa459c88/out/libbyte_slice_cast-547e2bc2aa459c88.rmeta --extern bytes=/opt/rustwide/target/debug/build/bytes/3529dc27cc7678fe/out/libbytes-3529dc27cc7678fe.rmeta --extern chrono=/opt/rustwide/target/debug/build/chrono/5b218a60503bbb8c/out/libchrono-5b218a60503bbb8c.rmeta --extern coins_ledger=/opt/rustwide/target/debug/build/coins-ledger/74331ac272182f05/out/libcoins_ledger.rlib --extern hex=/opt/rustwide/target/debug/build/const-hex/f445940526292884/out/libconst_hex-f445940526292884.rmeta --extern derive_more=/opt/rustwide/target/debug/build/derive_more/968548e30f89043a/out/libderive_more-968548e30f89043a.rmeta --extern ecb=/opt/rustwide/target/debug/build/ecb/93bcf0eca447ef0a/out/libecb-93bcf0eca447ef0a.rmeta --extern ed25519_dalek=/opt/rustwide/target/debug/build/ed25519-dalek/56f214a9f7ffd086/out/libed25519_dalek-56f214a9f7ffd086.rmeta --extern elliptic_curve=/opt/rustwide/target/debug/build/elliptic-curve/52a2fd496ee659e6/out/libelliptic_curve-52a2fd496ee659e6.rmeta --extern futures=/opt/rustwide/target/debug/build/futures/a932b24c95b2bd03/out/libfutures-a932b24c95b2bd03.rmeta --extern futures_channel=/opt/rustwide/target/debug/build/futures-channel/3bb2db6cecc5bacb/out/libfutures_channel-3bb2db6cecc5bacb.rmeta --extern futures_timer=/opt/rustwide/target/debug/build/futures-timer/e35e5efb0a39bbb5/out/libfutures_timer-e35e5efb0a39bbb5.rmeta --extern futures_util=/opt/rustwide/target/debug/build/futures-util/0ac09006233b5620/out/libfutures_util-0ac09006233b5620.rmeta --extern getset=/opt/rustwide/target/debug/build/getset/ff98393e5bd8afd1/out/libgetset-ff98393e5bd8afd1.so --extern hex_literal=/opt/rustwide/target/debug/build/hex-literal/ef575e66466a3155/out/libhex_literal-ef575e66466a3155.rmeta --extern hmac=/opt/rustwide/target/debug/build/hmac/2a81b57109c5b407/out/libhmac-2a81b57109c5b407.rmeta --extern http=/opt/rustwide/target/debug/build/http/fc13d883992f1b04/out/libhttp-fc13d883992f1b04.rmeta --extern jsonwebtoken=/opt/rustwide/target/debug/build/jsonwebtoken/504e42c666ae94e1/out/libjsonwebtoken-504e42c666ae94e1.rmeta --extern k256=/opt/rustwide/target/debug/build/k256/78c2a50ce3dc3e6c/out/libk256-78c2a50ce3dc3e6c.rmeta --extern lazy_static=/opt/rustwide/target/debug/build/lazy_static/3674be3f4245d19b/out/liblazy_static-3674be3f4245d19b.rmeta --extern log=/opt/rustwide/target/debug/build/log/28ade3d6717210f3/out/liblog-28ade3d6717210f3.rmeta --extern num_bigint=/opt/rustwide/target/debug/build/num-bigint/914061b6a0c2b743/out/libnum_bigint-914061b6a0c2b743.rmeta --extern num_traits=/opt/rustwide/target/debug/build/num-traits/61451ab850bd490d/out/libnum_traits-61451ab850bd490d.rmeta --extern num_enum=/opt/rustwide/target/debug/build/num_enum/08046bbf64272f17/out/libnum_enum-08046bbf64272f17.rmeta --extern once_cell=/opt/rustwide/target/debug/build/once_cell/e9252a7b5119f3eb/out/libonce_cell-e9252a7b5119f3eb.rmeta --extern p256=/opt/rustwide/target/debug/build/p256/8302fd254bce4dd0/out/libp256-8302fd254bce4dd0.rmeta --extern pin_project=/opt/rustwide/target/debug/build/pin-project/297b2bd6017f2259/out/libpin_project-297b2bd6017f2259.rmeta --extern primitive_types=/opt/rustwide/target/debug/build/primitive-types/194d271f4480326f/out/libprimitive_types-194d271f4480326f.rmeta --extern rand=/opt/rustwide/target/debug/build/rand/76d89d1fe19f7632/out/librand-76d89d1fe19f7632.rmeta --extern rand_core=/opt/rustwide/target/debug/build/rand_core/eb9c49f5ff0e0975/out/librand_core-eb9c49f5ff0e0975.rmeta --extern rayon=/opt/rustwide/target/debug/build/rayon/f14587bbf0e4b44d/out/librayon-f14587bbf0e4b44d.rmeta --extern reqwest=/opt/rustwide/target/debug/build/reqwest/66bccaf49b4069a7/out/libreqwest-66bccaf49b4069a7.rmeta --extern ripemd=/opt/rustwide/target/debug/build/ripemd/b8c82c1c051edec5/out/libripemd-b8c82c1c051edec5.rmeta --extern rust_decimal=/opt/rustwide/target/debug/build/rust_decimal/a3ef340cfd84e61f/out/librust_decimal-a3ef340cfd84e61f.rmeta --extern scrypt=/opt/rustwide/target/debug/build/scrypt/deb538400bdbadb5/out/libscrypt-deb538400bdbadb5.rmeta --extern serde=/opt/rustwide/target/debug/build/serde/de2bb839857ea442/out/libserde-de2bb839857ea442.rmeta --extern serde_json=/opt/rustwide/target/debug/build/serde_json/11835850f6c6792b/out/libserde_json-11835850f6c6792b.rmeta --extern serde_with=/opt/rustwide/target/debug/build/serde_with/cd4c09bb249f360d/out/libserde_with-cd4c09bb249f360d.rmeta --extern sha2=/opt/rustwide/target/debug/build/sha2/c93ebd8a2027057a/out/libsha2-c93ebd8a2027057a.rmeta --extern sha3=/opt/rustwide/target/debug/build/sha3/87001783d0327887/out/libsha3-87001783d0327887.rmeta --extern signature=/opt/rustwide/target/debug/build/signature/70360faf96b0f3e1/out/libsignature-70360faf96b0f3e1.rmeta --extern strum=/opt/rustwide/target/debug/build/strum/e3cef8f7d45a2447/out/libstrum-e3cef8f7d45a2447.rmeta --extern strum_macros=/opt/rustwide/target/debug/build/strum_macros/915870cc97c94755/out/libstrum_macros-915870cc97c94755.so --extern tempfile=/opt/rustwide/target/debug/build/tempfile/9c4e7d63f512e8fb/out/libtempfile-9c4e7d63f512e8fb.rmeta --extern thiserror=/opt/rustwide/target/debug/build/thiserror/5bdf1edcba661d46/out/libthiserror-5bdf1edcba661d46.rmeta --extern tokio=/opt/rustwide/target/debug/build/tokio/00b8a5d7005e7f25/out/libtokio-00b8a5d7005e7f25.rmeta --extern tokio_tungstenite=/opt/rustwide/target/debug/build/tokio-tungstenite/62438d433f91a471/out/libtokio_tungstenite-62438d433f91a471.rmeta --extern tracing=/opt/rustwide/target/debug/build/tracing/48143926acf64637/out/libtracing-48143926acf64637.rmeta --extern tracing_futures=/opt/rustwide/target/debug/build/tracing-futures/03393d7a9ba23113/out/libtracing_futures-03393d7a9ba23113.rmeta --extern tracing_subscriber=/opt/rustwide/target/debug/build/tracing-subscriber/6cdfb2fa4c2bbe9e/out/libtracing_subscriber-6cdfb2fa4c2bbe9e.rmeta --extern tungstenite=/opt/rustwide/target/debug/build/tungstenite/664ae4b56fada8ed/out/libtungstenite-664ae4b56fada8ed.rmeta --extern url=/opt/rustwide/target/debug/build/url/34aeddcf9f9e0735/out/liburl-34aeddcf9f9e0735.rmeta --cap-lints allow --cap-lints=warn --force-warn=unused_crate_dependencies -L native=/opt/rustwide/target/debug/build/hidapi-rusb/5daec124d0137eaf/out -L native=/opt/rustwide/target/debug/build/ring/a20b7f4a149585cd/out -L native=/usr/lib/x86_64-linux-gnu` (signal: 9, SIGKILL: kill)
[INFO] [stdout] 
[INFO] [stderr] error: test failed, to rerun pass `--test integration_tests`
[INFO] [stdout] stack backtrace:
[INFO] [stdout]    0:     0x5727e595dde1 - std[617be2ca0a6fd877]::backtrace_rs::backtrace::libunwind::trace
[INFO] [stdout]                                at /rustc/e3feeb59cd1bdd011a2bfcc0747b55125d9b8527/library/std/src/../../backtrace/src/backtrace/libunwind.rs:117:9
[INFO] [stdout]    1:     0x5727e595dde1 - std[617be2ca0a6fd877]::backtrace_rs::backtrace::trace_unsynchronized::<std[617be2ca0a6fd877]::sys::backtrace::_print_fmt::{closure#1}>
[INFO] [stdout]                                at /rustc/e3feeb59cd1bdd011a2bfcc0747b55125d9b8527/library/std/src/../../backtrace/src/backtrace/mod.rs:66:14
[INFO] [stdout]    2:     0x5727e595dde1 - std[617be2ca0a6fd877]::sys::backtrace::_print_fmt
[INFO] [stdout]                                at /rustc/e3feeb59cd1bdd011a2bfcc0747b55125d9b8527/library/std/src/sys/backtrace.rs:74:9
[INFO] [stdout]    3:     0x5727e595dde1 - <<std[617be2ca0a6fd877]::sys::backtrace::BacktraceLock>::print::DisplayBacktrace as core[a373ad73a504971]::fmt::Display>::fmt
[INFO] [stdout]                                at /rustc/e3feeb59cd1bdd011a2bfcc0747b55125d9b8527/library/std/src/sys/backtrace.rs:44:26
[INFO] [stdout]    4:     0x5727e59720ba - <core[a373ad73a504971]::fmt::rt::Argument>::fmt
[INFO] [stdout]                                at /rustc/e3feeb59cd1bdd011a2bfcc0747b55125d9b8527/library/core/src/fmt/rt.rs:152:76
[INFO] [stdout]    5:     0x5727e59720ba - core[a373ad73a504971]::fmt::write
[INFO] [stdout]    6:     0x5727e596225c - core[a373ad73a504971]::io::write::default_write_fmt::<alloc[2e1b2a31b91974c5]::vec::Vec<u8>>
[INFO] [stdout]                                at /rustc/e3feeb59cd1bdd011a2bfcc0747b55125d9b8527/library/core/src/io/write.rs:402:11
[INFO] [stdout]    7:     0x5727e596225c - <alloc[2e1b2a31b91974c5]::vec::Vec<u8> as core[a373ad73a504971]::io::write::Write>::write_fmt
[INFO] [stdout]                                at /rustc/e3feeb59cd1bdd011a2bfcc0747b55125d9b8527/library/core/src/io/write.rs:335:13
[INFO] [stdout]    8:     0x5727e5938c46 - <std[617be2ca0a6fd877]::sys::backtrace::BacktraceLock>::print
[INFO] [stdout]                                at /rustc/e3feeb59cd1bdd011a2bfcc0747b55125d9b8527/library/std/src/sys/backtrace.rs:47:9
[INFO] [stdout]    9:     0x5727e5938c46 - std[617be2ca0a6fd877]::panicking::default_hook::{closure#0}
[INFO] [stdout]                                at /rustc/e3feeb59cd1bdd011a2bfcc0747b55125d9b8527/library/std/src/panicking.rs:289:27
[INFO] [stdout]   10:     0x5727e5955c79 - std[617be2ca0a6fd877]::panicking::default_hook
[INFO] [stdout]                                at /rustc/e3feeb59cd1bdd011a2bfcc0747b55125d9b8527/library/std/src/panicking.rs:313:9
[INFO] [stdout]   11:     0x5727e58e3430 - <alloc[2e1b2a31b91974c5]::boxed::Box<dyn for<'a, 'b> core[a373ad73a504971]::ops::function::Fn<(&'a std[617be2ca0a6fd877]::panic::PanicHookInfo<'b>,), Output = ()> + core[a373ad73a504971]::marker::Sync + core[a373ad73a504971]::marker::Send> as core[a373ad73a504971]::ops::function::Fn<(&std[617be2ca0a6fd877]::panic::PanicHookInfo,)>>::call
[INFO] [stdout]                                at /rustc/e3feeb59cd1bdd011a2bfcc0747b55125d9b8527/library/alloc/src/boxed.rs:2328:9
[INFO] [stdout]   12:     0x5727e58e3430 - test[aada8e7e76ba119b]::test_main_inner::{closure#0}
[INFO] [stdout]                                at /rustc/e3feeb59cd1bdd011a2bfcc0747b55125d9b8527/library/test/src/lib.rs:137:21
[INFO] [stdout]   13:     0x5727e5955e32 - <alloc[2e1b2a31b91974c5]::boxed::Box<dyn for<'a, 'b> core[a373ad73a504971]::ops::function::Fn<(&'a std[617be2ca0a6fd877]::panic::PanicHookInfo<'b>,), Output = ()> + core[a373ad73a504971]::marker::Sync + core[a373ad73a504971]::marker::Send> as core[a373ad73a504971]::ops::function::Fn<(&std[617be2ca0a6fd877]::panic::PanicHookInfo,)>>::call
[INFO] [stdout]                                at /rustc/e3feeb59cd1bdd011a2bfcc0747b55125d9b8527/library/alloc/src/boxed.rs:2328:9
[INFO] [stdout]   14:     0x5727e5955e32 - std[617be2ca0a6fd877]::panicking::panic_with_hook
[INFO] [stdout]                                at /rustc/e3feeb59cd1bdd011a2bfcc0747b55125d9b8527/library/std/src/panicking.rs:819:13
[INFO] [stdout]   15:     0x5727e5938cf2 - std[617be2ca0a6fd877]::panicking::panic_handler::{closure#0}
[INFO] [stdout]                                at /rustc/e3feeb59cd1bdd011a2bfcc0747b55125d9b8527/library/std/src/panicking.rs:685:13
[INFO] [stdout]   16:     0x5727e59318e9 - std[617be2ca0a6fd877]::sys::backtrace::__rust_end_short_backtrace::<std[617be2ca0a6fd877]::panicking::panic_handler::{closure#0}, !>
[INFO] [stdout]                                at /rustc/e3feeb59cd1bdd011a2bfcc0747b55125d9b8527/library/std/src/sys/backtrace.rs:182:18
[INFO] [stdout]   17:     0x5727e59398fd - __rustc[ea4f61d10b84890b]::rust_begin_unwind
[INFO] [stdout]                                at /rustc/e3feeb59cd1bdd011a2bfcc0747b55125d9b8527/library/std/src/panicking.rs:676:5
[INFO] [stdout]   18:     0x5727e597284c - core[a373ad73a504971]::panicking::panic_fmt
[INFO] [stdout]                                at /rustc/e3feeb59cd1bdd011a2bfcc0747b55125d9b8527/library/core/src/panicking.rs:80:14
[INFO] [stdout]   19:     0x5727e58d4b48 - integration_tests[365792dbe8968a49]::integration::utils::assert_success
[INFO] [stdout]                                at /opt/rustwide/workdir/tests/integration/utils.rs:60:2
[INFO] [stdout]   20:     0x5727e58ceb92 - integration_tests[365792dbe8968a49]::integration::init_tests::tests::test_init_custom_path
[INFO] [stdout]                                at /opt/rustwide/workdir/tests/integration/init_tests.rs:36:3
[INFO] [stdout]   21:     0x5727e58c9047 - integration_tests[365792dbe8968a49]::integration::init_tests::tests::test_init_custom_path::{closure#0}
[INFO] [stdout]                                at /opt/rustwide/workdir/tests/integration/init_tests.rs:24:28
[INFO] [stdout]   22:     0x5727e58d6716 - <integration_tests[365792dbe8968a49]::integration::init_tests::tests::test_init_custom_path::{closure#0} as core[a373ad73a504971]::ops::function::FnOnce<()>>::call_once
[INFO] [stdout]                                at /rustc/e3feeb59cd1bdd011a2bfcc0747b55125d9b8527/library/core/src/ops/function.rs:250:5
[INFO] [stdout]   23:     0x5727e58d687b - <fn() -> core[a373ad73a504971]::result::Result<(), alloc[2e1b2a31b91974c5]::string::String> as core[a373ad73a504971]::ops::function::FnOnce<()>>::call_once
[INFO] [stdout]                                at /rustc/e3feeb59cd1bdd011a2bfcc0747b55125d9b8527/library/core/src/ops/function.rs:250:5
[INFO] [stdout]   24:     0x5727e58d687b - test[aada8e7e76ba119b]::__rust_begin_short_backtrace::<core[a373ad73a504971]::result::Result<(), alloc[2e1b2a31b91974c5]::string::String>, fn() -> core[a373ad73a504971]::result::Result<(), alloc[2e1b2a31b91974c5]::string::String>>
[INFO] [stdout]                                at /rustc/e3feeb59cd1bdd011a2bfcc0747b55125d9b8527/library/test/src/lib.rs:701:18
[INFO] [stdout]   25:     0x5727e58e3a55 - test[aada8e7e76ba119b]::run_test_in_process::{closure#0}
[INFO] [stdout]                                at /rustc/e3feeb59cd1bdd011a2bfcc0747b55125d9b8527/library/test/src/lib.rs:724:74
[INFO] [stdout]   26:     0x5727e58e3a55 - <core[a373ad73a504971]::panic::unwind_safe::AssertUnwindSafe<test[aada8e7e76ba119b]::run_test_in_process::{closure#0}> as core[a373ad73a504971]::ops::function::FnOnce<()>>::call_once
[INFO] [stdout]                                at /rustc/e3feeb59cd1bdd011a2bfcc0747b55125d9b8527/library/core/src/panic/unwind_safe.rs:275:9
[INFO] [stdout]   27:     0x5727e58e3a55 - std[617be2ca0a6fd877]::panicking::catch_unwind::do_call::<core[a373ad73a504971]::panic::unwind_safe::AssertUnwindSafe<test[aada8e7e76ba119b]::run_test_in_process::{closure#0}>, core[a373ad73a504971]::result::Result<(), alloc[2e1b2a31b91974c5]::string::String>>
[INFO] [stdout]                                at /rustc/e3feeb59cd1bdd011a2bfcc0747b55125d9b8527/library/std/src/panicking.rs:573:43
[INFO] [stdout]   28:     0x5727e58e3a55 - std[617be2ca0a6fd877]::panicking::catch_unwind::<core[a373ad73a504971]::result::Result<(), alloc[2e1b2a31b91974c5]::string::String>, core[a373ad73a504971]::panic::unwind_safe::AssertUnwindSafe<test[aada8e7e76ba119b]::run_test_in_process::{closure#0}>>
[INFO] [stdout]                                at /rustc/e3feeb59cd1bdd011a2bfcc0747b55125d9b8527/library/std/src/panicking.rs:541:19
[INFO] [stdout]   29:     0x5727e58e3a55 - std[617be2ca0a6fd877]::panic::catch_unwind::<core[a373ad73a504971]::panic::unwind_safe::AssertUnwindSafe<test[aada8e7e76ba119b]::run_test_in_process::{closure#0}>, core[a373ad73a504971]::result::Result<(), alloc[2e1b2a31b91974c5]::string::String>>
[INFO] [stdout]                                at /rustc/e3feeb59cd1bdd011a2bfcc0747b55125d9b8527/library/std/src/panic.rs:359:14
[INFO] [stdout]   30:     0x5727e58e3a55 - test[aada8e7e76ba119b]::run_test_in_process
[INFO] [stdout]                                at /rustc/e3feeb59cd1bdd011a2bfcc0747b55125d9b8527/library/test/src/lib.rs:724:27
[INFO] [stdout]   31:     0x5727e58e3a55 - test[aada8e7e76ba119b]::run_test::{closure#0}
[INFO] [stdout]                                at /rustc/e3feeb59cd1bdd011a2bfcc0747b55125d9b8527/library/test/src/lib.rs:645:43
[INFO] [stdout]   32:     0x5727e58dd344 - test[aada8e7e76ba119b]::run_test::{closure#1}
[INFO] [stdout]                                at /rustc/e3feeb59cd1bdd011a2bfcc0747b55125d9b8527/library/test/src/lib.rs:675:41
[INFO] [stdout]   33:     0x5727e58dd344 - std[617be2ca0a6fd877]::sys::backtrace::__rust_begin_short_backtrace::<test[aada8e7e76ba119b]::run_test::{closure#1}, ()>
[INFO] [stdout]                                at /rustc/e3feeb59cd1bdd011a2bfcc0747b55125d9b8527/library/std/src/sys/backtrace.rs:166:18
[INFO] [stdout]   34:     0x5727e58e6ae2 - std[617be2ca0a6fd877]::thread::lifecycle::spawn_unchecked::<test[aada8e7e76ba119b]::run_test::{closure#1}, ()>::{closure#1}::{closure#0}
[INFO] [stdout]                                at /rustc/e3feeb59cd1bdd011a2bfcc0747b55125d9b8527/library/std/src/thread/lifecycle.rs:70:13
[INFO] [stdout]   35:     0x5727e58e6ae2 - <core[a373ad73a504971]::panic::unwind_safe::AssertUnwindSafe<std[617be2ca0a6fd877]::thread::lifecycle::spawn_unchecked<test[aada8e7e76ba119b]::run_test::{closure#1}, ()>::{closure#1}::{closure#0}> as core[a373ad73a504971]::ops::function::FnOnce<()>>::call_once
[INFO] [stdout]                                at /rustc/e3feeb59cd1bdd011a2bfcc0747b55125d9b8527/library/core/src/panic/unwind_safe.rs:275:9
[INFO] [stdout]   36:     0x5727e58e6ae2 - std[617be2ca0a6fd877]::panicking::catch_unwind::do_call::<core[a373ad73a504971]::panic::unwind_safe::AssertUnwindSafe<std[617be2ca0a6fd877]::thread::lifecycle::spawn_unchecked<test[aada8e7e76ba119b]::run_test::{closure#1}, ()>::{closure#1}::{closure#0}>, ()>
[INFO] [stdout]                                at /rustc/e3feeb59cd1bdd011a2bfcc0747b55125d9b8527/library/std/src/panicking.rs:573:43
[INFO] [stdout]   37:     0x5727e58e6ae2 - std[617be2ca0a6fd877]::panicking::catch_unwind::<(), core[a373ad73a504971]::panic::unwind_safe::AssertUnwindSafe<std[617be2ca0a6fd877]::thread::lifecycle::spawn_unchecked<test[aada8e7e76ba119b]::run_test::{closure#1}, ()>::{closure#1}::{closure#0}>>
[INFO] [stdout]                                at /rustc/e3feeb59cd1bdd011a2bfcc0747b55125d9b8527/library/std/src/panicking.rs:541:19
[INFO] [stdout]   38:     0x5727e58e6ae2 - std[617be2ca0a6fd877]::panic::catch_unwind::<core[a373ad73a504971]::panic::unwind_safe::AssertUnwindSafe<std[617be2ca0a6fd877]::thread::lifecycle::spawn_unchecked<test[aada8e7e76ba119b]::run_test::{closure#1}, ()>::{closure#1}::{closure#0}>, ()>
[INFO] [stdout]                                at /rustc/e3feeb59cd1bdd011a2bfcc0747b55125d9b8527/library/std/src/panic.rs:359:14
[INFO] [stdout]   39:     0x5727e58e6ae2 - std[617be2ca0a6fd877]::thread::lifecycle::spawn_unchecked::<test[aada8e7e76ba119b]::run_test::{closure#1}, ()>::{closure#1}
[INFO] [stdout]                                at /rustc/e3feeb59cd1bdd011a2bfcc0747b55125d9b8527/library/std/src/thread/lifecycle.rs:68:26
[INFO] [stdout]   40:     0x5727e58e6ae2 - <std[617be2ca0a6fd877]::thread::lifecycle::spawn_unchecked<test[aada8e7e76ba119b]::run_test::{closure#1}, ()>::{closure#1} as core[a373ad73a504971]::ops::function::FnOnce<()>>::call_once::{shim:vtable#0}
[INFO] [stdout]                                at /rustc/e3feeb59cd1bdd011a2bfcc0747b55125d9b8527/library/core/src/ops/function.rs:250:5
[INFO] [stdout]   41:     0x5727e595d63f - <alloc[2e1b2a31b91974c5]::boxed::Box<dyn core[a373ad73a504971]::ops::function::FnOnce<(), Output = ()> + core[a373ad73a504971]::marker::Send> as core[a373ad73a504971]::ops::function::FnOnce<()>>::call_once
[INFO] [stdout]                                at /rustc/e3feeb59cd1bdd011a2bfcc0747b55125d9b8527/library/alloc/src/boxed.rs:2314:9
[INFO] [stdout]   42:     0x5727e595d63f - <std[617be2ca0a6fd877]::sys::thread::unix::Thread>::new::thread_start
[INFO] [stdout]                                at /rustc/e3feeb59cd1bdd011a2bfcc0747b55125d9b8527/library/std/src/sys/thread/unix.rs:127:17
[INFO] [stdout]   43:     0x7375f3b7edfa - <unknown>
[INFO] [stdout]   44:     0x7375f3c123d4 - clone
[INFO] [stdout]   45:                0x0 - <unknown>
[INFO] [stdout] 
[INFO] [stdout] ---- integration::init_tests::tests::test_init_default stdout ----
[INFO] [stdout] 
[INFO] [stdout] thread 'integration::init_tests::tests::test_init_default' (4400) panicked at tests/integration/utils.rs:60:5:
[INFO] [stdout] Command failed: warning: `package.homepage` is redundant with `package.repository`
[INFO] [stdout]    --> Cargo.toml:126:12
[INFO] [stdout]     |
[INFO] [stdout] 126 | homepage = "https://github.com/R3E-Network/NeoRust"
[INFO] [stdout]     |            ^^^^^^^^^^^^^^^^^^^^^^^^^^^^^^^^^^^^^^^^
[INFO] [stdout] ...
[INFO] [stdout] 130 | repository = "https://github.com/R3E-Network/NeoRust"
[INFO] [stdout]     |              ----------------------------------------
[INFO] [stdout]     |
[INFO] [stdout]     = note: `cargo::redundant_homepage` is set to `warn` by default
[INFO] [stdout] help: consider removing `package.homepage`
[INFO] [stdout] warning: `neo-cli` (manifest) generated 1 warning
[INFO] [stdout]     Blocking waiting for file lock on build directory
[INFO] [stdout]    Compiling neo3 v1.0.0
[INFO] [stdout] error: could not compile `neo3` (lib)
[INFO] [stdout] 
[INFO] [stdout] Caused by:
[INFO] [stdout]   process didn't exit successfully: `/opt/rustwide/rustup-home/toolchains/1.100.0-beta.1-x86_64-unknown-linux-gnu/bin/rustc --crate-name neo3 --edition=2021 /opt/rustwide/cargo-home/registry/src/index.crates.io-1949cf8c6b5b557f/neo3-1.0.0/src/lib.rs --error-format=json --json=diagnostic-rendered-ansi,artifacts,future-incompat,unused-externs-silent --crate-type lib --emit=dep-info,metadata,link -C embed-bitcode=no -C debuginfo=2 --cfg 'feature="coins-ledger"' --cfg 'feature="default"' --cfg 'feature="futures"' --cfg 'feature="ledger"' --cfg 'feature="ws"' --check-cfg 'cfg(docsrs,test)' --check-cfg 'cfg(feature, values("coins-ledger", "default", "futures", "init", "ipc", "ledger", "legacy-ws", "mock", "mock-hsm", "no_std", "sgx", "ws", "yubi", "yubihsm"))' -C metadata=29cefe4925613be7 -C extra-filename=-0b893acd5ca04af9 --out-dir /opt/rustwide/target/debug/build/neo3/0b893acd5ca04af9/out -L dependency=/opt/rustwide/target/debug/build/arrayvec/9d0aa62fa88910b3/out -L dependency=/opt/rustwide/target/debug/build/async-trait/1e23919fdf7d7dba/out -L dependency=/opt/rustwide/target/debug/build/atomic-waker/06950c8c08d2b8fa/out -L dependency=/opt/rustwide/target/debug/build/base16ct/c4cc4b0550013254/out -L dependency=/opt/rustwide/target/debug/build/base64/32787b0325ea6df8/out -L dependency=/opt/rustwide/target/debug/build/base64ct/4e8a849eadea5a34/out -L dependency=/opt/rustwide/target/debug/build/bitcoin-internals/614397c8ce69e705/out -L dependency=/opt/rustwide/target/debug/build/bitcoin_hashes/0c84dcc854f43084/out -L dependency=/opt/rustwide/target/debug/build/bitflags/9362e66b8880981a/out -L dependency=/opt/rustwide/target/debug/build/bitflags/dde12b0d7d495b50/out -L dependency=/opt/rustwide/target/debug/build/block-buffer/e72745894d3d446e/out -L dependency=/opt/rustwide/target/debug/build/block-padding/1d8db7b62d0c2242/out -L dependency=/opt/rustwide/target/debug/build/byteorder/8f59b6d1bfdaa844/out -L dependency=/opt/rustwide/target/debug/build/bytes/3529dc27cc7678fe/out -L dependency=/opt/rustwide/target/debug/build/cfg-if/83060ec5685761ae/out -L dependency=/opt/rustwide/target/debug/build/cipher/3559464ccc854dbf/out -L dependency=/opt/rustwide/target/debug/build/const-hex/f445940526292884/out -L dependency=/opt/rustwide/target/debug/build/const-oid/2aadc73a32842898/out -L dependency=/opt/rustwide/target/debug/build/cpufeatures/e04321643d03190d/out -L dependency=/opt/rustwide/target/debug/build/crossbeam-deque/e71c6317821167fb/out -L dependency=/opt/rustwide/target/debug/build/crossbeam-epoch/5fdcd5978a9f0010/out -L dependency=/opt/rustwide/target/debug/build/crossbeam-utils/f696a08ab1e94e7a/out -L dependency=/opt/rustwide/target/debug/build/crunchy/e5afda26bcbe7d3a/out -L dependency=/opt/rustwide/target/debug/build/crypto-bigint/b4d7fdb4d5995c90/out -L dependency=/opt/rustwide/target/debug/build/crypto-common/451574b58892e3f9/out -L dependency=/opt/rustwide/target/debug/build/curve25519-dalek-derive/43ca51d20b649a9a/out -L dependency=/opt/rustwide/target/debug/build/curve25519-dalek/9c18229fe406faa0/out -L dependency=/opt/rustwide/target/debug/build/data-encoding/506ef4e476430498/out -L dependency=/opt/rustwide/target/debug/build/der/cbb6a246b9903ceb/out -L dependency=/opt/rustwide/target/debug/build/deranged/0497f8a63ebb66e0/out -L dependency=/opt/rustwide/target/debug/build/derive_more-impl/c5b0d8be6be6e576/out -L dependency=/opt/rustwide/target/debug/build/digest/5bad71b39267c3a2/out -L dependency=/opt/rustwide/target/debug/build/displaydoc/7006491e2cd48a3a/out -L dependency=/opt/rustwide/target/debug/build/ecdsa/30bbe47a88f2f880/out -L dependency=/opt/rustwide/target/debug/build/ed25519/672bf87ac1842a0c/out -L dependency=/opt/rustwide/target/debug/build/either/40b894c145b6eae5/out -L dependency=/opt/rustwide/target/debug/build/elliptic-curve/52a2fd496ee659e6/out -L dependency=/opt/rustwide/target/debug/build/encoding_rs/c7a67ac351c2b19f/out -L dependency=/opt/rustwide/target/debug/build/equivalent/6a754676e6af62ae/out -L dependency=/opt/rustwide/target/debug/build/fastrand/751bcde24b8aa073/out -L dependency=/opt/rustwide/target/debug/build/ff/b740e2709af37aa7/out -L dependency=/opt/rustwide/target/debug/build/fixed-hash/8f8392157573ed98/out -L dependency=/opt/rustwide/target/debug/build/fnv/79e2cbfbe03dcd16/out -L dependency=/opt/rustwide/target/debug/build/foreign-types-shared/47b443a4583fd949/out -L dependency=/opt/rustwide/target/debug/build/foreign-types/4fe1886d5d9265b9/out -L dependency=/opt/rustwide/target/debug/build/form_urlencoded/58b0f0edb59b40d2/out -L dependency=/opt/rustwide/target/debug/build/futures-channel/3bb2db6cecc5bacb/out -L dependency=/opt/rustwide/target/debug/build/futures-core/3b920243fce8fec0/out -L dependency=/opt/rustwide/target/debug/build/futures-io/59d0071c9258d69f/out -L dependency=/opt/rustwide/target/debug/build/futures-macro/4832813a2dfba9c8/out -L dependency=/opt/rustwide/target/debug/build/futures-sink/ae1eb2d060de53a2/out -L dependency=/opt/rustwide/target/debug/build/futures-task/e09ab7898221cb97/out -L dependency=/opt/rustwide/target/debug/build/futures-util/0ac09006233b5620/out -L dependency=/opt/rustwide/target/debug/build/generic-array/ad155cd9a6ab1a8c/out -L dependency=/opt/rustwide/target/debug/build/getrandom/6c52f1842ea78338/out -L dependency=/opt/rustwide/target/debug/build/getrandom/f321d4be89094b74/out -L dependency=/opt/rustwide/target/debug/build/gloo-timers/90451e95f4bcc94c/out -L dependency=/opt/rustwide/target/debug/build/group/226b3cce6c51fe97/out -L dependency=/opt/rustwide/target/debug/build/h2/1f127d05a28a020e/out -L dependency=/opt/rustwide/target/debug/build/hashbrown/25abce2d85979e8d/out -L dependency=/opt/rustwide/target/debug/build/hex-conservative/2336a1378e083bec/out -L dependency=/opt/rustwide/target/debug/build/hex/13e08b3b00984ab7/out -L dependency=/opt/rustwide/target/debug/build/hidapi-rusb/9830143c1f13718e/out -L dependency=/opt/rustwide/target/debug/build/hmac/2a81b57109c5b407/out -L dependency=/opt/rustwide/target/debug/build/http-body-util/440746345ebd809c/out -L dependency=/opt/rustwide/target/debug/build/http-body/010641745bcea95a/out -L dependency=/opt/rustwide/target/debug/build/http/fc13d883992f1b04/out -L dependency=/opt/rustwide/target/debug/build/httparse/8c9b827b8f345444/out -L dependency=/opt/rustwide/target/debug/build/hyper-rustls/afcdf6b444f1044b/out -L dependency=/opt/rustwide/target/debug/build/hyper-tls/d728d4ac7ad450d7/out -L dependency=/opt/rustwide/target/debug/build/hyper-util/e8c16230fac51eae/out -L dependency=/opt/rustwide/target/debug/build/hyper/149fcd223ec66aa4/out -L dependency=/opt/rustwide/target/debug/build/iana-time-zone/bab5d12b40894ac1/out -L dependency=/opt/rustwide/target/debug/build/icu_collections/de2b6a29560794a5/out -L dependency=/opt/rustwide/target/debug/build/icu_locale_core/0a3b8450dc29000c/out -L dependency=/opt/rustwide/target/debug/build/icu_normalizer/902ba7960da90d3e/out -L dependency=/opt/rustwide/target/debug/build/icu_normalizer_data/ab8997d7cbbb3306/out -L dependency=/opt/rustwide/target/debug/build/icu_properties/c536cf771b9e4baf/out -L dependency=/opt/rustwide/target/debug/build/icu_properties_data/ca07e36d75086861/out -L dependency=/opt/rustwide/target/debug/build/icu_provider/998e7925aee47079/out -L dependency=/opt/rustwide/target/debug/build/idna/1a79da537f0560aa/out -L dependency=/opt/rustwide/target/debug/build/idna_adapter/8bc83506c44de50e/out -L dependency=/opt/rustwide/target/debug/build/impl-serde/1483650c3066efcd/out -L dependency=/opt/rustwide/target/debug/build/indexmap/449c7f9540d8144f/out -L dependency=/opt/rustwide/target/debug/build/inout/6c570ca34de6e8c0/out -L dependency=/opt/rustwide/target/debug/build/ipnet/a38805d99c19843f/out -L dependency=/opt/rustwide/target/debug/build/iri-string/de8b1024d8676424/out -L dependency=/opt/rustwide/target/debug/build/itoa/ef40fa516293a9d3/out -L dependency=/opt/rustwide/target/debug/build/js-sys/81b1f98912feb901/out -L dependency=/opt/rustwide/target/debug/build/keccak/b3eea90d0aeeb926/out -L dependency=/opt/rustwide/target/debug/build/lazy_static/3674be3f4245d19b/out -L dependency=/opt/rustwide/target/debug/build/libc/447cbd2ab314a675/out -L dependency=/opt/rustwide/target/debug/build/libusb1-sys/387d5879133776d2/out -L dependency=/opt/rustwide/target/debug/build/linux-raw-sys/7c0af75954695899/out -L dependency=/opt/rustwide/target/debug/build/litemap/cd9b5b2aa04e2018/out -L dependency=/opt/rustwide/target/debug/build/lock_api/16d46fed645f7bff/out -L dependency=/opt/rustwide/target/debug/build/log/28ade3d6717210f3/out -L dependency=/opt/rustwide/target/debug/build/memchr/9be7e24c0cc6f173/out -L dependency=/opt/rustwide/target/debug/build/memoffset/0ebfc19fc9e64523/out -L dependency=/opt/rustwide/target/debug/build/mime/0188e0814ca7ddbf/out -L dependency=/opt/rustwide/target/debug/build/mio/274a87e64cd614eb/out -L dependency=/opt/rustwide/target/debug/build/native-tls/61446f97e4b9c209/out -L dependency=/opt/rustwide/target/debug/build/nix/6f1a7ca9d75435b1/out -L dependency=/opt/rustwide/target/debug/build/num-bigint/914061b6a0c2b743/out -L dependency=/opt/rustwide/target/debug/build/num-conv/d3297905cfb69f59/out -L dependency=/opt/rustwide/target/debug/build/num-integer/e1dae9bde9b8ffd5/out -L dependency=/opt/rustwide/target/debug/build/num-traits/61451ab850bd490d/out -L dependency=/opt/rustwide/target/debug/build/num_enum_derive/cae1051c47ba1593/out -L dependency=/opt/rustwide/target/debug/build/once_cell/e9252a7b5119f3eb/out -L dependency=/opt/rustwide/target/debug/build/openssl-macros/a1f1a566fe76629a/out -L dependency=/opt/rustwide/target/debug/build/openssl-probe/2c6d21a9709cae46/out -L dependency=/opt/rustwide/target/debug/build/openssl-sys/1a9c9df3075e3a94/out -L dependency=/opt/rustwide/target/debug/build/openssl/1ea09173d7209c74/out -L dependency=/opt/rustwide/target/debug/build/parking_lot/cb48728aa8a0aeef/out -L dependency=/opt/rustwide/target/debug/build/parking_lot_core/0d3604d4ca93000b/out -L dependency=/opt/rustwide/target/debug/build/password-hash/361608d0d816bf57/out -L dependency=/opt/rustwide/target/debug/build/pbkdf2/c66e16f5a4878504/out -L dependency=/opt/rustwide/target/debug/build/pem-rfc7468/153a74cc2fe186aa/out -L dependency=/opt/rustwide/target/debug/build/pem/c65b0b75163a9934/out -L dependency=/opt/rustwide/target/debug/build/percent-encoding/fa055ecaa1e57cfa/out -L dependency=/opt/rustwide/target/debug/build/pin-project-internal/1580cc9d9750c9ae/out -L dependency=/opt/rustwide/target/debug/build/pin-project-lite/72bf04572caa1c84/out -L dependency=/opt/rustwide/target/debug/build/pin-project/297b2bd6017f2259/out -L dependency=/opt/rustwide/target/debug/build/pin-utils/3860774ad9b215b5/out -L dependency=/opt/rustwide/target/debug/build/pkcs8/1de5ea84543ad855/out -L dependency=/opt/rustwide/target/debug/build/potential_utf/608e6368da7cc52b/out -L dependency=/opt/rustwide/target/debug/build/powerfmt/f6019a2766e431f7/out -L dependency=/opt/rustwide/target/debug/build/ppv-lite86/ebbdd8494be45e3f/out -L dependency=/opt/rustwide/target/debug/build/primeorder/a5f10ca165b1445f/out -L dependency=/opt/rustwide/target/debug/build/rand/76d89d1fe19f7632/out -L dependency=/opt/rustwide/target/debug/build/rand_chacha/c02348638e512e5b/out -L dependency=/opt/rustwide/target/debug/build/rand_core/eb9c49f5ff0e0975/out -L dependency=/opt/rustwide/target/debug/build/rayon-core/e986c1d1845fe6c3/out -L dependency=/opt/rustwide/target/debug/build/rfc6979/81677a5a6c893890/out -L dependency=/opt/rustwide/target/debug/build/ring/8ddd93c13b8edf7c/out -L dependency=/opt/rustwide/target/debug/build/rusb/d3ee7924c11e50ee/out -L dependency=/opt/rustwide/target/debug/build/rustc-hex/8e10e209a94b3eae/out -L dependency=/opt/rustwide/target/debug/build/rustix/4db499f8d75f5eed/out -L dependency=/opt/rustwide/target/debug/build/rustls-pki-types/8c387a8fd80598f5/out -L dependency=/opt/rustwide/target/debug/build/rustls-webpki/94dd75dd5c996537/out -L dependency=/opt/rustwide/target/debug/build/rustls/fc7c3457e432af88/out -L dependency=/opt/rustwide/target/debug/build/rustversion/0fe8e9afe386a651/out -L dependency=/opt/rustwide/target/debug/build/ryu/a7164637bc4900ee/out -L dependency=/opt/rustwide/target/debug/build/salsa20/f9e7f99cd5e790da/out -L dependency=/opt/rustwide/target/debug/build/scopeguard/7ec2214574194454/out -L dependency=/opt/rustwide/target/debug/build/sec1/87afc8fd5a4be539/out -L dependency=/opt/rustwide/target/debug/build/send_wrapper/ffe6578f923a42a8/out -L dependency=/opt/rustwide/target/debug/build/serde/de2bb839857ea442/out -L dependency=/opt/rustwide/target/debug/build/serde_core/21f22ac7b803fb0e/out -L dependency=/opt/rustwide/target/debug/build/serde_derive/8e8b2fcf9f32cd92/out -L dependency=/opt/rustwide/target/debug/build/serde_json/11835850f6c6792b/out -L dependency=/opt/rustwide/target/debug/build/serde_urlencoded/c2d4a16c1982b1c6/out -L dependency=/opt/rustwide/target/debug/build/serde_with_macros/28d233a12a19053b/out -L dependency=/opt/rustwide/target/debug/build/sha1/79c745d4fbd6e7dd/out -L dependency=/opt/rustwide/target/debug/build/sha2/c93ebd8a2027057a/out -L dependency=/opt/rustwide/target/debug/build/sharded-slab/bd3e89e1e50b7c87/out -L dependency=/opt/rustwide/target/debug/build/signal-hook-registry/d688fd7f782fc468/out -L dependency=/opt/rustwide/target/debug/build/signature/70360faf96b0f3e1/out -L dependency=/opt/rustwide/target/debug/build/simple_asn1/77ad072f05c9abdd/out -L dependency=/opt/rustwide/target/debug/build/slab/5629529544b2a983/out -L dependency=/opt/rustwide/target/debug/build/smallvec/bc3128fdd57228fc/out -L dependency=/opt/rustwide/target/debug/build/socket2/74cdf1fe8b7a45b9/out -L dependency=/opt/rustwide/target/debug/build/spki/b21eda3427876861/out -L dependency=/opt/rustwide/target/debug/build/stable_deref_trait/63cbf3f3d3f94e56/out -L dependency=/opt/rustwide/target/debug/build/static_assertions/f0217ecdd817a834/out -L dependency=/opt/rustwide/target/debug/build/subtle/cdc2b7d5fab71c70/out -L dependency=/opt/rustwide/target/debug/build/sync_wrapper/a254cb6192850e87/out -L dependency=/opt/rustwide/target/debug/build/thiserror-impl/99da14be8eb82bac/out -L dependency=/opt/rustwide/target/debug/build/thiserror-impl/efa8d263738d773f/out -L dependency=/opt/rustwide/target/debug/build/thiserror/305a9f409fb69cab/out -L dependency=/opt/rustwide/target/debug/build/thiserror/5bdf1edcba661d46/out -L dependency=/opt/rustwide/target/debug/build/thread_local/b4f6fe44d641c0b1/out -L dependency=/opt/rustwide/target/debug/build/time-core/18c82ab596674382/out -L dependency=/opt/rustwide/target/debug/build/time-macros/64e21c6052aec81a/out -L dependency=/opt/rustwide/target/debug/build/time/cc363f6f1742a55f/out -L dependency=/opt/rustwide/target/debug/build/tinystr/46edb3257ccb7cd0/out -L dependency=/opt/rustwide/target/debug/build/tinyvec/0e7c5ebf3c1ba3ec/out -L dependency=/opt/rustwide/target/debug/build/tinyvec_macros/7b77ea21c73594ca/out -L dependency=/opt/rustwide/target/debug/build/tokio-macros/ffdd2fe02d50bc0b/out -L dependency=/opt/rustwide/target/debug/build/tokio-native-tls/a368f90a50084ab4/out -L dependency=/opt/rustwide/target/debug/build/tokio-rustls/e49f8698801e05da/out -L dependency=/opt/rustwide/target/debug/build/tokio-util/e2dd979dfd9d69b7/out -L dependency=/opt/rustwide/target/debug/build/tokio/00b8a5d7005e7f25/out -L dependency=/opt/rustwide/target/debug/build/tower-http/ab23270959cf0ad0/out -L dependency=/opt/rustwide/target/debug/build/tower-layer/d908dd771b239ecd/out -L dependency=/opt/rustwide/target/debug/build/tower-service/3fb88d28c2218805/out -L dependency=/opt/rustwide/target/debug/build/tower/43d95004c6d60697/out -L dependency=/opt/rustwide/target/debug/build/tracing-attributes/21ea05b9b26e87e0/out -L dependency=/opt/rustwide/target/debug/build/tracing-core/05e1b75a06fc0004/out -L dependency=/opt/rustwide/target/debug/build/tracing/48143926acf64637/out -L dependency=/opt/rustwide/target/debug/build/try-lock/8fa2f6971035be84/out -L dependency=/opt/rustwide/target/debug/build/tungstenite/664ae4b56fada8ed/out -L dependency=/opt/rustwide/target/debug/build/typenum/973adb5204d6e560/out -L dependency=/opt/rustwide/target/debug/build/uint/4890f99f116c10c3/out -L dependency=/opt/rustwide/target/debug/build/unicode-ident/e2d52eba11085272/out -L dependency=/opt/rustwide/target/debug/build/unicode-normalization/1d8f2c7258de4ea2/out -L dependency=/opt/rustwide/target/debug/build/untrusted/b2f816886faf2178/out -L dependency=/opt/rustwide/target/debug/build/url/34aeddcf9f9e0735/out -L dependency=/opt/rustwide/target/debug/build/utf-8/f4341c3c7568480d/out -L dependency=/opt/rustwide/target/debug/build/utf8_iter/51566bbad89f3a68/out -L dependency=/opt/rustwide/target/debug/build/want/7a6260b9c50f1479/out -L dependency=/opt/rustwide/target/debug/build/wasm-bindgen-macro/50a257b9dc9ebfce/out -L dependency=/opt/rustwide/target/debug/build/wasm-bindgen-shared/acec11ce276a811f/out -L dependency=/opt/rustwide/target/debug/build/wasm-bindgen/cd2f8ba69492fcdb/out -L dependency=/opt/rustwide/target/debug/build/webpki-roots/73263cd55948bd9f/out -L dependency=/opt/rustwide/target/debug/build/writeable/4f74a67d38fff78e/out -L dependency=/opt/rustwide/target/debug/build/yoke-derive/59b22dd7c8a01357/out -L dependency=/opt/rustwide/target/debug/build/yoke/e6430ad56a1dad25/out -L dependency=/opt/rustwide/target/debug/build/zerocopy/dae5b0e38d061e95/out -L dependency=/opt/rustwide/target/debug/build/zerofrom-derive/bddee05548133849/out -L dependency=/opt/rustwide/target/debug/build/zerofrom/219718a6f8fb9878/out -L dependency=/opt/rustwide/target/debug/build/zeroize/7f213bea776ca5b6/out -L dependency=/opt/rustwide/target/debug/build/zerotrie/e18e5cdf1678704f/out -L dependency=/opt/rustwide/target/debug/build/zerovec-derive/190f004b4466241d/out -L dependency=/opt/rustwide/target/debug/build/zerovec/4533cd13ddf3ef50/out --extern aes=/opt/rustwide/target/debug/build/aes/7d7a97bd6b6be984/out/libaes-7d7a97bd6b6be984.rmeta --extern async_trait=/opt/rustwide/target/debug/build/async-trait/1e23919fdf7d7dba/out/libasync_trait-1e23919fdf7d7dba.so --extern auto_impl=/opt/rustwide/target/debug/build/auto_impl/72946ab6a9d55c57/out/libauto_impl-72946ab6a9d55c57.so --extern base64=/opt/rustwide/target/debug/build/base64/32787b0325ea6df8/out/libbase64-32787b0325ea6df8.rmeta --extern bip39=/opt/rustwide/target/debug/build/bip39/c73bff24b1f2f9e1/out/libbip39-c73bff24b1f2f9e1.rmeta --extern blake2=/opt/rustwide/target/debug/build/blake2/08cfcc23a249a632/out/libblake2-08cfcc23a249a632.rmeta --extern bs58=/opt/rustwide/target/debug/build/bs58/6d9c7a5f59ca4fad/out/libbs58-6d9c7a5f59ca4fad.rmeta --extern byte_slice_cast=/opt/rustwide/target/debug/build/byte-slice-cast/547e2bc2aa459c88/out/libbyte_slice_cast-547e2bc2aa459c88.rmeta --extern bytes=/opt/rustwide/target/debug/build/bytes/3529dc27cc7678fe/out/libbytes-3529dc27cc7678fe.rmeta --extern chrono=/opt/rustwide/target/debug/build/chrono/5b218a60503bbb8c/out/libchrono-5b218a60503bbb8c.rmeta --extern coins_ledger=/opt/rustwide/target/debug/build/coins-ledger/74331ac272182f05/out/libcoins_ledger.rlib --extern hex=/opt/rustwide/target/debug/build/const-hex/f445940526292884/out/libconst_hex-f445940526292884.rmeta --extern derive_more=/opt/rustwide/target/debug/build/derive_more/968548e30f89043a/out/libderive_more-968548e30f89043a.rmeta --extern ecb=/opt/rustwide/target/debug/build/ecb/93bcf0eca447ef0a/out/libecb-93bcf0eca447ef0a.rmeta --extern ed25519_dalek=/opt/rustwide/target/debug/build/ed25519-dalek/56f214a9f7ffd086/out/libed25519_dalek-56f214a9f7ffd086.rmeta --extern elliptic_curve=/opt/rustwide/target/debug/build/elliptic-curve/52a2fd496ee659e6/out/libelliptic_curve-52a2fd496ee659e6.rmeta --extern futures=/opt/rustwide/target/debug/build/futures/a932b24c95b2bd03/out/libfutures-a932b24c95b2bd03.rmeta --extern futures_channel=/opt/rustwide/target/debug/build/futures-channel/3bb2db6cecc5bacb/out/libfutures_channel-3bb2db6cecc5bacb.rmeta --extern futures_timer=/opt/rustwide/target/debug/build/futures-timer/e35e5efb0a39bbb5/out/libfutures_timer-e35e5efb0a39bbb5.rmeta --extern futures_util=/opt/rustwide/target/debug/build/futures-util/0ac09006233b5620/out/libfutures_util-0ac09006233b5620.rmeta --extern getset=/opt/rustwide/target/debug/build/getset/ff98393e5bd8afd1/out/libgetset-ff98393e5bd8afd1.so --extern hex_literal=/opt/rustwide/target/debug/build/hex-literal/ef575e66466a3155/out/libhex_literal-ef575e66466a3155.rmeta --extern hmac=/opt/rustwide/target/debug/build/hmac/2a81b57109c5b407/out/libhmac-2a81b57109c5b407.rmeta --extern http=/opt/rustwide/target/debug/build/http/fc13d883992f1b04/out/libhttp-fc13d883992f1b04.rmeta --extern jsonwebtoken=/opt/rustwide/target/debug/build/jsonwebtoken/504e42c666ae94e1/out/libjsonwebtoken-504e42c666ae94e1.rmeta --extern k256=/opt/rustwide/target/debug/build/k256/78c2a50ce3dc3e6c/out/libk256-78c2a50ce3dc3e6c.rmeta --extern lazy_static=/opt/rustwide/target/debug/build/lazy_static/3674be3f4245d19b/out/liblazy_static-3674be3f4245d19b.rmeta --extern log=/opt/rustwide/target/debug/build/log/28ade3d6717210f3/out/liblog-28ade3d6717210f3.rmeta --extern num_bigint=/opt/rustwide/target/debug/build/num-bigint/914061b6a0c2b743/out/libnum_bigint-914061b6a0c2b743.rmeta --extern num_traits=/opt/rustwide/target/debug/build/num-traits/61451ab850bd490d/out/libnum_traits-61451ab850bd490d.rmeta --extern num_enum=/opt/rustwide/target/debug/build/num_enum/08046bbf64272f17/out/libnum_enum-08046bbf64272f17.rmeta --extern once_cell=/opt/rustwide/target/debug/build/once_cell/e9252a7b5119f3eb/out/libonce_cell-e9252a7b5119f3eb.rmeta --extern p256=/opt/rustwide/target/debug/build/p256/8302fd254bce4dd0/out/libp256-8302fd254bce4dd0.rmeta --extern pin_project=/opt/rustwide/target/debug/build/pin-project/297b2bd6017f2259/out/libpin_project-297b2bd6017f2259.rmeta --extern primitive_types=/opt/rustwide/target/debug/build/primitive-types/194d271f4480326f/out/libprimitive_types-194d271f4480326f.rmeta --extern rand=/opt/rustwide/target/debug/build/rand/76d89d1fe19f7632/out/librand-76d89d1fe19f7632.rmeta --extern rand_core=/opt/rustwide/target/debug/build/rand_core/eb9c49f5ff0e0975/out/librand_core-eb9c49f5ff0e0975.rmeta --extern rayon=/opt/rustwide/target/debug/build/rayon/f14587bbf0e4b44d/out/librayon-f14587bbf0e4b44d.rmeta --extern reqwest=/opt/rustwide/target/debug/build/reqwest/66bccaf49b4069a7/out/libreqwest-66bccaf49b4069a7.rmeta --extern ripemd=/opt/rustwide/target/debug/build/ripemd/b8c82c1c051edec5/out/libripemd-b8c82c1c051edec5.rmeta --extern rust_decimal=/opt/rustwide/target/debug/build/rust_decimal/a3ef340cfd84e61f/out/librust_decimal-a3ef340cfd84e61f.rmeta --extern scrypt=/opt/rustwide/target/debug/build/scrypt/deb538400bdbadb5/out/libscrypt-deb538400bdbadb5.rmeta --extern serde=/opt/rustwide/target/debug/build/serde/de2bb839857ea442/out/libserde-de2bb839857ea442.rmeta --extern serde_json=/opt/rustwide/target/debug/build/serde_json/11835850f6c6792b/out/libserde_json-11835850f6c6792b.rmeta --extern serde_with=/opt/rustwide/target/debug/build/serde_with/cd4c09bb249f360d/out/libserde_with-cd4c09bb249f360d.rmeta --extern sha2=/opt/rustwide/target/debug/build/sha2/c93ebd8a2027057a/out/libsha2-c93ebd8a2027057a.rmeta --extern sha3=/opt/rustwide/target/debug/build/sha3/87001783d0327887/out/libsha3-87001783d0327887.rmeta --extern signature=/opt/rustwide/target/debug/build/signature/70360faf96b0f3e1/out/libsignature-70360faf96b0f3e1.rmeta --extern strum=/opt/rustwide/target/debug/build/strum/e3cef8f7d45a2447/out/libstrum-e3cef8f7d45a2447.rmeta --extern strum_macros=/opt/rustwide/target/debug/build/strum_macros/915870cc97c94755/out/libstrum_macros-915870cc97c94755.so --extern tempfile=/opt/rustwide/target/debug/build/tempfile/9c4e7d63f512e8fb/out/libtempfile-9c4e7d63f512e8fb.rmeta --extern thiserror=/opt/rustwide/target/debug/build/thiserror/5bdf1edcba661d46/out/libthiserror-5bdf1edcba661d46.rmeta --extern tokio=/opt/rustwide/target/debug/build/tokio/00b8a5d7005e7f25/out/libtokio-00b8a5d7005e7f25.rmeta --extern tokio_tungstenite=/opt/rustwide/target/debug/build/tokio-tungstenite/62438d433f91a471/out/libtokio_tungstenite-62438d433f91a471.rmeta --extern tracing=/opt/rustwide/target/debug/build/tracing/48143926acf64637/out/libtracing-48143926acf64637.rmeta --extern tracing_futures=/opt/rustwide/target/debug/build/tracing-futures/03393d7a9ba23113/out/libtracing_futures-03393d7a9ba23113.rmeta --extern tracing_subscriber=/opt/rustwide/target/debug/build/tracing-subscriber/6cdfb2fa4c2bbe9e/out/libtracing_subscriber-6cdfb2fa4c2bbe9e.rmeta --extern tungstenite=/opt/rustwide/target/debug/build/tungstenite/664ae4b56fada8ed/out/libtungstenite-664ae4b56fada8ed.rmeta --extern url=/opt/rustwide/target/debug/build/url/34aeddcf9f9e0735/out/liburl-34aeddcf9f9e0735.rmeta --cap-lints allow --cap-lints=warn --force-warn=unused_crate_dependencies -L native=/opt/rustwide/target/debug/build/hidapi-rusb/5daec124d0137eaf/out -L native=/opt/rustwide/target/debug/build/ring/a20b7f4a149585cd/out -L native=/usr/lib/x86_64-linux-gnu` (signal: 9, SIGKILL: kill)
[INFO] [stdout] 
[INFO] [stdout] stack backtrace:
[INFO] [stdout]    0:     0x5727e595dde1 - std[617be2ca0a6fd877]::backtrace_rs::backtrace::libunwind::trace
[INFO] [stdout]                                at /rustc/e3feeb59cd1bdd011a2bfcc0747b55125d9b8527/library/std/src/../../backtrace/src/backtrace/libunwind.rs:117:9
[INFO] [stdout]    1:     0x5727e595dde1 - std[617be2ca0a6fd877]::backtrace_rs::backtrace::trace_unsynchronized::<std[617be2ca0a6fd877]::sys::backtrace::_print_fmt::{closure#1}>
[INFO] [stdout]                                at /rustc/e3feeb59cd1bdd011a2bfcc0747b55125d9b8527/library/std/src/../../backtrace/src/backtrace/mod.rs:66:14
[INFO] [stdout]    2:     0x5727e595dde1 - std[617be2ca0a6fd877]::sys::backtrace::_print_fmt
[INFO] [stdout]                                at /rustc/e3feeb59cd1bdd011a2bfcc0747b55125d9b8527/library/std/src/sys/backtrace.rs:74:9
[INFO] [stdout]    3:     0x5727e595dde1 - <<std[617be2ca0a6fd877]::sys::backtrace::BacktraceLock>::print::DisplayBacktrace as core[a373ad73a504971]::fmt::Display>::fmt
[INFO] [stdout]                                at /rustc/e3feeb59cd1bdd011a2bfcc0747b55125d9b8527/library/std/src/sys/backtrace.rs:44:26
[INFO] [stdout]    4:     0x5727e59720ba - <core[a373ad73a504971]::fmt::rt::Argument>::fmt
[INFO] [stdout]                                at /rustc/e3feeb59cd1bdd011a2bfcc0747b55125d9b8527/library/core/src/fmt/rt.rs:152:76
[INFO] [stdout]    5:     0x5727e59720ba - core[a373ad73a504971]::fmt::write
[INFO] [stdout]    6:     0x5727e596225c - core[a373ad73a504971]::io::write::default_write_fmt::<alloc[2e1b2a31b91974c5]::vec::Vec<u8>>
[INFO] [stdout]                                at /rustc/e3feeb59cd1bdd011a2bfcc0747b55125d9b8527/library/core/src/io/write.rs:402:11
[INFO] [stdout]    7:     0x5727e596225c - <alloc[2e1b2a31b91974c5]::vec::Vec<u8> as core[a373ad73a504971]::io::write::Write>::write_fmt
[INFO] [stdout]                                at /rustc/e3feeb59cd1bdd011a2bfcc0747b55125d9b8527/library/core/src/io/write.rs:335:13
[INFO] [stdout]    8:     0x5727e5938c46 - <std[617be2ca0a6fd877]::sys::backtrace::BacktraceLock>::print
[INFO] [stdout]                                at /rustc/e3feeb59cd1bdd011a2bfcc0747b55125d9b8527/library/std/src/sys/backtrace.rs:47:9
[INFO] [stdout]    9:     0x5727e5938c46 - std[617be2ca0a6fd877]::panicking::default_hook::{closure#0}
[INFO] [stdout]                                at /rustc/e3feeb59cd1bdd011a2bfcc0747b55125d9b8527/library/std/src/panicking.rs:289:27
[INFO] [stdout]   10:     0x5727e5955c79 - std[617be2ca0a6fd877]::panicking::default_hook
[INFO] [stdout]                                at /rustc/e3feeb59cd1bdd011a2bfcc0747b55125d9b8527/library/std/src/panicking.rs:313:9
[INFO] [stdout]   11:     0x5727e58e3430 - <alloc[2e1b2a31b91974c5]::boxed::Box<dyn for<'a, 'b> core[a373ad73a504971]::ops::function::Fn<(&'a std[617be2ca0a6fd877]::panic::PanicHookInfo<'b>,), Output = ()> + core[a373ad73a504971]::marker::Sync + core[a373ad73a504971]::marker::Send> as core[a373ad73a504971]::ops::function::Fn<(&std[617be2ca0a6fd877]::panic::PanicHookInfo,)>>::call
[INFO] [stdout]                                at /rustc/e3feeb59cd1bdd011a2bfcc0747b55125d9b8527/library/alloc/src/boxed.rs:2328:9
[INFO] [stdout]   12:     0x5727e58e3430 - test[aada8e7e76ba119b]::test_main_inner::{closure#0}
[INFO] [stdout]                                at /rustc/e3feeb59cd1bdd011a2bfcc0747b55125d9b8527/library/test/src/lib.rs:137:21
[INFO] [stdout]   13:     0x5727e5955e32 - <alloc[2e1b2a31b91974c5]::boxed::Box<dyn for<'a, 'b> core[a373ad73a504971]::ops::function::Fn<(&'a std[617be2ca0a6fd877]::panic::PanicHookInfo<'b>,), Output = ()> + core[a373ad73a504971]::marker::Sync + core[a373ad73a504971]::marker::Send> as core[a373ad73a504971]::ops::function::Fn<(&std[617be2ca0a6fd877]::panic::PanicHookInfo,)>>::call
[INFO] [stdout]                                at /rustc/e3feeb59cd1bdd011a2bfcc0747b55125d9b8527/library/alloc/src/boxed.rs:2328:9
[INFO] [stdout]   14:     0x5727e5955e32 - std[617be2ca0a6fd877]::panicking::panic_with_hook
[INFO] [stdout]                                at /rustc/e3feeb59cd1bdd011a2bfcc0747b55125d9b8527/library/std/src/panicking.rs:819:13
[INFO] [stdout]   15:     0x5727e5938cf2 - std[617be2ca0a6fd877]::panicking::panic_handler::{closure#0}
[INFO] [stdout]                                at /rustc/e3feeb59cd1bdd011a2bfcc0747b55125d9b8527/library/std/src/panicking.rs:685:13
[INFO] [stdout]   16:     0x5727e59318e9 - std[617be2ca0a6fd877]::sys::backtrace::__rust_end_short_backtrace::<std[617be2ca0a6fd877]::panicking::panic_handler::{closure#0}, !>
[INFO] [stdout]                                at /rustc/e3feeb59cd1bdd011a2bfcc0747b55125d9b8527/library/std/src/sys/backtrace.rs:182:18
[INFO] [stdout]   17:     0x5727e59398fd - __rustc[ea4f61d10b84890b]::rust_begin_unwind
[INFO] [stdout]                                at /rustc/e3feeb59cd1bdd011a2bfcc0747b55125d9b8527/library/std/src/panicking.rs:676:5
[INFO] [stdout]   18:     0x5727e597284c - core[a373ad73a504971]::panicking::panic_fmt
[INFO] [stdout]                                at /rustc/e3feeb59cd1bdd011a2bfcc0747b55125d9b8527/library/core/src/panicking.rs:80:14
[INFO] [stdout]   19:     0x5727e58d4b48 - integration_tests[365792dbe8968a49]::integration::utils::assert_success
[INFO] [stdout]                                at /opt/rustwide/workdir/tests/integration/utils.rs:60:2
[INFO] [stdout]   20:     0x5727e58ce758 - integration_tests[365792dbe8968a49]::integration::init_tests::tests::test_init_default
[INFO] [stdout]                                at /opt/rustwide/workdir/tests/integration/init_tests.rs:15:3
[INFO] [stdout]   21:     0x5727e58c9017 - integration_tests[365792dbe8968a49]::integration::init_tests::tests::test_init_default::{closure#0}
[INFO] [stdout]                                at /opt/rustwide/workdir/tests/integration/init_tests.rs:7:24
[INFO] [stdout]   22:     0x5727e58d66f6 - <integration_tests[365792dbe8968a49]::integration::init_tests::tests::test_init_default::{closure#0} as core[a373ad73a504971]::ops::function::FnOnce<()>>::call_once
[INFO] [stdout]                                at /rustc/e3feeb59cd1bdd011a2bfcc0747b55125d9b8527/library/core/src/ops/function.rs:250:5
[INFO] [stdout]   23:     0x5727e58d687b - <fn() -> core[a373ad73a504971]::result::Result<(), alloc[2e1b2a31b91974c5]::string::String> as core[a373ad73a504971]::ops::function::FnOnce<()>>::call_once
[INFO] [stdout]                                at /rustc/e3feeb59cd1bdd011a2bfcc0747b55125d9b8527/library/core/src/ops/function.rs:250:5
[INFO] [stdout]   24:     0x5727e58d687b - test[aada8e7e76ba119b]::__rust_begin_short_backtrace::<core[a373ad73a504971]::result::Result<(), alloc[2e1b2a31b91974c5]::string::String>, fn() -> core[a373ad73a504971]::result::Result<(), alloc[2e1b2a31b91974c5]::string::String>>
[INFO] [stdout]                                at /rustc/e3feeb59cd1bdd011a2bfcc0747b55125d9b8527/library/test/src/lib.rs:701:18
[INFO] [stdout]   25:     0x5727e58e3a55 - test[aada8e7e76ba119b]::run_test_in_process::{closure#0}
[INFO] [stdout]                                at /rustc/e3feeb59cd1bdd011a2bfcc0747b55125d9b8527/library/test/src/lib.rs:724:74
[INFO] [stdout]   26:     0x5727e58e3a55 - <core[a373ad73a504971]::panic::unwind_safe::AssertUnwindSafe<test[aada8e7e76ba119b]::run_test_in_process::{closure#0}> as core[a373ad73a504971]::ops::function::FnOnce<()>>::call_once
[INFO] [stdout]                                at /rustc/e3feeb59cd1bdd011a2bfcc0747b55125d9b8527/library/core/src/panic/unwind_safe.rs:275:9
[INFO] [stdout]   27:     0x5727e58e3a55 - std[617be2ca0a6fd877]::panicking::catch_unwind::do_call::<core[a373ad73a504971]::panic::unwind_safe::AssertUnwindSafe<test[aada8e7e76ba119b]::run_test_in_process::{closure#0}>, core[a373ad73a504971]::result::Result<(), alloc[2e1b2a31b91974c5]::string::String>>
[INFO] [stdout]                                at /rustc/e3feeb59cd1bdd011a2bfcc0747b55125d9b8527/library/std/src/panicking.rs:573:43
[INFO] [stdout]   28:     0x5727e58e3a55 - std[617be2ca0a6fd877]::panicking::catch_unwind::<core[a373ad73a504971]::result::Result<(), alloc[2e1b2a31b91974c5]::string::String>, core[a373ad73a504971]::panic::unwind_safe::AssertUnwindSafe<test[aada8e7e76ba119b]::run_test_in_process::{closure#0}>>
[INFO] [stdout]                                at /rustc/e3feeb59cd1bdd011a2bfcc0747b55125d9b8527/library/std/src/panicking.rs:541:19
[INFO] [stdout]   29:     0x5727e58e3a55 - std[617be2ca0a6fd877]::panic::catch_unwind::<core[a373ad73a504971]::panic::unwind_safe::AssertUnwindSafe<test[aada8e7e76ba119b]::run_test_in_process::{closure#0}>, core[a373ad73a504971]::result::Result<(), alloc[2e1b2a31b91974c5]::string::String>>
[INFO] [stdout]                                at /rustc/e3feeb59cd1bdd011a2bfcc0747b55125d9b8527/library/std/src/panic.rs:359:14
[INFO] [stdout]   30:     0x5727e58e3a55 - test[aada8e7e76ba119b]::run_test_in_process
[INFO] [stdout]                                at /rustc/e3feeb59cd1bdd011a2bfcc0747b55125d9b8527/library/test/src/lib.rs:724:27
[INFO] [stdout]   31:     0x5727e58e3a55 - test[aada8e7e76ba119b]::run_test::{closure#0}
[INFO] [stdout]                                at /rustc/e3feeb59cd1bdd011a2bfcc0747b55125d9b8527/library/test/src/lib.rs:645:43
[INFO] [stdout]   32:     0x5727e58dd344 - test[aada8e7e76ba119b]::run_test::{closure#1}
[INFO] [stdout]                                at /rustc/e3feeb59cd1bdd011a2bfcc0747b55125d9b8527/library/test/src/lib.rs:675:41
[INFO] [stdout]   33:     0x5727e58dd344 - std[617be2ca0a6fd877]::sys::backtrace::__rust_begin_short_backtrace::<test[aada8e7e76ba119b]::run_test::{closure#1}, ()>
[INFO] [stdout]                                at /rustc/e3feeb59cd1bdd011a2bfcc0747b55125d9b8527/library/std/src/sys/backtrace.rs:166:18
[INFO] [stdout]   34:     0x5727e58e6ae2 - std[617be2ca0a6fd877]::thread::lifecycle::spawn_unchecked::<test[aada8e7e76ba119b]::run_test::{closure#1}, ()>::{closure#1}::{closure#0}
[INFO] [stdout]                                at /rustc/e3feeb59cd1bdd011a2bfcc0747b55125d9b8527/library/std/src/thread/lifecycle.rs:70:13
[INFO] [stdout]   35:     0x5727e58e6ae2 - <core[a373ad73a504971]::panic::unwind_safe::AssertUnwindSafe<std[617be2ca0a6fd877]::thread::lifecycle::spawn_unchecked<test[aada8e7e76ba119b]::run_test::{closure#1}, ()>::{closure#1}::{closure#0}> as core[a373ad73a504971]::ops::function::FnOnce<()>>::call_once
[INFO] [stdout]                                at /rustc/e3feeb59cd1bdd011a2bfcc0747b55125d9b8527/library/core/src/panic/unwind_safe.rs:275:9
[INFO] [stdout]   36:     0x5727e58e6ae2 - std[617be2ca0a6fd877]::panicking::catch_unwind::do_call::<core[a373ad73a504971]::panic::unwind_safe::AssertUnwindSafe<std[617be2ca0a6fd877]::thread::lifecycle::spawn_unchecked<test[aada8e7e76ba119b]::run_test::{closure#1}, ()>::{closure#1}::{closure#0}>, ()>
[INFO] [stdout]                                at /rustc/e3feeb59cd1bdd011a2bfcc0747b55125d9b8527/library/std/src/panicking.rs:573:43
[INFO] [stdout]   37:     0x5727e58e6ae2 - std[617be2ca0a6fd877]::panicking::catch_unwind::<(), core[a373ad73a504971]::panic::unwind_safe::AssertUnwindSafe<std[617be2ca0a6fd877]::thread::lifecycle::spawn_unchecked<test[aada8e7e76ba119b]::run_test::{closure#1}, ()>::{closure#1}::{closure#0}>>
[INFO] [stdout]                                at /rustc/e3feeb59cd1bdd011a2bfcc0747b55125d9b8527/library/std/src/panicking.rs:541:19
[INFO] [stdout]   38:     0x5727e58e6ae2 - std[617be2ca0a6fd877]::panic::catch_unwind::<core[a373ad73a504971]::panic::unwind_safe::AssertUnwindSafe<std[617be2ca0a6fd877]::thread::lifecycle::spawn_unchecked<test[aada8e7e76ba119b]::run_test::{closure#1}, ()>::{closure#1}::{closure#0}>, ()>
[INFO] [stdout]                                at /rustc/e3feeb59cd1bdd011a2bfcc0747b55125d9b8527/library/std/src/panic.rs:359:14
[INFO] [stdout]   39:     0x5727e58e6ae2 - std[617be2ca0a6fd877]::thread::lifecycle::spawn_unchecked::<test[aada8e7e76ba119b]::run_test::{closure#1}, ()>::{closure#1}
[INFO] [stdout]                                at /rustc/e3feeb59cd1bdd011a2bfcc0747b55125d9b8527/library/std/src/thread/lifecycle.rs:68:26
[INFO] [stdout]   40:     0x5727e58e6ae2 - <std[617be2ca0a6fd877]::thread::lifecycle::spawn_unchecked<test[aada8e7e76ba119b]::run_test::{closure#1}, ()>::{closure#1} as core[a373ad73a504971]::ops::function::FnOnce<()>>::call_once::{shim:vtable#0}
[INFO] [stdout]                                at /rustc/e3feeb59cd1bdd011a2bfcc0747b55125d9b8527/library/core/src/ops/function.rs:250:5
[INFO] [stdout]   41:     0x5727e595d63f - <alloc[2e1b2a31b91974c5]::boxed::Box<dyn core[a373ad73a504971]::ops::function::FnOnce<(), Output = ()> + core[a373ad73a504971]::marker::Send> as core[a373ad73a504971]::ops::function::FnOnce<()>>::call_once
[INFO] [stdout]                                at /rustc/e3feeb59cd1bdd011a2bfcc0747b55125d9b8527/library/alloc/src/boxed.rs:2314:9
[INFO] [stdout]   42:     0x5727e595d63f - <std[617be2ca0a6fd877]::sys::thread::unix::Thread>::new::thread_start
[INFO] [stdout]                                at /rustc/e3feeb59cd1bdd011a2bfcc0747b55125d9b8527/library/std/src/sys/thread/unix.rs:127:17
[INFO] [stdout]   43:     0x7375f3b7edfa - <unknown>
[INFO] [stdout]   44:     0x7375f3c123d4 - clone
[INFO] [stdout]   45:                0x0 - <unknown>
[INFO] [stdout] 
[INFO] [stdout] 
[INFO] [stdout] failures:
[INFO] [stdout]     integration::fs_tests::test_fs_endpoints_list
[INFO] [stdout]     integration::generate_tests::tests::test_generate_list_templates
[INFO] [stdout]     integration::init_tests::tests::test_init_custom_path
[INFO] [stdout]     integration::init_tests::tests::test_init_default
[INFO] [stdout] 
[INFO] [stdout] test result: FAILED. 33 passed; 4 failed; 5 ignored; 0 measured; 0 filtered out; finished in 275.03s
[INFO] [stdout] 
[INFO] running `Command { std: "docker" "inspect" "ec5b6baf67ead6f3842d503dbbe3577b18123de54a7b3797623ccebf25f96ce6", kill_on_drop: false }`
[INFO] running `Command { std: "docker" "rm" "-f" "ec5b6baf67ead6f3842d503dbbe3577b18123de54a7b3797623ccebf25f96ce6", kill_on_drop: false }`
[INFO] [stdout] ec5b6baf67ead6f3842d503dbbe3577b18123de54a7b3797623ccebf25f96ce6
