[INFO] cloning repository https://github.com/rvben/vership
[INFO] running `Command { std: "git" "-c" "credential.helper=" "-c" "credential.helper=/workspace/cargo-home/bin/git-credential-null" "clone" "--bare" "https://github.com/rvben/vership" "/workspace/cache/git-repos/https%3A%2F%2Fgithub.com%2Frvben%2Fvership", kill_on_drop: false }`
[INFO] [stderr] Cloning into bare repository '/workspace/cache/git-repos/https%3A%2F%2Fgithub.com%2Frvben%2Fvership'...
[INFO] running `Command { std: "git" "rev-parse" "HEAD", kill_on_drop: false }`
[INFO] [stdout] a2c5c9d65e5bdda7eef4166970004fcf5f3a3ab4
[INFO] testing rvben/vership against 1.99.0-beta.8 for beta-1.100-2
[INFO] running `Command { std: "git" "clone" "/workspace/cache/git-repos/https%3A%2F%2Fgithub.com%2Frvben%2Fvership" "/workspace/builds/worker-6-tc1/source", kill_on_drop: false }`
[INFO] [stderr] Cloning into '/workspace/builds/worker-6-tc1/source'...
[INFO] [stderr] done.
[INFO] started tweaking git repo https://github.com/rvben/vership
[INFO] finished tweaking git repo https://github.com/rvben/vership
[INFO] tweaked toml for git repo https://github.com/rvben/vership written to /workspace/builds/worker-6-tc1/source/Cargo.toml
[INFO] validating manifest of git repo https://github.com/rvben/vership on toolchain 1.99.0-beta.8
[INFO] running `Command { std: CARGO_HOME="/workspace/cargo-home" RUSTUP_HOME="/workspace/rustup-home" "/workspace/cargo-home/bin/cargo" "+1.99.0-beta.8" "metadata" "--manifest-path" "Cargo.toml" "--no-deps", kill_on_drop: false }`
[INFO] crate git repo https://github.com/rvben/vership already has a lockfile, it will not be regenerated
[INFO] running `Command { std: CARGO_HOME="/workspace/cargo-home" RUSTUP_HOME="/workspace/rustup-home" "/workspace/cargo-home/bin/cargo" "+1.99.0-beta.8" "fetch" "--manifest-path" "Cargo.toml", kill_on_drop: false }`
[INFO] [stderr]     Updating crates.io index
[INFO] [stderr]  Downloading crates ...
[INFO] [stderr]   Downloaded uuid-simd v0.8.0
[INFO] [stderr]   Downloaded owo-colors v4.3.0
[INFO] [stderr]   Downloaded vsimd v0.8.0
[INFO] [stderr]   Downloaded cc v1.2.58
[INFO] [stderr]   Downloaded outref v0.5.2
[INFO] [stderr]   Downloaded num-cmp v0.1.0
[INFO] [stderr]   Downloaded tabwriter v1.4.1
[INFO] [stderr]   Downloaded stringmetrics v2.2.2
[INFO] [stderr]   Downloaded predicates-tree v1.0.13
[INFO] [stderr]   Downloaded jsonschema v0.29.1
[INFO] [stderr]   Downloaded email_address v0.2.9
[INFO] [stderr]   Downloaded predicates-core v1.0.10
[INFO] [stderr]   Downloaded predicates v3.1.4
[INFO] [stderr]   Downloaded wasm-bindgen-shared v0.2.115
[INFO] [stderr]   Downloaded borrow-or-share v0.2.4
[INFO] [stderr]   Downloaded libredox v0.1.15
[INFO] [stderr]   Downloaded headers-core v0.3.0
[INFO] [stderr]   Downloaded termtree v0.5.1
[INFO] [stderr]   Downloaded fluent-uri v0.3.2
[INFO] [stderr]   Downloaded path-tree v0.8.3
[INFO] [stderr]   Downloaded assert_cmd v2.2.0
[INFO] [stderr]   Downloaded serde_regex v1.2.0
[INFO] [stderr]   Downloaded clap_complete v4.6.0
[INFO] [stderr]   Downloaded referencing v0.29.1
[INFO] [stderr]   Downloaded async-object-pool v0.2.0
[INFO] [stderr]   Downloaded wasm-bindgen-futures v0.4.65
[INFO] [stderr]   Downloaded wasm-bindgen-macro v0.2.115
[INFO] [stderr]   Downloaded headers v0.4.2
[INFO] [stderr]   Downloaded js-sys v0.3.92
[INFO] [stderr]   Downloaded wasm-bindgen v0.2.115
[INFO] [stderr]   Downloaded fraction v0.15.4
[INFO] [stderr]   Downloaded wasm-bindgen-macro-support v0.2.115
[INFO] [stderr]   Downloaded web-sys v0.3.92
[INFO] [stderr]   Downloaded difflib v0.4.0
[INFO] [stderr]   Downloaded httpmock v0.8.3
[INFO] running `Command { std: "docker" "create" "-v" "/var/lib/crater-agent-workspace/builds/worker-6-tc1/source:/opt/rustwide/workdir:ro,Z" "-v" "/var/lib/crater-agent-workspace/builds/worker-6-tc1/target:/opt/rustwide/target:rw,Z" "-v" "/var/lib/crater-agent-workspace/cargo-home:/opt/rustwide/cargo-home:ro,Z" "-v" "/var/lib/crater-agent-workspace/rustup-home:/opt/rustwide/rustup-home:ro,Z" "-m" "1610612736" "--network" "none" "ghcr.io/rust-lang/crates-build-env/linux@sha256:3111399a4047eeb3a02b7a90e478d715f38a8c6669b5c4b49d30a17385265909" "sleep" "infinity", kill_on_drop: false }`
[INFO] [stdout] a2998d9633448f88011ed7782e80a0cf410c54b2dd7db323f0d9844170e382bb
[INFO] running `Command { std: "docker" "start" "a2998d9633448f88011ed7782e80a0cf410c54b2dd7db323f0d9844170e382bb", kill_on_drop: false }`
[INFO] running `Command { std: "docker" "inspect" "a2998d9633448f88011ed7782e80a0cf410c54b2dd7db323f0d9844170e382bb", kill_on_drop: false }`
[INFO] running `Command { std: "docker" "exec" "-e" "SOURCE_DIR=/opt/rustwide/workdir" "-e" "CARGO_HOME=/opt/rustwide/cargo-home" "-e" "RUSTUP_HOME=/opt/rustwide/rustup-home" "-e" "CARGO_TARGET_DIR=/opt/rustwide/target" "-w" "/opt/rustwide/workdir" "--user" "0:0" "a2998d9633448f88011ed7782e80a0cf410c54b2dd7db323f0d9844170e382bb" "/opt/rustwide/cargo-home/bin/cargo" "+1.99.0-beta.8" "metadata" "--no-deps" "--format-version=1", kill_on_drop: false }`
[INFO] running `Command { std: "docker" "inspect" "a2998d9633448f88011ed7782e80a0cf410c54b2dd7db323f0d9844170e382bb", kill_on_drop: false }`
[INFO] running `Command { std: "docker" "exec" "-e" "SOURCE_DIR=/opt/rustwide/workdir" "-e" "CARGO_HOME=/opt/rustwide/cargo-home" "-e" "RUSTUP_HOME=/opt/rustwide/rustup-home" "-e" "CARGO_TARGET_DIR=/opt/rustwide/target" "-e" "CARGO_INCREMENTAL=0" "-e" "RUST_BACKTRACE=full" "-e" "RUSTFLAGS=--cap-lints=warn" "-e" "RUSTDOCFLAGS=--cap-lints=warn" "-w" "/opt/rustwide/workdir" "--user" "0:0" "a2998d9633448f88011ed7782e80a0cf410c54b2dd7db323f0d9844170e382bb" "/opt/rustwide/cargo-home/bin/cargo" "+1.99.0-beta.8" "build" "--frozen" "--message-format=json", kill_on_drop: false }`
[INFO] [stderr]    Compiling proc-macro2 v1.0.106
[INFO] [stderr]    Compiling quote v1.0.45
[INFO] [stderr]    Compiling stable_deref_trait v1.2.1
[INFO] [stderr]    Compiling libc v0.2.183
[INFO] [stderr]    Compiling writeable v0.6.3
[INFO] [stderr]    Compiling shlex v1.3.0
[INFO] [stderr]    Compiling litemap v0.8.2
[INFO] [stderr]    Compiling find-msvc-tools v0.1.9
[INFO] [stderr]    Compiling icu_normalizer_data v2.2.0
[INFO] [stderr]    Compiling utf8_iter v1.0.4
[INFO] [stderr]    Compiling icu_properties_data v2.2.0
[INFO] [stderr]    Compiling zeroize v1.8.2
[INFO] [stderr]    Compiling smallvec v1.15.1
[INFO] [stderr]    Compiling memchr v2.8.0
[INFO] [stderr]    Compiling hashbrown v0.16.1
[INFO] [stderr]    Compiling equivalent v1.0.2
[INFO] [stderr]    Compiling utf8parse v0.2.2
[INFO] [stderr]    Compiling untrusted v0.9.0
[INFO] [stderr]    Compiling cc v1.2.58
[INFO] [stderr]    Compiling rustls-pki-types v1.14.1
[INFO] [stderr]    Compiling anstyle-parse v1.0.0
[INFO] [stderr]    Compiling is_terminal_polyfill v1.70.2
[INFO] [stderr]    Compiling zmij v1.0.21
[INFO] [stderr]    Compiling colorchoice v1.0.5
[INFO] [stderr]    Compiling anstyle v1.0.14
[INFO] [stderr]    Compiling anstyle-query v1.1.5
[INFO] [stderr]    Compiling crc32fast v1.5.0
[INFO] [stderr]    Compiling num-traits v0.2.19
[INFO] [stderr]    Compiling simd-adler32 v0.3.9
[INFO] [stderr]    Compiling adler2 v2.0.1
[INFO] [stderr]    Compiling serde_json v1.0.149
[INFO] [stderr]    Compiling strsim v0.11.1
[INFO] [stderr]    Compiling clap_lex v1.1.0
[INFO] [stderr]    Compiling percent-encoding v2.3.2
[INFO] [stderr]    Compiling rustls v0.23.45
[INFO] [stderr]    Compiling anstream v1.0.0
[INFO] [stderr]    Compiling thiserror v2.0.18
[INFO] [stderr]    Compiling miniz_oxide v0.8.9
[INFO] [stderr]    Compiling owo-colors v4.3.0
[INFO] [stderr]    Compiling indexmap v2.13.0
[INFO] [stderr]    Compiling form_urlencoded v1.2.2
[INFO] [stderr]    Compiling webpki-roots v1.0.7
[INFO] [stderr]    Compiling aho-corasick v1.1.4
[INFO] [stderr]    Compiling once_cell v1.21.4
[INFO] [stderr]    Compiling regex-syntax v0.8.10
[INFO] [stderr]    Compiling winnow v0.7.15
[INFO] [stderr]    Compiling clap_builder v4.6.0
[INFO] [stderr]    Compiling toml_write v0.1.2
[INFO] [stderr]    Compiling itoa v1.0.18
[INFO] [stderr]    Compiling syn v2.0.117
[INFO] [stderr]    Compiling subtle v2.6.1
[INFO] [stderr]    Compiling option-ext v0.2.0
[INFO] [stderr]    Compiling webpki-roots v0.26.11
[INFO] [stderr]    Compiling base64 v0.22.1
[INFO] [stderr]    Compiling iana-time-zone v0.1.65
[INFO] [stderr]    Compiling semver v1.0.27
[INFO] [stderr]    Compiling glob v0.3.3
[INFO] [stderr]    Compiling flate2 v1.1.9
[INFO] [stderr]    Compiling ring v0.17.14
[INFO] [stderr]    Compiling getrandom v0.2.17
[INFO] [stderr]    Compiling dirs-sys v0.5.0
[INFO] [stderr]    Compiling dirs v6.0.0
[INFO] [stderr]    Compiling regex-automata v0.4.14
[INFO] [stderr]    Compiling synstructure v0.13.2
[INFO] [stderr]    Compiling rustls-webpki v0.103.15
[INFO] [stderr]    Compiling zerofrom-derive v0.1.7
[INFO] [stderr]    Compiling yoke-derive v0.8.2
[INFO] [stderr]    Compiling zerovec-derive v0.11.3
[INFO] [stderr]    Compiling displaydoc v0.2.6
[INFO] [stderr]    Compiling serde_derive v1.0.228
[INFO] [stderr]    Compiling clap_derive v4.6.0
[INFO] [stderr]    Compiling thiserror-impl v2.0.18
[INFO] [stderr]    Compiling regex v1.12.3
[INFO] [stderr]    Compiling zerofrom v0.1.8
[INFO] [stderr]    Compiling yoke v0.8.3
[INFO] [stderr]    Compiling zerotrie v0.2.4
[INFO] [stderr]    Compiling zerovec v0.11.6
[INFO] [stderr]    Compiling clap v4.6.0
[INFO] [stderr]    Compiling clap_complete v4.6.0
[INFO] [stderr]    Compiling tinystr v0.8.3
[INFO] [stderr]    Compiling potential_utf v0.1.5
[INFO] [stderr]    Compiling icu_collections v2.2.0
[INFO] [stderr]    Compiling icu_locale_core v2.2.0
[INFO] [stderr]    Compiling serde v1.0.228
[INFO] [stderr]    Compiling icu_provider v2.2.0
[INFO] [stderr]    Compiling icu_normalizer v2.2.0
[INFO] [stderr]    Compiling icu_properties v2.2.0
[INFO] [stderr]    Compiling toml_datetime v0.6.11
[INFO] [stderr]    Compiling serde_spanned v0.6.9
[INFO] [stderr]    Compiling chrono v0.4.44
[INFO] [stderr]    Compiling toml_edit v0.22.27
[INFO] [stderr]    Compiling idna_adapter v1.2.2
[INFO] [stderr]    Compiling idna v1.1.0
[INFO] [stderr]    Compiling url v2.5.8
[INFO] [stderr]    Compiling ureq v2.12.1
[INFO] [stderr]    Compiling toml v0.8.23
[INFO] [stderr]    Compiling vership v0.5.26 (/opt/rustwide/workdir)
[INFO] [stderr]     Finished `dev` profile [unoptimized + debuginfo] target(s) in 1m 06s
[INFO] running `Command { std: "docker" "inspect" "a2998d9633448f88011ed7782e80a0cf410c54b2dd7db323f0d9844170e382bb", kill_on_drop: false }`
[INFO] running `Command { std: "docker" "exec" "-e" "SOURCE_DIR=/opt/rustwide/workdir" "-e" "CARGO_HOME=/opt/rustwide/cargo-home" "-e" "RUSTUP_HOME=/opt/rustwide/rustup-home" "-e" "CARGO_TARGET_DIR=/opt/rustwide/target" "-e" "CARGO_INCREMENTAL=0" "-e" "RUST_BACKTRACE=full" "-e" "RUSTFLAGS=--cap-lints=warn" "-e" "RUSTDOCFLAGS=--cap-lints=warn" "-w" "/opt/rustwide/workdir" "--user" "0:0" "a2998d9633448f88011ed7782e80a0cf410c54b2dd7db323f0d9844170e382bb" "/opt/rustwide/cargo-home/bin/cargo" "+1.99.0-beta.8" "test" "--frozen" "--no-run" "--message-format=json", kill_on_drop: false }`
[INFO] [stderr]    Compiling serde_core v1.0.228
[INFO] [stderr]    Compiling serde v1.0.228
[INFO] [stderr]    Compiling memchr v2.8.0
[INFO] [stderr]    Compiling pin-project-lite v0.2.17
[INFO] [stderr]    Compiling smallvec v1.15.1
[INFO] [stderr]    Compiling futures-core v0.3.32
[INFO] [stderr]    Compiling num-traits v0.2.19
[INFO] [stderr]    Compiling percent-encoding v2.3.2
[INFO] [stderr]    Compiling futures-sink v0.3.32
[INFO] [stderr]    Compiling syn v2.0.117
[INFO] [stderr]    Compiling errno v0.3.14
[INFO] [stderr]    Compiling socket2 v0.6.4
[INFO] [stderr]    Compiling mio v1.2.1
[INFO] [stderr]    Compiling slab v0.4.12
[INFO] [stderr]    Compiling generic-array v0.14.7
[INFO] [stderr]    Compiling tracing-core v0.1.36
[INFO] [stderr]    Compiling httparse v1.10.1
[INFO] [stderr]    Compiling futures-io v0.3.32
[INFO] [stderr]    Compiling signal-hook-registry v1.4.8
[INFO] [stderr]    Compiling futures-task v0.3.32
[INFO] [stderr]    Compiling typenum v1.20.1
[INFO] [stderr]    Compiling try-lock v0.2.5
[INFO] [stderr]    Compiling fnv v1.0.7
[INFO] [stderr]    Compiling form_urlencoded v1.2.2
[INFO] [stderr]    Compiling atomic-waker v1.1.2
[INFO] [stderr]    Compiling tower-service v0.3.3
[INFO] [stderr]    Compiling httpdate v1.0.3
[INFO] [stderr]    Compiling want v0.3.1
[INFO] [stderr]    Compiling futures-channel v0.3.32
[INFO] [stderr]    Compiling bitflags v2.11.0
[INFO] [stderr]    Compiling ref-cast v1.0.25
[INFO] [stderr]    Compiling getrandom v0.3.4
[INFO] [stderr]    Compiling zerocopy v0.8.52
[INFO] [stderr]    Compiling parking v2.2.1
[INFO] [stderr]    Compiling event-listener v5.4.2
[INFO] [stderr]    Compiling sync_wrapper v1.0.2
[INFO] [stderr]    Compiling ahash v0.8.12
[INFO] [stderr]    Compiling aho-corasick v1.1.4
[INFO] [stderr]    Compiling tower-layer v0.3.3
[INFO] [stderr]    Compiling ipnet v2.12.0
[INFO] [stderr]    Compiling parking_lot_core v0.9.12
[INFO] [stderr]    Compiling event-listener-strategy v0.5.4
[INFO] [stderr]    Compiling rustix v1.1.4
[INFO] [stderr]    Compiling bit-vec v0.8.0
[INFO] [stderr]    Compiling cpufeatures v0.2.17
[INFO] [stderr]    Compiling ryu v1.0.23
[INFO] [stderr]    Compiling borrow-or-share v0.2.4
[INFO] [stderr]    Compiling predicates-core v1.0.10
[INFO] [stderr]    Compiling getrandom v0.4.2
[INFO] [stderr]    Compiling async-lock v3.4.2
[INFO] [stderr]    Compiling parking_lot v0.12.5
[INFO] [stderr]    Compiling num-integer v0.1.46
[INFO] [stderr]    Compiling num-complex v0.4.6
[INFO] [stderr]    Compiling assert_cmd v2.2.0
[INFO] [stderr]    Compiling outref v0.5.2
[INFO] [stderr]    Compiling mime v0.3.17
[INFO] [stderr]    Compiling linux-raw-sys v0.12.1
[INFO] [stderr]    Compiling vsimd v0.8.0
[INFO] [stderr]    Compiling uuid v1.23.3
[INFO] [stderr]    Compiling termtree v0.5.1
[INFO] [stderr]    Compiling bit-set v0.8.0
[INFO] [stderr]    Compiling difflib v0.4.0
[INFO] [stderr]    Compiling unicode-width v0.2.2
[INFO] [stderr]    Compiling predicates-tree v1.0.13
[INFO] [stderr]    Compiling path-tree v0.8.3
[INFO] [stderr]    Compiling num-bigint v0.4.6
[INFO] [stderr]    Compiling num-iter v0.1.45
[INFO] [stderr]    Compiling predicates v3.1.4
[INFO] [stderr]    Compiling uuid-simd v0.8.0
[INFO] [stderr]    Compiling tabwriter v1.4.1
[INFO] [stderr]    Compiling async-object-pool v0.2.0
[INFO] [stderr]    Compiling wait-timeout v0.2.1
[INFO] [stderr]    Compiling bytecount v0.6.9
[INFO] [stderr]    Compiling stringmetrics v2.2.2
[INFO] [stderr]    Compiling num-cmp v0.1.0
[INFO] [stderr]    Compiling similar v2.7.0
[INFO] [stderr]    Compiling futures-timer v3.0.4
[INFO] [stderr]    Compiling fastrand v2.3.0
[INFO] [stderr]    Compiling block-buffer v0.10.4
[INFO] [stderr]    Compiling crypto-common v0.1.7
[INFO] [stderr]    Compiling digest v0.10.7
[INFO] [stderr]    Compiling sha1 v0.10.7
[INFO] [stderr]    Compiling regex-automata v0.4.14
[INFO] [stderr]    Compiling num-rational v0.4.2
[INFO] [stderr]    Compiling num v0.4.3
[INFO] [stderr]    Compiling fraction v0.15.4
[INFO] [stderr]    Compiling serde_json v1.0.149
[INFO] [stderr]    Compiling semver v1.0.27
[INFO] [stderr]    Compiling tempfile v3.27.0
[INFO] [stderr]    Compiling synstructure v0.13.2
[INFO] [stderr]    Compiling regex v1.12.3
[INFO] [stderr]    Compiling fancy-regex v0.14.0
[INFO] [stderr]    Compiling bstr v1.12.1
[INFO] [stderr]    Compiling serde_derive v1.0.228
[INFO] [stderr]    Compiling zerofrom-derive v0.1.7
[INFO] [stderr]    Compiling yoke-derive v0.8.2
[INFO] [stderr]    Compiling zerovec-derive v0.11.3
[INFO] [stderr]    Compiling displaydoc v0.2.6
[INFO] [stderr]    Compiling tokio-macros v2.7.0
[INFO] [stderr]    Compiling futures-macro v0.3.32
[INFO] [stderr]    Compiling tracing-attributes v0.1.31
[INFO] [stderr]    Compiling ref-cast-impl v1.0.25
[INFO] [stderr]    Compiling thiserror-impl v2.0.18
[INFO] [stderr]    Compiling clap_derive v4.6.0
[INFO] [stderr]    Compiling async-trait v0.1.89
[INFO] [stderr]    Compiling thiserror v2.0.18
[INFO] [stderr]    Compiling futures-util v0.3.32
[INFO] [stderr]    Compiling zerofrom v0.1.8
[INFO] [stderr]    Compiling yoke v0.8.3
[INFO] [stderr]    Compiling tracing v0.1.44
[INFO] [stderr]    Compiling zerovec v0.11.6
[INFO] [stderr]    Compiling zerotrie v0.2.4
[INFO] [stderr]    Compiling clap v4.6.0
[INFO] [stderr]    Compiling clap_complete v4.6.0
[INFO] [stderr]    Compiling tinystr v0.8.3
[INFO] [stderr]    Compiling potential_utf v0.1.5
[INFO] [stderr]    Compiling icu_locale_core v2.2.0
[INFO] [stderr]    Compiling icu_collections v2.2.0
[INFO] [stderr]    Compiling icu_provider v2.2.0
[INFO] [stderr]    Compiling bytes v1.11.1
[INFO] [stderr]    Compiling toml_datetime v0.6.11
[INFO] [stderr]    Compiling serde_spanned v0.6.9
[INFO] [stderr]    Compiling chrono v0.4.44
[INFO] [stderr]    Compiling fluent-uri v0.3.2
[INFO] [stderr]    Compiling serde_urlencoded v0.7.1
[INFO] [stderr]    Compiling email_address v0.2.9
[INFO] [stderr]    Compiling assert-json-diff v2.0.2
[INFO] [stderr]    Compiling serde_regex v1.2.0
[INFO] [stderr]    Compiling toml_edit v0.22.27
[INFO] [stderr]    Compiling referencing v0.29.1
[INFO] [stderr]    Compiling icu_properties v2.2.0
[INFO] [stderr]    Compiling icu_normalizer v2.2.0
[INFO] [stderr]    Compiling http v1.4.2
[INFO] [stderr]    Compiling tokio v1.52.3
[INFO] [stderr]    Compiling http-body v1.0.1
[INFO] [stderr]    Compiling headers-core v0.3.0
[INFO] [stderr]    Compiling headers v0.4.2
[INFO] [stderr]    Compiling idna_adapter v1.2.2
[INFO] [stderr]    Compiling idna v1.1.0
[INFO] [stderr]    Compiling http-body-util v0.1.3
[INFO] [stderr]    Compiling toml v0.8.23
[INFO] [stderr]    Compiling url v2.5.8
[INFO] [stderr]    Compiling ureq v2.12.1
[INFO] [stderr]    Compiling vership v0.5.26 (/opt/rustwide/workdir)
[INFO] [stderr]    Compiling tokio-util v0.7.19
[INFO] [stderr]    Compiling tower v0.5.3
[INFO] [stderr]    Compiling tower-http v0.6.11
[INFO] [stderr]    Compiling h2 v0.4.19
[INFO] [stderr]    Compiling hyper v1.10.1
[INFO] [stderr]    Compiling hyper-util v0.1.20
[INFO] [stderr]    Compiling reqwest v0.12.28
[INFO] [stderr]    Compiling httpmock v0.8.3
[INFO] [stderr]    Compiling jsonschema v0.29.1
[INFO] [stderr] error: could not compile `vership` (lib test)
[INFO] [stderr] 
[INFO] [stderr] Caused by:
[INFO] [stderr]   process didn't exit successfully: `/opt/rustwide/rustup-home/toolchains/1.99.0-beta.8-x86_64-unknown-linux-gnu/bin/rustc --crate-name vership --edition=2024 src/lib.rs --error-format=json --json=diagnostic-rendered-ansi,artifacts,future-incompat --emit=dep-info,link -C embed-bitcode=no -C debuginfo=2 --test --check-cfg 'cfg(docsrs,test)' --check-cfg 'cfg(feature, values())' -C metadata=38130437fa9f555c -C extra-filename=-6c0c690ff0c9f5c7 --out-dir /opt/rustwide/target/debug/deps -L dependency=/opt/rustwide/target/debug/deps --extern assert_cmd=/opt/rustwide/target/debug/deps/libassert_cmd-f9f2bc394998ad06.rlib --extern base64=/opt/rustwide/target/debug/deps/libbase64-32787b0325ea6df8.rlib --extern chrono=/opt/rustwide/target/debug/deps/libchrono-68a8cb264598ef47.rlib --extern clap=/opt/rustwide/target/debug/deps/libclap-63d4e46d741afd6f.rlib --extern clap_complete=/opt/rustwide/target/debug/deps/libclap_complete-904c6d6476cabb1f.rlib --extern dirs=/opt/rustwide/target/debug/deps/libdirs-72b28658b329f3b2.rlib --extern glob=/opt/rustwide/target/debug/deps/libglob-7748687a416caec7.rlib --extern httpmock=/opt/rustwide/target/debug/deps/libhttpmock-20e5104523f9f21e.rlib --extern jsonschema=/opt/rustwide/target/debug/deps/libjsonschema-714963dcf51f850e.rlib --extern owo_colors=/opt/rustwide/target/debug/deps/libowo_colors-82d5c6a9d9667c3a.rlib --extern regex=/opt/rustwide/target/debug/deps/libregex-d11db3dc7b8ab39f.rlib --extern semver=/opt/rustwide/target/debug/deps/libsemver-ce32b3f6c72470d5.rlib --extern serde=/opt/rustwide/target/debug/deps/libserde-243f950081e30d70.rlib --extern serde_json=/opt/rustwide/target/debug/deps/libserde_json-e17e863054c52fc6.rlib --extern tempfile=/opt/rustwide/target/debug/deps/libtempfile-01ed9f74e4d04ee9.rlib --extern thiserror=/opt/rustwide/target/debug/deps/libthiserror-5e90adc18491a337.rlib --extern toml=/opt/rustwide/target/debug/deps/libtoml-db6eed457ccb0249.rlib --extern toml_edit=/opt/rustwide/target/debug/deps/libtoml_edit-49c7c76a715528ed.rlib --extern ureq=/opt/rustwide/target/debug/deps/libureq-101da905ae554a3c.rlib --cap-lints=warn -L native=/opt/rustwide/target/debug/build/ring-ea03809487cf0396/out` (signal: 9, SIGKILL: kill)
[INFO] [stderr] warning: build failed, waiting for other jobs to finish...
[INFO] [stdout] error: linking with `cc` failed: exit status: 1
[INFO] [stdout]   |
[INFO] [stdout]   = note:  "cc" "-m64" "/opt/rustwide/target/debug/deps/rustcuGGpYi/symbols.o" "<2 object files omitted>" "-Wl,--as-needed" "-Wl,-Bstatic" "/opt/rustwide/target/debug/deps/{libtempfile-01ed9f74e4d04ee9,libgetrandom-6841e0dbdb6c146b,libfastrand-751bcde24b8aa073,librustix-2186f077589ce598,libbitflags-19bd3a07fb167555,liblinux_raw_sys-0b6cde911e9a3109}.rlib" "<sysroot>/lib/rustlib/x86_64-unknown-linux-gnu/lib/{libtest-*,libgetopts-*,librustc_std_workspace_std-*}.rlib" "/opt/rustwide/target/debug/deps/{libvership-5584671aaee8213b,libdirs-72b28658b329f3b2,libdirs_sys-e6f33515734efd95,liboption_ext-61303ef911796993,libureq-101da905ae554a3c,libwebpki_roots-227cfed90726f06a,libwebpki_roots-4ac2131d17f69b0d,libonce_cell-b5bdc597ed9676b3,libflate2-84acb1666c285b0c,libminiz_oxide-6d5382b540dd717a,libsimd_adler32-7babdb89f91b6742,libcrc32fast-77160f4e25d6fc25,liburl-55b056dbb78f8b1e,libidna-05b008aef6804700,libidna_adapter-9a4e6c19db1f8c9d,libicu_properties-b5e9578cbbaa3146,libicu_properties_data-e6cf238fc98dd59d,libicu_normalizer-84d55c39a6c87db6,libsmallvec-bc3128fdd57228fc,libicu_normalizer_data-8fea05bee0bb4e49,libicu_collections-f680403c7a20d60e,libutf8_iter-51566bbad89f3a68,libpotential_utf-625d383612e0b2b2,libicu_provider-4d443995d9a54e64,libicu_locale_core-7ab8aa7c7e16959e,libtinystr-cbbc6b93c694c29c,liblitemap-dc288f07f8f61193,libwriteable-48b3e52227924bb5,libzerovec-b4c2e904228c04d5,libzerotrie-615aada4d01c3756,libyoke-0740200ce37b266e,libstable_deref_trait-63cbf3f3d3f94e56,libzerofrom-aa2bed5d30bbc07f,libform_urlencoded-58b0f0edb59b40d2,libpercent_encoding-fa055ecaa1e57cfa,librustls-21409fc380161278,libsubtle-2ae6a7038b9a0630,libwebpki-0b5d034a1602bb58,libring-c34903c6f160ed56,libgetrandom-4171ddcf5fa94c89,libuntrusted-b2f816886faf2178,libcfg_if-83060ec5685761ae,librustls_pki_types-fc5637970849fdde,libzeroize-7f213bea776ca5b6,liblog-f16ce4b64309590f,libglob-7748687a416caec7,libtoml-db6eed457ccb0249,libthiserror-5e90adc18491a337,libbase64-32787b0325ea6df8,libserde_json-e17e863054c52fc6,libitoa-5de11b3b23bfe572,libzmij-ef63f1da73704b4c,libtoml_edit-49c7c76a715528ed,libserde_spanned-b51f96a7776a2f64,libindexmap-f006485b143d2676,libequivalent-6a754676e6af62ae,libhashbrown-25abce2d85979e8d,libwinnow-88e6acd6e2987984,libtoml_write-2c704ffd35684d73,libtoml_datetime-3ecb4aae315cc9be,libsemver-ce32b3f6c72470d5,libowo_colors-82d5c6a9d9667c3a,libclap_complete-904c6d6476cabb1f,libclap-63d4e46d741afd6f,libclap_builder-04fcc109377776a2,libstrsim-4d1ed08a123238dc,libanstream-14b271bd294f0187,libanstyle_query-635080b1d6343734,libis_terminal_polyfill-3ca4268cb2568267,libcolorchoice-33c0bd1745dd5ace,libanstyle_parse-88399b635fc44f8e,libutf8parse-92d0158219063202,libclap_lex-2acbcd0288e51058,libregex-d11db3dc7b8ab39f,libchrono-68a8cb264598ef47,libiana_time_zone-bcd81aefedc374a6,libnum_traits-17bedafaa2a61f51,libserde-243f950081e30d70,libserde_core-21f22ac7b803fb0e,libassert_cmd-f9f2bc394998ad06,libwait_timeout-371f5421fca8c742,liblibc-585253b8e2aa2651,libbstr-76b0d76fd9145f82,libregex_automata-42a29813635ff257,libaho_corasick-fa94425a423a79cf,libregex_syntax-6d6ee545e2ffad72,libmemchr-5cfa70d22cb32987,libpredicates_tree-1a906f22f2b17c91,libtermtree-521441ca5d2a12de,libpredicates-c49b466d46e15158,libanstyle-9beaeb754742faae,libdifflib-c2a6125f2253bb24,libpredicates_core-6063f4db458ddac4}.rlib" "<sysroot>/lib/rustlib/x86_64-unknown-linux-gnu/lib/{libstd-*,libpanic_unwind-*,libobject-*,libmemchr-*,libaddr2line-*,libgimli-*,libcfg_if-*,librustc_demangle-*,libstd_detect-*,libhashbrown-*,librustc_std_workspace_alloc-*,libminiz_oxide-*,libadler2-*,libunwind-*,liblibc-*,librustc_std_workspace_core-*,liballoc-*,libcore-*,libcompiler_builtins-*}.rlib" "-Wl,-Bdynamic" "-lgcc_s" "-lutil" "-lrt" "-lpthread" "-lm" "-ldl" "-lc" "-L" "/opt/rustwide/target/debug/deps/rustcuGGpYi/raw-dylibs" "-B<sysroot>/lib/rustlib/x86_64-unknown-linux-gnu/bin/gcc-ld" "-fuse-ld=lld" "-Wl,--eh-frame-hdr" "-Wl,-z,noexecstack" "-L" "/opt/rustwide/target/debug/build/ring-ea03809487cf0396/out" "-L" "<sysroot>/lib/rustlib/x86_64-unknown-linux-gnu/lib" "-o" "/opt/rustwide/target/debug/deps/config_test-e69e096d290f6ff9" "-Wl,--gc-sections" "-pie" "-Wl,-z,relro,-z,now" "-nodefaultlibs"
[INFO] [stdout]   = note: some arguments are omitted. use `--verbose` to show all linker arguments
[INFO] [stdout]   = note: collect2: fatal error: ld terminated with signal 9 [Killed]
[INFO] [stdout]           compilation terminated.
[INFO] [stdout]           
[INFO] [stdout] 
[INFO] [stdout] 
[INFO] [stderr] error: could not compile `vership` (test "config_test") due to 1 previous error
[INFO] [stdout] error: linking with `cc` failed: exit status: 1
[INFO] [stdout]   |
[INFO] [stdout]   = note:  "cc" "-m64" "/opt/rustwide/target/debug/deps/rustcgJoI33/symbols.o" "<2 object files omitted>" "-Wl,--as-needed" "-Wl,-Bstatic" "<sysroot>/lib/rustlib/x86_64-unknown-linux-gnu/lib/{libtest-*,libgetopts-*,librustc_std_workspace_std-*}.rlib" "/opt/rustwide/target/debug/deps/{libvership-5584671aaee8213b,libdirs-72b28658b329f3b2,libdirs_sys-e6f33515734efd95,liboption_ext-61303ef911796993,libureq-101da905ae554a3c,libwebpki_roots-227cfed90726f06a,libwebpki_roots-4ac2131d17f69b0d,libflate2-84acb1666c285b0c,libminiz_oxide-6d5382b540dd717a,libsimd_adler32-7babdb89f91b6742,libcrc32fast-77160f4e25d6fc25,liburl-55b056dbb78f8b1e,libidna-05b008aef6804700,libidna_adapter-9a4e6c19db1f8c9d,libicu_properties-b5e9578cbbaa3146,libicu_properties_data-e6cf238fc98dd59d,libicu_normalizer-84d55c39a6c87db6,libsmallvec-bc3128fdd57228fc,libicu_normalizer_data-8fea05bee0bb4e49,libicu_collections-f680403c7a20d60e,libutf8_iter-51566bbad89f3a68,libpotential_utf-625d383612e0b2b2,libicu_provider-4d443995d9a54e64,libicu_locale_core-7ab8aa7c7e16959e,libtinystr-cbbc6b93c694c29c,liblitemap-dc288f07f8f61193,libwriteable-48b3e52227924bb5,libzerovec-b4c2e904228c04d5,libzerotrie-615aada4d01c3756,libyoke-0740200ce37b266e,libstable_deref_trait-63cbf3f3d3f94e56,libzerofrom-aa2bed5d30bbc07f,libform_urlencoded-58b0f0edb59b40d2,libpercent_encoding-fa055ecaa1e57cfa,librustls-21409fc380161278,libsubtle-2ae6a7038b9a0630,libwebpki-0b5d034a1602bb58,libring-c34903c6f160ed56,libgetrandom-4171ddcf5fa94c89,libuntrusted-b2f816886faf2178,librustls_pki_types-fc5637970849fdde,libzeroize-7f213bea776ca5b6,liblog-f16ce4b64309590f,libglob-7748687a416caec7,libtoml-db6eed457ccb0249,libthiserror-5e90adc18491a337,libbase64-32787b0325ea6df8,libserde_json-e17e863054c52fc6,libitoa-5de11b3b23bfe572,libzmij-ef63f1da73704b4c,libtoml_edit-49c7c76a715528ed,libserde_spanned-b51f96a7776a2f64,libindexmap-f006485b143d2676,libequivalent-6a754676e6af62ae,libhashbrown-25abce2d85979e8d,libwinnow-88e6acd6e2987984,libtoml_write-2c704ffd35684d73,libtoml_datetime-3ecb4aae315cc9be,libowo_colors-82d5c6a9d9667c3a,libclap_complete-904c6d6476cabb1f,libclap-63d4e46d741afd6f,libclap_builder-04fcc109377776a2,libstrsim-4d1ed08a123238dc,libanstream-14b271bd294f0187,libanstyle_query-635080b1d6343734,libis_terminal_polyfill-3ca4268cb2568267,libcolorchoice-33c0bd1745dd5ace,libanstyle_parse-88399b635fc44f8e,libutf8parse-92d0158219063202,libclap_lex-2acbcd0288e51058,libanstyle-9beaeb754742faae,libregex-d11db3dc7b8ab39f,libregex_automata-42a29813635ff257,libaho_corasick-fa94425a423a79cf,libmemchr-5cfa70d22cb32987,libregex_syntax-6d6ee545e2ffad72,libchrono-68a8cb264598ef47,libiana_time_zone-bcd81aefedc374a6,libnum_traits-17bedafaa2a61f51,libserde-243f950081e30d70,libtempfile-01ed9f74e4d04ee9,libgetrandom-6841e0dbdb6c146b,liblibc-585253b8e2aa2651,libcfg_if-83060ec5685761ae,libfastrand-751bcde24b8aa073,libonce_cell-b5bdc597ed9676b3,librustix-2186f077589ce598,libbitflags-19bd3a07fb167555,liblinux_raw_sys-0b6cde911e9a3109,libsemver-ce32b3f6c72470d5,libserde_core-21f22ac7b803fb0e}.rlib" "<sysroot>/lib/rustlib/x86_64-unknown-linux-gnu/lib/{libstd-*,libpanic_unwind-*,libobject-*,libmemchr-*,libaddr2line-*,libgimli-*,libcfg_if-*,librustc_demangle-*,libstd_detect-*,libhashbrown-*,librustc_std_workspace_alloc-*,libminiz_oxide-*,libadler2-*,libunwind-*,liblibc-*,librustc_std_workspace_core-*,liballoc-*,libcore-*,libcompiler_builtins-*}.rlib" "-Wl,-Bdynamic" "-lgcc_s" "-lutil" "-lrt" "-lpthread" "-lm" "-ldl" "-lc" "-L" "/opt/rustwide/target/debug/deps/rustcgJoI33/raw-dylibs" "-B<sysroot>/lib/rustlib/x86_64-unknown-linux-gnu/bin/gcc-ld" "-fuse-ld=lld" "-Wl,--eh-frame-hdr" "-Wl,-z,noexecstack" "-L" "/opt/rustwide/target/debug/build/ring-ea03809487cf0396/out" "-L" "<sysroot>/lib/rustlib/x86_64-unknown-linux-gnu/lib" "-o" "/opt/rustwide/target/debug/deps/node_test-f2187cc0701df6bf" "-Wl,--gc-sections" "-pie" "-Wl,-z,relro,-z,now" "-nodefaultlibs"
[INFO] [stdout]   = note: some arguments are omitted. use `--verbose` to show all linker arguments
[INFO] [stdout]   = note: collect2: fatal error: ld terminated with signal 9 [Killed]
[INFO] [stdout]           compilation terminated.
[INFO] [stdout]           
[INFO] [stdout] 
[INFO] [stdout] 
[INFO] [stdout] error: linking with `cc` failed: exit status: 1
[INFO] [stdout]   |
[INFO] [stdout]   = note:  "cc" "-m64" "/opt/rustwide/target/debug/deps/rustcFoZYUl/symbols.o" "<2 object files omitted>" "-Wl,--as-needed" "-Wl,-Bstatic" "<sysroot>/lib/rustlib/x86_64-unknown-linux-gnu/lib/{libtest-*,libgetopts-*,librustc_std_workspace_std-*}.rlib" "/opt/rustwide/target/debug/deps/{libvership-5584671aaee8213b,libdirs-72b28658b329f3b2,libdirs_sys-e6f33515734efd95,liboption_ext-61303ef911796993,libureq-101da905ae554a3c,libwebpki_roots-227cfed90726f06a,libwebpki_roots-4ac2131d17f69b0d,libflate2-84acb1666c285b0c,libminiz_oxide-6d5382b540dd717a,libsimd_adler32-7babdb89f91b6742,libcrc32fast-77160f4e25d6fc25,liburl-55b056dbb78f8b1e,libidna-05b008aef6804700,libidna_adapter-9a4e6c19db1f8c9d,libicu_properties-b5e9578cbbaa3146,libicu_properties_data-e6cf238fc98dd59d,libicu_normalizer-84d55c39a6c87db6,libsmallvec-bc3128fdd57228fc,libicu_normalizer_data-8fea05bee0bb4e49,libicu_collections-f680403c7a20d60e,libutf8_iter-51566bbad89f3a68,libpotential_utf-625d383612e0b2b2,libicu_provider-4d443995d9a54e64,libicu_locale_core-7ab8aa7c7e16959e,libtinystr-cbbc6b93c694c29c,liblitemap-dc288f07f8f61193,libwriteable-48b3e52227924bb5,libzerovec-b4c2e904228c04d5,libzerotrie-615aada4d01c3756,libyoke-0740200ce37b266e,libstable_deref_trait-63cbf3f3d3f94e56,libzerofrom-aa2bed5d30bbc07f,libform_urlencoded-58b0f0edb59b40d2,libpercent_encoding-fa055ecaa1e57cfa,librustls-21409fc380161278,libsubtle-2ae6a7038b9a0630,libwebpki-0b5d034a1602bb58,libring-c34903c6f160ed56,libgetrandom-4171ddcf5fa94c89,libuntrusted-b2f816886faf2178,librustls_pki_types-fc5637970849fdde,libzeroize-7f213bea776ca5b6,liblog-f16ce4b64309590f,libglob-7748687a416caec7,libtoml-db6eed457ccb0249,libthiserror-5e90adc18491a337,libbase64-32787b0325ea6df8,libserde_json-e17e863054c52fc6,libitoa-5de11b3b23bfe572,libzmij-ef63f1da73704b4c,libtoml_edit-49c7c76a715528ed,libserde_spanned-b51f96a7776a2f64,libindexmap-f006485b143d2676,libequivalent-6a754676e6af62ae,libhashbrown-25abce2d85979e8d,libwinnow-88e6acd6e2987984,libtoml_write-2c704ffd35684d73,libtoml_datetime-3ecb4aae315cc9be,libowo_colors-82d5c6a9d9667c3a,libclap_complete-904c6d6476cabb1f,libclap-63d4e46d741afd6f,libclap_builder-04fcc109377776a2,libstrsim-4d1ed08a123238dc,libanstream-14b271bd294f0187,libanstyle_query-635080b1d6343734,libis_terminal_polyfill-3ca4268cb2568267,libcolorchoice-33c0bd1745dd5ace,libanstyle_parse-88399b635fc44f8e,libutf8parse-92d0158219063202,libclap_lex-2acbcd0288e51058,libanstyle-9beaeb754742faae,libregex-d11db3dc7b8ab39f,libregex_automata-42a29813635ff257,libaho_corasick-fa94425a423a79cf,libmemchr-5cfa70d22cb32987,libregex_syntax-6d6ee545e2ffad72,libchrono-68a8cb264598ef47,libiana_time_zone-bcd81aefedc374a6,libnum_traits-17bedafaa2a61f51,libserde-243f950081e30d70,libtempfile-01ed9f74e4d04ee9,libgetrandom-6841e0dbdb6c146b,liblibc-585253b8e2aa2651,libcfg_if-83060ec5685761ae,libfastrand-751bcde24b8aa073,libonce_cell-b5bdc597ed9676b3,librustix-2186f077589ce598,libbitflags-19bd3a07fb167555,liblinux_raw_sys-0b6cde911e9a3109,libsemver-ce32b3f6c72470d5,libserde_core-21f22ac7b803fb0e}.rlib" "<sysroot>/lib/rustlib/x86_64-unknown-linux-gnu/lib/{libstd-*,libpanic_unwind-*,libobject-*,libmemchr-*,libaddr2line-*,libgimli-*,libcfg_if-*,librustc_demangle-*,libstd_detect-*,libhashbrown-*,librustc_std_workspace_alloc-*,libminiz_oxide-*,libadler2-*,libunwind-*,liblibc-*,librustc_std_workspace_core-*,liballoc-*,libcore-*,libcompiler_builtins-*}.rlib" "-Wl,-Bdynamic" "-lgcc_s" "-lutil" "-lrt" "-lpthread" "-lm" "-ldl" "-lc" "-L" "/opt/rustwide/target/debug/deps/rustcFoZYUl/raw-dylibs" "-B<sysroot>/lib/rustlib/x86_64-unknown-linux-gnu/bin/gcc-ld" "-fuse-ld=lld" "-Wl,--eh-frame-hdr" "-Wl,-z,noexecstack" "-L" "/opt/rustwide/target/debug/build/ring-ea03809487cf0396/out" "-L" "<sysroot>/lib/rustlib/x86_64-unknown-linux-gnu/lib" "-o" "/opt/rustwide/target/debug/deps/gradle_test-de523aeb16c746ae" "-Wl,--gc-sections" "-pie" "-Wl,-z,relro,-z,now" "-nodefaultlibs"
[INFO] [stdout]   = note: some arguments are omitted. use `--verbose` to show all linker arguments
[INFO] [stdout]   = note: collect2: fatal error: ld terminated with signal 9 [Killed]
[INFO] [stdout]           compilation terminated.
[INFO] [stdout]           
[INFO] [stdout] 
[INFO] [stdout] 
[INFO] [stdout] error: linking with `cc` failed: exit status: 1
[INFO] [stdout]   |
[INFO] [stdout]   = note:  "cc" "-m64" "/opt/rustwide/target/debug/deps/rustcMCNqvo/symbols.o" "<2 object files omitted>" "-Wl,--as-needed" "-Wl,-Bstatic" "<sysroot>/lib/rustlib/x86_64-unknown-linux-gnu/lib/{libtest-*,libgetopts-*,librustc_std_workspace_std-*}.rlib" "/opt/rustwide/target/debug/deps/{libvership-5584671aaee8213b,libdirs-72b28658b329f3b2,libdirs_sys-e6f33515734efd95,liboption_ext-61303ef911796993,libureq-101da905ae554a3c,libwebpki_roots-227cfed90726f06a,libwebpki_roots-4ac2131d17f69b0d,libflate2-84acb1666c285b0c,libminiz_oxide-6d5382b540dd717a,libsimd_adler32-7babdb89f91b6742,libcrc32fast-77160f4e25d6fc25,liburl-55b056dbb78f8b1e,libidna-05b008aef6804700,libidna_adapter-9a4e6c19db1f8c9d,libicu_properties-b5e9578cbbaa3146,libicu_properties_data-e6cf238fc98dd59d,libicu_normalizer-84d55c39a6c87db6,libsmallvec-bc3128fdd57228fc,libicu_normalizer_data-8fea05bee0bb4e49,libicu_collections-f680403c7a20d60e,libutf8_iter-51566bbad89f3a68,libpotential_utf-625d383612e0b2b2,libicu_provider-4d443995d9a54e64,libicu_locale_core-7ab8aa7c7e16959e,libtinystr-cbbc6b93c694c29c,liblitemap-dc288f07f8f61193,libwriteable-48b3e52227924bb5,libzerovec-b4c2e904228c04d5,libzerotrie-615aada4d01c3756,libyoke-0740200ce37b266e,libstable_deref_trait-63cbf3f3d3f94e56,libzerofrom-aa2bed5d30bbc07f,libform_urlencoded-58b0f0edb59b40d2,libpercent_encoding-fa055ecaa1e57cfa,librustls-21409fc380161278,libsubtle-2ae6a7038b9a0630,libwebpki-0b5d034a1602bb58,libring-c34903c6f160ed56,libgetrandom-4171ddcf5fa94c89,libuntrusted-b2f816886faf2178,librustls_pki_types-fc5637970849fdde,libzeroize-7f213bea776ca5b6,liblog-f16ce4b64309590f,libglob-7748687a416caec7,libtoml-db6eed457ccb0249,libthiserror-5e90adc18491a337,libbase64-32787b0325ea6df8,libserde_json-e17e863054c52fc6,libitoa-5de11b3b23bfe572,libzmij-ef63f1da73704b4c,libtoml_edit-49c7c76a715528ed,libserde_spanned-b51f96a7776a2f64,libindexmap-f006485b143d2676,libequivalent-6a754676e6af62ae,libhashbrown-25abce2d85979e8d,libwinnow-88e6acd6e2987984,libtoml_write-2c704ffd35684d73,libtoml_datetime-3ecb4aae315cc9be,libsemver-ce32b3f6c72470d5,libowo_colors-82d5c6a9d9667c3a,libclap_complete-904c6d6476cabb1f,libclap-63d4e46d741afd6f,libclap_builder-04fcc109377776a2,libstrsim-4d1ed08a123238dc,libanstream-14b271bd294f0187,libanstyle_query-635080b1d6343734,libis_terminal_polyfill-3ca4268cb2568267,libcolorchoice-33c0bd1745dd5ace,libanstyle_parse-88399b635fc44f8e,libutf8parse-92d0158219063202,libclap_lex-2acbcd0288e51058,libanstyle-9beaeb754742faae,libregex-d11db3dc7b8ab39f,libregex_automata-42a29813635ff257,libaho_corasick-fa94425a423a79cf,libmemchr-5cfa70d22cb32987,libregex_syntax-6d6ee545e2ffad72,libchrono-68a8cb264598ef47,libiana_time_zone-bcd81aefedc374a6,libnum_traits-17bedafaa2a61f51,libserde-243f950081e30d70,libserde_core-21f22ac7b803fb0e,libtempfile-01ed9f74e4d04ee9,libgetrandom-6841e0dbdb6c146b,liblibc-585253b8e2aa2651,libcfg_if-83060ec5685761ae,libfastrand-751bcde24b8aa073,libonce_cell-b5bdc597ed9676b3,librustix-2186f077589ce598,libbitflags-19bd3a07fb167555,liblinux_raw_sys-0b6cde911e9a3109}.rlib" "<sysroot>/lib/rustlib/x86_64-unknown-linux-gnu/lib/{libstd-*,libpanic_unwind-*,libobject-*,libmemchr-*,libaddr2line-*,libgimli-*,libcfg_if-*,librustc_demangle-*,libstd_detect-*,libhashbrown-*,librustc_std_workspace_alloc-*,libminiz_oxide-*,libadler2-*,libunwind-*,liblibc-*,librustc_std_workspace_core-*,liballoc-*,libcore-*,libcompiler_builtins-*}.rlib" "-Wl,-Bdynamic" "-lgcc_s" "-lutil" "-lrt" "-lpthread" "-lm" "-ldl" "-lc" "-L" "/opt/rustwide/target/debug/deps/rustcMCNqvo/raw-dylibs" "-B<sysroot>/lib/rustlib/x86_64-unknown-linux-gnu/bin/gcc-ld" "-fuse-ld=lld" "-Wl,--eh-frame-hdr" "-Wl,-z,noexecstack" "-L" "/opt/rustwide/target/debug/build/ring-ea03809487cf0396/out" "-L" "<sysroot>/lib/rustlib/x86_64-unknown-linux-gnu/lib" "-o" "/opt/rustwide/target/debug/deps/artifacts_test-31ff7321aca3f198" "-Wl,--gc-sections" "-pie" "-Wl,-z,relro,-z,now" "-nodefaultlibs"
[INFO] [stdout]   = note: some arguments are omitted. use `--verbose` to show all linker arguments
[INFO] [stdout]   = note: collect2: fatal error: ld terminated with signal 9 [Killed]
[INFO] [stdout]           compilation terminated.
[INFO] [stdout]           
[INFO] [stdout] 
[INFO] [stdout] 
[INFO] [stderr] error: could not compile `vership` (test "node_test") due to 1 previous error
[INFO] [stderr] error: could not compile `vership` (test "artifacts_test") due to 1 previous error
[INFO] [stderr] error: could not compile `vership` (test "gradle_test") due to 1 previous error
[INFO] running `Command { std: "docker" "inspect" "a2998d9633448f88011ed7782e80a0cf410c54b2dd7db323f0d9844170e382bb", kill_on_drop: false }`
[INFO] running `Command { std: "docker" "rm" "-f" "a2998d9633448f88011ed7782e80a0cf410c54b2dd7db323f0d9844170e382bb", kill_on_drop: false }`
[INFO] [stdout] a2998d9633448f88011ed7782e80a0cf410c54b2dd7db323f0d9844170e382bb
