[INFO] cloning repository https://github.com/pts1667/zkscraper
[INFO] running `Command { std: "git" "-c" "credential.helper=" "-c" "credential.helper=/workspace/cargo-home/bin/git-credential-null" "clone" "--bare" "https://github.com/pts1667/zkscraper" "/workspace/cache/git-repos/https%3A%2F%2Fgithub.com%2Fpts1667%2Fzkscraper", kill_on_drop: false }`
[INFO] [stderr] Cloning into bare repository '/workspace/cache/git-repos/https%3A%2F%2Fgithub.com%2Fpts1667%2Fzkscraper'...
[INFO] running `Command { std: "git" "rev-parse" "HEAD", kill_on_drop: false }`
[INFO] [stdout] b46835502d697807ffdd57e889cb7d5f6a5ecceb
[INFO] testing pts1667/zkscraper against 1.100.0-beta.1 for beta-1.100-2
[INFO] running `Command { std: "git" "clone" "/workspace/cache/git-repos/https%3A%2F%2Fgithub.com%2Fpts1667%2Fzkscraper" "/workspace/builds/worker-6-tc2/source", kill_on_drop: false }`
[INFO] [stderr] Cloning into '/workspace/builds/worker-6-tc2/source'...
[INFO] [stderr] done.
[INFO] started tweaking git repo https://github.com/pts1667/zkscraper
[INFO] finished tweaking git repo https://github.com/pts1667/zkscraper
[INFO] tweaked toml for git repo https://github.com/pts1667/zkscraper written to /workspace/builds/worker-6-tc2/source/Cargo.toml
[INFO] validating manifest of git repo https://github.com/pts1667/zkscraper on toolchain 1.100.0-beta.1
[INFO] running `Command { std: CARGO_HOME="/workspace/cargo-home" RUSTUP_HOME="/workspace/rustup-home" "/workspace/cargo-home/bin/cargo" "+1.100.0-beta.1" "metadata" "--manifest-path" "Cargo.toml" "--no-deps", kill_on_drop: false }`
[INFO] crate git repo https://github.com/pts1667/zkscraper already has a lockfile, it will not be regenerated
[INFO] running `Command { std: CARGO_HOME="/workspace/cargo-home" RUSTUP_HOME="/workspace/rustup-home" "/workspace/cargo-home/bin/cargo" "+1.100.0-beta.1" "fetch" "--manifest-path" "Cargo.toml", kill_on_drop: false }`
[INFO] running `Command { std: "docker" "create" "-v" "/var/lib/crater-agent-workspace/builds/worker-6-tc2/source:/opt/rustwide/workdir:ro,Z" "-v" "/var/lib/crater-agent-workspace/builds/worker-6-tc2/target:/opt/rustwide/target:rw,Z" "-v" "/var/lib/crater-agent-workspace/cargo-home:/opt/rustwide/cargo-home:ro,Z" "-v" "/var/lib/crater-agent-workspace/rustup-home:/opt/rustwide/rustup-home:ro,Z" "-m" "1610612736" "--network" "none" "ghcr.io/rust-lang/crates-build-env/linux@sha256:3111399a4047eeb3a02b7a90e478d715f38a8c6669b5c4b49d30a17385265909" "sleep" "infinity", kill_on_drop: false }`
[INFO] [stdout] 86dd6fc2be14f53f7e4d563b58ac994731bec44eb53d156f15978cb8155e7daa
[INFO] running `Command { std: "docker" "start" "86dd6fc2be14f53f7e4d563b58ac994731bec44eb53d156f15978cb8155e7daa", kill_on_drop: false }`
[INFO] running `Command { std: "docker" "inspect" "86dd6fc2be14f53f7e4d563b58ac994731bec44eb53d156f15978cb8155e7daa", kill_on_drop: false }`
[INFO] running `Command { std: "docker" "exec" "-e" "SOURCE_DIR=/opt/rustwide/workdir" "-e" "CARGO_HOME=/opt/rustwide/cargo-home" "-e" "RUSTUP_HOME=/opt/rustwide/rustup-home" "-e" "CARGO_TARGET_DIR=/opt/rustwide/target" "-w" "/opt/rustwide/workdir" "--user" "0:0" "86dd6fc2be14f53f7e4d563b58ac994731bec44eb53d156f15978cb8155e7daa" "/opt/rustwide/cargo-home/bin/cargo" "+1.100.0-beta.1" "metadata" "--no-deps" "--format-version=1", kill_on_drop: false }`
[INFO] running `Command { std: "docker" "inspect" "86dd6fc2be14f53f7e4d563b58ac994731bec44eb53d156f15978cb8155e7daa", kill_on_drop: false }`
[INFO] running `Command { std: "docker" "exec" "-e" "SOURCE_DIR=/opt/rustwide/workdir" "-e" "CARGO_HOME=/opt/rustwide/cargo-home" "-e" "RUSTUP_HOME=/opt/rustwide/rustup-home" "-e" "CARGO_TARGET_DIR=/opt/rustwide/target" "-e" "CARGO_INCREMENTAL=0" "-e" "RUST_BACKTRACE=full" "-e" "RUSTFLAGS=--cap-lints=warn" "-e" "RUSTDOCFLAGS=--cap-lints=warn" "-w" "/opt/rustwide/workdir" "--user" "0:0" "86dd6fc2be14f53f7e4d563b58ac994731bec44eb53d156f15978cb8155e7daa" "/opt/rustwide/cargo-home/bin/cargo" "+1.100.0-beta.1" "build" "--frozen" "--message-format=json", kill_on_drop: false }`
[INFO] [stderr]    Compiling libc v0.2.173
[INFO] [stderr]    Compiling serde v1.0.228
[INFO] [stderr]    Compiling lock_api v0.4.13
[INFO] [stderr]    Compiling hashbrown v0.15.4
[INFO] [stderr]    Compiling tracing v0.1.41
[INFO] [stderr]    Compiling futures-task v0.3.31
[INFO] [stderr]    Compiling syn v2.0.103
[INFO] [stderr]    Compiling futures-channel v0.3.31
[INFO] [stderr]    Compiling memchr v2.7.5
[INFO] [stderr]    Compiling serde_json v1.0.140
[INFO] [stderr]    Compiling crc32fast v1.4.2
[INFO] [stderr]    Compiling num-traits v0.2.19
[INFO] [stderr]    Compiling zstd-safe v4.1.3+zstd.1.5.1
[INFO] [stderr]    Compiling time-macros v0.2.27
[INFO] [stderr]    Compiling anstyle-parse v0.2.7
[INFO] [stderr]    Compiling instant v0.1.13
[INFO] [stderr]    Compiling futures-util v0.3.31
[INFO] [stderr]    Compiling anstyle-query v1.1.3
[INFO] [stderr]    Compiling colorchoice v1.0.4
[INFO] [stderr]    Compiling portable-atomic v1.11.1
[INFO] [stderr]    Compiling rayon-core v1.13.0
[INFO] [stderr]    Compiling minicbor v0.26.5
[INFO] [stderr]    Compiling anstyle v1.0.11
[INFO] [stderr]    Compiling miniz_oxide v0.8.9
[INFO] [stderr]    Compiling digest v0.10.7
[INFO] [stderr]    Compiling crossbeam-deque v0.8.6
[INFO] [stderr]    Compiling zip v2.4.2
[INFO] [stderr]    Compiling simd-adler32 v0.3.9
[INFO] [stderr]    Compiling clap_lex v0.7.5
[INFO] [stderr]    Compiling anstream v0.6.19
[INFO] [stderr]    Compiling unicode-width v0.2.1
[INFO] [stderr]    Compiling bit-vec v0.7.0
[INFO] [stderr]    Compiling pxfm v0.1.28
[INFO] [stderr]    Compiling bumpalo v3.18.1
[INFO] [stderr]    Compiling bit-set v0.6.0
[INFO] [stderr]    Compiling sha2 v0.10.9
[INFO] [stderr]    Compiling clap_builder v4.5.40
[INFO] [stderr]    Compiling aho-corasick v1.1.3
[INFO] [stderr]    Compiling time v0.3.47
[INFO] [stderr]    Compiling flate2 v1.1.2
[INFO] [stderr]    Compiling zopfli v0.8.2
[INFO] [stderr]    Compiling regex-automata v0.4.9
[INFO] [stderr]    Compiling axum-core v0.5.6
[INFO] [stderr]    Compiling syn v1.0.109
[INFO] [stderr]    Compiling lzma-rust v0.1.7
[INFO] [stderr]    Compiling serde_path_to_error v0.1.20
[INFO] [stderr]    Compiling jobserver v0.1.33
[INFO] [stderr]    Compiling parking_lot_core v0.9.11
[INFO] [stderr]    Compiling signal-hook-registry v1.4.5
[INFO] [stderr]    Compiling socket2 v0.5.10
[INFO] [stderr]    Compiling cc v1.2.27
[INFO] [stderr]    Compiling parking_lot v0.12.4
[INFO] [stderr]    Compiling mio v1.0.4
[INFO] [stderr]    Compiling parking_lot_core v0.8.6
[INFO] [stderr]    Compiling filetime v0.2.27
[INFO] [stderr]    Compiling nt-time v0.8.1
[INFO] [stderr]    Compiling console v0.15.11
[INFO] [stderr]    Compiling filetime_creation v0.2.0
[INFO] [stderr]    Compiling fs2 v0.4.3
[INFO] [stderr]    Compiling parking_lot v0.11.2
[INFO] [stderr]    Compiling csv-core v0.1.12
[INFO] [stderr]    Compiling either v1.15.0
[INFO] [stderr]    Compiling sevenz-rust v0.6.1
[INFO] [stderr]    Compiling rayon v1.11.0
[INFO] [stderr]    Compiling lru v0.12.5
[INFO] [stderr]    Compiling indicatif v0.17.11
[INFO] [stderr]    Compiling moxcms v0.8.1
[INFO] [stderr]    Compiling openssl-sys v0.9.109
[INFO] [stderr]    Compiling zstd-sys v1.6.2+zstd.1.5.1
[INFO] [stderr]    Compiling openssl v0.10.73
[INFO] [stderr]    Compiling native-tls v0.2.14
[INFO] [stderr]    Compiling regex v1.11.1
[INFO] [stderr]    Compiling tokio-macros v0.2.6
[INFO] [stderr]    Compiling synstructure v0.13.2
[INFO] [stderr]    Compiling zerofrom-derive v0.1.6
[INFO] [stderr]    Compiling yoke-derive v0.8.0
[INFO] [stderr]    Compiling serde_derive v1.0.228
[INFO] [stderr]    Compiling zerovec-derive v0.11.1
[INFO] [stderr]    Compiling displaydoc v0.2.5
[INFO] [stderr]    Compiling zerofrom v0.1.6
[INFO] [stderr]    Compiling tokio-macros v2.5.0
[INFO] [stderr]    Compiling yoke v0.8.0
[INFO] [stderr]    Compiling openssl-macros v0.1.1
[INFO] [stderr]    Compiling zerovec v0.11.2
[INFO] [stderr]    Compiling zerotrie v0.2.2
[INFO] [stderr]    Compiling tokio v1.45.1
[INFO] [stderr]    Compiling tinystr v0.8.1
[INFO] [stderr]    Compiling potential_utf v0.1.2
[INFO] [stderr]    Compiling icu_locale_core v2.0.0
[INFO] [stderr]    Compiling icu_collections v2.0.0
[INFO] [stderr]    Compiling thiserror-impl v2.0.18
[INFO] [stderr]    Compiling icu_provider v2.0.0
[INFO] [stderr]    Compiling indexmap v2.9.0
[INFO] [stderr]    Compiling icu_properties v2.0.1
[INFO] [stderr]    Compiling icu_normalizer v2.0.0
[INFO] [stderr]    Compiling serde_urlencoded v0.7.1
[INFO] [stderr]    Compiling fastapi-gen v0.1.1
[INFO] [stderr]    Compiling thiserror v2.0.18
[INFO] [stderr]    Compiling clap_derive v4.5.40
[INFO] [stderr]    Compiling idna_adapter v1.2.1
[INFO] [stderr]    Compiling idna v1.0.3
[INFO] [stderr]    Compiling csv v1.3.1
[INFO] [stderr]    Compiling url v2.5.4
[INFO] [stderr]    Compiling minicbor-serde v0.4.1
[INFO] [stderr]    Compiling image v0.25.10
[INFO] [stderr]    Compiling clap v4.5.40
[INFO] [stderr]    Compiling tokio-util v0.7.15
[INFO] [stderr]    Compiling tower v0.5.2
[INFO] [stderr]    Compiling tokio-native-tls v0.3.1
[INFO] [stderr]    Compiling tower-http v0.6.6
[INFO] [stderr]    Compiling h2 v0.4.10
[INFO] [stderr]    Compiling fastapi v0.1.1
[INFO] [stderr]    Compiling hyper v1.6.0
[INFO] [stderr]    Compiling hyper-util v0.1.14
[INFO] [stderr]    Compiling hyper-tls v0.6.0
[INFO] [stderr]    Compiling axum v0.8.8
[INFO] [stderr]    Compiling reqwest v0.12.20
[INFO] [stderr]    Compiling zstd v0.9.2+zstd.1.5.1
[INFO] [stderr]    Compiling sled v0.34.7
[INFO] [stderr]    Compiling zkscraper v0.1.0 (/opt/rustwide/workdir)
[INFO] [stdout] warning: constant `WIDGET_DISPLAY_NAME` is never used
[INFO] [stdout]   --> src/parse/mod.rs:32:7
[INFO] [stdout]    |
[INFO] [stdout] 32 | const WIDGET_DISPLAY_NAME: &str = "ZKScraper Replay Snapshot";
[INFO] [stdout]    |       ^^^^^^^^^^^^^^^^^^^
[INFO] [stdout]    |
[INFO] [stdout]    = note: `#[warn(dead_code)]` (part of `#[warn(unused)]`) on by default
[INFO] [stdout] 
[INFO] [stdout] 
[INFO] [stdout] warning: function `activate_scraper_configs` is never used
[INFO] [stdout]    --> src/parse/headless.rs:513:15
[INFO] [stdout]     |
[INFO] [stdout] 513 | pub(super) fn activate_scraper_configs(
[INFO] [stdout]     |               ^^^^^^^^^^^^^^^^^^^^^^^^
[INFO] [stdout] 
[INFO] [stdout] 
[INFO] [stdout] warning: function `files_equal` is never used
[INFO] [stdout]    --> src/parse/headless.rs:562:4
[INFO] [stdout]     |
[INFO] [stdout] 562 | fn files_equal(left: &Path, right: &Path) -> Result<bool, Box<dyn std::error::Error>> {
[INFO] [stdout]     |    ^^^^^^^^^^^
[INFO] [stdout] 
[INFO] [stdout] 
[INFO] [stdout] warning: function `ensure_default_scraper_configs` is never used
[INFO] [stdout]    --> src/parse/headless.rs:566:4
[INFO] [stdout]     |
[INFO] [stdout] 566 | fn ensure_default_scraper_configs(config_dir: &Path) -> Result<(), Box<dyn std::error::Error>> {
[INFO] [stdout]     |    ^^^^^^^^^^^^^^^^^^^^^^^^^^^^^^
[INFO] [stdout] 
[INFO] [stdout] 
[INFO] [stdout] warning: function `ensure_lua_bool_setting` is never used
[INFO] [stdout]    --> src/parse/headless.rs:589:4
[INFO] [stdout]     |
[INFO] [stdout] 589 | fn ensure_lua_bool_setting(
[INFO] [stdout]     |    ^^^^^^^^^^^^^^^^^^^^^^^
[INFO] [stdout] 
[INFO] [stdout] 
[INFO] [stdout] warning: function `build_parser_order_scraper` is never used
[INFO] [stdout]    --> src/parse/headless.rs:611:4
[INFO] [stdout]     |
[INFO] [stdout] 611 | fn build_parser_order_scraper(order_path: &Path) -> Result<String, Box<dyn std::error::Error>> {
[INFO] [stdout]     |    ^^^^^^^^^^^^^^^^^^^^^^^^^^
[INFO] [stdout] 
[INFO] [stdout] 
[INFO] [stdout] warning: function `restore_scraper_configs` is never used
[INFO] [stdout]    --> src/parse/headless.rs:647:15
[INFO] [stdout]     |
[INFO] [stdout] 647 | pub(super) fn restore_scraper_configs(
[INFO] [stdout]     |               ^^^^^^^^^^^^^^^^^^^^^^^
[INFO] [stdout] 
[INFO] [stdout] 
[INFO] [stderr] warning: unused dependency `rayon`
[INFO] [stderr]  --> Cargo.toml:9:1
[INFO] [stderr]   |
[INFO] [stderr] 9 | rayon = "1.10"
[INFO] [stderr]   | ^^^^^^^^^^^^^^
[INFO] [stderr]   |
[INFO] [stderr]   = note: `cargo::unused_dependencies` is set to `warn` by default
[INFO] [stderr] help: consider removing the dependency on `rayon`
[INFO] [stderr] warning: unused dependency `tokio-macros`
[INFO] [stderr]   --> Cargo.toml:49:15
[INFO] [stderr]    |
[INFO] [stderr] 49 | [dependencies.tokio-macros]
[INFO] [stderr]    |               ^^^^^^^^^^^^^
[INFO] [stderr]    |
[INFO] [stderr] help: consider removing the dependency on `tokio-macros`
[INFO] [stderr] warning: `zkscraper` (manifest) generated 2 warnings
[INFO] [stderr]     Finished `dev` profile [unoptimized + debuginfo] target(s) in 2m 12s
[INFO] running `Command { std: "docker" "inspect" "86dd6fc2be14f53f7e4d563b58ac994731bec44eb53d156f15978cb8155e7daa", kill_on_drop: false }`
[INFO] running `Command { std: "docker" "exec" "-e" "SOURCE_DIR=/opt/rustwide/workdir" "-e" "CARGO_HOME=/opt/rustwide/cargo-home" "-e" "RUSTUP_HOME=/opt/rustwide/rustup-home" "-e" "CARGO_TARGET_DIR=/opt/rustwide/target" "-e" "CARGO_INCREMENTAL=0" "-e" "RUST_BACKTRACE=full" "-e" "RUSTFLAGS=--cap-lints=warn" "-e" "RUSTDOCFLAGS=--cap-lints=warn" "-w" "/opt/rustwide/workdir" "--user" "0:0" "86dd6fc2be14f53f7e4d563b58ac994731bec44eb53d156f15978cb8155e7daa" "/opt/rustwide/cargo-home/bin/cargo" "+1.100.0-beta.1" "test" "--frozen" "--no-run" "--message-format=json", kill_on_drop: false }`
[INFO] [stderr]    Compiling bitflags v2.9.1
[INFO] [stderr]    Compiling rustix v1.0.7
[INFO] [stderr]    Compiling getrandom v0.3.3
[INFO] [stderr]    Compiling openssl v0.10.73
[INFO] [stderr]    Compiling tower-http v0.6.6
[INFO] [stderr]    Compiling tempfile v3.20.0
[INFO] [stderr]    Compiling native-tls v0.2.14
[INFO] [stderr]    Compiling tokio-native-tls v0.3.1
[INFO] [stderr]    Compiling hyper-tls v0.6.0
[INFO] [stderr]    Compiling reqwest v0.12.20
[INFO] [stderr]    Compiling zkscraper v0.1.0 (/opt/rustwide/workdir)
[INFO] [stdout] warning: constant `WIDGET_DISPLAY_NAME` is never used
[INFO] [stdout]   --> src/parse/mod.rs:32:7
[INFO] [stdout]    |
[INFO] [stdout] 32 | const WIDGET_DISPLAY_NAME: &str = "ZKScraper Replay Snapshot";
[INFO] [stdout]    |       ^^^^^^^^^^^^^^^^^^^
[INFO] [stdout]    |
[INFO] [stdout]    = note: `#[warn(dead_code)]` (part of `#[warn(unused)]`) on by default
[INFO] [stdout] 
[INFO] [stdout] 
[INFO] [stdout] warning: function `activate_scraper_configs` is never used
[INFO] [stdout]    --> src/parse/headless.rs:513:15
[INFO] [stdout]     |
[INFO] [stdout] 513 | pub(super) fn activate_scraper_configs(
[INFO] [stdout]     |               ^^^^^^^^^^^^^^^^^^^^^^^^
[INFO] [stdout] 
[INFO] [stdout] 
[INFO] [stdout] warning: function `files_equal` is never used
[INFO] [stdout]    --> src/parse/headless.rs:562:4
[INFO] [stdout]     |
[INFO] [stdout] 562 | fn files_equal(left: &Path, right: &Path) -> Result<bool, Box<dyn std::error::Error>> {
[INFO] [stdout]     |    ^^^^^^^^^^^
[INFO] [stdout] 
[INFO] [stdout] 
[INFO] [stdout] warning: function `ensure_default_scraper_configs` is never used
[INFO] [stdout]    --> src/parse/headless.rs:566:4
[INFO] [stdout]     |
[INFO] [stdout] 566 | fn ensure_default_scraper_configs(config_dir: &Path) -> Result<(), Box<dyn std::error::Error>> {
[INFO] [stdout]     |    ^^^^^^^^^^^^^^^^^^^^^^^^^^^^^^
[INFO] [stdout] 
[INFO] [stdout] 
[INFO] [stdout] warning: function `ensure_lua_bool_setting` is never used
[INFO] [stdout]    --> src/parse/headless.rs:589:4
[INFO] [stdout]     |
[INFO] [stdout] 589 | fn ensure_lua_bool_setting(
[INFO] [stdout]     |    ^^^^^^^^^^^^^^^^^^^^^^^
[INFO] [stdout] 
[INFO] [stdout] 
[INFO] [stdout] warning: function `build_parser_order_scraper` is never used
[INFO] [stdout]    --> src/parse/headless.rs:611:4
[INFO] [stdout]     |
[INFO] [stdout] 611 | fn build_parser_order_scraper(order_path: &Path) -> Result<String, Box<dyn std::error::Error>> {
[INFO] [stdout]     |    ^^^^^^^^^^^^^^^^^^^^^^^^^^
[INFO] [stdout] 
[INFO] [stdout] 
[INFO] [stdout] warning: function `restore_scraper_configs` is never used
[INFO] [stdout]    --> src/parse/headless.rs:647:15
[INFO] [stdout]     |
[INFO] [stdout] 647 | pub(super) fn restore_scraper_configs(
[INFO] [stdout]     |               ^^^^^^^^^^^^^^^^^^^^^^^
[INFO] [stdout] 
[INFO] [stdout] 
[INFO] [stdout] warning: constant `WIDGET_DISPLAY_NAME` is never used
[INFO] [stdout]   --> src/parse/mod.rs:32:7
[INFO] [stdout]    |
[INFO] [stdout] 32 | const WIDGET_DISPLAY_NAME: &str = "ZKScraper Replay Snapshot";
[INFO] [stdout]    |       ^^^^^^^^^^^^^^^^^^^
[INFO] [stdout]    |
[INFO] [stdout]    = note: `#[warn(dead_code)]` (part of `#[warn(unused)]`) on by default
[INFO] [stdout] 
[INFO] [stdout] 
[INFO] [stdout] warning: function `activate_scraper_configs` is never used
[INFO] [stdout]    --> src/parse/headless.rs:513:15
[INFO] [stdout]     |
[INFO] [stdout] 513 | pub(super) fn activate_scraper_configs(
[INFO] [stdout]     |               ^^^^^^^^^^^^^^^^^^^^^^^^
[INFO] [stdout] 
[INFO] [stdout] 
[INFO] [stdout] warning: function `files_equal` is never used
[INFO] [stdout]    --> src/parse/headless.rs:562:4
[INFO] [stdout]     |
[INFO] [stdout] 562 | fn files_equal(left: &Path, right: &Path) -> Result<bool, Box<dyn std::error::Error>> {
[INFO] [stdout]     |    ^^^^^^^^^^^
[INFO] [stdout] 
[INFO] [stdout] 
[INFO] [stdout] warning: function `ensure_default_scraper_configs` is never used
[INFO] [stdout]    --> src/parse/headless.rs:566:4
[INFO] [stdout]     |
[INFO] [stdout] 566 | fn ensure_default_scraper_configs(config_dir: &Path) -> Result<(), Box<dyn std::error::Error>> {
[INFO] [stdout]     |    ^^^^^^^^^^^^^^^^^^^^^^^^^^^^^^
[INFO] [stdout] 
[INFO] [stdout] 
[INFO] [stdout] warning: function `ensure_lua_bool_setting` is never used
[INFO] [stdout]    --> src/parse/headless.rs:589:4
[INFO] [stdout]     |
[INFO] [stdout] 589 | fn ensure_lua_bool_setting(
[INFO] [stdout]     |    ^^^^^^^^^^^^^^^^^^^^^^^
[INFO] [stdout] 
[INFO] [stdout] 
[INFO] [stdout] warning: function `build_parser_order_scraper` is never used
[INFO] [stdout]    --> src/parse/headless.rs:611:4
[INFO] [stdout]     |
[INFO] [stdout] 611 | fn build_parser_order_scraper(order_path: &Path) -> Result<String, Box<dyn std::error::Error>> {
[INFO] [stdout]     |    ^^^^^^^^^^^^^^^^^^^^^^^^^^
[INFO] [stdout] 
[INFO] [stdout] 
[INFO] [stdout] warning: function `restore_scraper_configs` is never used
[INFO] [stdout]    --> src/parse/headless.rs:647:15
[INFO] [stdout]     |
[INFO] [stdout] 647 | pub(super) fn restore_scraper_configs(
[INFO] [stdout]     |               ^^^^^^^^^^^^^^^^^^^^^^^
[INFO] [stdout] 
[INFO] [stdout] 
[INFO] [stderr] warning: unused dependency `rayon`
[INFO] [stderr]  --> Cargo.toml:9:1
[INFO] [stderr]   |
[INFO] [stderr] 9 | rayon = "1.10"
[INFO] [stderr]   | ^^^^^^^^^^^^^^
[INFO] [stderr]   |
[INFO] [stderr]   = note: `cargo::unused_dependencies` is set to `warn` by default
[INFO] [stderr] help: consider removing the dependency on `rayon`
[INFO] [stderr] warning: unused dependency `tokio-macros`
[INFO] [stderr]   --> Cargo.toml:49:15
[INFO] [stderr]    |
[INFO] [stderr] 49 | [dependencies.tokio-macros]
[INFO] [stderr]    |               ^^^^^^^^^^^^^
[INFO] [stderr]    |
[INFO] [stderr] help: consider removing the dependency on `tokio-macros`
[INFO] [stderr] warning: `zkscraper` (manifest) generated 2 warnings
[INFO] [stderr]     Finished `test` profile [unoptimized + debuginfo] target(s) in 40.84s
[INFO] running `Command { std: "docker" "inspect" "86dd6fc2be14f53f7e4d563b58ac994731bec44eb53d156f15978cb8155e7daa", kill_on_drop: false }`
[INFO] running `Command { std: "docker" "exec" "-e" "SOURCE_DIR=/opt/rustwide/workdir" "-e" "CARGO_HOME=/opt/rustwide/cargo-home" "-e" "RUSTUP_HOME=/opt/rustwide/rustup-home" "-e" "CARGO_TARGET_DIR=/opt/rustwide/target" "-e" "CARGO_INCREMENTAL=0" "-e" "RUST_BACKTRACE=full" "-e" "RUSTFLAGS=--cap-lints=warn" "-e" "RUSTDOCFLAGS=--cap-lints=warn" "-w" "/opt/rustwide/workdir" "--user" "0:0" "86dd6fc2be14f53f7e4d563b58ac994731bec44eb53d156f15978cb8155e7daa" "/opt/rustwide/cargo-home/bin/cargo" "+1.100.0-beta.1" "test" "--frozen", kill_on_drop: false }`
[INFO] [stderr] warning: constant `WIDGET_DISPLAY_NAME` is never used
[INFO] [stderr]   --> src/parse/mod.rs:32:7
[INFO] [stderr]    |
[INFO] [stderr] 32 | const WIDGET_DISPLAY_NAME: &str = "ZKScraper Replay Snapshot";
[INFO] [stderr]    |       ^^^^^^^^^^^^^^^^^^^
[INFO] [stderr]    |
[INFO] [stderr]    = note: `#[warn(dead_code)]` (part of `#[warn(unused)]`) on by default
[INFO] [stderr] 
[INFO] [stderr] warning: function `activate_scraper_configs` is never used
[INFO] [stderr]    --> src/parse/headless.rs:513:15
[INFO] [stderr]     |
[INFO] [stderr] 513 | pub(super) fn activate_scraper_configs(
[INFO] [stderr]     |               ^^^^^^^^^^^^^^^^^^^^^^^^
[INFO] [stderr] 
[INFO] [stderr] warning: function `files_equal` is never used
[INFO] [stderr]    --> src/parse/headless.rs:562:4
[INFO] [stderr]     |
[INFO] [stderr] 562 | fn files_equal(left: &Path, right: &Path) -> Result<bool, Box<dyn std::error::Error>> {
[INFO] [stderr]     |    ^^^^^^^^^^^
[INFO] [stderr] 
[INFO] [stderr] warning: function `ensure_default_scraper_configs` is never used
[INFO] [stderr]    --> src/parse/headless.rs:566:4
[INFO] [stderr]     |
[INFO] [stderr] 566 | fn ensure_default_scraper_configs(config_dir: &Path) -> Result<(), Box<dyn std::error::Error>> {
[INFO] [stderr]     |    ^^^^^^^^^^^^^^^^^^^^^^^^^^^^^^
[INFO] [stderr] 
[INFO] [stderr] warning: function `ensure_lua_bool_setting` is never used
[INFO] [stderr]    --> src/parse/headless.rs:589:4
[INFO] [stderr]     |
[INFO] [stderr] 589 | fn ensure_lua_bool_setting(
[INFO] [stderr]     |    ^^^^^^^^^^^^^^^^^^^^^^^
[INFO] [stderr] 
[INFO] [stderr] warning: function `build_parser_order_scraper` is never used
[INFO] [stderr]    --> src/parse/headless.rs:611:4
[INFO] [stderr]     |
[INFO] [stderr] 611 | fn build_parser_order_scraper(order_path: &Path) -> Result<String, Box<dyn std::error::Error>> {
[INFO] [stderr]     |    ^^^^^^^^^^^^^^^^^^^^^^^^^^
[INFO] [stderr] 
[INFO] [stderr] warning: function `restore_scraper_configs` is never used
[INFO] [stderr]    --> src/parse/headless.rs:647:15
[INFO] [stderr]     |
[INFO] [stderr] 647 | pub(super) fn restore_scraper_configs(
[INFO] [stderr]     |               ^^^^^^^^^^^^^^^^^^^^^^^
[INFO] [stderr] 
[INFO] [stderr] warning: `zkscraper` (lib) generated 7 warnings
[INFO] [stderr] warning: `zkscraper` (lib test) generated 7 warnings (7 duplicates)
[INFO] [stderr] warning: unused dependency `rayon`
[INFO] [stderr]  --> Cargo.toml:9:1
[INFO] [stderr]   |
[INFO] [stderr] 9 | rayon = "1.10"
[INFO] [stderr]   | ^^^^^^^^^^^^^^
[INFO] [stderr]   |
[INFO] [stderr]   = note: `cargo::unused_dependencies` is set to `warn` by default
[INFO] [stderr] help: consider removing the dependency on `rayon`
[INFO] [stderr] warning: unused dependency `tokio-macros`
[INFO] [stderr]   --> Cargo.toml:49:15
[INFO] [stderr]    |
[INFO] [stderr] 49 | [dependencies.tokio-macros]
[INFO] [stderr]    |               ^^^^^^^^^^^^^
[INFO] [stderr]    |
[INFO] [stderr] help: consider removing the dependency on `tokio-macros`
[INFO] [stderr] warning: `zkscraper` (manifest) generated 2 warnings
[INFO] [stderr]     Finished `test` profile [unoptimized + debuginfo] target(s) in 1.14s
[INFO] [stderr]      Running unittests src/lib.rs (/opt/rustwide/target/debug/build/zkscraper/c82f245b734ecab9/out/zkscraper-c82f245b734ecab9)
[INFO] [stdout] 
[INFO] [stdout] running 34 tests
[INFO] [stdout] test parse::tests::economy_snapshot_defaults_missing_combat_fields ... ok
[INFO] [stdout] test parse::demo::tests::parses_tracked_ai_command_packet ... ok
[INFO] [stdout] test parse::tests::engine_candidates_include_cross_platform_locations ... ok
[INFO] [stdout] test parse::demo::tests::parses_ai_commands_packet_pairwise ... ok
[INFO] [stdout] test parse::demo::tests::parses_command_packet_with_timeout_and_param_count ... ok
[INFO] [stdout] test pipeline::tests::derives_default_sibling_paths ... ok
[INFO] [stdout] test parse::demo::tests::parses_ai_command_packet_with_team_timeout_and_params ... ok
[INFO] [stdout] test parse::tests::parsed_replay_accepts_legacy_player_snapshots_field ... ok
[INFO] [stdout] test parse::tests::parsed_replay_defaults_missing_economy_snapshots ... ok
[INFO] [stdout] test pipeline::tests::formats_explicit_battle_id_resume_command ... ok
[INFO] [stdout] test pipeline::tests::formats_parse_resume_command_with_fail_db ... ok
[INFO] [stdout] test parse::tests::headless_parse_lock_is_single_instance ... ok
[INFO] [stdout] test map_assets::tests::lists_available_maps_from_archives ... ok
[INFO] [stdout] test map_assets::tests::reads_heightmap_and_features_from_archive ... ok
[INFO] [stdout] test pipeline::tests::derives_temp_root_paths ... FAILED
[INFO] [stdout] test map_assets::tests::matches_display_name_to_underscored_map_file ... ok
[INFO] [stdout] test server::tests::append_route_returns_409_when_append_is_in_progress ... ok
[INFO] [stdout] test db::tests::loads_lossy_replay_values ... ok
[INFO] [stdout] test db::tests::loads_lossy_frame_lookup ... ok
[INFO] [stdout] test db::tests::put_replay_updates_live_battle_id_index ... ok
[INFO] [stdout] test server::tests::replay_frames_lookup_returns_frame_index ... ok
[INFO] [stdout] test db::tests::filters_frame_keys_from_battle_listing ... ok
[INFO] [stdout] test server::tests::healthz_route_works ... ok
[INFO] [stdout] test db::tests::lists_battle_ids_in_numeric_order ... ok
[INFO] [stdout] test server::tests::map_list_route_lists_available_maps ... ok
[INFO] [stdout] test server::tests::append_route_returns_503_without_zk_path ... ok
[INFO] [stdout] test db::tests::gets_full_replay_by_battle_id ... ok
[INFO] [stdout] test server::tests::map_routes_serve_assets ... ok
[INFO] [stdout] test server::tests::openapi_route_exposes_replay_paths ... ok
[INFO] [stdout] test db::tests::migrates_legacy_replay_rows ... ok
[INFO] [stdout] test server::tests::replay_lookup_returns_404 ... ok
[INFO] [stdout] test server::tests::replay_lookup_can_filter_to_specific_snapshot_frame ... ok
[INFO] [stdout] test server::tests::replay_list_is_paginated_and_sorted ... ok
[INFO] [stdout] test server::tests::replay_lookup_returns_404_for_missing_snapshot_frame ... ok
[INFO] [stdout] 
[INFO] [stdout] failures:
[INFO] [stdout] 
[INFO] [stdout] ---- pipeline::tests::derives_temp_root_paths stdout ----
[INFO] [stdout] 
[INFO] [stdout] thread 'pipeline::tests::derives_temp_root_paths' (2522) panicked at src/pipeline.rs:444:9:
[INFO] [stdout] assertion `left == right` failed
[INFO] [stdout]   left: ".\\target\\pipeline-temp/battles.csv"
[INFO] [stdout]  right: ".\\target\\pipeline-temp\\battles.csv"
[INFO] [stdout] stack backtrace:
[INFO] [stdout]    0:     0x5a71a64195f1 - std[617be2ca0a6fd877]::backtrace_rs::backtrace::libunwind::trace
[INFO] [stdout]                                at /rustc/e3feeb59cd1bdd011a2bfcc0747b55125d9b8527/library/std/src/../../backtrace/src/backtrace/libunwind.rs:117:9
[INFO] [stdout]    1:     0x5a71a64195f1 - std[617be2ca0a6fd877]::backtrace_rs::backtrace::trace_unsynchronized::<std[617be2ca0a6fd877]::sys::backtrace::_print_fmt::{closure#1}>
[INFO] [stdout]                                at /rustc/e3feeb59cd1bdd011a2bfcc0747b55125d9b8527/library/std/src/../../backtrace/src/backtrace/mod.rs:66:14
[INFO] [stdout]    2:     0x5a71a64195f1 - std[617be2ca0a6fd877]::sys::backtrace::_print_fmt
[INFO] [stdout]                                at /rustc/e3feeb59cd1bdd011a2bfcc0747b55125d9b8527/library/std/src/sys/backtrace.rs:74:9
[INFO] [stdout]    3:     0x5a71a64195f1 - <<std[617be2ca0a6fd877]::sys::backtrace::BacktraceLock>::print::DisplayBacktrace as core[a373ad73a504971]::fmt::Display>::fmt
[INFO] [stdout]                                at /rustc/e3feeb59cd1bdd011a2bfcc0747b55125d9b8527/library/std/src/sys/backtrace.rs:44:26
[INFO] [stdout]    4:     0x5a71a6432c9a - <core[a373ad73a504971]::fmt::rt::Argument>::fmt
[INFO] [stdout]                                at /rustc/e3feeb59cd1bdd011a2bfcc0747b55125d9b8527/library/core/src/fmt/rt.rs:152:76
[INFO] [stdout]    5:     0x5a71a6432c9a - core[a373ad73a504971]::fmt::write
[INFO] [stdout]    6:     0x5a71a641e93c - core[a373ad73a504971]::io::write::default_write_fmt::<alloc[2e1b2a31b91974c5]::vec::Vec<u8>>
[INFO] [stdout]                                at /rustc/e3feeb59cd1bdd011a2bfcc0747b55125d9b8527/library/core/src/io/write.rs:402:11
[INFO] [stdout]    7:     0x5a71a641e93c - <alloc[2e1b2a31b91974c5]::vec::Vec<u8> as core[a373ad73a504971]::io::write::Write>::write_fmt
[INFO] [stdout]                                at /rustc/e3feeb59cd1bdd011a2bfcc0747b55125d9b8527/library/core/src/io/write.rs:335:13
[INFO] [stdout]    8:     0x5a71a63f03e6 - <std[617be2ca0a6fd877]::sys::backtrace::BacktraceLock>::print
[INFO] [stdout]                                at /rustc/e3feeb59cd1bdd011a2bfcc0747b55125d9b8527/library/std/src/sys/backtrace.rs:47:9
[INFO] [stdout]    9:     0x5a71a63f03e6 - std[617be2ca0a6fd877]::panicking::default_hook::{closure#0}
[INFO] [stdout]                                at /rustc/e3feeb59cd1bdd011a2bfcc0747b55125d9b8527/library/std/src/panicking.rs:289:27
[INFO] [stdout]   10:     0x5a71a640ed49 - std[617be2ca0a6fd877]::panicking::default_hook
[INFO] [stdout]                                at /rustc/e3feeb59cd1bdd011a2bfcc0747b55125d9b8527/library/std/src/panicking.rs:313:9
[INFO] [stdout]   11:     0x5a71a5b5b580 - <alloc[2e1b2a31b91974c5]::boxed::Box<dyn for<'a, 'b> core[a373ad73a504971]::ops::function::Fn<(&'a std[617be2ca0a6fd877]::panic::PanicHookInfo<'b>,), Output = ()> + core[a373ad73a504971]::marker::Sync + core[a373ad73a504971]::marker::Send> as core[a373ad73a504971]::ops::function::Fn<(&std[617be2ca0a6fd877]::panic::PanicHookInfo,)>>::call
[INFO] [stdout]                                at /rustc/e3feeb59cd1bdd011a2bfcc0747b55125d9b8527/library/alloc/src/boxed.rs:2328:9
[INFO] [stdout]   12:     0x5a71a5b5b580 - test[aada8e7e76ba119b]::test_main_inner::{closure#0}
[INFO] [stdout]                                at /rustc/e3feeb59cd1bdd011a2bfcc0747b55125d9b8527/library/test/src/lib.rs:137:21
[INFO] [stdout]   13:     0x5a71a640f072 - <alloc[2e1b2a31b91974c5]::boxed::Box<dyn for<'a, 'b> core[a373ad73a504971]::ops::function::Fn<(&'a std[617be2ca0a6fd877]::panic::PanicHookInfo<'b>,), Output = ()> + core[a373ad73a504971]::marker::Sync + core[a373ad73a504971]::marker::Send> as core[a373ad73a504971]::ops::function::Fn<(&std[617be2ca0a6fd877]::panic::PanicHookInfo,)>>::call
[INFO] [stdout]                                at /rustc/e3feeb59cd1bdd011a2bfcc0747b55125d9b8527/library/alloc/src/boxed.rs:2328:9
[INFO] [stdout]   14:     0x5a71a640f072 - std[617be2ca0a6fd877]::panicking::panic_with_hook
[INFO] [stdout]                                at /rustc/e3feeb59cd1bdd011a2bfcc0747b55125d9b8527/library/std/src/panicking.rs:819:13
[INFO] [stdout]   15:     0x5a71a63f0492 - std[617be2ca0a6fd877]::panicking::panic_handler::{closure#0}
[INFO] [stdout]                                at /rustc/e3feeb59cd1bdd011a2bfcc0747b55125d9b8527/library/std/src/panicking.rs:685:13
[INFO] [stdout]   16:     0x5a71a63e8ca9 - std[617be2ca0a6fd877]::sys::backtrace::__rust_end_short_backtrace::<std[617be2ca0a6fd877]::panicking::panic_handler::{closure#0}, !>
[INFO] [stdout]                                at /rustc/e3feeb59cd1bdd011a2bfcc0747b55125d9b8527/library/std/src/sys/backtrace.rs:182:18
[INFO] [stdout]   17:     0x5a71a63f146d - __rustc[ea4f61d10b84890b]::rust_begin_unwind
[INFO] [stdout]                                at /rustc/e3feeb59cd1bdd011a2bfcc0747b55125d9b8527/library/std/src/panicking.rs:676:5
[INFO] [stdout]   18:     0x5a71a643356c - core[a373ad73a504971]::panicking::panic_fmt
[INFO] [stdout]                                at /rustc/e3feeb59cd1bdd011a2bfcc0747b55125d9b8527/library/core/src/panicking.rs:80:14
[INFO] [stdout]   19:     0x5a71a64333d3 - core[a373ad73a504971]::panicking::assert_failed_inner
[INFO] [stdout]                                at /rustc/e3feeb59cd1bdd011a2bfcc0747b55125d9b8527/library/core/src/panicking.rs:452:17
[INFO] [stdout]   20:     0x5a71a57de4d4 - core[a373ad73a504971]::panicking::assert_failed::<std[617be2ca0a6fd877]::path::PathBuf, std[617be2ca0a6fd877]::path::PathBuf>
[INFO] [stdout]                                at /rustc/e3feeb59cd1bdd011a2bfcc0747b55125d9b8527/library/core/src/panicking.rs:407:5
[INFO] [stdout]   21:     0x5a71a57c8707 - zkscraper[a02b05f95fece45a]::pipeline::tests::derives_temp_root_paths
[INFO] [stdout]                                at /opt/rustwide/workdir/src/pipeline.rs:444:9
[INFO] [stdout]   22:     0x5a71a57bf2d7 - zkscraper[a02b05f95fece45a]::pipeline::tests::derives_temp_root_paths::{closure#0}
[INFO] [stdout]                                at /opt/rustwide/workdir/src/pipeline.rs:440:33
[INFO] [stdout]   23:     0x5a71a57134b6 - <zkscraper[a02b05f95fece45a]::pipeline::tests::derives_temp_root_paths::{closure#0} as core[a373ad73a504971]::ops::function::FnOnce<()>>::call_once
[INFO] [stdout]                                at /rustc/e3feeb59cd1bdd011a2bfcc0747b55125d9b8527/library/core/src/ops/function.rs:250:5
[INFO] [stdout]   24:     0x5a71a5b4e9cb - <fn() -> core[a373ad73a504971]::result::Result<(), alloc[2e1b2a31b91974c5]::string::String> as core[a373ad73a504971]::ops::function::FnOnce<()>>::call_once
[INFO] [stdout]                                at /rustc/e3feeb59cd1bdd011a2bfcc0747b55125d9b8527/library/core/src/ops/function.rs:250:5
[INFO] [stdout]   25:     0x5a71a5b4e9cb - test[aada8e7e76ba119b]::__rust_begin_short_backtrace::<core[a373ad73a504971]::result::Result<(), alloc[2e1b2a31b91974c5]::string::String>, fn() -> core[a373ad73a504971]::result::Result<(), alloc[2e1b2a31b91974c5]::string::String>>
[INFO] [stdout]                                at /rustc/e3feeb59cd1bdd011a2bfcc0747b55125d9b8527/library/test/src/lib.rs:701:18
[INFO] [stdout]   26:     0x5a71a5b5bba5 - test[aada8e7e76ba119b]::run_test_in_process::{closure#0}
[INFO] [stdout]                                at /rustc/e3feeb59cd1bdd011a2bfcc0747b55125d9b8527/library/test/src/lib.rs:724:74
[INFO] [stdout]   27:     0x5a71a5b5bba5 - <core[a373ad73a504971]::panic::unwind_safe::AssertUnwindSafe<test[aada8e7e76ba119b]::run_test_in_process::{closure#0}> as core[a373ad73a504971]::ops::function::FnOnce<()>>::call_once
[INFO] [stdout]                                at /rustc/e3feeb59cd1bdd011a2bfcc0747b55125d9b8527/library/core/src/panic/unwind_safe.rs:275:9
[INFO] [stdout]   28:     0x5a71a5b5bba5 - std[617be2ca0a6fd877]::panicking::catch_unwind::do_call::<core[a373ad73a504971]::panic::unwind_safe::AssertUnwindSafe<test[aada8e7e76ba119b]::run_test_in_process::{closure#0}>, core[a373ad73a504971]::result::Result<(), alloc[2e1b2a31b91974c5]::string::String>>
[INFO] [stdout]                                at /rustc/e3feeb59cd1bdd011a2bfcc0747b55125d9b8527/library/std/src/panicking.rs:573:43
[INFO] [stdout]   29:     0x5a71a5b5bba5 - std[617be2ca0a6fd877]::panicking::catch_unwind::<core[a373ad73a504971]::result::Result<(), alloc[2e1b2a31b91974c5]::string::String>, core[a373ad73a504971]::panic::unwind_safe::AssertUnwindSafe<test[aada8e7e76ba119b]::run_test_in_process::{closure#0}>>
[INFO] [stdout]                                at /rustc/e3feeb59cd1bdd011a2bfcc0747b55125d9b8527/library/std/src/panicking.rs:541:19
[INFO] [stdout]   30:     0x5a71a5b5bba5 - std[617be2ca0a6fd877]::panic::catch_unwind::<core[a373ad73a504971]::panic::unwind_safe::AssertUnwindSafe<test[aada8e7e76ba119b]::run_test_in_process::{closure#0}>, core[a373ad73a504971]::result::Result<(), alloc[2e1b2a31b91974c5]::string::String>>
[INFO] [stdout]                                at /rustc/e3feeb59cd1bdd011a2bfcc0747b55125d9b8527/library/std/src/panic.rs:359:14
[INFO] [stdout]   31:     0x5a71a5b5bba5 - test[aada8e7e76ba119b]::run_test_in_process
[INFO] [stdout]                                at /rustc/e3feeb59cd1bdd011a2bfcc0747b55125d9b8527/library/test/src/lib.rs:724:27
[INFO] [stdout]   32:     0x5a71a5b5bba5 - test[aada8e7e76ba119b]::run_test::{closure#0}
[INFO] [stdout]                                at /rustc/e3feeb59cd1bdd011a2bfcc0747b55125d9b8527/library/test/src/lib.rs:645:43
[INFO] [stdout]   33:     0x5a71a5b55494 - test[aada8e7e76ba119b]::run_test::{closure#1}
[INFO] [stdout]                                at /rustc/e3feeb59cd1bdd011a2bfcc0747b55125d9b8527/library/test/src/lib.rs:675:41
[INFO] [stdout]   34:     0x5a71a5b55494 - std[617be2ca0a6fd877]::sys::backtrace::__rust_begin_short_backtrace::<test[aada8e7e76ba119b]::run_test::{closure#1}, ()>
[INFO] [stdout]                                at /rustc/e3feeb59cd1bdd011a2bfcc0747b55125d9b8527/library/std/src/sys/backtrace.rs:166:18
[INFO] [stdout]   35:     0x5a71a5b5ec32 - std[617be2ca0a6fd877]::thread::lifecycle::spawn_unchecked::<test[aada8e7e76ba119b]::run_test::{closure#1}, ()>::{closure#1}::{closure#0}
[INFO] [stdout]                                at /rustc/e3feeb59cd1bdd011a2bfcc0747b55125d9b8527/library/std/src/thread/lifecycle.rs:70:13
[INFO] [stdout]   36:     0x5a71a5b5ec32 - <core[a373ad73a504971]::panic::unwind_safe::AssertUnwindSafe<std[617be2ca0a6fd877]::thread::lifecycle::spawn_unchecked<test[aada8e7e76ba119b]::run_test::{closure#1}, ()>::{closure#1}::{closure#0}> as core[a373ad73a504971]::ops::function::FnOnce<()>>::call_once
[INFO] [stdout]                                at /rustc/e3feeb59cd1bdd011a2bfcc0747b55125d9b8527/library/core/src/panic/unwind_safe.rs:275:9
[INFO] [stdout]   37:     0x5a71a5b5ec32 - std[617be2ca0a6fd877]::panicking::catch_unwind::do_call::<core[a373ad73a504971]::panic::unwind_safe::AssertUnwindSafe<std[617be2ca0a6fd877]::thread::lifecycle::spawn_unchecked<test[aada8e7e76ba119b]::run_test::{closure#1}, ()>::{closure#1}::{closure#0}>, ()>
[INFO] [stdout]                                at /rustc/e3feeb59cd1bdd011a2bfcc0747b55125d9b8527/library/std/src/panicking.rs:573:43
[INFO] [stdout]   38:     0x5a71a5b5ec32 - std[617be2ca0a6fd877]::panicking::catch_unwind::<(), core[a373ad73a504971]::panic::unwind_safe::AssertUnwindSafe<std[617be2ca0a6fd877]::thread::lifecycle::spawn_unchecked<test[aada8e7e76ba119b]::run_test::{closure#1}, ()>::{closure#1}::{closure#0}>>
[INFO] [stdout]                                at /rustc/e3feeb59cd1bdd011a2bfcc0747b55125d9b8527/library/std/src/panicking.rs:541:19
[INFO] [stdout]   39:     0x5a71a5b5ec32 - std[617be2ca0a6fd877]::panic::catch_unwind::<core[a373ad73a504971]::panic::unwind_safe::AssertUnwindSafe<std[617be2ca0a6fd877]::thread::lifecycle::spawn_unchecked<test[aada8e7e76ba119b]::run_test::{closure#1}, ()>::{closure#1}::{closure#0}>, ()>
[INFO] [stdout]                                at /rustc/e3feeb59cd1bdd011a2bfcc0747b55125d9b8527/library/std/src/panic.rs:359:14
[INFO] [stdout]   40:     0x5a71a5b5ec32 - std[617be2ca0a6fd877]::thread::lifecycle::spawn_unchecked::<test[aada8e7e76ba119b]::run_test::{closure#1}, ()>::{closure#1}
[INFO] [stdout]                                at /rustc/e3feeb59cd1bdd011a2bfcc0747b55125d9b8527/library/std/src/thread/lifecycle.rs:68:26
[INFO] [stdout]   41:     0x5a71a5b5ec32 - <std[617be2ca0a6fd877]::thread::lifecycle::spawn_unchecked<test[aada8e7e76ba119b]::run_test::{closure#1}, ()>::{closure#1} as core[a373ad73a504971]::ops::function::FnOnce<()>>::call_once::{shim:vtable#0}
[INFO] [stdout]                                at /rustc/e3feeb59cd1bdd011a2bfcc0747b55125d9b8527/library/core/src/ops/function.rs:250:5
[INFO] [stdout]   42:     0x5a71a64180af - <alloc[2e1b2a31b91974c5]::boxed::Box<dyn core[a373ad73a504971]::ops::function::FnOnce<(), Output = ()> + core[a373ad73a504971]::marker::Send> as core[a373ad73a504971]::ops::function::FnOnce<()>>::call_once
[INFO] [stdout]                                at /rustc/e3feeb59cd1bdd011a2bfcc0747b55125d9b8527/library/alloc/src/boxed.rs:2314:9
[INFO] [stdout]   43:     0x5a71a64180af - <std[617be2ca0a6fd877]::sys::thread::unix::Thread>::new::thread_start
[INFO] [stdout]                                at /rustc/e3feeb59cd1bdd011a2bfcc0747b55125d9b8527/library/std/src/sys/thread/unix.rs:127:17
[INFO] [stdout]   44:     0x70cd0ff2bdfa - <unknown>
[INFO] [stdout]   45:     0x70cd0ffbf3d4 - clone
[INFO] [stdout]   46:                0x0 - <unknown>
[INFO] [stdout] 
[INFO] [stdout] 
[INFO] [stdout] failures:
[INFO] [stdout]     pipeline::tests::derives_temp_root_paths
[INFO] [stdout] 
[INFO] [stdout] test result: FAILED. 33 passed; 1 failed; 0 ignored; 0 measured; 0 filtered out; finished in 1.79s
[INFO] [stdout] 
[INFO] [stderr] error: test failed, to rerun pass `--lib`
[INFO] running `Command { std: "docker" "inspect" "86dd6fc2be14f53f7e4d563b58ac994731bec44eb53d156f15978cb8155e7daa", kill_on_drop: false }`
[INFO] running `Command { std: "docker" "rm" "-f" "86dd6fc2be14f53f7e4d563b58ac994731bec44eb53d156f15978cb8155e7daa", kill_on_drop: false }`
[INFO] [stdout] 86dd6fc2be14f53f7e4d563b58ac994731bec44eb53d156f15978cb8155e7daa
