[INFO] cloning repository https://github.com/dallay/agentsync
[INFO] running `Command { std: "git" "-c" "credential.helper=" "-c" "credential.helper=/workspace/cargo-home/bin/git-credential-null" "clone" "--bare" "https://github.com/dallay/agentsync" "/workspace/cache/git-repos/https%3A%2F%2Fgithub.com%2Fdallay%2Fagentsync", kill_on_drop: false }`
[INFO] [stderr] Cloning into bare repository '/workspace/cache/git-repos/https%3A%2F%2Fgithub.com%2Fdallay%2Fagentsync'...
[INFO] running `Command { std: "git" "rev-parse" "HEAD", kill_on_drop: false }`
[INFO] [stdout] 2ed8dea9299726cccaecd53d503dc91f31168d64
[INFO] testing dallay/agentsync against 1.100.0-beta.1 for beta-1.100-2
[INFO] running `Command { std: "git" "clone" "/workspace/cache/git-repos/https%3A%2F%2Fgithub.com%2Fdallay%2Fagentsync" "/workspace/builds/worker-4-tc2/source", kill_on_drop: false }`
[INFO] [stderr] Cloning into '/workspace/builds/worker-4-tc2/source'...
[INFO] [stderr] done.
[INFO] removed /workspace/builds/worker-4-tc2/source/rust-toolchain.toml
[INFO] started tweaking git repo https://github.com/dallay/agentsync
[INFO] finished tweaking git repo https://github.com/dallay/agentsync
[INFO] tweaked toml for git repo https://github.com/dallay/agentsync written to /workspace/builds/worker-4-tc2/source/Cargo.toml
[INFO] validating manifest of git repo https://github.com/dallay/agentsync on toolchain 1.100.0-beta.1
[INFO] running `Command { std: CARGO_HOME="/workspace/cargo-home" RUSTUP_HOME="/workspace/rustup-home" "/workspace/cargo-home/bin/cargo" "+1.100.0-beta.1" "metadata" "--manifest-path" "Cargo.toml" "--no-deps", kill_on_drop: false }`
[INFO] crate git repo https://github.com/dallay/agentsync already has a lockfile, it will not be regenerated
[INFO] running `Command { std: CARGO_HOME="/workspace/cargo-home" RUSTUP_HOME="/workspace/rustup-home" "/workspace/cargo-home/bin/cargo" "+1.100.0-beta.1" "fetch" "--manifest-path" "Cargo.toml", kill_on_drop: false }`
[INFO] [stderr] warning: `package.homepage` is redundant with `package.repository`
[INFO] [stderr]   --> Cargo.toml:82:12
[INFO] [stderr]    |
[INFO] [stderr] 82 | homepage = "https://github.com/dallay/agentsync"
[INFO] [stderr]    |            ^^^^^^^^^^^^^^^^^^^^^^^^^^^^^^^^^^^^^
[INFO] [stderr] ...
[INFO] [stderr] 87 | repository = "https://github.com/dallay/agentsync"
[INFO] [stderr]    |              -------------------------------------
[INFO] [stderr]    |
[INFO] [stderr]    = note: `cargo::redundant_homepage` is set to `warn` by default
[INFO] [stderr] help: consider removing `package.homepage`
[INFO] [stderr] warning: `agentsync` (manifest) generated 1 warning
[INFO] running `Command { std: "docker" "create" "-v" "/var/lib/crater-agent-workspace/builds/worker-4-tc2/source:/opt/rustwide/workdir:ro,Z" "-v" "/var/lib/crater-agent-workspace/builds/worker-4-tc2/target:/opt/rustwide/target:rw,Z" "-v" "/var/lib/crater-agent-workspace/cargo-home:/opt/rustwide/cargo-home:ro,Z" "-v" "/var/lib/crater-agent-workspace/rustup-home:/opt/rustwide/rustup-home:ro,Z" "-m" "1610612736" "--network" "none" "ghcr.io/rust-lang/crates-build-env/linux@sha256:3111399a4047eeb3a02b7a90e478d715f38a8c6669b5c4b49d30a17385265909" "sleep" "infinity", kill_on_drop: false }`
[INFO] [stdout] d8b23272d9626ad2ac201808db32bac6796137eb30b6e281733e17d336892cb5
[INFO] running `Command { std: "docker" "start" "d8b23272d9626ad2ac201808db32bac6796137eb30b6e281733e17d336892cb5", kill_on_drop: false }`
[INFO] running `Command { std: "docker" "inspect" "d8b23272d9626ad2ac201808db32bac6796137eb30b6e281733e17d336892cb5", kill_on_drop: false }`
[INFO] running `Command { std: "docker" "exec" "-e" "SOURCE_DIR=/opt/rustwide/workdir" "-e" "CARGO_HOME=/opt/rustwide/cargo-home" "-e" "RUSTUP_HOME=/opt/rustwide/rustup-home" "-e" "CARGO_TARGET_DIR=/opt/rustwide/target" "-w" "/opt/rustwide/workdir" "--user" "0:0" "d8b23272d9626ad2ac201808db32bac6796137eb30b6e281733e17d336892cb5" "/opt/rustwide/cargo-home/bin/cargo" "+1.100.0-beta.1" "metadata" "--no-deps" "--format-version=1", kill_on_drop: false }`
[INFO] running `Command { std: "docker" "inspect" "d8b23272d9626ad2ac201808db32bac6796137eb30b6e281733e17d336892cb5", kill_on_drop: false }`
[INFO] running `Command { std: "docker" "exec" "-e" "SOURCE_DIR=/opt/rustwide/workdir" "-e" "CARGO_HOME=/opt/rustwide/cargo-home" "-e" "RUSTUP_HOME=/opt/rustwide/rustup-home" "-e" "CARGO_TARGET_DIR=/opt/rustwide/target" "-e" "CARGO_INCREMENTAL=0" "-e" "RUST_BACKTRACE=full" "-e" "RUSTFLAGS=--cap-lints=warn" "-e" "RUSTDOCFLAGS=--cap-lints=warn" "-w" "/opt/rustwide/workdir" "--user" "0:0" "d8b23272d9626ad2ac201808db32bac6796137eb30b6e281733e17d336892cb5" "/opt/rustwide/cargo-home/bin/cargo" "+1.100.0-beta.1" "build" "--frozen" "--message-format=json", kill_on_drop: false }`
[INFO] [stderr] warning: `package.homepage` is redundant with `package.repository`
[INFO] [stderr]   --> Cargo.toml:82:12
[INFO] [stderr]    |
[INFO] [stderr] 82 | homepage = "https://github.com/dallay/agentsync"
[INFO] [stderr]    |            ^^^^^^^^^^^^^^^^^^^^^^^^^^^^^^^^^^^^^
[INFO] [stderr] ...
[INFO] [stderr] 87 | repository = "https://github.com/dallay/agentsync"
[INFO] [stderr]    |              -------------------------------------
[INFO] [stderr]    |
[INFO] [stderr]    = note: `cargo::redundant_homepage` is set to `warn` by default
[INFO] [stderr] help: consider removing `package.homepage`
[INFO] [stderr] warning: `agentsync` (manifest) generated 1 warning
[INFO] [stderr]    Compiling syn v3.0.3
[INFO] [stderr]    Compiling syn v2.0.119
[INFO] [stderr]    Compiling log v0.4.33
[INFO] [stderr]    Compiling allocator-api2 v0.2.21
[INFO] [stderr]    Compiling foldhash v0.2.0
[INFO] [stderr]    Compiling zeroize v1.9.0
[INFO] [stderr]    Compiling jobserver v0.1.35
[INFO] [stderr]    Compiling typenum v1.20.1
[INFO] [stderr]    Compiling mio v1.2.2
[INFO] [stderr]    Compiling serde_core v1.0.229
[INFO] [stderr]    Compiling dunce v1.0.5
[INFO] [stderr]    Compiling cc v1.4.3
[INFO] [stderr]    Compiling fs_extra v1.3.0
[INFO] [stderr]    Compiling hybrid-array v0.4.14
[INFO] [stderr]    Compiling hashbrown v0.17.1
[INFO] [stderr]    Compiling tracing-core v0.1.36
[INFO] [stderr]    Compiling rustix v1.1.4
[INFO] [stderr]    Compiling crypto-common v0.2.2
[INFO] [stderr]    Compiling unicode-segmentation v1.13.3
[INFO] [stderr]    Compiling indexmap v2.14.0
[INFO] [stderr]    Compiling aws-lc-rs v1.18.0
[INFO] [stderr]    Compiling cmake v0.1.58
[INFO] [stderr]    Compiling cmov v0.5.4
[INFO] [stderr]    Compiling rustversion v1.0.23
[INFO] [stderr]    Compiling slab v0.4.12
[INFO] [stderr]    Compiling ctutils v0.4.2
[INFO] [stderr]    Compiling block-buffer v0.12.1
[INFO] [stderr]    Compiling rustls-pki-types v1.15.1
[INFO] [stderr]    Compiling thiserror v2.0.21
[INFO] [stderr]    Compiling const-oid v0.10.2
[INFO] [stderr]    Compiling aws-lc-sys v0.44.0
[INFO] [stderr]    Compiling libz-sys v1.1.29
[INFO] [stderr]    Compiling futures-sink v0.3.34
[INFO] [stderr]    Compiling ident_case v1.0.1
[INFO] [stderr]    Compiling miniz_oxide v0.9.1
[INFO] [stderr]    Compiling digest v0.11.3
[INFO] [stderr]    Compiling zstd-sys v2.0.16+zstd.1.5.7
[INFO] [stderr]    Compiling errno v0.3.14
[INFO] [stderr]    Compiling signal-hook v0.3.18
[INFO] [stderr]    Compiling futures-task v0.3.34
[INFO] [stderr]    Compiling darling_core v0.24.0
[INFO] [stderr]    Compiling untrusted v0.9.0
[INFO] [stderr]    Compiling zlib-rs v0.6.7
[INFO] [stderr]    Compiling rustls v0.23.45
[INFO] [stderr]    Compiling either v1.17.0
[INFO] [stderr]    Compiling itertools v0.14.0
[INFO] [stderr]    Compiling castaway v0.2.4
[INFO] [stderr]    Compiling signal-hook-registry v1.4.8
[INFO] [stderr]    Compiling synstructure v0.13.2
[INFO] [stderr]    Compiling zerovec-derive v0.11.4
[INFO] [stderr]    Compiling displaydoc v0.2.7
[INFO] [stderr]    Compiling tokio-macros v2.7.2
[INFO] [stderr]    Compiling serde_derive v1.0.229
[INFO] [stderr]    Compiling thiserror-impl v2.0.21
[INFO] [stderr]    Compiling tokio v1.53.2
[INFO] [stderr]    Compiling futures-macro v0.3.34
[INFO] [stderr]    Compiling zerofrom-derive v0.1.7
[INFO] [stderr]    Compiling yoke-derive v0.8.2
[INFO] [stderr]    Compiling tracing-attributes v0.1.31
[INFO] [stderr]    Compiling zerofrom v0.1.8
[INFO] [stderr]    Compiling flate2 v1.1.10
[INFO] [stderr]    Compiling yoke v0.8.3
[INFO] [stderr]    Compiling zerovec v0.11.7
[INFO] [stderr]    Compiling zerotrie v0.2.5
[INFO] [stderr]    Compiling futures-util v0.3.34
[INFO] [stderr]    Compiling strum_macros v0.28.0
[INFO] [stderr]    Compiling tinystr v0.8.4
[INFO] [stderr]    Compiling potential_utf v0.1.6
[INFO] [stderr]    Compiling icu_collections v2.3.0
[INFO] [stderr]    Compiling icu_locale_core v2.3.0
[INFO] [stderr]    Compiling tracing v0.1.44
[INFO] [stderr]    Compiling darling_macro v0.24.0
[INFO] [stderr]    Compiling convert_case v0.10.0
[INFO] [stderr]    Compiling serde v1.0.229
[INFO] [stderr]    Compiling icu_provider v2.3.0
[INFO] [stderr]    Compiling icu_properties v2.3.0
[INFO] [stderr]    Compiling icu_normalizer v2.3.0
[INFO] [stderr]    Compiling hashbrown v0.16.1
[INFO] [stderr]    Compiling try-lock v0.2.5
[INFO] [stderr]    Compiling cpufeatures v0.3.0
[INFO] [stderr]    Compiling instability v0.3.13
[INFO] [stderr]    Compiling getrandom v0.4.3
[INFO] [stderr]    Compiling compact_str v0.9.1
[INFO] [stderr]    Compiling want v0.3.1
[INFO] [stderr]    Compiling strum v0.28.0
[INFO] [stderr]    Compiling derive_more-impl v2.1.1
[INFO] [stderr]    Compiling darling v0.24.0
[INFO] [stderr]    Compiling unicode-truncate v2.0.1
[INFO] [stderr]    Compiling kasuari v0.4.12
[INFO] [stderr]    Compiling lru v0.18.2
[INFO] [stderr]    Compiling indoc v2.0.7
[INFO] [stderr]    Compiling zstd-safe v7.2.4
[INFO] [stderr]    Compiling compression-core v0.4.32
[INFO] [stderr]    Compiling tokio-util v0.7.19
[INFO] [stderr]    Compiling litrs v1.0.0
[INFO] [stderr]    Compiling serde_json v1.0.151
[INFO] [stderr]    Compiling idna_adapter v1.2.2
[INFO] [stderr]    Compiling idna v1.1.0
[INFO] [stderr]    Compiling h2 v0.4.16
[INFO] [stderr]    Compiling compression-codecs v0.4.38
[INFO] [stderr]    Compiling document-features v0.2.12
[INFO] [stderr]    Compiling ratatui-core v0.1.2
[INFO] [stderr]    Compiling regex-automata v0.4.18
[INFO] [stderr]    Compiling derive_more v2.1.1
[INFO] [stderr]    Compiling signal-hook-mio v0.2.5
[INFO] [stderr]    Compiling form_urlencoded v1.2.2
[INFO] [stderr]    Compiling inout v0.2.2
[INFO] [stderr]    Compiling sync_wrapper v1.0.2
[INFO] [stderr]    Compiling base64 v0.22.1
[INFO] [stderr]    Compiling openssl-probe v0.2.1
[INFO] [stderr]    Compiling winnow v1.0.4
[INFO] [stderr]    Compiling ipnet v2.12.1
[INFO] [stderr]    Compiling tower v0.5.3
[INFO] [stderr]    Compiling rustls-native-certs v0.8.4
[INFO] [stderr]    Compiling cipher v0.5.2
[INFO] [stderr]    Compiling toml_parser v1.1.3+spec-1.1.0
[INFO] [stderr]    Compiling url v2.5.8
[INFO] [stderr]    Compiling crossterm v0.29.0
[INFO] [stderr]    Compiling hyper v1.11.0
[INFO] [stderr]    Compiling async-compression v0.4.43
[INFO] [stderr]    Compiling sha2 v0.11.0
[INFO] [stderr]    Compiling toml_datetime v1.1.1+spec-1.1.0
[INFO] [stderr]    Compiling hmac v0.13.0
[INFO] [stderr]    Compiling line-clipping v0.3.8
[INFO] [stderr]    Compiling time-core v0.1.9
[INFO] [stderr]    Compiling cpubits v0.1.1
[INFO] [stderr]    Compiling deranged v0.5.8
[INFO] [stderr]    Compiling toml_writer v1.1.2+spec-1.1.0
[INFO] [stderr]    Compiling libbz2-rs-sys v0.2.5
[INFO] [stderr]    Compiling num-conv v0.2.2
[INFO] [stderr]    Compiling powerfmt v0.2.0
[INFO] [stderr]    Compiling hyper-util v0.1.20
[INFO] [stderr]    Compiling lazy_static v1.5.1
[INFO] [stderr]    Compiling sharded-slab v0.1.7
[INFO] [stderr]    Compiling lzma-rust2 v0.16.5
[INFO] [stderr]    Compiling time v0.3.55
[INFO] [stderr]    Compiling bzip2 v0.6.1
[INFO] [stderr]    Compiling tempfile v3.27.0
[INFO] [stderr]    Compiling zopfli v0.8.3
[INFO] [stderr]    Compiling clap_builder v4.6.7
[INFO] [stderr]    Compiling aes v0.9.2
[INFO] [stderr]    Compiling ratatui-widgets v0.3.2
[INFO] [stderr]    Compiling matchers v0.2.0
[INFO] [stderr]    Compiling pbkdf2 v0.13.0
[INFO] [stderr]    Compiling tower-http v0.6.11
[INFO] [stderr]    Compiling zstd v0.13.3
[INFO] [stderr]    Compiling ratatui-crossterm v0.1.2
[INFO] [stderr]    Compiling sha1 v0.11.0
[INFO] [stderr]    Compiling tracing-serde v0.2.0
[INFO] [stderr]    Compiling clap_derive v4.6.7
[INFO] [stderr]    Compiling xattr v1.6.1
[INFO] [stderr]    Compiling serde_spanned v1.1.1
[INFO] [stderr]    Compiling console v0.16.4
[INFO] [stderr]    Compiling tracing-log v0.2.0
[INFO] [stderr]    Compiling filetime v0.2.29
[INFO] [stderr]    Compiling thread_local v1.1.10
[INFO] [stderr]    Compiling unsafe-libyaml v0.2.11
[INFO] [stderr]    Compiling deflate64 v0.1.12
[INFO] [stderr]    Compiling typed-path v0.12.3
[INFO] [stderr]    Compiling base64 v0.23.1
[INFO] [stderr]    Compiling ppmd-rust v1.4.0
[INFO] [stderr]    Compiling nu-ansi-term v0.50.3
[INFO] [stderr]    Compiling shell-words v1.1.1
[INFO] [stderr]    Compiling constant_time_eq v0.4.2
[INFO] [stderr]    Compiling clap v4.6.7
[INFO] [stderr]    Compiling dialoguer v0.12.0
[INFO] [stderr]    Compiling serde_yaml v0.9.34+deprecated
[INFO] [stderr]    Compiling walkdir v2.5.0
[INFO] [stderr]    Compiling tracing-subscriber v0.3.23
[INFO] [stderr]    Compiling chrono v0.4.45
[INFO] [stderr]    Compiling tar v0.4.46
[INFO] [stderr]    Compiling zip v8.6.0
[INFO] [stderr]    Compiling ratatui v0.30.2
[INFO] [stderr]    Compiling toml v1.1.6+spec-1.1.0
[INFO] [stderr]    Compiling dirs v7.0.0
[INFO] [stderr]    Compiling toml_edit v0.25.15+spec-1.1.0
[INFO] [stderr]    Compiling regex v1.13.1
[INFO] [stderr]    Compiling is-terminal v0.4.17
[INFO] [stderr]    Compiling semver v1.0.28
[INFO] [stderr]    Compiling pathdiff v0.2.3
[INFO] [stderr]    Compiling colored v3.1.1
[INFO] [stderr]    Compiling urlencoding v2.1.3
[INFO] [stderr]    Compiling rustls-webpki v0.103.14
[INFO] [stderr]    Compiling tokio-rustls v0.26.4
[INFO] [stderr]    Compiling rustls-platform-verifier v0.7.0
[INFO] [stderr]    Compiling hyper-rustls v0.27.9
[INFO] [stderr]    Compiling reqwest v0.13.5
[INFO] [stderr]    Compiling agentsync v1.51.0 (/opt/rustwide/workdir)
[INFO] [stderr]     Finished `dev` profile [unoptimized + debuginfo] target(s) in 3m 45s
[INFO] running `Command { std: "docker" "inspect" "d8b23272d9626ad2ac201808db32bac6796137eb30b6e281733e17d336892cb5", kill_on_drop: false }`
[INFO] running `Command { std: "docker" "exec" "-e" "SOURCE_DIR=/opt/rustwide/workdir" "-e" "CARGO_HOME=/opt/rustwide/cargo-home" "-e" "RUSTUP_HOME=/opt/rustwide/rustup-home" "-e" "CARGO_TARGET_DIR=/opt/rustwide/target" "-e" "CARGO_INCREMENTAL=0" "-e" "RUST_BACKTRACE=full" "-e" "RUSTFLAGS=--cap-lints=warn" "-e" "RUSTDOCFLAGS=--cap-lints=warn" "-w" "/opt/rustwide/workdir" "--user" "0:0" "d8b23272d9626ad2ac201808db32bac6796137eb30b6e281733e17d336892cb5" "/opt/rustwide/cargo-home/bin/cargo" "+1.100.0-beta.1" "test" "--frozen" "--no-run" "--message-format=json", kill_on_drop: false }`
[INFO] [stderr] warning: `package.homepage` is redundant with `package.repository`
[INFO] [stderr]   --> Cargo.toml:82:12
[INFO] [stderr]    |
[INFO] [stderr] 82 | homepage = "https://github.com/dallay/agentsync"
[INFO] [stderr]    |            ^^^^^^^^^^^^^^^^^^^^^^^^^^^^^^^^^^^^^
[INFO] [stderr] ...
[INFO] [stderr] 87 | repository = "https://github.com/dallay/agentsync"
[INFO] [stderr]    |              -------------------------------------
[INFO] [stderr]    |
[INFO] [stderr]    = note: `cargo::redundant_homepage` is set to `warn` by default
[INFO] [stderr] help: consider removing `package.homepage`
[INFO] [stderr] warning: `agentsync` (manifest) generated 1 warning
[INFO] [stderr]    Compiling rand_core v0.10.1
[INFO] [stderr]    Compiling getrandom v0.4.3
[INFO] [stderr]    Compiling chacha20 v0.10.1
[INFO] [stderr]    Compiling tempfile v3.27.0
[INFO] [stderr]    Compiling zip v8.6.0
[INFO] [stderr]    Compiling rand v0.10.3
[INFO] [stderr]    Compiling dialoguer v0.12.0
[INFO] [stderr]    Compiling agentsync v1.51.0 (/opt/rustwide/workdir)
[INFO] [stderr]     Finished `test` profile [unoptimized + debuginfo] target(s) in 1m 26s
[INFO] running `Command { std: "docker" "inspect" "d8b23272d9626ad2ac201808db32bac6796137eb30b6e281733e17d336892cb5", kill_on_drop: false }`
[INFO] running `Command { std: "docker" "exec" "-e" "SOURCE_DIR=/opt/rustwide/workdir" "-e" "CARGO_HOME=/opt/rustwide/cargo-home" "-e" "RUSTUP_HOME=/opt/rustwide/rustup-home" "-e" "CARGO_TARGET_DIR=/opt/rustwide/target" "-e" "CARGO_INCREMENTAL=0" "-e" "RUST_BACKTRACE=full" "-e" "RUSTFLAGS=--cap-lints=warn" "-e" "RUSTDOCFLAGS=--cap-lints=warn" "-w" "/opt/rustwide/workdir" "--user" "0:0" "d8b23272d9626ad2ac201808db32bac6796137eb30b6e281733e17d336892cb5" "/opt/rustwide/cargo-home/bin/cargo" "+1.100.0-beta.1" "test" "--frozen", kill_on_drop: false }`
[INFO] [stderr] warning: `package.homepage` is redundant with `package.repository`
[INFO] [stderr]   --> Cargo.toml:82:12
[INFO] [stderr]    |
[INFO] [stderr] 82 | homepage = "https://github.com/dallay/agentsync"
[INFO] [stderr]    |            ^^^^^^^^^^^^^^^^^^^^^^^^^^^^^^^^^^^^^
[INFO] [stderr] ...
[INFO] [stderr] 87 | repository = "https://github.com/dallay/agentsync"
[INFO] [stderr]    |              -------------------------------------
[INFO] [stderr]    |
[INFO] [stderr]    = note: `cargo::redundant_homepage` is set to `warn` by default
[INFO] [stderr] help: consider removing `package.homepage`
[INFO] [stderr] warning: `agentsync` (manifest) generated 1 warning
[INFO] [stderr]     Finished `test` profile [unoptimized + debuginfo] target(s) in 0.53s
[INFO] [stderr]      Running unittests src/lib.rs (/opt/rustwide/target/debug/build/agentsync/85a1d46591103ba0/out/agentsync-85a1d46591103ba0)
[INFO] [stdout] 
[INFO] [stdout] running 632 tests
[INFO] [stdout] test agent_ids::tests::test_canonical_configurable_agent_id_aliases ... ok
[INFO] [stdout] test agent_ids::tests::test_known_ignore_patterns_aider ... ok
[INFO] [stdout] test agent_ids::tests::test_canonical_mcp_agent_id_aliases ... ok
[INFO] [stdout] test agent_ids::tests::test_known_ignore_patterns_amazonq ... ok
[INFO] [stdout] test agent_ids::tests::test_known_ignore_patterns_factory ... ok
[INFO] [stdout] test agent_ids::tests::test_agent_convention_filename_unknown ... ok
[INFO] [stdout] test agent_ids::tests::test_known_ignore_patterns_firebase ... ok
[INFO] [stdout] test agent_ids::tests::test_known_ignore_patterns_firebender ... ok
[INFO] [stdout] test agent_ids::tests::test_known_ignore_patterns_goose ... ok
[INFO] [stdout] test agent_ids::tests::test_agent_convention_filename_aliases ... ok
[INFO] [stdout] test agent_ids::tests::test_known_ignore_patterns_jetbrains ... ok
[INFO] [stdout] test agent_ids::tests::test_known_ignore_patterns_crush ... ok
[INFO] [stdout] test agent_ids::tests::test_known_ignore_patterns_opencode_dirs ... ok
[INFO] [stdout] test agent_ids::tests::test_known_ignore_patterns_openhands ... ok
[INFO] [stdout] test agent_ids::tests::test_agent_convention_filename_case_insensitive ... ok
[INFO] [stdout] test agent_ids::tests::test_known_ignore_patterns_roo ... ok
[INFO] [stdout] test agent_ids::tests::test_known_ignore_patterns_trae ... ok
[INFO] [stdout] test agent_ids::tests::test_known_ignore_patterns_unknown_returns_empty ... ok
[INFO] [stdout] test agent_ids::tests::test_known_ignore_patterns_uses_aliases ... ok
[INFO] [stdout] test agent_ids::tests::test_known_ignore_patterns_vibe ... ok
[INFO] [stdout] test agent_ids::tests::test_known_ignore_patterns_warp ... ok
[INFO] [stdout] test agent_ids::tests::test_known_ignore_patterns_augment ... ok
[INFO] [stdout] test agent_ids::tests::test_sync_filter_matches_alias_and_substring ... ok
[INFO] [stdout] test agent_ids::tests::test_known_ignore_patterns_cline ... ok
[INFO] [stdout] test agent_ids::tests::test_sync_filter_matches_configurable_agent_aliases ... ok
[INFO] [stdout] test agent_ids::tests::test_known_ignore_patterns_kilocode ... ok
[INFO] [stdout] test agent_ids::tests::test_known_ignore_patterns_kiro ... ok
[INFO] [stdout] test agent_ids::tests::test_known_ignore_patterns_windsurf ... ok
[INFO] [stdout] test agent_ids::tests::test_mcp_filter_matches_alias_and_substring ... ok
[INFO] [stdout] test config::tests::test_all_gitignore_entries_collects_destinations ... ok
[INFO] [stdout] test config::tests::test_all_gitignore_entries_deduplicates ... ok
[INFO] [stdout] test config::tests::test_all_gitignore_entries_includes_backup_patterns ... ok
[INFO] [stdout] test config::tests::test_all_gitignore_entries_manual_entries_plus_known ... ok
[INFO] [stdout] test config::tests::test_all_gitignore_entries_includes_known_patterns_for_alias_agents ... ok
[INFO] [stdout] test config::tests::test_all_gitignore_entries_module_map_deduplicates_expanded_entries ... ok
[INFO] [stdout] test config::tests::test_all_gitignore_entries_module_map_disabled_agent_skipped ... ok
[INFO] [stdout] test config::tests::test_all_gitignore_entries_deduplicates_known_patterns ... ok
[INFO] [stdout] test config::tests::test_all_gitignore_entries_disabled_agents_no_known_patterns ... ok
[INFO] [stdout] test config::tests::test_all_gitignore_entries_includes_known_patterns ... ok
[INFO] [stdout] test config::tests::test_all_gitignore_entries_root_destinations_and_backups_are_root_scoped ... ok
[INFO] [stdout] test config::tests::test_all_gitignore_entries_root_level_known_patterns_are_root_scoped ... ok
[INFO] [stdout] test config::tests::test_all_gitignore_entries_manual_bare_entry_remains_unchanged ... ok
[INFO] [stdout] test config::tests::test_all_gitignore_entries_skips_disabled_agents ... ok
[INFO] [stdout] test config::tests::test_all_gitignore_entries_module_map_expands_mappings ... ok
[INFO] [stdout] test config::tests::test_all_gitignore_entries_sorted ... ok
[INFO] [stdout] test config::tests::test_default_agents_parsing ... ok
[INFO] [stdout] test config::tests::test_all_gitignore_entries_module_map_with_filename_override ... ok
[INFO] [stdout] test config::tests::test_default_agents_empty_by_default ... ok
[INFO] [stdout] test config::tests::test_default_agents_single_agent ... ok
[INFO] [stdout] test config::tests::test_find_config_in_root ... ok
[INFO] [stdout] test config::tests::test_find_config_prefers_agents_dir ... ok
[INFO] [stdout] test config::tests::test_gitignore_config_disabled ... ok
[INFO] [stdout] test config::tests::test_default_agents_with_other_config ... ok
[INFO] [stdout] test config::tests::test_known_ignore_patterns_case_insensitive ... ok
[INFO] [stdout] test config::tests::test_find_config_in_agents_dir ... ok
[INFO] [stdout] test config::tests::test_gitignore_config_custom_marker ... ok
[INFO] [stdout] test config::tests::test_known_ignore_patterns_claude ... ok
[INFO] [stdout] test config::tests::test_gitignore_config_defaults ... ok
[INFO] [stdout] test config::tests::test_find_config_searches_parent_dirs ... ok
[INFO] [stdout] test config::tests::test_known_ignore_patterns_gemini ... ok
[INFO] [stdout] test config::tests::test_known_ignore_patterns_opencode ... ok
[INFO] [stdout] test config::tests::test_known_ignore_patterns_vscode ... ok
[INFO] [stdout] test config::tests::test_load_config_exceeds_max_size ... ok
[INFO] [stdout] test config::tests::test_known_ignore_patterns_codex ... ok
[INFO] [stdout] test config::tests::test_known_ignore_patterns_codex_aliases ... ok
[INFO] [stdout] test config::tests::test_known_ignore_patterns_copilot ... ok
[INFO] [stdout] test config::tests::test_known_ignore_patterns_unknown_agent ... ok
[INFO] [stdout] test config::tests::test_known_ignore_patterns_cursor ... ok
[INFO] [stdout] test config::tests::test_load_config_file_not_found ... ok
[INFO] [stdout] test config::tests::test_mcp_config_disabled ... ok
[INFO] [stdout] test config::tests::test_mcp_config_defaults ... ok
[INFO] [stdout] test config::tests::test_load_config_invalid_toml ... ok
[INFO] [stdout] test config::tests::test_find_config_not_found ... ok
[INFO] [stdout] test config::tests::test_load_config_from_file ... ok
[INFO] [stdout] test config::tests::test_mcp_full_config_with_agents ... ok
[INFO] [stdout] test config::tests::test_mcp_server_disabled ... ok
[INFO] [stdout] test config::tests::test_nested_glob_destination_not_added_to_gitignore ... ok
[INFO] [stdout] test config::tests::test_parse_compress_agents_md_enabled ... ok
[INFO] [stdout] test config::tests::test_parse_config_with_defaults ... ok
[INFO] [stdout] test config::tests::test_parse_empty_config ... ok
[INFO] [stdout] test config::tests::test_parse_full_config ... ok
[INFO] [stdout] test config::tests::test_parse_invalid_sync_type ... ok
[INFO] [stdout] test config::tests::test_parse_minimal_config ... ok
[INFO] [stdout] test config::tests::test_mcp_server_stdio_config ... ok
[INFO] [stdout] test config::tests::test_mcp_server_with_env ... ok
[INFO] [stdout] test config::tests::test_parse_missing_required_fields ... ok
[INFO] [stdout] test config::tests::test_parse_module_map_sync_type ... ok
[INFO] [stdout] test config::tests::test_parse_module_mapping_struct ... ok
[INFO] [stdout] test config::tests::test_parse_target_config_without_mappings_defaults ... ok
[INFO] [stdout] test config::tests::test_parse_plugin_config ... ok
[INFO] [stdout] test config::tests::test_mcp_merge_strategy_overwrite ... ok
[INFO] [stdout] test config::tests::test_parse_nested_glob_target ... ok
[INFO] [stdout] test config::tests::test_project_root_nested_agents_dir ... ok
[INFO] [stdout] test config::tests::test_project_root_from_agents_dir ... ok
[INFO] [stdout] test config::tests::test_mcp_multiple_servers ... ok
[INFO] [stdout] test config::tests::test_project_root_from_root_config ... ok
[INFO] [stdout] test config::tests::test_mcp_server_config_serialization ... ok
[INFO] [stdout] test config::tests::test_resolve_module_map_filename_convention_claude ... ok
[INFO] [stdout] test config::tests::test_mcp_server_remote_url ... ok
[INFO] [stdout] test config::tests::test_resolve_module_map_filename_fallback_unknown_agent ... ok
[INFO] [stdout] test config::tests::test_resolve_module_map_filename_convention_opencode ... ok
[INFO] [stdout] test config::tests::test_resolve_module_map_filename_override_beats_convention ... ok
[INFO] [stdout] test config::tests::test_source_dir_custom ... ok
[INFO] [stdout] test config::tests::test_resolve_module_map_filename_convention_copilot ... ok
[INFO] [stdout] test config::tests::test_resolve_module_map_filename_convention_is_case_insensitive ... ok
[INFO] [stdout] test config::tests::test_resolve_module_map_filename_override ... ok
[INFO] [stdout] test gitignore::tests::test_cleanup_gitignore_is_noop_when_matching_block_missing ... ok
[INFO] [stdout] test config::tests::test_source_dir_default ... ok
[INFO] [stdout] test config::tests::test_sync_type_symlink ... ok
[INFO] [stdout] test gitignore::tests::test_cleanup_gitignore_respects_custom_marker ... ok
[INFO] [stdout] test gitignore::tests::test_remove_managed_section_empty_managed ... ok
[INFO] [stdout] test gitignore::tests::test_remove_managed_section_not_present ... ok
[INFO] [stdout] test gitignore::tests::test_cleanup_gitignore_removes_matching_managed_block ... ok
[INFO] [stdout] test gitignore::tests::test_remove_managed_section_preserves_whitespace ... ok
[INFO] [stdout] test gitignore::tests::test_update_gitignore_creates_new_file ... ok
[INFO] [stdout] test gitignore::tests::test_update_gitignore_custom_marker ... ok
[INFO] [stdout] test gitignore::tests::test_update_gitignore_dry_run ... ok
[INFO] [stdout] test agent_ids::tests::test_agent_convention_filename_known_agents ... ok
[INFO] [stdout] test config::tests::test_sync_type_symlink_contents ... ok
[INFO] [stdout] test gitignore::tests::test_cleanup_gitignore_dry_run_does_not_modify_existing ... ok
[INFO] [stdout] test gitignore::tests::test_remove_managed_section ... ok
[INFO] [stdout] test gitignore::tests::test_remove_managed_section_at_end ... ok
[INFO] [stdout] test gitignore::tests::test_update_gitignore_appends_to_existing ... ok
[INFO] [stdout] test gitignore::tests::test_remove_managed_section_at_start ... ok
[INFO] [stdout] test gitignore::tests::test_update_gitignore_multiple_entries ... ok
[INFO] [stdout] test gitignore::tests::test_update_gitignore_dry_run_does_not_modify_existing ... ok
[INFO] [stdout] test gitignore::tests::test_update_gitignore_rejects_newline_in_marker ... ok
[INFO] [stdout] test gitignore::tests::test_update_gitignore_preserves_trailing_content ... ok
[INFO] [stdout] test gitignore::tests::test_update_gitignore_empty_entries ... ok
[INFO] [stdout] test gitignore::tests::test_update_gitignore_idempotent ... ok
[INFO] [stdout] test gitignore::tests::test_update_gitignore_rejects_newline_in_entries ... ok
[INFO] [stdout] test gitignore::tests::test_update_gitignore_with_special_characters_in_entries ... ok
[INFO] [stdout] test init::tests::test_backup_moves_directories ... ok
[INFO] [stdout] test gitignore::tests::test_update_gitignore_replaces_existing_section ... ok
[INFO] [stdout] test init::tests::test_backup_moves_files ... ok
[INFO] [stdout] test init::tests::test_build_skills_wizard_choices_is_empty_without_selected_skills_targets ... ok
[INFO] [stdout] test init::tests::test_build_default_config_with_skills_modes_custom_base ... ok
[INFO] [stdout] test init::tests::test_agent_config_layout_omits_targets_not_present_in_generated_config ... ok
[INFO] [stdout] test init::tests::test_build_default_config_with_skills_modes_only_changes_requested_skills_targets ... ok
[INFO] [stdout] test init::tests::test_build_skills_wizard_choices_preserves_existing_directory_symlink ... ok
[INFO] [stdout] test init::tests::test_build_wizard_layout_facts_uses_rendered_config_targets_and_modes ... ok
[INFO] [stdout] test init::tests::test_default_config_agents_are_enabled ... ok
[INFO] [stdout] test init::tests::test_default_config_all_agents_have_skills_symlink_target ... ok
[INFO] [stdout] test init::tests::test_copy_dir_all ... ok
[INFO] [stdout] test init::tests::test_copy_dir_all_with_symlinks ... ok
[INFO] [stdout] test init::tests::test_default_agents_md_contains_sections ... ok
[INFO] [stdout] test init::tests::test_default_config_claude_has_commands_target ... ok
[INFO] [stdout] test init::tests::test_default_config_contains_gemini_agent ... ok
[INFO] [stdout] test init::tests::test_default_config_is_valid_toml ... ok
[INFO] [stdout] test init::tests::test_experimental_tui_context_requires_safe_interactive_terminal ... ok
[INFO] [stdout] test init::tests::test_default_config_contains_expected_agents ... ok
[INFO] [stdout] test init::tests::test_default_config_contains_opencode_agent ... ok
[INFO] [stdout] test init::tests::test_init_creates_agents_directory ... ok
[INFO] [stdout] test init::tests::test_experimental_tui_intro_frame_renders_context_and_controls ... ok
[INFO] [stdout] test init::tests::test_default_config_gitignore_enabled ... ok
[INFO] [stdout] test init::tests::test_init_creates_commands_directory ... ok
[INFO] [stdout] test init::tests::test_init_creates_skills_directory ... ok
[INFO] [stdout] test init::tests::test_init_creates_agents_md ... ok
[INFO] [stdout] test init::tests::test_init_creates_config_file ... ok
[INFO] [stdout] test init::tests::test_init_with_config_content ... ok
[INFO] [stdout] test init::tests::test_init_creates_nested_structure ... ok
[INFO] [stdout] test init::tests::test_init_with_existing_agents_dir ... ok
[INFO] [stdout] test init::tests::test_init_does_not_overwrite_without_force ... ok
[INFO] [stdout] test init::tests::test_render_wizard_summary_includes_canonical_apply_and_git_guidance ... ok
[INFO] [stdout] test init::tests::test_render_wizard_summary_reports_backup_outcomes_and_avoids_unsafe_claims ... ok
[INFO] [stdout] test gitignore::tests::test_update_gitignore_preserves_mtime_if_unchanged ... ok
[INFO] [stdout] test init::tests::test_resolve_config_template_explicit_invalid_toml ... ok
[INFO] [stdout] test init::tests::test_resolve_config_template_explicit_missing_file ... ok
[INFO] [stdout] test init::tests::test_merge_multiple_instruction_files ... ok
[INFO] [stdout] test init::tests::test_missing_terminal_tui_error_only_blocks_non_tty_contexts ... ok
[INFO] [stdout] test init::tests::test_render_agent_config_layout_section_includes_markers_and_mode_specific_wording ... ok
[INFO] [stdout] test init::tests::test_resolve_config_template_user_config_no_agents_falls_back ... ok
[INFO] [stdout] test init::tests::test_resolve_config_template_flag_overrides_xdg ... ok
[INFO] [stdout] test init::tests::test_resolve_config_template_no_flag_no_xdg_returns_default ... ok
[INFO] [stdout] test init::tests::test_resolve_config_template_explicit_no_agents_errors ... ok
[INFO] [stdout] test init::tests::test_resolve_config_template_explicit_valid_file ... ok
[INFO] [stdout] test init::tests::test_collect_post_init_skills_warnings_stays_quiet_for_matching_symlink_mode ... ok
[INFO] [stdout] test init::tests::test_resolve_user_config_path_xdg_config_home ... ok
[INFO] [stdout] test init::tests::test_resolve_config_template_xdg_invalid_warns_and_falls_back ... ok
[INFO] [stdout] test init::tests::test_resolve_skills_mode_selection_allows_override ... ok
[INFO] [stdout] test init::tests::test_resolve_user_config_path_home_fallback ... ok
[INFO] [stdout] test init::tests::test_resolve_user_config_path_none_when_no_paths_exist ... ok
[INFO] [stdout] test init::tests::test_init_overwrites_with_force ... ok
[INFO] [stdout] test init::tests::test_resolve_config_template_xdg_config_home_valid ... ok
[INFO] [stdout] test init::tests::test_scan_agent_files_empty_project ... ok
[INFO] [stdout] test init::tests::test_scan_agent_files_finds_amp_instructions ... ok
[INFO] [stdout] test init::tests::test_collect_post_init_skills_warnings_reports_override_mismatch ... ok
[INFO] [stdout] test init::tests::test_scan_agent_files_finds_aider_config ... ok
[INFO] [stdout] test init::tests::test_scan_agent_files_finds_amazonq_mcp_config ... ok
[INFO] [stdout] test init::tests::test_scan_agent_files_finds_claude_commands ... ok
[INFO] [stdout] test init::tests::test_scan_agent_files_finds_antigravity_skills ... ok
[INFO] [stdout] test init::tests::test_scan_agent_files_finds_claude_md ... ok
[INFO] [stdout] test init::tests::test_scan_agent_files_finds_augment_rules ... ok
[INFO] [stdout] test init::tests::test_scan_agent_files_finds_claude_skills_with_content ... ok
[INFO] [stdout] test init::tests::test_scan_agent_files_finds_clinerules ... ok
[INFO] [stdout] test init::tests::test_scan_agent_files_finds_codex_config ... ok
[INFO] [stdout] test init::tests::test_scan_agent_files_finds_cursor_dir ... ok
[INFO] [stdout] test init::tests::test_scan_agent_files_finds_cursor_mcp_config ... ok
[INFO] [stdout] test init::tests::test_scan_agent_files_finds_cursor_skills ... ok
[INFO] [stdout] test init::tests::test_scan_agent_files_finds_factory_dir ... ok
[INFO] [stdout] test init::tests::test_scan_agent_files_finds_copilot_mcp_config ... ok
[INFO] [stdout] test init::tests::test_scan_agent_files_finds_claude_skills_alongside_claude_md ... ok
[INFO] [stdout] test init::tests::test_scan_agent_files_finds_crush_md ... ok
[INFO] [stdout] test init::tests::test_scan_agent_files_finds_factory_mcp_config ... ok
[INFO] [stdout] test init::tests::test_scan_agent_files_finds_factory_skills ... ok
[INFO] [stdout] test init::tests::test_scan_agent_files_finds_gemini_skills ... ok
[INFO] [stdout] test init::tests::test_scan_agent_files_finds_goosehints ... ok
[INFO] [stdout] test init::tests::test_scan_agent_files_finds_gemini_commands ... ok
[INFO] [stdout] test init::tests::test_scan_agent_files_finds_firebender_json ... ok
[INFO] [stdout] test init::tests::test_scan_agent_files_finds_jetbrains_rules ... ok
[INFO] [stdout] test init::tests::test_scan_agent_files_finds_junie_dir ... ok
[INFO] [stdout] test init::tests::test_scan_agent_files_finds_firebase_rules ... ok
[INFO] [stdout] test init::tests::test_scan_agent_files_finds_gemini_md ... ok
[INFO] [stdout] test init::tests::test_scan_agent_files_finds_codex_skills ... ok
[INFO] [stdout] test init::tests::test_scan_agent_files_finds_copilot_instructions ... ok
[INFO] [stdout] test init::tests::test_scan_agent_files_finds_amazonq_rules ... ok
[INFO] [stdout] test init::tests::test_scan_agent_files_finds_kiro_mcp_config ... ok
[INFO] [stdout] test init::tests::test_scan_agent_files_finds_kiro_steering ... ok
[INFO] [stdout] test init::tests::test_scan_agent_files_finds_mcp_json ... ok
[INFO] [stdout] test init::tests::test_scan_agent_files_finds_kilocode_dir ... ok
[INFO] [stdout] test init::tests::test_scan_agent_files_finds_kilocode_mcp_config ... ok
[INFO] [stdout] test init::tests::test_scan_agent_files_finds_opencode_commands ... ok
[INFO] [stdout] test init::tests::test_scan_agent_files_finds_opencode_config ... ok
[INFO] [stdout] test init::tests::test_scan_agent_files_finds_multiple ... ok
[INFO] [stdout] test init::tests::test_scan_agent_files_finds_opencode_skills ... ok
[INFO] [stdout] test init::tests::test_scan_agent_files_finds_skills_alongside_parent_dir ... ok
[INFO] [stdout] test init::tests::test_scan_agent_files_finds_openhands_microagents ... ok
[INFO] [stdout] test init::tests::test_scan_agent_files_finds_roo_mcp_config ... ok
[INFO] [stdout] test init::tests::test_scan_agent_files_finds_warp_md ... ok
[INFO] [stdout] test init::tests::test_scan_agent_files_finds_root_agents_md ... ok
[INFO] [stdout] test init::tests::test_scan_agent_files_finds_roo_rules ... ok
[INFO] [stdout] test init::tests::test_scan_agent_files_ignores_absent_claude_skills ... ok
[INFO] [stdout] test init::tests::test_scan_agent_files_finds_windsurf_mcp_config ... ok
[INFO] [stdout] test init::tests::test_scan_agent_files_finds_vibe_dir ... ok
[INFO] [stdout] test init::tests::test_scan_agent_files_ignores_empty_claude_skills ... ok
[INFO] [stdout] test init::tests::test_scan_agent_files_finds_trae_rules ... ok
[INFO] [stdout] test init::tests::test_scan_agent_files_finds_vibe_skills ... ok
[INFO] [stdout] test init::tests::test_scan_agent_files_finds_windsurf_rules ... ok
[INFO] [stdout] test init::tests::test_scan_agent_files_ignores_empty_command_directory ... ok
[INFO] [stdout] test init::tests::test_scan_agent_files_finds_windsurf_dir ... ok
[INFO] [stdout] test init::tests::test_wizard_selection_helpers_use_renderer_decisions_without_dialoguer ... ok
[INFO] [stdout] test init::tests::test_scan_agent_files_finds_roo_skills ... ok
[INFO] [stdout] test init::tests::test_wizard_preserve_without_force_leaves_existing_agents_md_unchanged ... ok
[INFO] [stdout] test init::tests::test_upsert_agent_config_layout_block_places_block_after_default_intro ... ok
[INFO] [stdout] test init::tests::test_scan_agent_files_ignores_empty_skill_directory ... ok
[INFO] [stdout] test init::tests::test_scan_agent_files_ignores_opencode_md ... ok
[INFO] [stdout] test init::tests::test_upsert_agent_config_layout_block_places_block_after_migrated_header ... ok
[INFO] [stdout] test init::tests::test_upsert_agent_config_layout_block_replaces_existing_managed_block_idempotently ... ok
[INFO] [stdout] test init::tests::test_wizard_skill_migration_handles_mixed_content ... ok
[INFO] [stdout] test init::tests::test_wizard_skill_migration_skips_collisions ... ok
[INFO] [stdout] test linker::apply::tests::compress_agents_md_content_preserves_leading_indentation_outside_fences ... ok
[INFO] [stdout] test linker::apply::tests::compress_agents_md_content_collapses_blank_lines_and_whitespace ... ok
[INFO] [stdout] test linker::apply::tests::compress_agents_md_content_handles_tilde_fences_like_backtick_fences ... ok
[INFO] [stdout] test linker::apply::tests::compressed_agents_md_path_replaces_file_name ... ok
[INFO] [stdout] test linker::apply::tests::detect_fence_delimiter_recognizes_backtick_and_tilde_fences ... ok
[INFO] [stdout] test init::tests::test_wizard_skill_migration_copies_skills ... ok
[INFO] [stdout] test linker::apply::tests::module_map_destination_joins_directory_and_resolved_filename ... ok
[INFO] [stdout] test linker::apply::tests::compress_agents_md_content_preserves_whitespace_inside_fences ... ok
[INFO] [stdout] test linker::apply::tests::normalize_inline_whitespace_to_appends_to_existing_content ... ok
[INFO] [stdout] test linker::apply::tests::compress_agents_md_content_trims_trailing_whitespace ... ok
[INFO] [stdout] test linker::apply::tests::is_agents_md_path_matches_exact_filename_only ... ok
[INFO] [stdout] test linker::apply::tests::split_leading_whitespace_separates_indentation_from_content ... ok
[INFO] [stdout] test linker::apply::tests::module_map_destination_falls_back_to_source_basename_for_unknown_agent ... ok
[INFO] [stdout] test linker::apply::tests::normalize_inline_whitespace_to_collapses_runs_of_whitespace ... ok
[INFO] [stdout] test linker::apply::tests::toggle_fence_ignores_mismatched_delimiter_while_open ... ok
[INFO] [stdout] test linker::apply::tests::module_map_destination_honors_filename_override ... ok
[INFO] [stdout] test init::tests::test_wizard_template_flow_end_to_end ... ok
[INFO] [stdout] test linker::clean::tests::clean_symlink_contents_target_is_noop_for_missing_destination ... ok
[INFO] [stdout] test linker::clean::tests::clean_symlink_contents_target_leaves_regular_files_untouched ... ok
[INFO] [stdout] test linker::apply::tests::detect_fence_delimiter_ignores_non_fence_lines ... ok
[INFO] [stdout] test linker::apply::tests::toggle_fence_opens_and_closes_matching_delimiter ... ok
[INFO] [stdout] test linker::discovery::tests::expand_destination_template_passes_through_unknown_placeholder ... ok
[INFO] [stdout] test linker::discovery::tests::expand_destination_template_with_no_placeholders_is_unchanged ... ok
[INFO] [stdout] test linker::clean::tests::clean_module_map_target_skips_mapping_with_invalid_destination ... ok
[INFO] [stdout] test linker::clean::tests::clean_removes_symlinks_even_for_disabled_agents ... ok
[INFO] [stdout] test linker::clean::tests::clean_symlink_target_skips_invalid_destination_without_error ... ok
[INFO] [stdout] test linker::discovery::tests::expand_destination_template_handles_unterminated_brace_literally ... ok
[INFO] [stdout] test linker::discovery::tests::path_glob_match_iter_empty_path_matches_only_all_double_star_pattern ... ok
[INFO] [stdout] test linker::discovery::tests::expand_destination_template_supports_multiple_placeholders_in_one_template ... ok
[INFO] [stdout] test linker::discovery::tests::path_glob_match_iter_handles_multiple_backtracks_for_leading_double_star ... ok
[INFO] [stdout] test linker::paths::tests::canonical_fallback_path_preserves_absolute_path_outside_project_root ... ok
[INFO] [stdout] test linker::paths::tests::canonical_fallback_path_canonicalizes_absolute_path_inside_project_root ... ok
[INFO] [stdout] test linker::paths::tests::relative_path_errs_when_source_missing_and_not_allowed ... ok
[INFO] [stdout] test linker::paths::tests::relative_path_uses_project_root_fallback_when_dest_dir_missing ... ok
[INFO] [stdout] test linker::paths::tests::canonicalize_cache_returns_stale_value_until_invalidated ... ok
[INFO] [stdout] test linker::paths::tests::ensure_safe_destination_rejects_cross_platform_unsafe_paths ... ok
[INFO] [stdout] test linker::paths::tests::revalidate_path_rejects_parent_dir_component ... ok
[INFO] [stdout] test linker::paths::tests::revalidate_unlink_path_accepts_absolute_path_inside_root ... ok
[INFO] [stdout] test linker::paths::tests::relative_path_computes_correct_relative_target ... ok
[INFO] [stdout] test linker::paths::tests::revalidate_unlink_path_accepts_absolute_symlink_target_outside_root ... ok
[INFO] [stdout] test linker::discovery::tests::get_nested_glob_matches_returns_sorted_rel_paths ... ok
[INFO] [stdout] test linker::paths::tests::relative_path_falls_back_when_source_missing_and_allowed ... ok
[INFO] [stdout] test linker::paths::tests::revalidate_unlink_path_rejects_relative_parent_dir_component ... ok
[INFO] [stdout] test linker::paths::tests::revalidate_unlink_path_rejects_absolute_path_outside_root ... ok
[INFO] [stdout] test linker::paths::tests::invalidate_path_drops_exact_and_descendant_keys_only ... ok
[INFO] [stdout] test linker::paths::tests::scoped_invalidation_keeps_sibling_from_dir_cached ... ok
[INFO] [stdout] test linker::paths::tests::revalidate_unlink_path_rejects_relative_path_whose_parent_escapes_root ... ok
[INFO] [stdout] test linker::paths::tests::revalidate_path_accepts_path_with_nonexistent_ancestors ... ok
[INFO] [stdout] test linker::paths::tests::sync_clears_path_cache_between_runs ... ok
[INFO] [stdout] test linker::paths::tests::revalidate_unlink_path_accepts_relative_path_with_nonexistent_parent ... ok
[INFO] [stdout] test linker::paths::tests::revalidate_unlink_path_accepts_relative_top_level_path ... ok
[INFO] [stdout] test linker::symlinks::tests::backup_path_for_destination_appends_bak_suffix ... ok
[INFO] [stdout] test linker::symlinks::tests::backup_path_for_destination_is_relative_when_input_is_relative ... ok
[INFO] [stdout] test linker::symlinks::tests::backup_path_for_destination_preserves_extensionless_names ... ok
[INFO] [stdout] test linker::paths::tests::sync_retains_path_cache_entries_within_run ... ok
[INFO] [stdout] test linker::symlinks::tests::contents_missing_source_dir_skips_identically ... ok
[INFO] [stdout] test linker::symlinks::tests::create_symlink_broken_symlink_no_backup ... ok
[INFO] [stdout] test linker::symlinks::tests::create_symlink_nonexistent_dest_creates ... ok
[INFO] [stdout] test linker::symlinks::tests::create_symlink_propagates_probe_error_on_loop_dest ... ok
[INFO] [stdout] test linker::symlinks::tests::contents_broken_symlink_child_still_skipped ... ok
[INFO] [stdout] test linker::symlinks::tests::remove_existing_path_removes_nonempty_directory ... ok
[INFO] [stdout] test linker::symlinks::tests::create_symlink_valid_symlink_wrong_target_updates ... ok
[INFO] [stdout] test linker::symlinks::tests::remove_existing_path_removes_symlink_without_following_target ... ok
[INFO] [stdout] test linker::symlinks::tests::remove_existing_path_is_noop_for_missing_path ... ok
[INFO] [stdout] test linker::symlinks::tests::create_symlink_regular_file_dest_backs_up ... ok
[INFO] [stdout] test linker::symlinks::tests::resolve_source_path_with_hint_some_true_skips_duplicate_stat ... ok
[INFO] [stdout] test linker::symlinks::tests::remove_symlink_errs_for_missing_path ... ok
[INFO] [stdout] test linker::symlinks::tests::contents_regular_children_all_created ... ok
[INFO] [stdout] test linker::symlinks::tests::remove_symlink_removes_file_symlink ... ok
[INFO] [stdout] test linker::symlinks::tests::create_symlink_valid_symlink_already_correct_skips ... ok
[INFO] [stdout] test linker::symlinks::tests::sorted_dir_entries_returns_sorted_file_names ... ok
[INFO] [stdout] test linker::tests::test_clean_dry_run ... ok
[INFO] [stdout] test linker::symlinks::tests::remove_existing_path_removes_regular_file ... ok
[INFO] [stdout] test linker::tests::test_clean_removes_symlinks ... ok
[INFO] [stdout] test linker::symlinks::tests::resolve_source_path_with_hint_none_falls_back_to_stat ... ok
[INFO] [stdout] test linker::tests::test_ensure_safe_destination_rejects_empty_and_parent_traversal ... ok
[INFO] [stdout] test linker::tests::test_linker_config_accessor ... ok
[INFO] [stdout] test linker::tests::test_linker_new ... ok
[INFO] [stdout] test linker::tests::test_ensure_safe_destination_rejects_symlink_ancestor_escape ... ok
[INFO] [stdout] test linker::tests::test_linker_project_root_accessor ... ok
[INFO] [stdout] test linker::tests::test_module_map_clean_dry_run ... ok
[INFO] [stdout] test linker::tests::test_module_map_clean_removes_symlinks ... ok
[INFO] [stdout] test linker::tests::test_expand_destination_template_nested_file ... ok
[INFO] [stdout] test linker::tests::test_expand_destination_template_root_file ... ok
[INFO] [stdout] test linker::tests::test_module_map_clean_skips_invalid_destination ... ok
[INFO] [stdout] test linker::tests::test_ensure_safe_destination_uses_fresh_canonicalization ... ok
[INFO] [stdout] test linker::tests::test_module_map_clean_skips_non_symlink_files ... ok
[INFO] [stdout] test linker::tests::test_module_map_empty_mappings ... ok
[INFO] [stdout] test linker::tests::test_module_map_creates_symlinks ... ok
[INFO] [stdout] test linker::tests::test_ensure_safe_destination_rejects_absolute_path_and_accepts_valid_relative ... ok
[INFO] [stdout] test linker::tests::test_module_map_sync_dry_run ... ok
[INFO] [stdout] test linker::tests::test_clean_symlink_contents ... ok
[INFO] [stdout] test linker::tests::test_module_map_nested_convention_path_creates_intermediate_directories ... ok
[INFO] [stdout] test linker::tests::test_module_map_filename_override ... ok
[INFO] [stdout] test linker::tests::test_module_map_sync_is_idempotent_when_symlink_already_matches ... ok
[INFO] [stdout] test linker::tests::test_nested_glob_clean_removes_symlinks ... ok
[INFO] [stdout] test linker::tests::test_module_map_missing_source_skipped_and_other_mappings_continue ... ok
[INFO] [stdout] test linker::tests::test_module_map_sync_skips_invalid_destination ... ok
[INFO] [stdout] test linker::tests::test_nested_glob_clean_skips_invalid_expanded_destination ... ok
[INFO] [stdout] test linker::tests::test_nested_glob_excludes_patterns ... ok
[INFO] [stdout] test linker::tests::test_nested_glob_sync_skips_empty_expanded_destination ... ok
[INFO] [stdout] test linker::tests::test_nested_glob_creates_symlinks_for_discovered_files ... ok
[INFO] [stdout] test linker::tests::test_nested_glob_skips_missing_search_root ... ok
[INFO] [stdout] test linker::tests::test_path_glob_double_star_does_not_match_wrong_name ... ok
[INFO] [stdout] test linker::tests::test_path_glob_double_star_in_middle ... ok
[INFO] [stdout] test linker::tests::test_path_glob_double_star_matches_nested ... ok
[INFO] [stdout] test linker::tests::test_path_glob_exact_match ... ok
[INFO] [stdout] test linker::tests::test_path_glob_exclusion_patterns ... ok
[INFO] [stdout] test linker::tests::test_nested_glob_sync_skips_invalid_expanded_destination ... ok
[INFO] [stdout] test linker::tests::test_path_glob_single_star_does_not_cross_separator ... ok
[INFO] [stdout] test linker::tests::test_pattern_matching ... ok
[INFO] [stdout] test linker::tests::test_path_glob_match_iter_double_star_middle ... ok
[INFO] [stdout] test linker::tests::test_pattern_matching_asterisk_middle ... ok
[INFO] [stdout] test linker::tests::test_path_glob_match_iter_non_matching ... ok
[INFO] [stdout] test linker::tests::test_pattern_matching_edge_cases ... ok
[INFO] [stdout] test linker::tests::test_pattern_matching_question_marks ... ok
[INFO] [stdout] test linker::tests::test_sync_all_enabled_when_no_default_agents_and_no_cli ... ok
[INFO] [stdout] test linker::tests::test_pattern_matching_mixed ... ok
[INFO] [stdout] test linker::tests::test_pattern_matching_multiple_asterisks ... ok
[INFO] [stdout] test linker::tests::test_sync_cli_filter_supports_aliases ... ok
[INFO] [stdout] test linker::tests::test_sync_cli_agents_overrides_default_agents ... ok
[INFO] [stdout] test linker::tests::test_path_glob_match_iter_trailing_double_star_zero_segments ... ok
[INFO] [stdout] test linker::tests::test_sync_compresses_agents_md_when_enabled ... ok
[INFO] [stdout] test linker::tests::test_sync_default_agents_case_insensitive ... ok
[INFO] [stdout] test linker::tests::test_sync_creates_parent_directories ... ok
[INFO] [stdout] test linker::tests::test_sync_creates_symlink ... ok
[INFO] [stdout] test linker::tests::test_sync_default_agents_support_aliases ... ok
[INFO] [stdout] test linker::tests::test_nested_glob_dry_run_does_not_create_files ... ok
[INFO] [stdout] test linker::tests::test_sync_dry_run_does_not_create_files ... ok
[INFO] [stdout] test linker::tests::test_module_map_unknown_agent_uses_source_basename ... ok
[INFO] [stdout] test linker::tests::test_sync_filters_by_agent_name ... ok
[INFO] [stdout] test linker::tests::test_sync_filters_by_agent_name_case_insensitive ... ok
[INFO] [stdout] test linker::tests::test_sync_mcp_no_agents_configured_returns_empty ... ok
[INFO] [stdout] test linker::tests::test_sync_mcp_no_servers_returns_empty ... ok
[INFO] [stdout] test linker::tests::test_sync_options_default ... ok
[INFO] [stdout] test linker::tests::test_sync_mcp_cli_filter_supports_aliases ... ok
[INFO] [stdout] test linker::tests::test_sync_result_default ... ok
[INFO] [stdout] test linker::tests::test_nested_glob_invalidates_cache_after_compressed_write ... ok
[INFO] [stdout] test linker::tests::test_sync_mcp_disabled_returns_empty ... ok
[INFO] [stdout] test linker::tests::test_sync_mcp_default_agents_support_aliases ... ok
[INFO] [stdout] test linker::tests::test_sync_mcp_only_creates_for_configured_agents ... ok
[INFO] [stdout] test linker::tests::test_sync_mcp_creates_codex_config_file ... ok
[INFO] [stdout] test linker::tests::test_sync_mcp_creates_config_files ... ok
[INFO] [stdout] test linker::tests::test_sync_skips_already_correct_symlink ... ok
[INFO] [stdout] test linker::tests::test_sync_resets_caches_between_runs ... ok
[INFO] [stdout] test linker::tests::test_sync_skips_missing_source ... ok
[INFO] [stdout] test linker::tests::test_sync_symlink_contents_with_pattern ... ok
[INFO] [stdout] test linker::tests::test_sync_symlink_directory_replaces_existing_backup ... ok
[INFO] [stdout] test linker::tests::test_sync_skips_disabled_agents ... ok
[INFO] [stdout] test linker::tests::test_sync_symlink_contents_compresses_agents_md ... ok
[INFO] [stdout] test linker::tests::test_sync_symlink_contents_skips_circular_destination ... ok
[INFO] [stdout] test linker::tests::test_sync_symlink_directory_for_skills ... ok
[INFO] [stdout] test linker::timing::tests::set_timing_none_removes_a_previously_installed_sink ... ok
[INFO] [stdout] test linker::tests::test_sync_symlink_contents ... ok
[INFO] [stdout] test linker::tests::test_sync_uses_default_agents_when_no_cli_filter ... ok
[INFO] [stdout] test linker::tests::test_sync_symlink_directory_upgrades_existing_dir ... ok
[INFO] [stdout] test linker::timing::tests::timing_sink_derives_metadata_without_double_counting ... ok
[INFO] [stdout] test linker::timing::tests::timing_sink_metadata_subtracts_discovery_for_glob_cells ... ok
[INFO] [stdout] test linker::timing::tests::timing_sink_target_spans_preserve_insertion_order_and_sum ... ok
[INFO] [stdout] test linker::timing::tests::linker_sync_records_timing_spans ... ok
[INFO] [stdout] test linker::timing::tests::timing_span_guard_records_elapsed_into_the_matching_accumulator_on_drop ... ok
[INFO] [stdout] test logging::tests::log_format_display_roundtrip ... ok
[INFO] [stdout] test logging::tests::log_format_from_str_case_insensitive ... ok
[INFO] [stdout] test linker::timing::tests::timing_span_returns_none_when_no_sink_is_installed ... ok
[INFO] [stdout] test logging::tests::log_format_from_str_empty_rejected ... ok
[INFO] [stdout] test logging::tests::log_format_from_str_human ... ok
[INFO] [stdout] test logging::tests::log_format_from_str_json ... ok
[INFO] [stdout] test logging::tests::redact_url_handles_url_without_scheme ... ok
[INFO] [stdout] test logging::tests::redact_url_leaves_plain_url_untouched ... ok
[INFO] [stdout] test logging::tests::log_format_from_str_whitespace_trimmed ... ok
[INFO] [stdout] test logging::tests::log_format_from_str_invalid_rejected ... ok
[INFO] [stdout] test logging::tests::redact_url_strips_both_userinfo_and_query ... ok
[INFO] [stdout] test logging::tests::redact_url_strips_query_but_keeps_path ... ok
[INFO] [stdout] test logging::tests::redact_url_strips_scheme_relative_credentials_and_preserves_fragment ... ok
[INFO] [stdout] test logging::tests::redact_url_strips_userinfo ... ok
[INFO] [stdout] test logging::tests::resolve_level_filter_defaults_to_info ... ok
[INFO] [stdout] test logging::tests::resolve_level_filter_flag_beats_rust_log ... ok
[INFO] [stdout] test logging::tests::resolve_level_filter_preserves_target_directives ... ok
[INFO] [stdout] test logging::tests::resolve_level_filter_rust_log_off ... ok
[INFO] [stdout] test logging::tests::resolve_level_filter_rust_log_when_no_flag ... ok
[INFO] [stdout] test linker::timing::tests::timing_sink_reset_clears_all_spans ... ok
[INFO] [stdout] test linker::timing::tests::linker_sync_records_discovery_span_for_nested_glob ... ok
[INFO] [stdout] test linker::timing::tests::sync_type_name_maps_every_variant_to_a_stable_name ... ok
[INFO] [stdout] test linker::tests::test_sync_updates_existing_symlink_with_different_target ... ok
[INFO] [stdout] test mcp::tests::test_agent_from_id ... ok
[INFO] [stdout] test linker::timing::tests::timing_sink_metadata_saturates_instead_of_underflowing ... ok
[INFO] [stdout] test mcp::tests::test_agent_all_returns_all_agents ... ok
[INFO] [stdout] test mcp::tests::test_agent_config_paths ... ok
[INFO] [stdout] test mcp::tests::test_claude_desktop_formatter_basic ... ok
[INFO] [stdout] test mcp::tests::test_claude_formatter_merge ... ok
[INFO] [stdout] test mcp::tests::test_claude_desktop_formatter_cleanup_preserves_settings ... ok
[INFO] [stdout] test mcp::tests::test_claude_desktop_formatter_creates_from_empty ... ok
[INFO] [stdout] test mcp::tests::test_claude_formatter_merge_override ... ok
[INFO] [stdout] test mcp::tests::test_claude_desktop_resolved_config_path ... ok
[INFO] [stdout] test mcp::tests::test_claude_formatter_orders_servers_deterministically ... ok
[INFO] [stdout] test mcp::tests::test_claude_formatter_basic ... ok
[INFO] [stdout] test mcp::tests::test_codex_formatter_cleanup_removed_servers ... ok
[INFO] [stdout] test mcp::tests::test_cleanup_removed_servers_opencode ... ok
[INFO] [stdout] test mcp::tests::test_codex_formatter_merge_override ... ok
[INFO] [stdout] test mcp::tests::test_codex_formatter_uses_http_headers_and_omits_type ... ok
[INFO] [stdout] test mcp::tests::test_codex_formatter_parse_existing ... ok
[INFO] [stdout] test mcp::tests::test_codex_formatter_merge_preserves_other_settings ... ok
[INFO] [stdout] test mcp::tests::test_claude_formatter_parse_existing ... ok
[INFO] [stdout] test mcp::tests::test_claude_desktop_formatter_preserves_other_settings ... ok
[INFO] [stdout] test mcp::tests::test_claude_desktop_is_global ... ok
[INFO] [stdout] test mcp::tests::test_cleanup_removed_servers_gemini ... ok
[INFO] [stdout] test mcp::tests::test_codex_formatter_format_to_string ... ok
[INFO] [stdout] test mcp::tests::test_generator_creates_parent_directories ... ok
[INFO] [stdout] test mcp::tests::test_generator_creates_parent_directories_codex ... ok
[INFO] [stdout] test mcp::tests::test_gemini_formatter_adds_trust ... ok
[INFO] [stdout] test mcp::tests::test_gemini_formatter_preserves_other_settings ... ok
[INFO] [stdout] test mcp::tests::test_generator_dry_run ... ok
[INFO] [stdout] test mcp::tests::test_generator_fixes_permissive_existing_permissions ... ok
[INFO] [stdout] test mcp::tests::test_generator_merge_removal_cleanup ... ok
[INFO] [stdout] test mcp::tests::test_generator_deduplicates_shared_paths ... ok
[INFO] [stdout] test mcp::tests::test_generator_merge_strategy ... ok
[INFO] [stdout] test mcp::tests::test_generator_merge_all_servers_removed ... ok
[INFO] [stdout] test mcp::tests::test_generator_skips_disabled_servers ... ok
[INFO] [stdout] test mcp::tests::test_generator_merge_no_removal_needed ... ok
[INFO] [stdout] test mcp::tests::test_generator_overwrite_strategy ... ok
[INFO] [stdout] test mcp::tests::test_generator_overwrite_strategy_opencode ... ok
[INFO] [stdout] test mcp::tests::test_mcp_output_enabled_servers ... ok
[INFO] [stdout] test mcp::tests::test_opencode_formatter_basic ... ok
[INFO] [stdout] test mcp::tests::test_generator_sets_restricted_permissions ... ok
[INFO] [stdout] test mcp::tests::test_server_to_json_http ... ok
[INFO] [stdout] test mcp::tests::test_server_to_json_orders_env_and_headers ... ok
[INFO] [stdout] test mcp::tests::test_generator_creates_config ... ok
[INFO] [stdout] test mcp::tests::test_server_to_json_stdio ... ok
[INFO] [stdout] test plugins::tests::allowed_mcp_validation_rejects_malformed_duplicate_and_wildcard_entries ... ok
[INFO] [stdout] test mcp::tests::test_generator_overwrite_strategy_gemini ... ok
[INFO] [stdout] test mcp::tests::test_generator_generate_all ... ok
[INFO] [stdout] test plugins::tests::apply_requires_a_local_snapshot_for_locked_git_sources ... ok
[INFO] [stdout] test plugins::tests::apply_offline_does_not_restore_missing_snapshot ... ok
[INFO] [stdout] test plugins::tests::discovery_records_unsupported_plugin_components_without_executing_them ... ok
[INFO] [stdout] test plugins::tests::discovery_rejects_invalid_skill_and_mcp_declarations ... ok
[INFO] [stdout] test plugins::tests::discovery_supports_claude_manifest_path_entries_and_empty_plugins ... ok
[INFO] [stdout] test plugins::tests::discovery_rejects_missing_and_unsafe_marketplace_shapes ... ok
[INFO] [stdout] test plugins::tests::git_snapshot_read_rejects_symlink_root ... ok
[INFO] [stdout] test plugins::tests::filesystem_helpers_reject_symlinks_and_register_plugin_owners ... ok
[INFO] [stdout] test plugins::tests::helper_transactions_cover_owner_and_config_edge_cases ... ok
[INFO] [stdout] test plugins::tests::lockfile_round_trip_is_deterministic ... ok
[INFO] [stdout] test mcp::tests::test_get_enabled_agents_from_config ... ok
[INFO] [stdout] test mcp::tests::test_opencode_formatter_merge_orders_servers_deterministically ... ok
[INFO] [stdout] test mcp::tests::test_opencode_formatter_preserves_other_settings ... ok
[INFO] [stdout] test plugins::tests::mutable_git_reference_resolves_to_a_commit_shape ... ok
[INFO] [stdout] test plugins::tests::path_validation_rejects_traversal_and_absolute_paths ... ok
[INFO] [stdout] test plugins::tests::plugin_lock_validation_rejects_inconsistent_entries ... ok
[INFO] [stdout] test plugins::tests::materialization_rejects_symlinked_and_non_directory_destinations ... ok
[INFO] [stdout] test mcp::tests::test_generator_skips_identical_content ... ok
[INFO] [stdout] test plugins::tests::plugin_mcp_rejects_partial_environment_references ... ok
[INFO] [stdout] test plugins::tests::plugin_mcp_rejects_literal_credentials_but_accepts_environment_references ... ok
[INFO] [stdout] test plugins::tests::plugin_source_hash_rejects_excessive_content_size ... ok
[INFO] [stdout] test plugins::tests::plugin_manager_covers_offline_and_source_cache_paths ... ok
[INFO] [stdout] test plugins::tests::git_snapshot_write_rejects_symlinked_cache_parent ... ok
[INFO] [stdout] test plugins::tests::stale_approvals_fail_before_lock_or_snapshot_access ... ok
[INFO] [stdout] test plugins::tests::snapshot_status_validation_rejects_each_locked_drift_kind ... ok
[INFO] [stdout] test plugins::tests::apply_restores_missing_git_snapshot_without_changing_lock ... ok
[INFO] [stdout] test plugins::tests::stale_plugin_mcp_approval_fails_before_snapshot_restore ... ok
[INFO] [stdout] test plugins::tests::restore_uses_lock_location_not_config_marketplace_source ... ok
[INFO] [stdout] test plugins::tests::apply_does_not_repair_invalid_snapshot_but_restore_does ... ok
[INFO] [stdout] test plugins::tests::restore_fetches_locked_sha_without_writing_lock_or_config ... ok
[INFO] [stdout] test skills::catalog::tests::test_approved_external_skill_ids_is_strictly_sorted_and_unique ... ok
[INFO] [stdout] test plugins::tests::status_report_returns_empty_when_plugins_are_disabled_or_unselected ... ok
[INFO] [stdout] test skills::catalog::tests::test_approved_external_skill_id_lookup_finds_binary_search_boundaries ... ok
[INFO] [stdout] test skills::detect::tests::collect_package_names_reads_pipfile_dependencies ... ok
[INFO] [stdout] test skills::catalog::tests::test_approved_external_skill_id_lookup_rejects_near_boundary_values ... ok
[INFO] [stdout] test skills::detect::tests::collect_package_names_reads_nested_requirements_txt_dependencies ... ok
[INFO] [stdout] test skills::detect::tests::collect_package_names_reads_requirements_txt_dependencies ... ok
[INFO] [stdout] test skills::detect::tests::collect_package_names_with_nested_includes_nested_packages ... ok
[INFO] [stdout] test skills::detect::tests::collect_package_names_reads_pyproject_dependencies ... ok
[INFO] [stdout] test skills::detect::tests::discover_nested_projects_finds_multiple_manifests ... ok
[INFO] [stdout] test skills::detect::tests::discover_nested_projects_finds_dockerfile_in_subdirectory ... ok
[INFO] [stdout] test skills::install::tests::archive_entry_copy_enforces_decompressed_limit ... ok
[INFO] [stdout] test plugins::tests::plugin_source_and_url_helpers_cover_supported_and_rejected_shapes ... ok
[INFO] [stdout] test skills::install::tests::authenticated_archive_urls_require_https_and_github_hosts ... ok
[INFO] [stdout] test plugins::tests::status_report_covers_allowed_server_declaration ... ok
[INFO] [stdout] test plugins::tests::status_report_covers_git_pending_and_raw_server_declaration ... ok
[INFO] [stdout] test skills::install::tests::fetch_remote_response_rejects_too_many_redirects ... ok
[INFO] [stdout] test skills::install::tests::test_archive_ext_strips_query_and_fragment ... ok
[INFO] [stdout] test skills::install::tests::test_archive_path_is_unsafe_backslash_prefix ... ok
[INFO] [stdout] test skills::install::tests::test_archive_path_is_unsafe_safe_paths ... ok
[INFO] [stdout] test skills::install::tests::test_copy_dir_recursively_basic ... ok
[INFO] [stdout] test skills::install::tests::test_fetch_local_data_directory ... ok
[INFO] [stdout] test skills::install::tests::test_fetch_local_data_file ... ok
[INFO] [stdout] test skills::install::tests::fetch_remote_data_rejects_untrusted_authenticated_url ... ok
[INFO] [stdout] test skills::install::tests::test_fetch_local_data_file_uri_escapes_project_root ... ok
[INFO] [stdout] test skills::install::tests::test_find_best_skill_dir_fallback ... ok
[INFO] [stdout] test skills::install::tests::fetch_remote_data_uses_async_temporary_file_operations ... ok
[INFO] [stdout] test skills::install::tests::test_find_best_skill_dir_root_manifest ... ok
[INFO] [stdout] test skills::install::tests::test_find_best_skill_dir_matching_subdir ... ok
[INFO] [stdout] test skills::install::tests::test_find_best_skill_dir_sole_manifest ... ok
[INFO] [stdout] test skills::install::tests::fetch_remote_data_follows_redirects_without_authentication ... ok
[INFO] [stdout] test skills::install::tests::test_tar_common_root_no_prefix ... ok
[INFO] [stdout] test skills::install::tests::test_tar_common_root_single_prefix ... ok
[INFO] [stdout] test skills::install::tests::test_tar_entry_rel_path_no_match_subpath ... ok
[INFO] [stdout] test skills::install::tests::test_tar_entry_rel_path_strips_root ... ok
[INFO] [stdout] test skills::install::tests::authenticated_archive_rejects_untrusted_initial_url ... ok
[INFO] [stdout] test skills::install::tests::test_tar_entry_rel_path_strips_root_and_subpath ... ok
[INFO] [stdout] test skills::install::tests::test_tar_entry_rel_path_strips_subpath ... ok
[INFO] [stdout] test skills::install::tests::test_tar_common_root_different_prefixes ... ok
[INFO] [stdout] test skills::install::tests::test_unpack_tar_gz_with_common_root_stripping ... ok
[INFO] [stdout] test skills::install::tests::test_unpack_zip_basic_extraction ... ok
[INFO] [stdout] test skills::install::tests::test_unpack_tar_gz_with_subpath_filter ... ok
[INFO] [stdout] test skills::install::tests::test_unpack_tar_gz_basic_extraction ... ok
[INFO] [stdout] test skills::install::tests::fetch_remote_response_rejects_invalid_redirect_location ... ok
[INFO] [stdout] test skills::install::tests::test_unpack_zip_with_common_root_stripping ... ok
[INFO] [stdout] test skills::install::tests::test_unpack_zip_with_subpath_filter ... ok
[INFO] [stdout] test skills::install::tests::test_zip_absolute_path_rejection ... ok
[INFO] [stdout] test skills::install::tests::test_zip_common_root_different_prefixes ... ok
[INFO] [stdout] test skills::install::tests::test_zip_entry_rel_path_component_boundary_safety ... ok
[INFO] [stdout] test skills::install::tests::test_zip_common_root_no_prefix ... ok
[INFO] [stdout] test skills::install::tests::test_zip_entry_rel_path_no_match_subpath ... ok
[INFO] [stdout] test skills::install::tests::test_zip_entry_rel_path_strips_root ... ok
[INFO] [stdout] test skills::install::tests::test_zip_entry_rel_path_strips_subpath ... ok
[INFO] [stdout] test skills::install::tests::test_zip_common_root_single_prefix ... ok
[INFO] [stdout] test skills::install::tests::test_zip_entry_rel_path_strips_root_and_subpath ... ok
[INFO] [stdout] test skills::install::tests::test_zip_parent_traversal_rejection ... ok
[INFO] [stdout] test skills::install::tests::test_zip_root_dir_rejection ... ok
[INFO] [stdout] test skills::provider::tests::ignores_missing_skill_in_local_skills_repository ... ok
[INFO] [stdout] test skills::install::tests::test_tar_windows_drive_path_rejection ... ok
[INFO] [stdout] test skills::suggest::tests::install_selected_treats_existing_skill_path_as_already_installed ... ok
[INFO] [stdout] test skills::suggest::tests::recommendation_installed_check_ignores_registry_without_skill_path ... ok
[INFO] [stdout] test skills::suggest::tests::render_detections_section_empty ... ok
[INFO] [stdout] test skills::suggest::tests::render_detections_section_with_entries ... ok
[INFO] [stdout] test skills::suggest::tests::render_install_results_section_empty ... ok
[INFO] [stdout] test skills::suggest::tests::render_install_results_section_with_entries ... ok
[INFO] [stdout] test skills::suggest::tests::render_recommendations_section_empty ... ok
[INFO] [stdout] test skills::suggest::tests::render_recommendations_section_installed ... ok
[INFO] [stdout] test skills::suggest::tests::render_recommendations_section_with_entries ... ok
[INFO] [stdout] test skills::install::tests::fetch_remote_response_rejects_redirect_without_location ... ok
[INFO] [stdout] test skills::suggest::tests::render_selected_skills_section_empty ... ok
[INFO] [stdout] test skills::suggest::tests::render_selected_skills_section_with_entries ... ok
[INFO] [stdout] test skills::uninstall::tests::test_uninstall_skill_dot_rejected ... ok
[INFO] [stdout] test skills::uninstall::tests::test_uninstall_skill_dotdot_rejected ... ok
[INFO] [stdout] test skills::uninstall::tests::test_uninstall_skill_invalid_id ... ok
[INFO] [stdout] test skills::uninstall::tests::test_uninstall_skill_not_found ... ok
[INFO] [stdout] test skills::suggest::tests::suggest_install_json_response_render_human_integrates_all_sections ... ok
[INFO] [stdout] test skills::update::tests::test_copy_dir_all_copies_recursively ... ok
[INFO] [stdout] test skills::update::tests::test_copy_dir_all_skips_symlinks ... ok
[INFO] [stdout] test skills::uninstall::tests::test_uninstall_skill_success ... ok
[INFO] [stdout] test skills::update::tests::test_create_backup_moves_skill_dir ... ok
[INFO] [stdout] test skills::update::tests::test_create_backup_noop_when_skill_dir_missing ... ok
[INFO] [stdout] test skills::update::tests::test_rollback_skill_dir_no_backup_just_removes ... ok
[INFO] [stdout] test skills::update::tests::test_create_backup_replaces_existing_backup ... ok
[INFO] [stdout] test skills::update::tests::test_rollback_skill_dir_nothing_exists ... ok
[INFO] [stdout] test skills_layout::tests::detects_directory_symlink_to_expected_source ... ok
[INFO] [stdout] test skills_layout::tests::ignores_unrelated_layouts ... ok
[INFO] [stdout] test skills_layout::tests::non_skills_targets_are_ignored_by_both_helpers ... ok
[INFO] [stdout] test skills::update::tests::test_rollback_skill_dir_restores_backup ... ok
[INFO] [stdout] test skills_layout::tests::symlink_destination_with_symlink_mode_has_layout_match_but_no_mismatch ... ok
[INFO] [stdout] test update_check::tests::test_cache_fresh_if_notified_matches_latest ... ok
[INFO] [stdout] test update_check::tests::test_cache_load_corrupted_json ... ok
[INFO] [stdout] test update_check::tests::test_cache_load_missing_fields ... ok
[INFO] [stdout] test update_check::tests::test_cache_load_nonexistent ... ok
[INFO] [stdout] test update_check::tests::test_cache_not_fresh_if_notified_differs ... ok
[INFO] [stdout] test skills_layout::tests::regular_directory_destination_is_not_a_layout_match ... ok
[INFO] [stdout] test update_check::tests::test_cache_not_fresh_if_notified_is_none ... ok
[INFO] [stdout] test update_check::tests::test_cache_round_trip ... ok
[INFO] [stdout] test update_check::tests::test_cache_save_creates_parent_dirs ... ok
[INFO] [stdout] test update_check::tests::test_cache_not_fresh_if_stale ... ok
[INFO] [stdout] test skills::install::tests::test_fetch_local_data_file_uri ... FAILED
[INFO] [stdout] test skills::provider::tests::test_resolve_via_search_invalid_response ... ok
[INFO] [stdout] test update_check::tests::test_fetch_latest_version_success ... ok
[INFO] [stdout] test skills::provider::tests::test_resolve_via_search_http_error_status ... ok
[INFO] [stdout] test update_check::tests::test_should_not_skip_when_all_clear ... ok
[INFO] [stdout] test update_check::tests::test_should_skip_no_update_check_only_skips_on_1 ... ok
[INFO] [stdout] test update_check::tests::test_should_skip_when_ci_set ... ok
[INFO] [stdout] test skills::provider::tests::test_resolve_via_search_timeout ... ok
[INFO] [stdout] test update_check::tests::test_should_skip_when_not_terminal ... ok
[INFO] [stdout] test update_check::tests::test_should_skip_when_no_update_check_set ... ok
[INFO] [stdout] test update_check::tests::test_update_notice_defaults_to_cargo_for_other_executables ... ok
[INFO] [stdout] test update_check::tests::test_update_notice_uses_npm_for_node_modules_executable ... ok
[INFO] [stdout] test update_check::tests::test_version_current_newer_or_equal ... ok
[INFO] [stdout] test update_check::tests::test_version_detects_newer ... ok
[INFO] [stdout] test update_check::tests::test_update_notice_renders_versions_and_command ... ok
[INFO] [stdout] test update_check::tests::test_version_skip_prerelease ... ok
[INFO] [stdout] test update_check::tests::test_fetch_latest_version_404 ... ok
[INFO] [stdout] test update_check::tests::test_fetch_latest_version_timeout ... ok
[INFO] [stdout] test update_check::tests::test_fetch_latest_version_invalid_json ... ok
[INFO] [stdout] test update_check::tests::test_fetch_latest_version_body_stall_timeout ... ok
[INFO] [stdout] test skills::install::tests::test_zip_entry_count_limit_rejection ... ok
[INFO] [stdout] test plugins::tests::plugin_source_hash_rejects_excessive_file_count ... ok
[INFO] [stdout] 
[INFO] [stdout] failures:
[INFO] [stdout] 
[INFO] [stdout] ---- skills::install::tests::test_fetch_local_data_file_uri stdout ----
[INFO] [stdout] 
[INFO] [stdout] thread 'skills::install::tests::test_fetch_local_data_file_uri' (5095) panicked at src/skills/install.rs:1217:44:
[INFO] [stdout] called `Result::unwrap()` on an `Err` value: Os { code: 30, kind: ReadOnlyFilesystem, message: "Read-only file system" }
[INFO] [stdout] stack backtrace:
[INFO] [stdout]    0:     0x5edd98068431 - std[617be2ca0a6fd877]::backtrace_rs::backtrace::libunwind::trace
[INFO] [stdout]                                at /rustc/e3feeb59cd1bdd011a2bfcc0747b55125d9b8527/library/std/src/../../backtrace/src/backtrace/libunwind.rs:117:9
[INFO] [stdout]    1:     0x5edd98068431 - std[617be2ca0a6fd877]::backtrace_rs::backtrace::trace_unsynchronized::<std[617be2ca0a6fd877]::sys::backtrace::_print_fmt::{closure#1}>
[INFO] [stdout]                                at /rustc/e3feeb59cd1bdd011a2bfcc0747b55125d9b8527/library/std/src/../../backtrace/src/backtrace/mod.rs:66:14
[INFO] [stdout]    2:     0x5edd98068431 - std[617be2ca0a6fd877]::sys::backtrace::_print_fmt
[INFO] [stdout]                                at /rustc/e3feeb59cd1bdd011a2bfcc0747b55125d9b8527/library/std/src/sys/backtrace.rs:74:9
[INFO] [stdout]    3:     0x5edd98068431 - <<std[617be2ca0a6fd877]::sys::backtrace::BacktraceLock>::print::DisplayBacktrace as core[a373ad73a504971]::fmt::Display>::fmt
[INFO] [stdout]                                at /rustc/e3feeb59cd1bdd011a2bfcc0747b55125d9b8527/library/std/src/sys/backtrace.rs:44:26
[INFO] [stdout]    4:     0x5edd98081c4a - <core[a373ad73a504971]::fmt::rt::Argument>::fmt
[INFO] [stdout]                                at /rustc/e3feeb59cd1bdd011a2bfcc0747b55125d9b8527/library/core/src/fmt/rt.rs:152:76
[INFO] [stdout]    5:     0x5edd98081c4a - core[a373ad73a504971]::fmt::write
[INFO] [stdout]    6:     0x5edd9806dc4c - core[a373ad73a504971]::io::write::default_write_fmt::<alloc[2e1b2a31b91974c5]::vec::Vec<u8>>
[INFO] [stdout]                                at /rustc/e3feeb59cd1bdd011a2bfcc0747b55125d9b8527/library/core/src/io/write.rs:402:11
[INFO] [stdout]    7:     0x5edd9806dc4c - <alloc[2e1b2a31b91974c5]::vec::Vec<u8> as core[a373ad73a504971]::io::write::Write>::write_fmt
[INFO] [stdout]                                at /rustc/e3feeb59cd1bdd011a2bfcc0747b55125d9b8527/library/core/src/io/write.rs:335:13
[INFO] [stdout]    8:     0x5edd9803d7b6 - <std[617be2ca0a6fd877]::sys::backtrace::BacktraceLock>::print
[INFO] [stdout]                                at /rustc/e3feeb59cd1bdd011a2bfcc0747b55125d9b8527/library/std/src/sys/backtrace.rs:47:9
[INFO] [stdout]    9:     0x5edd9803d7b6 - std[617be2ca0a6fd877]::panicking::default_hook::{closure#0}
[INFO] [stdout]                                at /rustc/e3feeb59cd1bdd011a2bfcc0747b55125d9b8527/library/std/src/panicking.rs:289:27
[INFO] [stdout]   10:     0x5edd9805d289 - std[617be2ca0a6fd877]::panicking::default_hook
[INFO] [stdout]                                at /rustc/e3feeb59cd1bdd011a2bfcc0747b55125d9b8527/library/std/src/panicking.rs:313:9
[INFO] [stdout]   11:     0x5edd97162ab0 - <alloc[2e1b2a31b91974c5]::boxed::Box<dyn for<'a, 'b> core[a373ad73a504971]::ops::function::Fn<(&'a std[617be2ca0a6fd877]::panic::PanicHookInfo<'b>,), Output = ()> + core[a373ad73a504971]::marker::Sync + core[a373ad73a504971]::marker::Send> as core[a373ad73a504971]::ops::function::Fn<(&std[617be2ca0a6fd877]::panic::PanicHookInfo,)>>::call
[INFO] [stdout]                                at /rustc/e3feeb59cd1bdd011a2bfcc0747b55125d9b8527/library/alloc/src/boxed.rs:2328:9
[INFO] [stdout]   12:     0x5edd97162ab0 - test[aada8e7e76ba119b]::test_main_inner::{closure#0}
[INFO] [stdout]                                at /rustc/e3feeb59cd1bdd011a2bfcc0747b55125d9b8527/library/test/src/lib.rs:137:21
[INFO] [stdout]   13:     0x5edd9805d5b2 - <alloc[2e1b2a31b91974c5]::boxed::Box<dyn for<'a, 'b> core[a373ad73a504971]::ops::function::Fn<(&'a std[617be2ca0a6fd877]::panic::PanicHookInfo<'b>,), Output = ()> + core[a373ad73a504971]::marker::Sync + core[a373ad73a504971]::marker::Send> as core[a373ad73a504971]::ops::function::Fn<(&std[617be2ca0a6fd877]::panic::PanicHookInfo,)>>::call
[INFO] [stdout]                                at /rustc/e3feeb59cd1bdd011a2bfcc0747b55125d9b8527/library/alloc/src/boxed.rs:2328:9
[INFO] [stdout]   14:     0x5edd9805d5b2 - std[617be2ca0a6fd877]::panicking::panic_with_hook
[INFO] [stdout]                                at /rustc/e3feeb59cd1bdd011a2bfcc0747b55125d9b8527/library/std/src/panicking.rs:819:13
[INFO] [stdout]   15:     0x5edd9803d862 - std[617be2ca0a6fd877]::panicking::panic_handler::{closure#0}
[INFO] [stdout]                                at /rustc/e3feeb59cd1bdd011a2bfcc0747b55125d9b8527/library/std/src/panicking.rs:685:13
[INFO] [stdout]   16:     0x5edd98035a89 - std[617be2ca0a6fd877]::sys::backtrace::__rust_end_short_backtrace::<std[617be2ca0a6fd877]::panicking::panic_handler::{closure#0}, !>
[INFO] [stdout]                                at /rustc/e3feeb59cd1bdd011a2bfcc0747b55125d9b8527/library/std/src/sys/backtrace.rs:182:18
[INFO] [stdout]   17:     0x5edd9803eafd - __rustc[ea4f61d10b84890b]::rust_begin_unwind
[INFO] [stdout]                                at /rustc/e3feeb59cd1bdd011a2bfcc0747b55125d9b8527/library/std/src/panicking.rs:676:5
[INFO] [stdout]   18:     0x5edd9808251c - core[a373ad73a504971]::panicking::panic_fmt
[INFO] [stdout]                                at /rustc/e3feeb59cd1bdd011a2bfcc0747b55125d9b8527/library/core/src/panicking.rs:80:14
[INFO] [stdout]   19:     0x5edd98082242 - core[a373ad73a504971]::result::unwrap_failed
[INFO] [stdout]                                at /rustc/e3feeb59cd1bdd011a2bfcc0747b55125d9b8527/library/core/src/result.rs:1870:5
[INFO] [stdout]   20:     0x5edd96d947e7 - <core[a373ad73a504971]::result::Result<(), core[a373ad73a504971]::io::error::Error>>::unwrap
[INFO] [stdout]                                at /rustc/e3feeb59cd1bdd011a2bfcc0747b55125d9b8527/library/core/src/result.rs:1232:23
[INFO] [stdout]   21:     0x5edd96d947e7 - agentsync[d0a40ca8a701db98]::skills::install::tests::test_fetch_local_data_file_uri
[INFO] [stdout]                                at /opt/rustwide/workdir/src/skills/install.rs:1217:44
[INFO] [stdout]   22:     0x5edd96d3fde7 - agentsync[d0a40ca8a701db98]::skills::install::tests::test_fetch_local_data_file_uri::{closure#0}
[INFO] [stdout]                                at /opt/rustwide/workdir/src/skills/install.rs:1214:40
[INFO] [stdout]   23:     0x5edd97109496 - <agentsync[d0a40ca8a701db98]::skills::install::tests::test_fetch_local_data_file_uri::{closure#0} as core[a373ad73a504971]::ops::function::FnOnce<()>>::call_once
[INFO] [stdout]                                at /rustc/e3feeb59cd1bdd011a2bfcc0747b55125d9b8527/library/core/src/ops/function.rs:250:5
[INFO] [stdout]   24:     0x5edd97155efb - <fn() -> core[a373ad73a504971]::result::Result<(), alloc[2e1b2a31b91974c5]::string::String> as core[a373ad73a504971]::ops::function::FnOnce<()>>::call_once
[INFO] [stdout]                                at /rustc/e3feeb59cd1bdd011a2bfcc0747b55125d9b8527/library/core/src/ops/function.rs:250:5
[INFO] [stdout]   25:     0x5edd97155efb - test[aada8e7e76ba119b]::__rust_begin_short_backtrace::<core[a373ad73a504971]::result::Result<(), alloc[2e1b2a31b91974c5]::string::String>, fn() -> core[a373ad73a504971]::result::Result<(), alloc[2e1b2a31b91974c5]::string::String>>
[INFO] [stdout]                                at /rustc/e3feeb59cd1bdd011a2bfcc0747b55125d9b8527/library/test/src/lib.rs:701:18
[INFO] [stdout]   26:     0x5edd971630d5 - test[aada8e7e76ba119b]::run_test_in_process::{closure#0}
[INFO] [stdout]                                at /rustc/e3feeb59cd1bdd011a2bfcc0747b55125d9b8527/library/test/src/lib.rs:724:74
[INFO] [stdout]   27:     0x5edd971630d5 - <core[a373ad73a504971]::panic::unwind_safe::AssertUnwindSafe<test[aada8e7e76ba119b]::run_test_in_process::{closure#0}> as core[a373ad73a504971]::ops::function::FnOnce<()>>::call_once
[INFO] [stdout]                                at /rustc/e3feeb59cd1bdd011a2bfcc0747b55125d9b8527/library/core/src/panic/unwind_safe.rs:275:9
[INFO] [stdout]   28:     0x5edd971630d5 - std[617be2ca0a6fd877]::panicking::catch_unwind::do_call::<core[a373ad73a504971]::panic::unwind_safe::AssertUnwindSafe<test[aada8e7e76ba119b]::run_test_in_process::{closure#0}>, core[a373ad73a504971]::result::Result<(), alloc[2e1b2a31b91974c5]::string::String>>
[INFO] [stdout]                                at /rustc/e3feeb59cd1bdd011a2bfcc0747b55125d9b8527/library/std/src/panicking.rs:573:43
[INFO] [stdout]   29:     0x5edd971630d5 - std[617be2ca0a6fd877]::panicking::catch_unwind::<core[a373ad73a504971]::result::Result<(), alloc[2e1b2a31b91974c5]::string::String>, core[a373ad73a504971]::panic::unwind_safe::AssertUnwindSafe<test[aada8e7e76ba119b]::run_test_in_process::{closure#0}>>
[INFO] [stdout]                                at /rustc/e3feeb59cd1bdd011a2bfcc0747b55125d9b8527/library/std/src/panicking.rs:541:19
[INFO] [stdout]   30:     0x5edd971630d5 - std[617be2ca0a6fd877]::panic::catch_unwind::<core[a373ad73a504971]::panic::unwind_safe::AssertUnwindSafe<test[aada8e7e76ba119b]::run_test_in_process::{closure#0}>, core[a373ad73a504971]::result::Result<(), alloc[2e1b2a31b91974c5]::string::String>>
[INFO] [stdout]                                at /rustc/e3feeb59cd1bdd011a2bfcc0747b55125d9b8527/library/std/src/panic.rs:359:14
[INFO] [stdout]   31:     0x5edd971630d5 - test[aada8e7e76ba119b]::run_test_in_process
[INFO] [stdout]                                at /rustc/e3feeb59cd1bdd011a2bfcc0747b55125d9b8527/library/test/src/lib.rs:724:27
[INFO] [stdout]   32:     0x5edd971630d5 - test[aada8e7e76ba119b]::run_test::{closure#0}
[INFO] [stdout]                                at /rustc/e3feeb59cd1bdd011a2bfcc0747b55125d9b8527/library/test/src/lib.rs:645:43
[INFO] [stdout]   33:     0x5edd9715c9c4 - test[aada8e7e76ba119b]::run_test::{closure#1}
[INFO] [stdout]                                at /rustc/e3feeb59cd1bdd011a2bfcc0747b55125d9b8527/library/test/src/lib.rs:675:41
[INFO] [stdout]   34:     0x5edd9715c9c4 - std[617be2ca0a6fd877]::sys::backtrace::__rust_begin_short_backtrace::<test[aada8e7e76ba119b]::run_test::{closure#1}, ()>
[INFO] [stdout]                                at /rustc/e3feeb59cd1bdd011a2bfcc0747b55125d9b8527/library/std/src/sys/backtrace.rs:166:18
[INFO] [stdout]   35:     0x5edd97166162 - std[617be2ca0a6fd877]::thread::lifecycle::spawn_unchecked::<test[aada8e7e76ba119b]::run_test::{closure#1}, ()>::{closure#1}::{closure#0}
[INFO] [stdout]                                at /rustc/e3feeb59cd1bdd011a2bfcc0747b55125d9b8527/library/std/src/thread/lifecycle.rs:70:13
[INFO] [stdout]   36:     0x5edd97166162 - <core[a373ad73a504971]::panic::unwind_safe::AssertUnwindSafe<std[617be2ca0a6fd877]::thread::lifecycle::spawn_unchecked<test[aada8e7e76ba119b]::run_test::{closure#1}, ()>::{closure#1}::{closure#0}> as core[a373ad73a504971]::ops::function::FnOnce<()>>::call_once
[INFO] [stdout]                                at /rustc/e3feeb59cd1bdd011a2bfcc0747b55125d9b8527/library/core/src/panic/unwind_safe.rs:275:9
[INFO] [stdout]   37:     0x5edd97166162 - std[617be2ca0a6fd877]::panicking::catch_unwind::do_call::<core[a373ad73a504971]::panic::unwind_safe::AssertUnwindSafe<std[617be2ca0a6fd877]::thread::lifecycle::spawn_unchecked<test[aada8e7e76ba119b]::run_test::{closure#1}, ()>::{closure#1}::{closure#0}>, ()>
[INFO] [stdout]                                at /rustc/e3feeb59cd1bdd011a2bfcc0747b55125d9b8527/library/std/src/panicking.rs:573:43
[INFO] [stdout]   38:     0x5edd97166162 - std[617be2ca0a6fd877]::panicking::catch_unwind::<(), core[a373ad73a504971]::panic::unwind_safe::AssertUnwindSafe<std[617be2ca0a6fd877]::thread::lifecycle::spawn_unchecked<test[aada8e7e76ba119b]::run_test::{closure#1}, ()>::{closure#1}::{closure#0}>>
[INFO] [stdout]                                at /rustc/e3feeb59cd1bdd011a2bfcc0747b55125d9b8527/library/std/src/panicking.rs:541:19
[INFO] [stdout]   39:     0x5edd97166162 - std[617be2ca0a6fd877]::panic::catch_unwind::<core[a373ad73a504971]::panic::unwind_safe::AssertUnwindSafe<std[617be2ca0a6fd877]::thread::lifecycle::spawn_unchecked<test[aada8e7e76ba119b]::run_test::{closure#1}, ()>::{closure#1}::{closure#0}>, ()>
[INFO] [stdout]                                at /rustc/e3feeb59cd1bdd011a2bfcc0747b55125d9b8527/library/std/src/panic.rs:359:14
[INFO] [stdout]   40:     0x5edd97166162 - std[617be2ca0a6fd877]::thread::lifecycle::spawn_unchecked::<test[aada8e7e76ba119b]::run_test::{closure#1}, ()>::{closure#1}
[INFO] [stdout]                                at /rustc/e3feeb59cd1bdd011a2bfcc0747b55125d9b8527/library/std/src/thread/lifecycle.rs:68:26
[INFO] [stdout]   41:     0x5edd97166162 - <std[617be2ca0a6fd877]::thread::lifecycle::spawn_unchecked<test[aada8e7e76ba119b]::run_test::{closure#1}, ()>::{closure#1} as core[a373ad73a504971]::ops::function::FnOnce<()>>::call_once::{shim:vtable#0}
[INFO] [stdout]                                at /rustc/e3feeb59cd1bdd011a2bfcc0747b55125d9b8527/library/core/src/ops/function.rs:250:5
[INFO] [stdout]   42:     0x5edd98066d7f - <alloc[2e1b2a31b91974c5]::boxed::Box<dyn core[a373ad73a504971]::ops::function::FnOnce<(), Output = ()> + core[a373ad73a504971]::marker::Send> as core[a373ad73a504971]::ops::function::FnOnce<()>>::call_once
[INFO] [stdout]                                at /rustc/e3feeb59cd1bdd011a2bfcc0747b55125d9b8527/library/alloc/src/boxed.rs:2314:9
[INFO] [stdout]   43:     0x5edd98066d7f - <std[617be2ca0a6fd877]::sys::thread::unix::Thread>::new::thread_start
[INFO] [stdout]                                at /rustc/e3feeb59cd1bdd011a2bfcc0747b55125d9b8527/library/std/src/sys/thread/unix.rs:127:17
[INFO] [stdout]   44:     0x7c3a4b092dfa - <unknown>
[INFO] [stdout]   45:     0x7c3a4b1263d4 - clone
[INFO] [stdout]   46:                0x0 - <unknown>
[INFO] [stdout] 
[INFO] [stdout] 
[INFO] [stdout] failures:
[INFO] [stdout]     skills::install::tests::test_fetch_local_data_file_uri
[INFO] [stdout] 
[INFO] [stdout] test result: FAILED. 631 passed; 1 failed; 0 ignored; 0 measured; 0 filtered out; finished in 2.69s
[INFO] [stdout] 
[INFO] [stderr] error: test failed, to rerun pass `--lib`
[INFO] running `Command { std: "docker" "inspect" "d8b23272d9626ad2ac201808db32bac6796137eb30b6e281733e17d336892cb5", kill_on_drop: false }`
[INFO] running `Command { std: "docker" "rm" "-f" "d8b23272d9626ad2ac201808db32bac6796137eb30b6e281733e17d336892cb5", kill_on_drop: false }`
[INFO] [stdout] d8b23272d9626ad2ac201808db32bac6796137eb30b6e281733e17d336892cb5
