[INFO] fetching crate uranus-core 0.1.0...
[INFO] testing uranus-core-0.1.0 against 1.100.0-beta.1 for beta-1.100-2
[INFO] extracting crate uranus-core 0.1.0 into /workspace/builds/worker-0-tc2/source
[INFO] started tweaking crates.io crate uranus-core 0.1.0
[INFO] removed 0 missing tests
[INFO] finished tweaking crates.io crate uranus-core 0.1.0
[INFO] tweaked toml for crates.io crate uranus-core 0.1.0 written to /workspace/builds/worker-0-tc2/source/Cargo.toml
[INFO] validating manifest of crates.io crate uranus-core 0.1.0 on toolchain 1.100.0-beta.1
[INFO] running `Command { std: CARGO_HOME="/workspace/cargo-home" RUSTUP_HOME="/workspace/rustup-home" "/workspace/cargo-home/bin/cargo" "+1.100.0-beta.1" "metadata" "--manifest-path" "Cargo.toml" "--no-deps", kill_on_drop: false }`
[INFO] crate crates.io crate uranus-core 0.1.0 already has a lockfile, it will not be regenerated
[INFO] running `Command { std: CARGO_HOME="/workspace/cargo-home" RUSTUP_HOME="/workspace/rustup-home" "/workspace/cargo-home/bin/cargo" "+1.100.0-beta.1" "fetch" "--manifest-path" "Cargo.toml", kill_on_drop: false }`
[INFO] [stderr]     Blocking waiting for file lock on package cache
[INFO] [stderr]     Blocking waiting for file lock on package cache
[INFO] running `Command { std: "docker" "create" "-v" "/var/lib/crater-agent-workspace/builds/worker-0-tc2/source:/opt/rustwide/workdir:ro,Z" "-v" "/var/lib/crater-agent-workspace/builds/worker-0-tc2/target:/opt/rustwide/target:rw,Z" "-v" "/var/lib/crater-agent-workspace/cargo-home:/opt/rustwide/cargo-home:ro,Z" "-v" "/var/lib/crater-agent-workspace/rustup-home:/opt/rustwide/rustup-home:ro,Z" "-m" "1610612736" "--network" "none" "ghcr.io/rust-lang/crates-build-env/linux@sha256:3111399a4047eeb3a02b7a90e478d715f38a8c6669b5c4b49d30a17385265909" "sleep" "infinity", kill_on_drop: false }`
[INFO] [stdout] 48fa5ecad588a4614950dd81430eb21ae149b439522580510d7fae51e8bdd4d8
[INFO] running `Command { std: "docker" "start" "48fa5ecad588a4614950dd81430eb21ae149b439522580510d7fae51e8bdd4d8", kill_on_drop: false }`
[INFO] running `Command { std: "docker" "inspect" "48fa5ecad588a4614950dd81430eb21ae149b439522580510d7fae51e8bdd4d8", kill_on_drop: false }`
[INFO] running `Command { std: "docker" "exec" "-e" "SOURCE_DIR=/opt/rustwide/workdir" "-e" "CARGO_HOME=/opt/rustwide/cargo-home" "-e" "RUSTUP_HOME=/opt/rustwide/rustup-home" "-e" "CARGO_TARGET_DIR=/opt/rustwide/target" "-w" "/opt/rustwide/workdir" "--user" "0:0" "48fa5ecad588a4614950dd81430eb21ae149b439522580510d7fae51e8bdd4d8" "/opt/rustwide/cargo-home/bin/cargo" "+1.100.0-beta.1" "metadata" "--no-deps" "--format-version=1", kill_on_drop: false }`
[INFO] running `Command { std: "docker" "inspect" "48fa5ecad588a4614950dd81430eb21ae149b439522580510d7fae51e8bdd4d8", kill_on_drop: false }`
[INFO] running `Command { std: "docker" "exec" "-e" "SOURCE_DIR=/opt/rustwide/workdir" "-e" "CARGO_HOME=/opt/rustwide/cargo-home" "-e" "RUSTUP_HOME=/opt/rustwide/rustup-home" "-e" "CARGO_TARGET_DIR=/opt/rustwide/target" "-e" "CARGO_INCREMENTAL=0" "-e" "RUST_BACKTRACE=full" "-e" "RUSTFLAGS=--cap-lints=warn" "-e" "RUSTDOCFLAGS=--cap-lints=warn" "-w" "/opt/rustwide/workdir" "--user" "0:0" "48fa5ecad588a4614950dd81430eb21ae149b439522580510d7fae51e8bdd4d8" "/opt/rustwide/cargo-home/bin/cargo" "+1.100.0-beta.1" "build" "--frozen" "--message-format=json", kill_on_drop: false }`
[INFO] [stderr]    Compiling ed25519 v2.2.3
[INFO] [stderr]    Compiling rustls v0.23.43
[INFO] [stderr]    Compiling curve25519-dalek v4.1.3
[INFO] [stderr]    Compiling rustls-webpki v0.103.15
[INFO] [stderr]    Compiling syn v2.0.119
[INFO] [stderr]    Compiling syn v3.0.3
[INFO] [stderr]    Compiling serde_json v1.0.151
[INFO] [stderr]    Compiling fs2 v0.4.3
[INFO] [stderr]    Compiling sha2 v0.10.9
[INFO] [stderr]    Compiling serde_derive v1.0.229
[INFO] [stderr]    Compiling curve25519-dalek-derive v0.1.1
[INFO] [stderr]    Compiling ed25519-dalek v2.2.0
[INFO] [stderr]    Compiling serde v1.0.229
[INFO] [stderr]    Compiling uranus-api-core v0.1.0
[INFO] [stderr]    Compiling uranus-protocol v0.1.0
[INFO] [stderr]    Compiling uranus-core v0.1.0 (/opt/rustwide/workdir)
[INFO] [stderr]     Finished `dev` profile [unoptimized + debuginfo] target(s) in 23.74s
[INFO] running `Command { std: "docker" "inspect" "48fa5ecad588a4614950dd81430eb21ae149b439522580510d7fae51e8bdd4d8", kill_on_drop: false }`
[INFO] running `Command { std: "docker" "exec" "-e" "SOURCE_DIR=/opt/rustwide/workdir" "-e" "CARGO_HOME=/opt/rustwide/cargo-home" "-e" "RUSTUP_HOME=/opt/rustwide/rustup-home" "-e" "CARGO_TARGET_DIR=/opt/rustwide/target" "-e" "CARGO_INCREMENTAL=0" "-e" "RUST_BACKTRACE=full" "-e" "RUSTFLAGS=--cap-lints=warn" "-e" "RUSTDOCFLAGS=--cap-lints=warn" "-w" "/opt/rustwide/workdir" "--user" "0:0" "48fa5ecad588a4614950dd81430eb21ae149b439522580510d7fae51e8bdd4d8" "/opt/rustwide/cargo-home/bin/cargo" "+1.100.0-beta.1" "test" "--frozen" "--no-run" "--message-format=json", kill_on_drop: false }`
[INFO] [stderr]    Compiling uranus-core v0.1.0 (/opt/rustwide/workdir)
[INFO] [stderr]     Finished `test` profile [unoptimized + debuginfo] target(s) in 9.29s
[INFO] running `Command { std: "docker" "inspect" "48fa5ecad588a4614950dd81430eb21ae149b439522580510d7fae51e8bdd4d8", kill_on_drop: false }`
[INFO] running `Command { std: "docker" "exec" "-e" "SOURCE_DIR=/opt/rustwide/workdir" "-e" "CARGO_HOME=/opt/rustwide/cargo-home" "-e" "RUSTUP_HOME=/opt/rustwide/rustup-home" "-e" "CARGO_TARGET_DIR=/opt/rustwide/target" "-e" "CARGO_INCREMENTAL=0" "-e" "RUST_BACKTRACE=full" "-e" "RUSTFLAGS=--cap-lints=warn" "-e" "RUSTDOCFLAGS=--cap-lints=warn" "-w" "/opt/rustwide/workdir" "--user" "0:0" "48fa5ecad588a4614950dd81430eb21ae149b439522580510d7fae51e8bdd4d8" "/opt/rustwide/cargo-home/bin/cargo" "+1.100.0-beta.1" "test" "--frozen", kill_on_drop: false }`
[INFO] [stderr]     Finished `test` profile [unoptimized + debuginfo] target(s) in 0.11s
[INFO] [stderr]      Running unittests src/lib.rs (/opt/rustwide/target/debug/build/uranus-core/5752180cdb8493a8/out/uranus_core-5752180cdb8493a8)
[INFO] [stdout] 
[INFO] [stdout] running 32 tests
[INFO] [stdout] test distributed::tests::assignment_ids_are_scoped_to_the_parent_request ... ok
[INFO] [stdout] test distributed::tests::replay_report_must_match_graph_and_terminal_state ... ok
[INFO] [stdout] test distributed::tests::terminal_checkpoint_cannot_backslide_or_change_attempt ... ok
[INFO] [stdout] test prompt::tests::default_layers_are_in_requested_priority_order ... ok
[INFO] [stdout] test distributed::tests::admission_retry_wait_does_not_busy_loop ... ok
[INFO] [stdout] test prompt::tests::tool_names_cannot_add_prompt_lines ... ok
[INFO] [stdout] test prompt::tests::default_prompt_preserves_explicit_user_request_as_the_final_block ... ok
[INFO] [stdout] test room::tests::preserves_log_errors_and_summaries ... ok
[INFO] [stdout] test room::tests::store_evicts_least_recently_used_and_expires_zero_ttl_entries ... ok
[INFO] [stdout] test room::tests::store_snapshot_preserves_lru_order_and_limits ... ok
[INFO] [stdout] test room::tests::preserves_text_headings_and_context_anchors ... ok
[INFO] [stdout] test room::tests::routes_content_and_keeps_json_structure ... ok
[INFO] [stdout] test room::tests::store_returns_compressed_and_full_forms_with_stats ... ok
[INFO] [stdout] test room::tests::preserves_search_context_and_file_diversity ... ok
[INFO] [stdout] test room::tests::store_snapshot_preserves_expiration_metadata_and_prunes_expired_entries ... ok
[INFO] [stdout] test server::tests::plaintext_server_rejects_remote_bind ... ok
[INFO] [stdout] test transport::tests::rejects_invalid_calendar_dates ... ok
[INFO] [stdout] test transport::tests::formats_and_parses_epoch_offsets ... ok
[INFO] [stdout] test distributed::tests::replay_ledger_rejects_assignment_above_task_budget ... ok
[INFO] [stdout] test distributed::tests::replay_ledger_rejects_graph_state_out_of_order ... ok
[INFO] [stdout] test room::tests::store_snapshot_migrates_legacy_files_and_rejects_over_capacity_state ... ok
[INFO] [stdout] test server::tests::server_rejects_oversized_frames_before_dispatch ... ok
[INFO] [stdout] test distributed::tests::replay_ledger_restores_cancelled_graph_state_without_completion ... ok
[INFO] [stdout] test distributed::tests::replay_ledger_rejects_task_mutation_after_completion ... ok
[INFO] [stdout] test distributed::tests::declared_graph_deadline_clamps_transport_deadline ... ok
[INFO] [stdout] test server::tests::server_shutdown_interrupts_an_idle_connection ... ok
[INFO] [stdout] test prompt::tests::unregistered_tools_are_not_implied ... ok
[INFO] [stdout] test distributed::tests::replay_ledger_rejects_terminal_backslide ... ok
[INFO] [stdout] test distributed::tests::poisoned_registry_lock_returns_errors_instead_of_panicking ... ok
[INFO] [stdout] test server::tests::server_rejects_unauthenticated_and_malformed_requests ... ok
[INFO] [stdout] test server::tests::streaming_cancel_is_acknowledged_and_ends_as_failed ... ok
[INFO] [stdout] test server::tests::authenticated_server_handles_chat_stream_and_close_without_plugins ... ok
[INFO] [stdout] 
[INFO] [stdout] test result: ok. 32 passed; 0 failed; 0 ignored; 0 measured; 0 filtered out; finished in 0.52s
[INFO] [stdout] 
[INFO] [stderr]      Running unittests src/bin/uranus-room.rs (/opt/rustwide/target/debug/build/uranus-core/1d446b4404dbe4e6/out/uranus_room-1d446b4404dbe4e6)
[INFO] [stdout] 
[INFO] [stdout] running 0 tests
[INFO] [stdout] 
[INFO] [stdout] test result: ok. 0 passed; 0 failed; 0 ignored; 0 measured; 0 filtered out; finished in 0.00s
[INFO] [stdout] 
[INFO] [stderr]      Running tests/agent_flow.rs (/opt/rustwide/target/debug/build/uranus-core/dc4786c4375ed7cb/out/agent_flow-dc4786c4375ed7cb)
[INFO] [stdout] 
[INFO] [stdout] running 6 tests
[INFO] [stdout] test authenticated_streaming_turn_stops_at_terminal_chunk ... ok
[INFO] [stdout] test authenticated_streaming_turn_rejects_request_id_mismatch ... ok
[INFO] [stdout] test authenticated_agent_runs_local_tool_and_resumes_provider ... ok
[INFO] [stdout] test revoked_context_stops_before_tool_execution ... ok
[INFO] [stdout] test authenticated_streaming_turn_cancels_before_later_chunks ... ok
[INFO] [stdout] test authenticated_streaming_turn_rejects_sequence_mismatch ... ok
[INFO] [stdout] 
[INFO] [stdout] test result: ok. 6 passed; 0 failed; 0 ignored; 0 measured; 0 filtered out; finished in 0.05s
[INFO] [stdout] 
[INFO] [stderr]      Running tests/core_runtime.rs (/opt/rustwide/target/debug/build/uranus-core/21c60975285518f6/out/core_runtime-21c60975285518f6)
[INFO] [stdout] 
[INFO] [stdout] running 15 tests
[INFO] [stdout] test truncated_record_after_valid_prefix_does_not_open_partial_runtime ... ok
[INFO] [stdout] test oversized_storage_record_is_rejected_before_allocation ... ok
[INFO] [stdout] test truncated_header_returns_storage_error ... ok
[INFO] [stdout] test closed_sessions_remain_readable_but_reject_writes ... ok
[INFO] [stdout] test invalid_storage_records_are_rejected ... ok
[INFO] [stdout] test persistent_runtime_replays_and_continues_events ... ok
[INFO] [stdout] test event_cursor_cancellation_is_cooperative_and_thread_safe ... ok
[INFO] [stdout] test appends_events_in_sequence_order ... ok
[INFO] [stdout] test creates_open_sessions_with_monotonic_ids ... ok
[INFO] [stdout] test default_runtime_has_no_authorized_credentials ... ok
[INFO] [stdout] test unknown_and_invalid_inputs_return_domain_errors ... ok
[INFO] [stdout] test authorization_is_checked_before_core_mutation ... ok
[INFO] [stdout] test event_cursor_reads_after_sequence_in_order_and_reports_end_of_stream ... ok
[INFO] [stdout] test event_cursor_denies_unauthorized_subscription_and_reads ... ok
[INFO] [stdout] test event_field_limits_are_checked_in_memory_runtime ... ok
[INFO] [stdout] 
[INFO] [stdout] test result: ok. 15 passed; 0 failed; 0 ignored; 0 measured; 0 filtered out; finished in 0.10s
[INFO] [stdout] 
[INFO] [stdout] 
[INFO] [stderr]      Running tests/distributed.rs (/opt/rustwide/target/debug/build/uranus-core/9b9bb6a9197aaf9d/out/distributed-9b9bb6a9197aaf9d)
[INFO] [stdout] running 25 tests
[INFO] [stdout] test assignment_ack_correlation_mismatch_is_fail_closed ... ok
[INFO] [stdout] test duplicate_assignment_ack_is_fail_closed ... ok
[INFO] [stdout] test idle_disconnected_worker_is_reaped_from_registry ... ok
[INFO] [stdout] test drain_ack_identity_mismatch_is_fail_closed ... ok
[INFO] [stdout] test disconnected_worker_fails_the_assignment_without_claiming_success ... ok
[INFO] [stdout] test missing_assignment_ack_expires_without_a_permanent_waiter ... ok
[INFO] [stdout] test duplicate_result_is_rejected_without_reopening_assignment ... ok
[INFO] [stdout] test distributed_scheduler_resumes_checkpointed_tasks_from_the_ledger ... ok
[INFO] [stdout] test multiplexed_eof_releases_all_assignment_waiters ... ok
[INFO] [stdout] test multiplexed_cancel_only_cancels_the_selected_assignment ... ok
[INFO] [stdout] test wrong_control_ack_type_fails_closed ... ok
[INFO] [stdout] test completed_assignment_replays_without_reexecuting ... FAILED
[INFO] [stdout] test graph_cancellation_records_cancelling_before_cancelled ... ok
[INFO] [stdout] test graph_deadline_cancels_a_remote_assignment_without_hanging ... ok
[INFO] [stdout] test distributed_scheduler_uses_independent_workers_concurrently ... ok
[INFO] [stdout] test authenticated_remote_worker_executes_and_replays_from_core ... ok
[INFO] [stdout] test capacity_rejection_retries_without_consuming_a_business_attempt ... ok
[INFO] [stdout] test one_authenticated_connection_multiplexes_independent_assignments ... ok
[INFO] [stdout] test multiplexed_lease_fencing_releases_all_assignment_waiters ... ok
[INFO] [stdout] test cancelled_graph_replays_without_contacting_a_worker_when_completion_is_missing ... ok
[INFO] [stdout] test reconnecting_worker_requeues_an_in_flight_assignment_once ... ok
[INFO] [stdout] test multiplexed_heartbeat_reports_slots_and_drain_rejects_new_assignments ... ok
[INFO] [stdout] test multiplexed_late_result_is_rejected_without_poisoning_the_connection ... ok
[INFO] [stdout] test newer_worker_registration_fences_the_old_lease ... ok
[INFO] [stdout] test heartbeat_loss_fences_a_live_assignment_without_eof ... ok
[INFO] [stdout] 
[INFO] [stdout] failures:
[INFO] [stdout] 
[INFO] [stdout] ---- completed_assignment_replays_without_reexecuting stdout ----
[INFO] [stdout] 
[INFO] [stdout] thread '<unnamed>' (756) panicked at tests/distributed.rs:2546:31:
[INFO] [stdout] called `Result::unwrap()` on an `Err` value: Disconnected
[INFO] [stdout] stack backtrace:
[INFO] [stdout]    0:     0x65028f3ecd61 - std[617be2ca0a6fd877]::backtrace_rs::backtrace::libunwind::trace
[INFO] [stdout]                                at /rustc/e3feeb59cd1bdd011a2bfcc0747b55125d9b8527/library/std/src/../../backtrace/src/backtrace/libunwind.rs:117:9
[INFO] [stdout]    1:     0x65028f3ecd61 - std[617be2ca0a6fd877]::backtrace_rs::backtrace::trace_unsynchronized::<std[617be2ca0a6fd877]::sys::backtrace::_print_fmt::{closure#1}>
[INFO] [stdout]                                at /rustc/e3feeb59cd1bdd011a2bfcc0747b55125d9b8527/library/std/src/../../backtrace/src/backtrace/mod.rs:66:14
[INFO] [stdout]    2:     0x65028f3ecd61 - std[617be2ca0a6fd877]::sys::backtrace::_print_fmt
[INFO] [stdout]                                at /rustc/e3feeb59cd1bdd011a2bfcc0747b55125d9b8527/library/std/src/sys/backtrace.rs:74:9
[INFO] [stdout]    3:     0x65028f3ecd61 - <<std[617be2ca0a6fd877]::sys::backtrace::BacktraceLock>::print::DisplayBacktrace as core[a373ad73a504971]::fmt::Display>::fmt
[INFO] [stdout]                                at /rustc/e3feeb59cd1bdd011a2bfcc0747b55125d9b8527/library/std/src/sys/backtrace.rs:44:26
[INFO] [stdout]    4:     0x65028f40330a - <core[a373ad73a504971]::fmt::rt::Argument>::fmt
[INFO] [stdout]                                at /rustc/e3feeb59cd1bdd011a2bfcc0747b55125d9b8527/library/core/src/fmt/rt.rs:152:76
[INFO] [stdout]    5:     0x65028f40330a - core[a373ad73a504971]::fmt::write
[INFO] [stdout]    6:     0x65028f3f144c - core[a373ad73a504971]::io::write::default_write_fmt::<alloc[2e1b2a31b91974c5]::vec::Vec<u8>>
[INFO] [stdout]                                at /rustc/e3feeb59cd1bdd011a2bfcc0747b55125d9b8527/library/core/src/io/write.rs:402:11
[INFO] [stdout]    7:     0x65028f3f144c - <alloc[2e1b2a31b91974c5]::vec::Vec<u8> as core[a373ad73a504971]::io::write::Write>::write_fmt
[INFO] [stdout]                                at /rustc/e3feeb59cd1bdd011a2bfcc0747b55125d9b8527/library/core/src/io/write.rs:335:13
[INFO] [stdout]    8:     0x65028f3c6546 - <std[617be2ca0a6fd877]::sys::backtrace::BacktraceLock>::print
[INFO] [stdout]                                at /rustc/e3feeb59cd1bdd011a2bfcc0747b55125d9b8527/library/std/src/sys/backtrace.rs:47:9
[INFO] [stdout]    9:     0x65028f3c6546 - std[617be2ca0a6fd877]::panicking::default_hook::{closure#0}
[INFO] [stdout]                                at /rustc/e3feeb59cd1bdd011a2bfcc0747b55125d9b8527/library/std/src/panicking.rs:289:27
[INFO] [stdout]   10:     0x65028f3e3fc9 - std[617be2ca0a6fd877]::panicking::default_hook
[INFO] [stdout]                                at /rustc/e3feeb59cd1bdd011a2bfcc0747b55125d9b8527/library/std/src/panicking.rs:313:9
[INFO] [stdout]   11:     0x65028f080f30 - <alloc[2e1b2a31b91974c5]::boxed::Box<dyn for<'a, 'b> core[a373ad73a504971]::ops::function::Fn<(&'a std[617be2ca0a6fd877]::panic::PanicHookInfo<'b>,), Output = ()> + core[a373ad73a504971]::marker::Sync + core[a373ad73a504971]::marker::Send> as core[a373ad73a504971]::ops::function::Fn<(&std[617be2ca0a6fd877]::panic::PanicHookInfo,)>>::call
[INFO] [stdout]                                at /rustc/e3feeb59cd1bdd011a2bfcc0747b55125d9b8527/library/alloc/src/boxed.rs:2328:9
[INFO] [stdout]   12:     0x65028f080f30 - test[aada8e7e76ba119b]::test_main_inner::{closure#0}
[INFO] [stdout]                                at /rustc/e3feeb59cd1bdd011a2bfcc0747b55125d9b8527/library/test/src/lib.rs:137:21
[INFO] [stdout]   13:     0x65028f3e4182 - <alloc[2e1b2a31b91974c5]::boxed::Box<dyn for<'a, 'b> core[a373ad73a504971]::ops::function::Fn<(&'a std[617be2ca0a6fd877]::panic::PanicHookInfo<'b>,), Output = ()> + core[a373ad73a504971]::marker::Sync + core[a373ad73a504971]::marker::Send> as core[a373ad73a504971]::ops::function::Fn<(&std[617be2ca0a6fd877]::panic::PanicHookInfo,)>>::call
[INFO] [stdout]                                at /rustc/e3feeb59cd1bdd011a2bfcc0747b55125d9b8527/library/alloc/src/boxed.rs:2328:9
[INFO] [stdout]   14:     0x65028f3e4182 - std[617be2ca0a6fd877]::panicking::panic_with_hook
[INFO] [stdout]                                at /rustc/e3feeb59cd1bdd011a2bfcc0747b55125d9b8527/library/std/src/panicking.rs:819:13
[INFO] [stdout]   15:     0x65028f3c65f2 - std[617be2ca0a6fd877]::panicking::panic_handler::{closure#0}
[INFO] [stdout]                                at /rustc/e3feeb59cd1bdd011a2bfcc0747b55125d9b8527/library/std/src/panicking.rs:685:13
[INFO] [stdout]   16:     0x65028f3bf059 - std[617be2ca0a6fd877]::sys::backtrace::__rust_end_short_backtrace::<std[617be2ca0a6fd877]::panicking::panic_handler::{closure#0}, !>
[INFO] [stdout]                                at /rustc/e3feeb59cd1bdd011a2bfcc0747b55125d9b8527/library/std/src/sys/backtrace.rs:182:18
[INFO] [stdout]   17:     0x65028f3c71fd - __rustc[ea4f61d10b84890b]::rust_begin_unwind
[INFO] [stdout]                                at /rustc/e3feeb59cd1bdd011a2bfcc0747b55125d9b8527/library/std/src/panicking.rs:676:5
[INFO] [stdout]   18:     0x65028f403afc - core[a373ad73a504971]::panicking::panic_fmt
[INFO] [stdout]                                at /rustc/e3feeb59cd1bdd011a2bfcc0747b55125d9b8527/library/core/src/panicking.rs:80:14
[INFO] [stdout]   19:     0x65028f403852 - core[a373ad73a504971]::result::unwrap_failed
[INFO] [stdout]                                at /rustc/e3feeb59cd1bdd011a2bfcc0747b55125d9b8527/library/core/src/result.rs:1870:5
[INFO] [stdout]   20:     0x65028ef93e26 - <core[a373ad73a504971]::result::Result<(), uranus_core[fb5d2f346d8101fa]::transport::TransportError>>::unwrap
[INFO] [stdout]                                at /rustc/e3feeb59cd1bdd011a2bfcc0747b55125d9b8527/library/core/src/result.rs:1232:23
[INFO] [stdout]   21:     0x65028ef93e26 - distributed[cbdeeba7538b6c33]::completed_assignment_replays_without_reexecuting::{closure#0}
[INFO] [stdout]                                at /opt/rustwide/workdir/tests/distributed.rs:2546:31
[INFO] [stdout]   22:     0x65028f063426 - std[617be2ca0a6fd877]::sys::backtrace::__rust_begin_short_backtrace::<distributed[cbdeeba7538b6c33]::completed_assignment_replays_without_reexecuting::{closure#0}, ()>
[INFO] [stdout]                                at /rustc/e3feeb59cd1bdd011a2bfcc0747b55125d9b8527/library/std/src/sys/backtrace.rs:166:18
[INFO] [stdout]   23:     0x65028ef867c4 - std[617be2ca0a6fd877]::thread::lifecycle::spawn_unchecked::<distributed[cbdeeba7538b6c33]::completed_assignment_replays_without_reexecuting::{closure#0}, ()>::{closure#1}::{closure#0}
[INFO] [stdout]                                at /rustc/e3feeb59cd1bdd011a2bfcc0747b55125d9b8527/library/std/src/thread/lifecycle.rs:70:13
[INFO] [stdout]   24:     0x65028f056bc3 - <core[a373ad73a504971]::panic::unwind_safe::AssertUnwindSafe<std[617be2ca0a6fd877]::thread::lifecycle::spawn_unchecked<distributed[cbdeeba7538b6c33]::completed_assignment_replays_without_reexecuting::{closure#0}, ()>::{closure#1}::{closure#0}> as core[a373ad73a504971]::ops::function::FnOnce<()>>::call_once
[INFO] [stdout]                                at /rustc/e3feeb59cd1bdd011a2bfcc0747b55125d9b8527/library/core/src/panic/unwind_safe.rs:275:9
[INFO] [stdout]   25:     0x65028f0472f7 - std[617be2ca0a6fd877]::panicking::catch_unwind::do_call::<core[a373ad73a504971]::panic::unwind_safe::AssertUnwindSafe<std[617be2ca0a6fd877]::thread::lifecycle::spawn_unchecked<distributed[cbdeeba7538b6c33]::completed_assignment_replays_without_reexecuting::{closure#0}, ()>::{closure#1}::{closure#0}>, ()>
[INFO] [stdout]                                at /rustc/e3feeb59cd1bdd011a2bfcc0747b55125d9b8527/library/std/src/panicking.rs:573:43
[INFO] [stdout]   26:     0x65028ef8ef2b - __rust_try
[INFO] [stdout]   27:     0x65028ef78fab - std[617be2ca0a6fd877]::panicking::catch_unwind::<(), core[a373ad73a504971]::panic::unwind_safe::AssertUnwindSafe<std[617be2ca0a6fd877]::thread::lifecycle::spawn_unchecked<distributed[cbdeeba7538b6c33]::completed_assignment_replays_without_reexecuting::{closure#0}, ()>::{closure#1}::{closure#0}>>
[INFO] [stdout]                                at /rustc/e3feeb59cd1bdd011a2bfcc0747b55125d9b8527/library/std/src/panicking.rs:541:19
[INFO] [stdout]   28:     0x65028ef78fab - std[617be2ca0a6fd877]::panic::catch_unwind::<core[a373ad73a504971]::panic::unwind_safe::AssertUnwindSafe<std[617be2ca0a6fd877]::thread::lifecycle::spawn_unchecked<distributed[cbdeeba7538b6c33]::completed_assignment_replays_without_reexecuting::{closure#0}, ()>::{closure#1}::{closure#0}>, ()>
[INFO] [stdout]                                at /rustc/e3feeb59cd1bdd011a2bfcc0747b55125d9b8527/library/std/src/panic.rs:359:14
[INFO] [stdout]   29:     0x65028ef78fab - std[617be2ca0a6fd877]::thread::lifecycle::spawn_unchecked::<distributed[cbdeeba7538b6c33]::completed_assignment_replays_without_reexecuting::{closure#0}, ()>::{closure#1}
[INFO] [stdout]                                at /rustc/e3feeb59cd1bdd011a2bfcc0747b55125d9b8527/library/std/src/thread/lifecycle.rs:68:26
[INFO] [stdout]   30:     0x65028f04520e - <std[617be2ca0a6fd877]::thread::lifecycle::spawn_unchecked<distributed[cbdeeba7538b6c33]::completed_assignment_replays_without_reexecuting::{closure#0}, ()>::{closure#1} as core[a373ad73a504971]::ops::function::FnOnce<()>>::call_once::{shim:vtable#0}
[INFO] [stdout]                                at /rustc/e3feeb59cd1bdd011a2bfcc0747b55125d9b8527/library/core/src/ops/function.rs:250:5
[INFO] [stdout]   31:     0x65028f3ebb4f - <alloc[2e1b2a31b91974c5]::boxed::Box<dyn core[a373ad73a504971]::ops::function::FnOnce<(), Output = ()> + core[a373ad73a504971]::marker::Send> as core[a373ad73a504971]::ops::function::FnOnce<()>>::call_once
[INFO] [stdout]                                at /rustc/e3feeb59cd1bdd011a2bfcc0747b55125d9b8527/library/alloc/src/boxed.rs:2314:9
[INFO] [stdout]   32:     0x65028f3ebb4f - <std[617be2ca0a6fd877]::sys::thread::unix::Thread>::new::thread_start
[INFO] [stdout]                                at /rustc/e3feeb59cd1bdd011a2bfcc0747b55125d9b8527/library/std/src/sys/thread/unix.rs:127:17
[INFO] [stdout]   33:     0x7f6437d74dfa - <unknown>
[INFO] [stdout]   34:     0x7f6437e083d4 - clone
[INFO] [stdout]   35:                0x0 - <unknown>
[INFO] [stdout] 
[INFO] [stdout] thread 'completed_assignment_replays_without_reexecuting' (741) panicked at tests/distributed.rs:2580:24:
[INFO] [stdout] called `Result::unwrap()` on an `Err` value: Any { .. }
[INFO] [stdout] stack backtrace:
[INFO] [stdout]    0:     0x65028f3ecd61 - std[617be2ca0a6fd877]::backtrace_rs::backtrace::libunwind::trace
[INFO] [stdout]                                at /rustc/e3feeb59cd1bdd011a2bfcc0747b55125d9b8527/library/std/src/../../backtrace/src/backtrace/libunwind.rs:117:9
[INFO] [stdout]    1:     0x65028f3ecd61 - std[617be2ca0a6fd877]::backtrace_rs::backtrace::trace_unsynchronized::<std[617be2ca0a6fd877]::sys::backtrace::_print_fmt::{closure#1}>
[INFO] [stdout]                                at /rustc/e3feeb59cd1bdd011a2bfcc0747b55125d9b8527/library/std/src/../../backtrace/src/backtrace/mod.rs:66:14
[INFO] [stdout]    2:     0x65028f3ecd61 - std[617be2ca0a6fd877]::sys::backtrace::_print_fmt
[INFO] [stdout]                                at /rustc/e3feeb59cd1bdd011a2bfcc0747b55125d9b8527/library/std/src/sys/backtrace.rs:74:9
[INFO] [stdout]    3:     0x65028f3ecd61 - <<std[617be2ca0a6fd877]::sys::backtrace::BacktraceLock>::print::DisplayBacktrace as core[a373ad73a504971]::fmt::Display>::fmt
[INFO] [stdout]                                at /rustc/e3feeb59cd1bdd011a2bfcc0747b55125d9b8527/library/std/src/sys/backtrace.rs:44:26
[INFO] [stdout]    4:     0x65028f40330a - <core[a373ad73a504971]::fmt::rt::Argument>::fmt
[INFO] [stdout]                                at /rustc/e3feeb59cd1bdd011a2bfcc0747b55125d9b8527/library/core/src/fmt/rt.rs:152:76
[INFO] [stdout]    5:     0x65028f40330a - core[a373ad73a504971]::fmt::write
[INFO] [stdout]    6:     0x65028f3f144c - core[a373ad73a504971]::io::write::default_write_fmt::<alloc[2e1b2a31b91974c5]::vec::Vec<u8>>
[INFO] [stdout]                                at /rustc/e3feeb59cd1bdd011a2bfcc0747b55125d9b8527/library/core/src/io/write.rs:402:11
[INFO] [stdout]    7:     0x65028f3f144c - <alloc[2e1b2a31b91974c5]::vec::Vec<u8> as core[a373ad73a504971]::io::write::Write>::write_fmt
[INFO] [stdout]                                at /rustc/e3feeb59cd1bdd011a2bfcc0747b55125d9b8527/library/core/src/io/write.rs:335:13
[INFO] [stdout]    8:     0x65028f3c6546 - <std[617be2ca0a6fd877]::sys::backtrace::BacktraceLock>::print
[INFO] [stdout]                                at /rustc/e3feeb59cd1bdd011a2bfcc0747b55125d9b8527/library/std/src/sys/backtrace.rs:47:9
[INFO] [stdout]    9:     0x65028f3c6546 - std[617be2ca0a6fd877]::panicking::default_hook::{closure#0}
[INFO] [stdout]                                at /rustc/e3feeb59cd1bdd011a2bfcc0747b55125d9b8527/library/std/src/panicking.rs:289:27
[INFO] [stdout]   10:     0x65028f3e3fc9 - std[617be2ca0a6fd877]::panicking::default_hook
[INFO] [stdout]                                at /rustc/e3feeb59cd1bdd011a2bfcc0747b55125d9b8527/library/std/src/panicking.rs:313:9
[INFO] [stdout]   11:     0x65028f080f30 - <alloc[2e1b2a31b91974c5]::boxed::Box<dyn for<'a, 'b> core[a373ad73a504971]::ops::function::Fn<(&'a std[617be2ca0a6fd877]::panic::PanicHookInfo<'b>,), Output = ()> + core[a373ad73a504971]::marker::Sync + core[a373ad73a504971]::marker::Send> as core[a373ad73a504971]::ops::function::Fn<(&std[617be2ca0a6fd877]::panic::PanicHookInfo,)>>::call
[INFO] [stdout]                                at /rustc/e3feeb59cd1bdd011a2bfcc0747b55125d9b8527/library/alloc/src/boxed.rs:2328:9
[INFO] [stdout]   12:     0x65028f080f30 - test[aada8e7e76ba119b]::test_main_inner::{closure#0}
[INFO] [stdout]                                at /rustc/e3feeb59cd1bdd011a2bfcc0747b55125d9b8527/library/test/src/lib.rs:137:21
[INFO] [stdout]   13:     0x65028f3e4182 - <alloc[2e1b2a31b91974c5]::boxed::Box<dyn for<'a, 'b> core[a373ad73a504971]::ops::function::Fn<(&'a std[617be2ca0a6fd877]::panic::PanicHookInfo<'b>,), Output = ()> + core[a373ad73a504971]::marker::Sync + core[a373ad73a504971]::marker::Send> as core[a373ad73a504971]::ops::function::Fn<(&std[617be2ca0a6fd877]::panic::PanicHookInfo,)>>::call
[INFO] [stdout]                                at /rustc/e3feeb59cd1bdd011a2bfcc0747b55125d9b8527/library/alloc/src/boxed.rs:2328:9
[INFO] [stdout]   14:     0x65028f3e4182 - std[617be2ca0a6fd877]::panicking::panic_with_hook
[INFO] [stdout]                                at /rustc/e3feeb59cd1bdd011a2bfcc0747b55125d9b8527/library/std/src/panicking.rs:819:13
[INFO] [stdout]   15:     0x65028f3c65f2 - std[617be2ca0a6fd877]::panicking::panic_handler::{closure#0}
[INFO] [stdout]                                at /rustc/e3feeb59cd1bdd011a2bfcc0747b55125d9b8527/library/std/src/panicking.rs:685:13
[INFO] [stdout]   16:     0x65028f3bf059 - std[617be2ca0a6fd877]::sys::backtrace::__rust_end_short_backtrace::<std[617be2ca0a6fd877]::panicking::panic_handler::{closure#0}, !>
[INFO] [stdout]                                at /rustc/e3feeb59cd1bdd011a2bfcc0747b55125d9b8527/library/std/src/sys/backtrace.rs:182:18
[INFO] [stdout]   17:     0x65028f3c71fd - __rustc[ea4f61d10b84890b]::rust_begin_unwind
[INFO] [stdout]                                at /rustc/e3feeb59cd1bdd011a2bfcc0747b55125d9b8527/library/std/src/panicking.rs:676:5
[INFO] [stdout]   18:     0x65028f403afc - core[a373ad73a504971]::panicking::panic_fmt
[INFO] [stdout]                                at /rustc/e3feeb59cd1bdd011a2bfcc0747b55125d9b8527/library/core/src/panicking.rs:80:14
[INFO] [stdout]   19:     0x65028f403852 - core[a373ad73a504971]::result::unwrap_failed
[INFO] [stdout]                                at /rustc/e3feeb59cd1bdd011a2bfcc0747b55125d9b8527/library/core/src/result.rs:1870:5
[INFO] [stdout]   20:     0x65028efae6e2 - <core[a373ad73a504971]::result::Result<(), alloc[2e1b2a31b91974c5]::boxed::Box<dyn core[a373ad73a504971]::any::Any + core[a373ad73a504971]::marker::Send>>>::unwrap
[INFO] [stdout]                                at /rustc/e3feeb59cd1bdd011a2bfcc0747b55125d9b8527/library/core/src/result.rs:1232:23
[INFO] [stdout]   21:     0x65028efae6e2 - distributed[cbdeeba7538b6c33]::completed_assignment_replays_without_reexecuting
[INFO] [stdout]                                at /opt/rustwide/workdir/tests/distributed.rs:2580:24
[INFO] [stdout]   22:     0x65028ef8f717 - distributed[cbdeeba7538b6c33]::completed_assignment_replays_without_reexecuting::{closure#0}
[INFO] [stdout]                                at /opt/rustwide/workdir/tests/distributed.rs:2508:54
[INFO] [stdout]   23:     0x65028f046496 - <distributed[cbdeeba7538b6c33]::completed_assignment_replays_without_reexecuting::{closure#0} as core[a373ad73a504971]::ops::function::FnOnce<()>>::call_once
[INFO] [stdout]                                at /rustc/e3feeb59cd1bdd011a2bfcc0747b55125d9b8527/library/core/src/ops/function.rs:250:5
[INFO] [stdout]   24:     0x65028f07437b - <fn() -> core[a373ad73a504971]::result::Result<(), alloc[2e1b2a31b91974c5]::string::String> as core[a373ad73a504971]::ops::function::FnOnce<()>>::call_once
[INFO] [stdout]                                at /rustc/e3feeb59cd1bdd011a2bfcc0747b55125d9b8527/library/core/src/ops/function.rs:250:5
[INFO] [stdout]   25:     0x65028f07437b - test[aada8e7e76ba119b]::__rust_begin_short_backtrace::<core[a373ad73a504971]::result::Result<(), alloc[2e1b2a31b91974c5]::string::String>, fn() -> core[a373ad73a504971]::result::Result<(), alloc[2e1b2a31b91974c5]::string::String>>
[INFO] [stdout]                                at /rustc/e3feeb59cd1bdd011a2bfcc0747b55125d9b8527/library/test/src/lib.rs:701:18
[INFO] [stdout]   26:     0x65028f081555 - test[aada8e7e76ba119b]::run_test_in_process::{closure#0}
[INFO] [stdout]                                at /rustc/e3feeb59cd1bdd011a2bfcc0747b55125d9b8527/library/test/src/lib.rs:724:74
[INFO] [stdout]   27:     0x65028f081555 - <core[a373ad73a504971]::panic::unwind_safe::AssertUnwindSafe<test[aada8e7e76ba119b]::run_test_in_process::{closure#0}> as core[a373ad73a504971]::ops::function::FnOnce<()>>::call_once
[INFO] [stdout]                                at /rustc/e3feeb59cd1bdd011a2bfcc0747b55125d9b8527/library/core/src/panic/unwind_safe.rs:275:9
[INFO] [stdout]   28:     0x65028f081555 - std[617be2ca0a6fd877]::panicking::catch_unwind::do_call::<core[a373ad73a504971]::panic::unwind_safe::AssertUnwindSafe<test[aada8e7e76ba119b]::run_test_in_process::{closure#0}>, core[a373ad73a504971]::result::Result<(), alloc[2e1b2a31b91974c5]::string::String>>
[INFO] [stdout]                                at /rustc/e3feeb59cd1bdd011a2bfcc0747b55125d9b8527/library/std/src/panicking.rs:573:43
[INFO] [stdout]   29:     0x65028f081555 - std[617be2ca0a6fd877]::panicking::catch_unwind::<core[a373ad73a504971]::result::Result<(), alloc[2e1b2a31b91974c5]::string::String>, core[a373ad73a504971]::panic::unwind_safe::AssertUnwindSafe<test[aada8e7e76ba119b]::run_test_in_process::{closure#0}>>
[INFO] [stdout]                                at /rustc/e3feeb59cd1bdd011a2bfcc0747b55125d9b8527/library/std/src/panicking.rs:541:19
[INFO] [stdout]   30:     0x65028f081555 - std[617be2ca0a6fd877]::panic::catch_unwind::<core[a373ad73a504971]::panic::unwind_safe::AssertUnwindSafe<test[aada8e7e76ba119b]::run_test_in_process::{closure#0}>, core[a373ad73a504971]::result::Result<(), alloc[2e1b2a31b91974c5]::string::String>>
[INFO] [stdout]                                at /rustc/e3feeb59cd1bdd011a2bfcc0747b55125d9b8527/library/std/src/panic.rs:359:14
[INFO] [stdout]   31:     0x65028f081555 - test[aada8e7e76ba119b]::run_test_in_process
[INFO] [stdout]                                at /rustc/e3feeb59cd1bdd011a2bfcc0747b55125d9b8527/library/test/src/lib.rs:724:27
[INFO] [stdout]   32:     0x65028f081555 - test[aada8e7e76ba119b]::run_test::{closure#0}
[INFO] [stdout]                                at /rustc/e3feeb59cd1bdd011a2bfcc0747b55125d9b8527/library/test/src/lib.rs:645:43
[INFO] [stdout]   33:     0x65028f07ae44 - test[aada8e7e76ba119b]::run_test::{closure#1}
[INFO] [stdout]                                at /rustc/e3feeb59cd1bdd011a2bfcc0747b55125d9b8527/library/test/src/lib.rs:675:41
[INFO] [stdout]   34:     0x65028f07ae44 - std[617be2ca0a6fd877]::sys::backtrace::__rust_begin_short_backtrace::<test[aada8e7e76ba119b]::run_test::{closure#1}, ()>
[INFO] [stdout]                                at /rustc/e3feeb59cd1bdd011a2bfcc0747b55125d9b8527/library/std/src/sys/backtrace.rs:166:18
[INFO] [stdout]   35:     0x65028f0845e2 - std[617be2ca0a6fd877]::thread::lifecycle::spawn_unchecked::<test[aada8e7e76ba119b]::run_test::{closure#1}, ()>::{closure#1}::{closure#0}
[INFO] [stdout]                                at /rustc/e3feeb59cd1bdd011a2bfcc0747b55125d9b8527/library/std/src/thread/lifecycle.rs:70:13
[INFO] [stdout]   36:     0x65028f0845e2 - <core[a373ad73a504971]::panic::unwind_safe::AssertUnwindSafe<std[617be2ca0a6fd877]::thread::lifecycle::spawn_unchecked<test[aada8e7e76ba119b]::run_test::{closure#1}, ()>::{closure#1}::{closure#0}> as core[a373ad73a504971]::ops::function::FnOnce<()>>::call_once
[INFO] [stdout]                                at /rustc/e3feeb59cd1bdd011a2bfcc0747b55125d9b8527/library/core/src/panic/unwind_safe.rs:275:9
[INFO] [stdout]   37:     0x65028f0845e2 - std[617be2ca0a6fd877]::panicking::catch_unwind::do_call::<core[a373ad73a504971]::panic::unwind_safe::AssertUnwindSafe<std[617be2ca0a6fd877]::thread::lifecycle::spawn_unchecked<test[aada8e7e76ba119b]::run_test::{closure#1}, ()>::{closure#1}::{closure#0}>, ()>
[INFO] [stdout]                                at /rustc/e3feeb59cd1bdd011a2bfcc0747b55125d9b8527/library/std/src/panicking.rs:573:43
[INFO] [stdout]   38:     0x65028f0845e2 - std[617be2ca0a6fd877]::panicking::catch_unwind::<(), core[a373ad73a504971]::panic::unwind_safe::AssertUnwindSafe<std[617be2ca0a6fd877]::thread::lifecycle::spawn_unchecked<test[aada8e7e76ba119b]::run_test::{closure#1}, ()>::{closure#1}::{closure#0}>>
[INFO] [stdout]                                at /rustc/e3feeb59cd1bdd011a2bfcc0747b55125d9b8527/library/std/src/panicking.rs:541:19
[INFO] [stdout]   39:     0x65028f0845e2 - std[617be2ca0a6fd877]::panic::catch_unwind::<core[a373ad73a504971]::panic::unwind_safe::AssertUnwindSafe<std[617be2ca0a6fd877]::thread::lifecycle::spawn_unchecked<test[aada8e7e76ba119b]::run_test::{closure#1}, ()>::{closure#1}::{closure#0}>, ()>
[INFO] [stdout]                                at /rustc/e3feeb59cd1bdd011a2bfcc0747b55125d9b8527/library/std/src/panic.rs:359:14
[INFO] [stdout]   40:     0x65028f0845e2 - std[617be2ca0a6fd877]::thread::lifecycle::spawn_unchecked::<test[aada8e7e76ba119b]::run_test::{closure#1}, ()>::{closure#1}
[INFO] [stdout]                                at /rustc/e3feeb59cd1bdd011a2bfcc0747b55125d9b8527/library/std/src/thread/lifecycle.rs:68:26
[INFO] [stdout]   41:     0x65028f0845e2 - <std[617be2ca0a6fd877]::thread::lifecycle::spawn_unchecked<test[aada8e7e76ba119b]::run_test::{closure#1}, ()>::{closure#1} as core[a373ad73a504971]::ops::function::FnOnce<()>>::call_once::{shim:vtable#0}
[INFO] [stdout]                                at /rustc/e3feeb59cd1bdd011a2bfcc0747b55125d9b8527/library/core/src/ops/function.rs:250:5
[INFO] [stdout]   42:     0x65028f3ebb4f - <alloc[2e1b2a31b91974c5]::boxed::Box<dyn core[a373ad73a504971]::ops::function::FnOnce<(), Output = ()> + core[a373ad73a504971]::marker::Send> as core[a373ad73a504971]::ops::function::FnOnce<()>>::call_once
[INFO] [stdout]                                at /rustc/e3feeb59cd1bdd011a2bfcc0747b55125d9b8527/library/alloc/src/boxed.rs:2314:9
[INFO] [stdout]   43:     0x65028f3ebb4f - <std[617be2ca0a6fd877]::sys::thread::unix::Thread>::new::thread_start
[INFO] [stdout]                                at /rustc/e3feeb59cd1bdd011a2bfcc0747b55125d9b8527/library/std/src/sys/thread/unix.rs:127:17
[INFO] [stdout]   44:     0x7f6437d74dfa - <unknown>
[INFO] [stdout]   45:     0x7f6437e083d4 - clone
[INFO] [stdout]   46:                0x0 - <unknown>
[INFO] [stdout] 
[INFO] [stdout] 
[INFO] [stdout] failures:
[INFO] [stdout]     completed_assignment_replays_without_reexecuting
[INFO] [stdout] 
[INFO] [stdout] test result: FAILED. 24 passed; 1 failed; 0 ignored; 0 measured; 0 filtered out; finished in 6.04s
[INFO] [stdout] 
[INFO] [stderr] error: test failed, to rerun pass `--test distributed`
[INFO] running `Command { std: "docker" "inspect" "48fa5ecad588a4614950dd81430eb21ae149b439522580510d7fae51e8bdd4d8", kill_on_drop: false }`
[INFO] running `Command { std: "docker" "rm" "-f" "48fa5ecad588a4614950dd81430eb21ae149b439522580510d7fae51e8bdd4d8", kill_on_drop: false }`
[INFO] [stdout] 48fa5ecad588a4614950dd81430eb21ae149b439522580510d7fae51e8bdd4d8
