[INFO] fetching crate tuple-projections 0.1.2...
[INFO] testing tuple-projections-0.1.2 against 1.100.0-beta.1 for beta-1.100-2
[INFO] extracting crate tuple-projections 0.1.2 into /workspace/builds/worker-5-tc2/source
[INFO] started tweaking crates.io crate tuple-projections 0.1.2
[INFO] removed 0 missing examples
[INFO] removed 0 missing tests
[INFO] finished tweaking crates.io crate tuple-projections 0.1.2
[INFO] tweaked toml for crates.io crate tuple-projections 0.1.2 written to /workspace/builds/worker-5-tc2/source/Cargo.toml
[INFO] validating manifest of crates.io crate tuple-projections 0.1.2 on toolchain 1.100.0-beta.1
[INFO] running `Command { std: CARGO_HOME="/workspace/cargo-home" RUSTUP_HOME="/workspace/rustup-home" "/workspace/cargo-home/bin/cargo" "+1.100.0-beta.1" "metadata" "--manifest-path" "Cargo.toml" "--no-deps", kill_on_drop: false }`
[INFO] crate crates.io crate tuple-projections 0.1.2 already has a lockfile, it will not be regenerated
[INFO] running `Command { std: CARGO_HOME="/workspace/cargo-home" RUSTUP_HOME="/workspace/rustup-home" "/workspace/cargo-home/bin/cargo" "+1.100.0-beta.1" "fetch" "--manifest-path" "Cargo.toml", kill_on_drop: false }`
[INFO] running `Command { std: "docker" "create" "-v" "/var/lib/crater-agent-workspace/builds/worker-5-tc2/source:/opt/rustwide/workdir:ro,Z" "-v" "/var/lib/crater-agent-workspace/builds/worker-5-tc2/target:/opt/rustwide/target:rw,Z" "-v" "/var/lib/crater-agent-workspace/cargo-home:/opt/rustwide/cargo-home:ro,Z" "-v" "/var/lib/crater-agent-workspace/rustup-home:/opt/rustwide/rustup-home:ro,Z" "-m" "1610612736" "--network" "none" "ghcr.io/rust-lang/crates-build-env/linux@sha256:3111399a4047eeb3a02b7a90e478d715f38a8c6669b5c4b49d30a17385265909" "sleep" "infinity", kill_on_drop: false }`
[INFO] [stdout] 3f7ab6d136ac8215a2df7e65b45128cd07a77dc13e27747cebb244f21469ee15
[INFO] running `Command { std: "docker" "start" "3f7ab6d136ac8215a2df7e65b45128cd07a77dc13e27747cebb244f21469ee15", kill_on_drop: false }`
[INFO] running `Command { std: "docker" "inspect" "3f7ab6d136ac8215a2df7e65b45128cd07a77dc13e27747cebb244f21469ee15", kill_on_drop: false }`
[INFO] running `Command { std: "docker" "exec" "-e" "SOURCE_DIR=/opt/rustwide/workdir" "-e" "CARGO_HOME=/opt/rustwide/cargo-home" "-e" "RUSTUP_HOME=/opt/rustwide/rustup-home" "-e" "CARGO_TARGET_DIR=/opt/rustwide/target" "-w" "/opt/rustwide/workdir" "--user" "0:0" "3f7ab6d136ac8215a2df7e65b45128cd07a77dc13e27747cebb244f21469ee15" "/opt/rustwide/cargo-home/bin/cargo" "+1.100.0-beta.1" "metadata" "--no-deps" "--format-version=1", kill_on_drop: false }`
[INFO] running `Command { std: "docker" "inspect" "3f7ab6d136ac8215a2df7e65b45128cd07a77dc13e27747cebb244f21469ee15", kill_on_drop: false }`
[INFO] running `Command { std: "docker" "exec" "-e" "SOURCE_DIR=/opt/rustwide/workdir" "-e" "CARGO_HOME=/opt/rustwide/cargo-home" "-e" "RUSTUP_HOME=/opt/rustwide/rustup-home" "-e" "CARGO_TARGET_DIR=/opt/rustwide/target" "-e" "CARGO_INCREMENTAL=0" "-e" "RUST_BACKTRACE=full" "-e" "RUSTFLAGS=--cap-lints=warn" "-e" "RUSTDOCFLAGS=--cap-lints=warn" "-w" "/opt/rustwide/workdir" "--user" "0:0" "3f7ab6d136ac8215a2df7e65b45128cd07a77dc13e27747cebb244f21469ee15" "/opt/rustwide/cargo-home/bin/cargo" "+1.100.0-beta.1" "build" "--frozen" "--message-format=json", kill_on_drop: false }`
[INFO] [stderr]    Compiling smallvec v1.16.1
[INFO] [stderr]    Compiling either v1.18.0
[INFO] [stderr]    Compiling tuple-projections-derive v0.1.2
[INFO] [stderr]    Compiling proc-macro-utils v0.10.0
[INFO] [stderr]    Compiling itertools v0.15.0
[INFO] [stderr]    Compiling manyhow-macros v0.13.0
[INFO] [stderr]    Compiling manyhow v0.13.0
[INFO] [stderr]    Compiling include-utils-macro v0.2.6
[INFO] [stderr]    Compiling include-utils v0.2.6
[INFO] [stderr]    Compiling tuple-projections v0.1.2 (/opt/rustwide/workdir)
[INFO] [stderr]     Finished `dev` profile [unoptimized + debuginfo] target(s) in 4.48s
[INFO] running `Command { std: "docker" "inspect" "3f7ab6d136ac8215a2df7e65b45128cd07a77dc13e27747cebb244f21469ee15", kill_on_drop: false }`
[INFO] running `Command { std: "docker" "exec" "-e" "SOURCE_DIR=/opt/rustwide/workdir" "-e" "CARGO_HOME=/opt/rustwide/cargo-home" "-e" "RUSTUP_HOME=/opt/rustwide/rustup-home" "-e" "CARGO_TARGET_DIR=/opt/rustwide/target" "-e" "CARGO_INCREMENTAL=0" "-e" "RUST_BACKTRACE=full" "-e" "RUSTFLAGS=--cap-lints=warn" "-e" "RUSTDOCFLAGS=--cap-lints=warn" "-w" "/opt/rustwide/workdir" "--user" "0:0" "3f7ab6d136ac8215a2df7e65b45128cd07a77dc13e27747cebb244f21469ee15" "/opt/rustwide/cargo-home/bin/cargo" "+1.100.0-beta.1" "test" "--frozen" "--no-run" "--message-format=json", kill_on_drop: false }`
[INFO] [stderr]    Compiling termcolor v1.4.1
[INFO] [stderr]    Compiling target-tuple v1.0.2
[INFO] [stderr]    Compiling foundationdb-tuple v0.11.0
[INFO] [stderr]    Compiling serde v1.0.229
[INFO] [stderr]    Compiling toml v1.1.6+spec-1.1.0
[INFO] [stderr]    Compiling trybuild v1.0.121
[INFO] [stderr]    Compiling tuple-projections v0.1.2 (/opt/rustwide/workdir)
[INFO] [stderr]     Finished `test` profile [unoptimized + debuginfo] target(s) in 8.03s
[INFO] running `Command { std: "docker" "inspect" "3f7ab6d136ac8215a2df7e65b45128cd07a77dc13e27747cebb244f21469ee15", kill_on_drop: false }`
[INFO] running `Command { std: "docker" "exec" "-e" "SOURCE_DIR=/opt/rustwide/workdir" "-e" "CARGO_HOME=/opt/rustwide/cargo-home" "-e" "RUSTUP_HOME=/opt/rustwide/rustup-home" "-e" "CARGO_TARGET_DIR=/opt/rustwide/target" "-e" "CARGO_INCREMENTAL=0" "-e" "RUST_BACKTRACE=full" "-e" "RUSTFLAGS=--cap-lints=warn" "-e" "RUSTDOCFLAGS=--cap-lints=warn" "-w" "/opt/rustwide/workdir" "--user" "0:0" "3f7ab6d136ac8215a2df7e65b45128cd07a77dc13e27747cebb244f21469ee15" "/opt/rustwide/cargo-home/bin/cargo" "+1.100.0-beta.1" "test" "--frozen", kill_on_drop: false }`
[INFO] [stderr]     Finished `test` profile [unoptimized + debuginfo] target(s) in 0.06s
[INFO] [stderr]      Running unittests src/lib.rs (/opt/rustwide/target/debug/build/tuple-projections/44cbf784267161ef/out/tuple_projections-44cbf784267161ef)
[INFO] [stdout] 
[INFO] [stdout] running 0 tests
[INFO] [stdout] 
[INFO] [stdout] test result: ok. 0 passed; 0 failed; 0 ignored; 0 measured; 0 filtered out; finished in 0.00s
[INFO] [stdout] 
[INFO] [stderr]      Running tests/compile_fail.rs (/opt/rustwide/target/debug/build/tuple-projections/5a0dba59b55ccda0/out/compile_fail-5a0dba59b55ccda0)
[INFO] [stdout] 
[INFO] [stdout] running 1 test
[INFO] [stderr]    Compiling proc-macro2 v1.0.107
[INFO] [stderr]    Compiling quote v1.0.47
[INFO] [stderr]    Compiling unicode-ident v1.0.26
[INFO] [stderr]    Compiling smallvec v1.16.1
[INFO] [stderr]    Compiling either v1.18.0
[INFO] [stderr]     Checking memchr v2.8.3
[INFO] [stderr]    Compiling itertools v0.15.0
[INFO] [stderr]     Checking foundationdb-tuple v0.11.0
[INFO] [stderr]    Compiling proc-macro-utils v0.10.0
[INFO] [stderr]    Compiling syn v3.0.6
[INFO] [stderr]    Compiling manyhow-macros v0.13.0
[INFO] [stderr]    Compiling manyhow v0.13.0
[INFO] [stderr]    Compiling include-utils-macro v0.2.6
[INFO] [stderr]    Compiling tuple-projections-derive v0.1.2
[INFO] [stderr]     Checking include-utils v0.2.6
[INFO] [stderr]     Checking tuple-projections v0.1.2 (/opt/rustwide/workdir)
[INFO] [stderr]     Checking tuple-projections-tests v0.0.0 (/opt/rustwide/target/tests/trybuild/tuple-projections)
[INFO] [stderr]     Finished `dev` profile [unoptimized + debuginfo] target(s) in 10.39s
[INFO] [stderr] 
[INFO] [stderr] 
[INFO] [stderr] test tests/ui/invalid_derive.rs ... ok
[INFO] [stderr] test tests/ui/invalid_projections.rs ... mismatch
[INFO] [stderr] 
[INFO] [stderr] EXPECTED:
[INFO] [stderr] ┈┈┈┈┈┈┈┈┈┈┈┈┈┈┈┈┈┈┈┈┈┈┈┈┈┈┈┈┈┈┈┈┈┈┈┈┈┈┈┈┈┈┈┈┈┈┈┈┈┈┈┈┈┈┈┈┈┈┈┈
[INFO] [stderr] error[E0277]: the trait bound `(u8,): LeftProjectionOf<(u16, u8)>` is not satisfied
[INFO] [stderr]   --> tests/ui/invalid_projections.rs:10:25
[INFO] [stderr]    |
[INFO] [stderr] 10 |     assert_projection::<(u8,), (u16, u8)>();
[INFO] [stderr]    |                         ^^^^^ the trait `LeftProjectionOf<(u16, u8)>` is not implemented for `(u8,)`
[INFO] [stderr]    |
[INFO] [stderr]    = help: the following other types implement trait `LeftProjectionOf<T>`:
[INFO] [stderr]              `()` implements `LeftProjectionOf<()>`
[INFO] [stderr]              `()` implements `LeftProjectionOf<(T0, T1)>`
[INFO] [stderr]              `()` implements `LeftProjectionOf<(T0, T1, T2)>`
[INFO] [stderr]              `()` implements `LeftProjectionOf<(T0, T1, T2, T3)>`
[INFO] [stderr]              `()` implements `LeftProjectionOf<(T0, T1, T2, T3, T4)>`
[INFO] [stderr]              `()` implements `LeftProjectionOf<(T0, T1, T2, T3, T4, T5)>`
[INFO] [stderr]              `()` implements `LeftProjectionOf<(T0, T1, T2, T3, T4, T5, T6)>`
[INFO] [stderr]              `()` implements `LeftProjectionOf<(T0, T1, T2, T3, T4, T5, T6, T7)>`
[INFO] [stderr]            and $N others
[INFO] [stderr] note: required by a bound in `assert_projection`
[INFO] [stderr]   --> tests/ui/invalid_projections.rs:5:8
[INFO] [stderr]    |
[INFO] [stderr]  3 | fn assert_projection<P, T>()
[INFO] [stderr]    |    ----------------- required by a bound in this function
[INFO] [stderr]  4 | where
[INFO] [stderr]  5 |     P: LeftProjectionOf<T>,
[INFO] [stderr]    |        ^^^^^^^^^^^^^^^^^^^ required by this bound in `assert_projection`
[INFO] [stderr] 
[INFO] [stderr] error[E0277]: the trait bound `(u8, u32): LeftProjectionOf<(u8, u16, u32)>` is not satisfied
[INFO] [stderr]   --> tests/ui/invalid_projections.rs:11:25
[INFO] [stderr]    |
[INFO] [stderr] 11 |     assert_projection::<(u8, u32), (u8, u16, u32)>();
[INFO] [stderr]    |                         ^^^^^^^^^ the trait `LeftProjectionOf<(u8, u16, u32)>` is not implemented for `(u8, u32)`
[INFO] [stderr]    |
[INFO] [stderr]    = help: the following other types implement trait `LeftProjectionOf<T>`:
[INFO] [stderr]              `()` implements `LeftProjectionOf<()>`
[INFO] [stderr]              `()` implements `LeftProjectionOf<(T0, T1)>`
[INFO] [stderr]              `()` implements `LeftProjectionOf<(T0, T1, T2)>`
[INFO] [stderr]              `()` implements `LeftProjectionOf<(T0, T1, T2, T3)>`
[INFO] [stderr]              `()` implements `LeftProjectionOf<(T0, T1, T2, T3, T4)>`
[INFO] [stderr]              `()` implements `LeftProjectionOf<(T0, T1, T2, T3, T4, T5)>`
[INFO] [stderr]              `()` implements `LeftProjectionOf<(T0, T1, T2, T3, T4, T5, T6)>`
[INFO] [stderr]              `()` implements `LeftProjectionOf<(T0, T1, T2, T3, T4, T5, T6, T7)>`
[INFO] [stderr]            and $N others
[INFO] [stderr] note: required by a bound in `assert_projection`
[INFO] [stderr]   --> tests/ui/invalid_projections.rs:5:8
[INFO] [stderr]    |
[INFO] [stderr]  3 | fn assert_projection<P, T>()
[INFO] [stderr]    |    ----------------- required by a bound in this function
[INFO] [stderr]  4 | where
[INFO] [stderr]  5 |     P: LeftProjectionOf<T>,
[INFO] [stderr]    |        ^^^^^^^^^^^^^^^^^^^ required by this bound in `assert_projection`
[INFO] [stderr] 
[INFO] [stderr] error[E0277]: the trait bound `(u16, u32): LeftProjectionOf<(u8, u16, u32)>` is not satisfied
[INFO] [stderr]   --> tests/ui/invalid_projections.rs:12:25
[INFO] [stderr]    |
[INFO] [stderr] 12 |     assert_projection::<(u16, u32), (u8, u16, u32)>();
[INFO] [stderr]    |                         ^^^^^^^^^^ the trait `LeftProjectionOf<(u8, u16, u32)>` is not implemented for `(u16, u32)`
[INFO] [stderr]    |
[INFO] [stderr]    = help: the following other types implement trait `LeftProjectionOf<T>`:
[INFO] [stderr]              `()` implements `LeftProjectionOf<()>`
[INFO] [stderr]              `()` implements `LeftProjectionOf<(T0, T1)>`
[INFO] [stderr]              `()` implements `LeftProjectionOf<(T0, T1, T2)>`
[INFO] [stderr]              `()` implements `LeftProjectionOf<(T0, T1, T2, T3)>`
[INFO] [stderr]              `()` implements `LeftProjectionOf<(T0, T1, T2, T3, T4)>`
[INFO] [stderr]              `()` implements `LeftProjectionOf<(T0, T1, T2, T3, T4, T5)>`
[INFO] [stderr]              `()` implements `LeftProjectionOf<(T0, T1, T2, T3, T4, T5, T6)>`
[INFO] [stderr]              `()` implements `LeftProjectionOf<(T0, T1, T2, T3, T4, T5, T6, T7)>`
[INFO] [stderr]            and $N others
[INFO] [stderr] note: required by a bound in `assert_projection`
[INFO] [stderr]   --> tests/ui/invalid_projections.rs:5:8
[INFO] [stderr]    |
[INFO] [stderr]  3 | fn assert_projection<P, T>()
[INFO] [stderr]    |    ----------------- required by a bound in this function
[INFO] [stderr]  4 | where
[INFO] [stderr]  5 |     P: LeftProjectionOf<T>,
[INFO] [stderr]    |        ^^^^^^^^^^^^^^^^^^^ required by this bound in `assert_projection`
[INFO] [stderr] ┈┈┈┈┈┈┈┈┈┈┈┈┈┈┈┈┈┈┈┈┈┈┈┈┈┈┈┈┈┈┈┈┈┈┈┈┈┈┈┈┈┈┈┈┈┈┈┈┈┈┈┈┈┈┈┈┈┈┈┈
[INFO] [stderr] 
[INFO] [stderr] ACTUAL OUTPUT:
[INFO] [stderr] ┈┈┈┈┈┈┈┈┈┈┈┈┈┈┈┈┈┈┈┈┈┈┈┈┈┈┈┈┈┈┈┈┈┈┈┈┈┈┈┈┈┈┈┈┈┈┈┈┈┈┈┈┈┈┈┈┈┈┈┈
[INFO] [stderr] error[E0277]: the trait bound `(u8,): LeftProjectionOf<(u16, u8)>` is not satisfied
[INFO] [stderr]   --> tests/ui/invalid_projections.rs:10:25
[INFO] [stderr]    |
[INFO] [stderr] 10 |     assert_projection::<(u8,), (u16, u8)>();
[INFO] [stderr]    |                         ^^^^^ the trait `LeftProjectionOf<(u16, u8)>` is not implemented for `(u8,)`
[INFO] [stderr]    |
[INFO] [stderr]    = help: the following other types implement trait `LeftProjectionOf<T>`:
[INFO] [stderr]              `()` implements `LeftProjectionOf<()>`
[INFO] [stderr]              `()` implements `LeftProjectionOf<(T0, T1)>`
[INFO] [stderr]              `()` implements `LeftProjectionOf<(T0, T1, T2)>`
[INFO] [stderr]              `()` implements `LeftProjectionOf<(T0, T1, T2, T3)>`
[INFO] [stderr]              `()` implements `LeftProjectionOf<(T0, T1, T2, T3, T4)>`
[INFO] [stderr]              `()` implements `LeftProjectionOf<(T0, T1, T2, T3, T4, T5)>`
[INFO] [stderr]              `()` implements `LeftProjectionOf<(T0, T1, T2, T3, T4, T5, T6)>`
[INFO] [stderr]              `()` implements `LeftProjectionOf<(T0, T1, T2, T3, T4, T5, T6, T7)>`
[INFO] [stderr]            and $N others
[INFO] [stderr] note: required by a bound in `assert_projection`
[INFO] [stderr]   --> tests/ui/invalid_projections.rs:5:8
[INFO] [stderr]    |
[INFO] [stderr]  3 | fn assert_projection<P, T>()
[INFO] [stderr]  4 | where
[INFO] [stderr]  5 |     P: LeftProjectionOf<T>,
[INFO] [stderr]    |        ^^^^^^^^^^^^^^^^^^^ required by this bound in `assert_projection`
[INFO] [stderr] 
[INFO] [stderr] error[E0277]: the trait bound `(u8, u32): LeftProjectionOf<(u8, u16, u32)>` is not satisfied
[INFO] [stderr]   --> tests/ui/invalid_projections.rs:11:25
[INFO] [stderr]    |
[INFO] [stderr] 11 |     assert_projection::<(u8, u32), (u8, u16, u32)>();
[INFO] [stderr]    |                         ^^^^^^^^^ the trait `LeftProjectionOf<(u8, u16, u32)>` is not implemented for `(u8, u32)`
[INFO] [stderr]    |
[INFO] [stderr]    = help: the following other types implement trait `LeftProjectionOf<T>`:
[INFO] [stderr]              `()` implements `LeftProjectionOf<()>`
[INFO] [stderr]              `()` implements `LeftProjectionOf<(T0, T1)>`
[INFO] [stderr]              `()` implements `LeftProjectionOf<(T0, T1, T2)>`
[INFO] [stderr]              `()` implements `LeftProjectionOf<(T0, T1, T2, T3)>`
[INFO] [stderr]              `()` implements `LeftProjectionOf<(T0, T1, T2, T3, T4)>`
[INFO] [stderr]              `()` implements `LeftProjectionOf<(T0, T1, T2, T3, T4, T5)>`
[INFO] [stderr]              `()` implements `LeftProjectionOf<(T0, T1, T2, T3, T4, T5, T6)>`
[INFO] [stderr]              `()` implements `LeftProjectionOf<(T0, T1, T2, T3, T4, T5, T6, T7)>`
[INFO] [stderr]            and $N others
[INFO] [stderr] note: required by a bound in `assert_projection`
[INFO] [stderr]   --> tests/ui/invalid_projections.rs:5:8
[INFO] [stderr]    |
[INFO] [stderr]  3 | fn assert_projection<P, T>()
[INFO] [stderr]  4 | where
[INFO] [stderr]  5 |     P: LeftProjectionOf<T>,
[INFO] [stderr]    |        ^^^^^^^^^^^^^^^^^^^ required by this bound in `assert_projection`
[INFO] [stderr] 
[INFO] [stderr] error[E0277]: the trait bound `(u16, u32): LeftProjectionOf<(u8, u16, u32)>` is not satisfied
[INFO] [stderr]   --> tests/ui/invalid_projections.rs:12:25
[INFO] [stderr]    |
[INFO] [stderr] 12 |     assert_projection::<(u16, u32), (u8, u16, u32)>();
[INFO] [stderr]    |                         ^^^^^^^^^^ the trait `LeftProjectionOf<(u8, u16, u32)>` is not implemented for `(u16, u32)`
[INFO] [stderr]    |
[INFO] [stderr]    = help: the following other types implement trait `LeftProjectionOf<T>`:
[INFO] [stderr]              `()` implements `LeftProjectionOf<()>`
[INFO] [stderr]              `()` implements `LeftProjectionOf<(T0, T1)>`
[INFO] [stderr]              `()` implements `LeftProjectionOf<(T0, T1, T2)>`
[INFO] [stderr]              `()` implements `LeftProjectionOf<(T0, T1, T2, T3)>`
[INFO] [stderr]              `()` implements `LeftProjectionOf<(T0, T1, T2, T3, T4)>`
[INFO] [stderr]              `()` implements `LeftProjectionOf<(T0, T1, T2, T3, T4, T5)>`
[INFO] [stderr]              `()` implements `LeftProjectionOf<(T0, T1, T2, T3, T4, T5, T6)>`
[INFO] [stderr]              `()` implements `LeftProjectionOf<(T0, T1, T2, T3, T4, T5, T6, T7)>`
[INFO] [stderr]            and $N others
[INFO] [stderr] note: required by a bound in `assert_projection`
[INFO] [stderr]   --> tests/ui/invalid_projections.rs:5:8
[INFO] [stderr]    |
[INFO] [stderr]  3 | fn assert_projection<P, T>()
[INFO] [stderr]  4 | where
[INFO] [stderr]  5 |     P: LeftProjectionOf<T>,
[INFO] [stderr]    |        ^^^^^^^^^^^^^^^^^^^ required by this bound in `assert_projection`
[INFO] [stderr] ┈┈┈┈┈┈┈┈┈┈┈┈┈┈┈┈┈┈┈┈┈┈┈┈┈┈┈┈┈┈┈┈┈┈┈┈┈┈┈┈┈┈┈┈┈┈┈┈┈┈┈┈┈┈┈┈┈┈┈┈
[INFO] [stderr] note: If the actual output is the correct output you can bless it by rerunning
[INFO] [stderr]       your test with the environment variable TRYBUILD=overwrite
[INFO] [stderr] 
[INFO] [stderr] 
[INFO] [stderr] 
[INFO] [stdout] test invalid_projections_and_derives_fail_to_compile ... FAILED
[INFO] [stderr] error: test failed, to rerun pass `--test compile_fail`
[INFO] [stdout] 
[INFO] [stdout] failures:
[INFO] [stdout] 
[INFO] [stdout] ---- invalid_projections_and_derives_fail_to_compile stdout ----
[INFO] [stdout] 
[INFO] [stdout] thread 'invalid_projections_and_derives_fail_to_compile' (413) panicked at /opt/rustwide/cargo-home/registry/src/index.crates.io-1949cf8c6b5b557f/trybuild-1.0.121/src/run.rs:103:13:
[INFO] [stdout] 1 of 2 tests failed
[INFO] [stdout] stack backtrace:
[INFO] [stdout]    0:     0x5dda04d74741 - std[617be2ca0a6fd877]::backtrace_rs::backtrace::libunwind::trace
[INFO] [stdout]                                at /rustc/e3feeb59cd1bdd011a2bfcc0747b55125d9b8527/library/std/src/../../backtrace/src/backtrace/libunwind.rs:117:9
[INFO] [stdout]    1:     0x5dda04d74741 - std[617be2ca0a6fd877]::backtrace_rs::backtrace::trace_unsynchronized::<std[617be2ca0a6fd877]::sys::backtrace::_print_fmt::{closure#1}>
[INFO] [stdout]                                at /rustc/e3feeb59cd1bdd011a2bfcc0747b55125d9b8527/library/std/src/../../backtrace/src/backtrace/mod.rs:66:14
[INFO] [stdout]    2:     0x5dda04d74741 - std[617be2ca0a6fd877]::sys::backtrace::_print_fmt
[INFO] [stdout]                                at /rustc/e3feeb59cd1bdd011a2bfcc0747b55125d9b8527/library/std/src/sys/backtrace.rs:74:9
[INFO] [stdout]    3:     0x5dda04d74741 - <<std[617be2ca0a6fd877]::sys::backtrace::BacktraceLock>::print::DisplayBacktrace as core[a373ad73a504971]::fmt::Display>::fmt
[INFO] [stdout]                                at /rustc/e3feeb59cd1bdd011a2bfcc0747b55125d9b8527/library/std/src/sys/backtrace.rs:44:26
[INFO] [stdout]    4:     0x5dda04d8ab8a - <core[a373ad73a504971]::fmt::rt::Argument>::fmt
[INFO] [stdout]                                at /rustc/e3feeb59cd1bdd011a2bfcc0747b55125d9b8527/library/core/src/fmt/rt.rs:152:76
[INFO] [stdout]    5:     0x5dda04d8ab8a - core[a373ad73a504971]::fmt::write
[INFO] [stdout]    6:     0x5dda04d78f8c - core[a373ad73a504971]::io::write::default_write_fmt::<alloc[2e1b2a31b91974c5]::vec::Vec<u8>>
[INFO] [stdout]                                at /rustc/e3feeb59cd1bdd011a2bfcc0747b55125d9b8527/library/core/src/io/write.rs:402:11
[INFO] [stdout]    7:     0x5dda04d78f8c - <alloc[2e1b2a31b91974c5]::vec::Vec<u8> as core[a373ad73a504971]::io::write::Write>::write_fmt
[INFO] [stdout]                                at /rustc/e3feeb59cd1bdd011a2bfcc0747b55125d9b8527/library/core/src/io/write.rs:335:13
[INFO] [stdout]    8:     0x5dda04d4dba6 - <std[617be2ca0a6fd877]::sys::backtrace::BacktraceLock>::print
[INFO] [stdout]                                at /rustc/e3feeb59cd1bdd011a2bfcc0747b55125d9b8527/library/std/src/sys/backtrace.rs:47:9
[INFO] [stdout]    9:     0x5dda04d4dba6 - std[617be2ca0a6fd877]::panicking::default_hook::{closure#0}
[INFO] [stdout]                                at /rustc/e3feeb59cd1bdd011a2bfcc0747b55125d9b8527/library/std/src/panicking.rs:289:27
[INFO] [stdout]   10:     0x5dda04d6bce9 - std[617be2ca0a6fd877]::panicking::default_hook
[INFO] [stdout]                                at /rustc/e3feeb59cd1bdd011a2bfcc0747b55125d9b8527/library/std/src/panicking.rs:313:9
[INFO] [stdout]   11:     0x5dda04d052f0 - <alloc[2e1b2a31b91974c5]::boxed::Box<dyn for<'a, 'b> core[a373ad73a504971]::ops::function::Fn<(&'a std[617be2ca0a6fd877]::panic::PanicHookInfo<'b>,), Output = ()> + core[a373ad73a504971]::marker::Sync + core[a373ad73a504971]::marker::Send> as core[a373ad73a504971]::ops::function::Fn<(&std[617be2ca0a6fd877]::panic::PanicHookInfo,)>>::call
[INFO] [stdout]                                at /rustc/e3feeb59cd1bdd011a2bfcc0747b55125d9b8527/library/alloc/src/boxed.rs:2328:9
[INFO] [stdout]   12:     0x5dda04d052f0 - test[aada8e7e76ba119b]::test_main_inner::{closure#0}
[INFO] [stdout]                                at /rustc/e3feeb59cd1bdd011a2bfcc0747b55125d9b8527/library/test/src/lib.rs:137:21
[INFO] [stdout]   13:     0x5dda04d6bea2 - <alloc[2e1b2a31b91974c5]::boxed::Box<dyn for<'a, 'b> core[a373ad73a504971]::ops::function::Fn<(&'a std[617be2ca0a6fd877]::panic::PanicHookInfo<'b>,), Output = ()> + core[a373ad73a504971]::marker::Sync + core[a373ad73a504971]::marker::Send> as core[a373ad73a504971]::ops::function::Fn<(&std[617be2ca0a6fd877]::panic::PanicHookInfo,)>>::call
[INFO] [stdout]                                at /rustc/e3feeb59cd1bdd011a2bfcc0747b55125d9b8527/library/alloc/src/boxed.rs:2328:9
[INFO] [stdout]   14:     0x5dda04d6bea2 - std[617be2ca0a6fd877]::panicking::panic_with_hook
[INFO] [stdout]                                at /rustc/e3feeb59cd1bdd011a2bfcc0747b55125d9b8527/library/std/src/panicking.rs:819:13
[INFO] [stdout]   15:     0x5dda04d4dc52 - std[617be2ca0a6fd877]::panicking::panic_handler::{closure#0}
[INFO] [stdout]                                at /rustc/e3feeb59cd1bdd011a2bfcc0747b55125d9b8527/library/std/src/panicking.rs:685:13
[INFO] [stdout]   16:     0x5dda04d464a9 - std[617be2ca0a6fd877]::sys::backtrace::__rust_end_short_backtrace::<std[617be2ca0a6fd877]::panicking::panic_handler::{closure#0}, !>
[INFO] [stdout]                                at /rustc/e3feeb59cd1bdd011a2bfcc0747b55125d9b8527/library/std/src/sys/backtrace.rs:182:18
[INFO] [stdout]   17:     0x5dda04d4e85d - __rustc[ea4f61d10b84890b]::rust_begin_unwind
[INFO] [stdout]                                at /rustc/e3feeb59cd1bdd011a2bfcc0747b55125d9b8527/library/std/src/panicking.rs:676:5
[INFO] [stdout]   18:     0x5dda04d8b37c - core[a373ad73a504971]::panicking::panic_fmt
[INFO] [stdout]                                at /rustc/e3feeb59cd1bdd011a2bfcc0747b55125d9b8527/library/core/src/panicking.rs:80:14
[INFO] [stdout]   19:     0x5dda04c02974 - <trybuild[4e03553bd20487b2]::Runner>::run
[INFO] [stdout]                                at /opt/rustwide/cargo-home/registry/src/index.crates.io-1949cf8c6b5b557f/trybuild-1.0.121/src/run.rs:103:13
[INFO] [stdout]   20:     0x5dda04c0de18 - <trybuild[4e03553bd20487b2]::TestCases as core[a373ad73a504971]::ops::drop::Drop>::drop
[INFO] [stdout]                                at /opt/rustwide/cargo-home/registry/src/index.crates.io-1949cf8c6b5b557f/trybuild-1.0.121/src/lib.rs:342:38
[INFO] [stdout]   21:     0x5dda04adf7d7 - core[a373ad73a504971]::ptr::drop_glue::<trybuild[4e03553bd20487b2]::TestCases>
[INFO] [stdout]                                at /rustc/e3feeb59cd1bdd011a2bfcc0747b55125d9b8527/library/core/src/ptr/mod.rs:848:1
[INFO] [stdout]   22:     0x5dda04adf9e3 - compile_fail[ffae86cb802bf064]::invalid_projections_and_derives_fail_to_compile
[INFO] [stdout]                                at /opt/rustwide/workdir/tests/compile_fail.rs:5:61
[INFO] [stdout]   23:     0x5dda04adf937 - compile_fail[ffae86cb802bf064]::invalid_projections_and_derives_fail_to_compile::{closure#0}
[INFO] [stdout]                                at /opt/rustwide/workdir/tests/compile_fail.rs:4:53
[INFO] [stdout]   24:     0x5dda04adfe46 - <compile_fail[ffae86cb802bf064]::invalid_projections_and_derives_fail_to_compile::{closure#0} as core[a373ad73a504971]::ops::function::FnOnce<()>>::call_once
[INFO] [stdout]                                at /rustc/e3feeb59cd1bdd011a2bfcc0747b55125d9b8527/library/core/src/ops/function.rs:250:5
[INFO] [stdout]   25:     0x5dda04cf873b - <fn() -> core[a373ad73a504971]::result::Result<(), alloc[2e1b2a31b91974c5]::string::String> as core[a373ad73a504971]::ops::function::FnOnce<()>>::call_once
[INFO] [stdout]                                at /rustc/e3feeb59cd1bdd011a2bfcc0747b55125d9b8527/library/core/src/ops/function.rs:250:5
[INFO] [stdout]   26:     0x5dda04cf873b - test[aada8e7e76ba119b]::__rust_begin_short_backtrace::<core[a373ad73a504971]::result::Result<(), alloc[2e1b2a31b91974c5]::string::String>, fn() -> core[a373ad73a504971]::result::Result<(), alloc[2e1b2a31b91974c5]::string::String>>
[INFO] [stdout]                                at /rustc/e3feeb59cd1bdd011a2bfcc0747b55125d9b8527/library/test/src/lib.rs:701:18
[INFO] [stdout]   27:     0x5dda04d05915 - test[aada8e7e76ba119b]::run_test_in_process::{closure#0}
[INFO] [stdout]                                at /rustc/e3feeb59cd1bdd011a2bfcc0747b55125d9b8527/library/test/src/lib.rs:724:74
[INFO] [stdout]   28:     0x5dda04d05915 - <core[a373ad73a504971]::panic::unwind_safe::AssertUnwindSafe<test[aada8e7e76ba119b]::run_test_in_process::{closure#0}> as core[a373ad73a504971]::ops::function::FnOnce<()>>::call_once
[INFO] [stdout]                                at /rustc/e3feeb59cd1bdd011a2bfcc0747b55125d9b8527/library/core/src/panic/unwind_safe.rs:275:9
[INFO] [stdout]   29:     0x5dda04d05915 - std[617be2ca0a6fd877]::panicking::catch_unwind::do_call::<core[a373ad73a504971]::panic::unwind_safe::AssertUnwindSafe<test[aada8e7e76ba119b]::run_test_in_process::{closure#0}>, core[a373ad73a504971]::result::Result<(), alloc[2e1b2a31b91974c5]::string::String>>
[INFO] [stdout]                                at /rustc/e3feeb59cd1bdd011a2bfcc0747b55125d9b8527/library/std/src/panicking.rs:573:43
[INFO] [stdout]   30:     0x5dda04d05915 - std[617be2ca0a6fd877]::panicking::catch_unwind::<core[a373ad73a504971]::result::Result<(), alloc[2e1b2a31b91974c5]::string::String>, core[a373ad73a504971]::panic::unwind_safe::AssertUnwindSafe<test[aada8e7e76ba119b]::run_test_in_process::{closure#0}>>
[INFO] [stdout]                                at /rustc/e3feeb59cd1bdd011a2bfcc0747b55125d9b8527/library/std/src/panicking.rs:541:19
[INFO] [stdout]   31:     0x5dda04d05915 - std[617be2ca0a6fd877]::panic::catch_unwind::<core[a373ad73a504971]::panic::unwind_safe::AssertUnwindSafe<test[aada8e7e76ba119b]::run_test_in_process::{closure#0}>, core[a373ad73a504971]::result::Result<(), alloc[2e1b2a31b91974c5]::string::String>>
[INFO] [stdout]                                at /rustc/e3feeb59cd1bdd011a2bfcc0747b55125d9b8527/library/std/src/panic.rs:359:14
[INFO] [stdout]   32:     0x5dda04d05915 - test[aada8e7e76ba119b]::run_test_in_process
[INFO] [stdout]                                at /rustc/e3feeb59cd1bdd011a2bfcc0747b55125d9b8527/library/test/src/lib.rs:724:27
[INFO] [stdout]   33:     0x5dda04d05915 - test[aada8e7e76ba119b]::run_test::{closure#0}
[INFO] [stdout]                                at /rustc/e3feeb59cd1bdd011a2bfcc0747b55125d9b8527/library/test/src/lib.rs:645:43
[INFO] [stdout]   34:     0x5dda04cff204 - test[aada8e7e76ba119b]::run_test::{closure#1}
[INFO] [stdout]                                at /rustc/e3feeb59cd1bdd011a2bfcc0747b55125d9b8527/library/test/src/lib.rs:675:41
[INFO] [stdout]   35:     0x5dda04cff204 - std[617be2ca0a6fd877]::sys::backtrace::__rust_begin_short_backtrace::<test[aada8e7e76ba119b]::run_test::{closure#1}, ()>
[INFO] [stdout]                                at /rustc/e3feeb59cd1bdd011a2bfcc0747b55125d9b8527/library/std/src/sys/backtrace.rs:166:18
[INFO] [stdout]   36:     0x5dda04d089a2 - std[617be2ca0a6fd877]::thread::lifecycle::spawn_unchecked::<test[aada8e7e76ba119b]::run_test::{closure#1}, ()>::{closure#1}::{closure#0}
[INFO] [stdout]                                at /rustc/e3feeb59cd1bdd011a2bfcc0747b55125d9b8527/library/std/src/thread/lifecycle.rs:70:13
[INFO] [stdout]   37:     0x5dda04d089a2 - <core[a373ad73a504971]::panic::unwind_safe::AssertUnwindSafe<std[617be2ca0a6fd877]::thread::lifecycle::spawn_unchecked<test[aada8e7e76ba119b]::run_test::{closure#1}, ()>::{closure#1}::{closure#0}> as core[a373ad73a504971]::ops::function::FnOnce<()>>::call_once
[INFO] [stdout]                                at /rustc/e3feeb59cd1bdd011a2bfcc0747b55125d9b8527/library/core/src/panic/unwind_safe.rs:275:9
[INFO] [stdout]   38:     0x5dda04d089a2 - std[617be2ca0a6fd877]::panicking::catch_unwind::do_call::<core[a373ad73a504971]::panic::unwind_safe::AssertUnwindSafe<std[617be2ca0a6fd877]::thread::lifecycle::spawn_unchecked<test[aada8e7e76ba119b]::run_test::{closure#1}, ()>::{closure#1}::{closure#0}>, ()>
[INFO] [stdout]                                at /rustc/e3feeb59cd1bdd011a2bfcc0747b55125d9b8527/library/std/src/panicking.rs:573:43
[INFO] [stdout]   39:     0x5dda04d089a2 - std[617be2ca0a6fd877]::panicking::catch_unwind::<(), core[a373ad73a504971]::panic::unwind_safe::AssertUnwindSafe<std[617be2ca0a6fd877]::thread::lifecycle::spawn_unchecked<test[aada8e7e76ba119b]::run_test::{closure#1}, ()>::{closure#1}::{closure#0}>>
[INFO] [stdout]                                at /rustc/e3feeb59cd1bdd011a2bfcc0747b55125d9b8527/library/std/src/panicking.rs:541:19
[INFO] [stdout]   40:     0x5dda04d089a2 - std[617be2ca0a6fd877]::panic::catch_unwind::<core[a373ad73a504971]::panic::unwind_safe::AssertUnwindSafe<std[617be2ca0a6fd877]::thread::lifecycle::spawn_unchecked<test[aada8e7e76ba119b]::run_test::{closure#1}, ()>::{closure#1}::{closure#0}>, ()>
[INFO] [stdout]                                at /rustc/e3feeb59cd1bdd011a2bfcc0747b55125d9b8527/library/std/src/panic.rs:359:14
[INFO] [stdout]   41:     0x5dda04d089a2 - std[617be2ca0a6fd877]::thread::lifecycle::spawn_unchecked::<test[aada8e7e76ba119b]::run_test::{closure#1}, ()>::{closure#1}
[INFO] [stdout]                                at /rustc/e3feeb59cd1bdd011a2bfcc0747b55125d9b8527/library/std/src/thread/lifecycle.rs:68:26
[INFO] [stdout]   42:     0x5dda04d089a2 - <std[617be2ca0a6fd877]::thread::lifecycle::spawn_unchecked<test[aada8e7e76ba119b]::run_test::{closure#1}, ()>::{closure#1} as core[a373ad73a504971]::ops::function::FnOnce<()>>::call_once::{shim:vtable#0}
[INFO] [stdout]                                at /rustc/e3feeb59cd1bdd011a2bfcc0747b55125d9b8527/library/core/src/ops/function.rs:250:5
[INFO] [stdout]   43:     0x5dda04d7399f - <alloc[2e1b2a31b91974c5]::boxed::Box<dyn core[a373ad73a504971]::ops::function::FnOnce<(), Output = ()> + core[a373ad73a504971]::marker::Send> as core[a373ad73a504971]::ops::function::FnOnce<()>>::call_once
[INFO] [stdout]                                at /rustc/e3feeb59cd1bdd011a2bfcc0747b55125d9b8527/library/alloc/src/boxed.rs:2314:9
[INFO] [stdout]   44:     0x5dda04d7399f - <std[617be2ca0a6fd877]::sys::thread::unix::Thread>::new::thread_start
[INFO] [stdout]                                at /rustc/e3feeb59cd1bdd011a2bfcc0747b55125d9b8527/library/std/src/sys/thread/unix.rs:127:17
[INFO] [stdout]   45:     0x7cb84d765dfa - <unknown>
[INFO] [stdout]   46:     0x7cb84d7f93d4 - clone
[INFO] [stdout]   47:                0x0 - <unknown>
[INFO] [stdout] 
[INFO] [stdout] 
[INFO] [stdout] failures:
[INFO] [stdout]     invalid_projections_and_derives_fail_to_compile
[INFO] [stdout] 
[INFO] [stdout] test result: FAILED. 0 passed; 1 failed; 0 ignored; 0 measured; 0 filtered out; finished in 13.03s
[INFO] [stdout] 
[INFO] running `Command { std: "docker" "inspect" "3f7ab6d136ac8215a2df7e65b45128cd07a77dc13e27747cebb244f21469ee15", kill_on_drop: false }`
[INFO] running `Command { std: "docker" "rm" "-f" "3f7ab6d136ac8215a2df7e65b45128cd07a77dc13e27747cebb244f21469ee15", kill_on_drop: false }`
[INFO] [stdout] 3f7ab6d136ac8215a2df7e65b45128cd07a77dc13e27747cebb244f21469ee15
