[INFO] fetching crate trueno-zram-core 0.3.1...
[INFO] testing trueno-zram-core-0.3.1 against 1.100.0-beta.1 for beta-1.100-2
[INFO] extracting crate trueno-zram-core 0.3.1 into /workspace/builds/worker-0-tc2/source
[INFO] started tweaking crates.io crate trueno-zram-core 0.3.1
[INFO] removed 0 missing examples
[INFO] removed 0 missing tests
[INFO] finished tweaking crates.io crate trueno-zram-core 0.3.1
[INFO] tweaked toml for crates.io crate trueno-zram-core 0.3.1 written to /workspace/builds/worker-0-tc2/source/Cargo.toml
[INFO] validating manifest of crates.io crate trueno-zram-core 0.3.1 on toolchain 1.100.0-beta.1
[INFO] running `Command { std: CARGO_HOME="/workspace/cargo-home" RUSTUP_HOME="/workspace/rustup-home" "/workspace/cargo-home/bin/cargo" "+1.100.0-beta.1" "metadata" "--manifest-path" "Cargo.toml" "--no-deps", kill_on_drop: false }`
[INFO] crate crates.io crate trueno-zram-core 0.3.1 already has a lockfile, it will not be regenerated
[INFO] running `Command { std: CARGO_HOME="/workspace/cargo-home" RUSTUP_HOME="/workspace/rustup-home" "/workspace/cargo-home/bin/cargo" "+1.100.0-beta.1" "fetch" "--manifest-path" "Cargo.toml", kill_on_drop: false }`
[INFO] running `Command { std: "docker" "create" "-v" "/var/lib/crater-agent-workspace/builds/worker-0-tc2/source:/opt/rustwide/workdir:ro,Z" "-v" "/var/lib/crater-agent-workspace/builds/worker-0-tc2/target:/opt/rustwide/target:rw,Z" "-v" "/var/lib/crater-agent-workspace/cargo-home:/opt/rustwide/cargo-home:ro,Z" "-v" "/var/lib/crater-agent-workspace/rustup-home:/opt/rustwide/rustup-home:ro,Z" "-m" "1610612736" "--network" "none" "ghcr.io/rust-lang/crates-build-env/linux@sha256:3111399a4047eeb3a02b7a90e478d715f38a8c6669b5c4b49d30a17385265909" "sleep" "infinity", kill_on_drop: false }`
[INFO] [stdout] 3d8dc67d004a7027d21054d05d8d68b4a07a188b9211aa0d19f586a8165b2fd6
[INFO] running `Command { std: "docker" "start" "3d8dc67d004a7027d21054d05d8d68b4a07a188b9211aa0d19f586a8165b2fd6", kill_on_drop: false }`
[INFO] running `Command { std: "docker" "inspect" "3d8dc67d004a7027d21054d05d8d68b4a07a188b9211aa0d19f586a8165b2fd6", kill_on_drop: false }`
[INFO] running `Command { std: "docker" "exec" "-e" "SOURCE_DIR=/opt/rustwide/workdir" "-e" "CARGO_HOME=/opt/rustwide/cargo-home" "-e" "RUSTUP_HOME=/opt/rustwide/rustup-home" "-e" "CARGO_TARGET_DIR=/opt/rustwide/target" "-w" "/opt/rustwide/workdir" "--user" "0:0" "3d8dc67d004a7027d21054d05d8d68b4a07a188b9211aa0d19f586a8165b2fd6" "/opt/rustwide/cargo-home/bin/cargo" "+1.100.0-beta.1" "metadata" "--no-deps" "--format-version=1", kill_on_drop: false }`
[INFO] running `Command { std: "docker" "inspect" "3d8dc67d004a7027d21054d05d8d68b4a07a188b9211aa0d19f586a8165b2fd6", kill_on_drop: false }`
[INFO] running `Command { std: "docker" "exec" "-e" "SOURCE_DIR=/opt/rustwide/workdir" "-e" "CARGO_HOME=/opt/rustwide/cargo-home" "-e" "RUSTUP_HOME=/opt/rustwide/rustup-home" "-e" "CARGO_TARGET_DIR=/opt/rustwide/target" "-e" "CARGO_INCREMENTAL=0" "-e" "RUST_BACKTRACE=full" "-e" "RUSTFLAGS=--cap-lints=warn" "-e" "RUSTDOCFLAGS=--cap-lints=warn" "-w" "/opt/rustwide/workdir" "--user" "0:0" "3d8dc67d004a7027d21054d05d8d68b4a07a188b9211aa0d19f586a8165b2fd6" "/opt/rustwide/cargo-home/bin/cargo" "+1.100.0-beta.1" "build" "--frozen" "--message-format=json", kill_on_drop: false }`
[INFO] [stderr]    Compiling proc-macro2 v1.0.104
[INFO] [stderr]    Compiling quote v1.0.42
[INFO] [stderr]    Compiling unicode-ident v1.0.22
[INFO] [stderr]    Compiling thiserror v2.0.17
[INFO] [stderr]    Compiling syn v2.0.113
[INFO] [stderr]    Compiling thiserror-impl v2.0.17
[INFO] [stderr]    Compiling trueno-zram-core v0.3.1 (/opt/rustwide/workdir)
[INFO] [stderr]     Finished `dev` profile [unoptimized + debuginfo] target(s) in 5.71s
[INFO] running `Command { std: "docker" "inspect" "3d8dc67d004a7027d21054d05d8d68b4a07a188b9211aa0d19f586a8165b2fd6", kill_on_drop: false }`
[INFO] running `Command { std: "docker" "exec" "-e" "SOURCE_DIR=/opt/rustwide/workdir" "-e" "CARGO_HOME=/opt/rustwide/cargo-home" "-e" "RUSTUP_HOME=/opt/rustwide/rustup-home" "-e" "CARGO_TARGET_DIR=/opt/rustwide/target" "-e" "CARGO_INCREMENTAL=0" "-e" "RUST_BACKTRACE=full" "-e" "RUSTFLAGS=--cap-lints=warn" "-e" "RUSTDOCFLAGS=--cap-lints=warn" "-w" "/opt/rustwide/workdir" "--user" "0:0" "3d8dc67d004a7027d21054d05d8d68b4a07a188b9211aa0d19f586a8165b2fd6" "/opt/rustwide/cargo-home/bin/cargo" "+1.100.0-beta.1" "test" "--frozen" "--no-run" "--message-format=json", kill_on_drop: false }`
[INFO] [stderr]    Compiling libc v0.2.179
[INFO] [stderr]    Compiling zerocopy v0.8.31
[INFO] [stderr]    Compiling serde_core v1.0.228
[INFO] [stderr]    Compiling crossbeam-utils v0.8.21
[INFO] [stderr]    Compiling autocfg v1.5.0
[INFO] [stderr]    Compiling rustix v1.1.3
[INFO] [stderr]    Compiling zmij v1.0.10
[INFO] [stderr]    Compiling serde v1.0.228
[INFO] [stderr]    Compiling rayon-core v1.13.0
[INFO] [stderr]    Compiling serde_json v1.0.148
[INFO] [stderr]    Compiling regex-syntax v0.8.8
[INFO] [stderr]    Compiling bitflags v2.10.0
[INFO] [stderr]    Compiling linux-raw-sys v0.11.0
[INFO] [stderr]    Compiling once_cell v1.21.3
[INFO] [stderr]    Compiling either v1.15.0
[INFO] [stderr]    Compiling syn v2.0.113
[INFO] [stderr]    Compiling itoa v1.0.17
[INFO] [stderr]    Compiling fastrand v2.3.0
[INFO] [stderr]    Compiling anstyle v1.0.13
[INFO] [stderr]    Compiling ciborium-io v0.2.2
[INFO] [stderr]    Compiling memchr v2.7.6
[INFO] [stderr]    Compiling plotters-backend v0.3.7
[INFO] [stderr]    Compiling clap_lex v0.7.6
[INFO] [stderr]    Compiling itertools v0.10.5
[INFO] [stderr]    Compiling same-file v1.0.6
[INFO] [stderr]    Compiling cast v0.3.0
[INFO] [stderr]    Compiling oorandom v11.1.5
[INFO] [stderr]    Compiling anes v0.1.6
[INFO] [stderr]    Compiling clap_builder v4.5.54
[INFO] [stderr]    Compiling crossbeam-epoch v0.9.18
[INFO] [stderr]    Compiling plotters-svg v0.3.7
[INFO] [stderr]    Compiling walkdir v2.5.0
[INFO] [stderr]    Compiling num-traits v0.2.19
[INFO] [stderr]    Compiling crossbeam-deque v0.8.6
[INFO] [stderr]    Compiling rayon v1.11.0
[INFO] [stderr]    Compiling plotters v0.3.7
[INFO] [stderr]    Compiling getrandom v0.3.4
[INFO] [stderr]    Compiling wait-timeout v0.2.1
[INFO] [stderr]    Compiling is-terminal v0.4.17
[INFO] [stderr]    Compiling clap v4.5.54
[INFO] [stderr]    Compiling rand_core v0.9.3
[INFO] [stderr]    Compiling criterion-plot v0.5.0
[INFO] [stderr]    Compiling rand_xorshift v0.4.0
[INFO] [stderr]    Compiling rand v0.9.2
[INFO] [stderr]    Compiling tempfile v3.24.0
[INFO] [stderr]    Compiling rusty-fork v0.3.1
[INFO] [stderr]    Compiling regex-automata v0.4.13
[INFO] [stderr]    Compiling zerocopy-derive v0.8.31
[INFO] [stderr]    Compiling serde_derive v1.0.228
[INFO] [stderr]    Compiling thiserror-impl v2.0.17
[INFO] [stderr]    Compiling thiserror v2.0.17
[INFO] [stderr]    Compiling trueno-zram-core v0.3.1 (/opt/rustwide/workdir)
[INFO] [stderr]    Compiling regex v1.12.2
[INFO] [stderr]    Compiling tinytemplate v1.2.1
[INFO] [stderr]    Compiling half v2.7.1
[INFO] [stderr]    Compiling ppv-lite86 v0.2.21
[INFO] [stderr]    Compiling ciborium-ll v0.2.2
[INFO] [stderr]    Compiling ciborium v0.2.2
[INFO] [stderr]    Compiling rand_chacha v0.9.0
[INFO] [stderr]    Compiling proptest v1.9.0
[INFO] [stderr]    Compiling criterion v0.5.1
[INFO] [stderr]     Finished `test` profile [unoptimized + debuginfo] target(s) in 24.94s
[INFO] running `Command { std: "docker" "inspect" "3d8dc67d004a7027d21054d05d8d68b4a07a188b9211aa0d19f586a8165b2fd6", kill_on_drop: false }`
[INFO] running `Command { std: "docker" "exec" "-e" "SOURCE_DIR=/opt/rustwide/workdir" "-e" "CARGO_HOME=/opt/rustwide/cargo-home" "-e" "RUSTUP_HOME=/opt/rustwide/rustup-home" "-e" "CARGO_TARGET_DIR=/opt/rustwide/target" "-e" "CARGO_INCREMENTAL=0" "-e" "RUST_BACKTRACE=full" "-e" "RUSTFLAGS=--cap-lints=warn" "-e" "RUSTDOCFLAGS=--cap-lints=warn" "-w" "/opt/rustwide/workdir" "--user" "0:0" "3d8dc67d004a7027d21054d05d8d68b4a07a188b9211aa0d19f586a8165b2fd6" "/opt/rustwide/cargo-home/bin/cargo" "+1.100.0-beta.1" "test" "--frozen", kill_on_drop: false }`
[INFO] [stderr]     Finished `test` profile [unoptimized + debuginfo] target(s) in 0.24s
[INFO] [stderr]      Running unittests src/lib.rs (/opt/rustwide/target/debug/build/trueno-zram-core/1ee7de11ff8a2f03/out/trueno_zram_core-1ee7de11ff8a2f03)
[INFO] [stdout] 
[INFO] [stdout] running 408 tests
[INFO] [stdout] test benchmark::tests::test_benchmark_result_ratio_zero_output ... ok
[INFO] [stdout] test benchmark::tests::test_f051_scalar_achieves_baseline ... ignored, Performance test - skip during coverage (instrumentation overhead)
[INFO] [stdout] test benchmark::tests::test_benchmark_result_throughput ... ok
[INFO] [stdout] test benchmark::tests::test_data_pattern_parse ... ok
[INFO] [stdout] test benchmark::tests::test_f061_warm_cache_faster ... ok
[INFO] [stdout] test benchmark::tests::test_f053_avx512_simd_path_used ... ok
[INFO] [stdout] test benchmark::tests::test_f055_latency_bounded ... ok
[INFO] [stdout] test benchmark::tests::test_fill_pattern ... ok
[INFO] [stdout] test benchmark::tests::test_generate_random_pages ... ok
[INFO] [stdout] test benchmark::tests::test_f057_adaptive_selection_works ... ok
[INFO] [stdout] test benchmark::tests::test_parse_algorithm_lz4 ... ok
[INFO] [stdout] test benchmark::tests::test_parse_algorithm_all ... ok
[INFO] [stdout] test benchmark::tests::test_generate_text_pages ... ok
[INFO] [stdout] test benchmark::tests::test_parse_algorithm_zstd ... ok
[INFO] [stdout] test benchmark::tests::test_generate_zero_pages ... ok
[INFO] [stdout] test benchmark::tests::test_run_benchmark_lz4 ... ok
[INFO] [stdout] test compat::tests::test_algorithm_deflate842 ... ok
[INFO] [stdout] test compat::tests::test_algorithm_lzo ... ok
[INFO] [stdout] test compat::tests::test_f066_sysfs_interface_compatible ... ok
[INFO] [stdout] test compat::tests::test_f068_algorithm_string_parsing ... ok
[INFO] [stdout] test compat::tests::test_algorithm_parse_whitespace ... ok
[INFO] [stdout] test compat::tests::test_f072_multiple_devices_supported ... ok
[INFO] [stdout] test compat::tests::test_f074_statistics_accurate ... ok
[INFO] [stdout] test compat::tests::test_io_stat_clone ... ok
[INFO] [stdout] test compat::tests::test_io_stat_default ... ok
[INFO] [stdout] test compat::tests::test_f075_reset_clears_all_data ... ok
[INFO] [stdout] test compat::tests::test_io_stat_from_sysfs_string_invalid ... ok
[INFO] [stdout] test compat::tests::test_format_algorithms_all_variants ... ok
[INFO] [stdout] test compat::tests::test_format_algorithms ... ok
[INFO] [stdout] test compat::tests::test_io_stat_sysfs_format ... ok
[INFO] [stdout] test compat::tests::test_mm_stat_clone ... ok
[INFO] [stdout] test compat::tests::test_mm_stat_sysfs_format ... ok
[INFO] [stdout] test benchmark::tests::test_run_benchmark_zstd ... ok
[INFO] [stdout] test compat::tests::test_supported_algorithms ... ok
[INFO] [stdout] test compat::tests::test_read_attr_mm_stat ... ok
[INFO] [stdout] test compat::tests::test_read_attr_unknown ... ok
[INFO] [stdout] test compat::tests::test_algorithm_is_supported ... ok
[INFO] [stdout] test compat::tests::test_custom_attrs ... ok
[INFO] [stdout] test compat::tests::test_mm_stat_default ... ok
[INFO] [stdout] test compat::tests::test_mm_stat_from_sysfs_string_invalid ... ok
[INFO] [stdout] test compat::tests::test_sysfs_interface_debug ... ok
[INFO] [stdout] test compat::tests::test_read_attr_io_stat ... ok
[INFO] [stdout] test compat::tests::test_within_mem_limit ... ok
[INFO] [stdout] test compat::tests::test_sysfs_interface_default ... ok
[INFO] [stdout] test compat::tests::test_update_stats_mem_max ... ok
[INFO] [stdout] test compat::tests::test_write_attr_algorithm ... ok
[INFO] [stdout] test compat::tests::test_write_attr_disksize ... ok
[INFO] [stdout] test compat::tests::test_write_attr_mem_limit ... ok
[INFO] [stdout] test benchmark::tests::test_generate_mixed_pages ... ok
[INFO] [stdout] test compat::tests::test_read_attr ... ok
[INFO] [stdout] test error::tests::test_error_display_buffer_too_small ... ok
[INFO] [stdout] test error::tests::test_error_display_invalid_input ... ok
[INFO] [stdout] test error::tests::test_error_display_gpu_not_available ... ok
[INFO] [stdout] test compat::tests::test_write_attr_unsupported_algorithm ... ok
[INFO] [stdout] test compat::tests::test_write_attr_reset_not_one ... ok
[INFO] [stdout] test integration::tests::test_all_algorithms_work ... ok
[INFO] [stdout] test compat::tests::test_write_attr_invalid_disksize ... ok
[INFO] [stdout] test error::tests::test_error_implements_std_error ... ok
[INFO] [stdout] test error::tests::test_error_display_corrupted_data ... ok
[INFO] [stdout] test error::tests::test_error_is_send_sync ... ok
[INFO] [stdout] test benchmark::tests::test_f063_compression_ratio_reasonable ... ok
[INFO] [stdout] test integration::tests::test_all_backends_available_check ... ok
[INFO] [stdout] test integration::tests::test_f089_lambda_lab_tiers_work ... ok
[INFO] [stdout] test integration::tests::test_f086_trueno_simd_integration ... ok
[INFO] [stdout] test integration::tests::test_f094_msrv_respected ... ok
[INFO] [stdout] test integration::tests::test_f095_wasm_excluded_correctly ... ok
[INFO] [stdout] test integration::tests::test_f093_feature_flags_compose ... ok
[INFO] [stdout] test compat::tests::test_write_attr_invalid_memlimit ... ok
[INFO] [stdout] test integration::tests::test_tier_config_create_compressor ... ok
[INFO] [stdout] test integration::tests::test_feature_flags_cuda_requires_std ... ok
[INFO] [stdout] test integration::tests::test_tier_full_config ... ok
[INFO] [stdout] test integration::tests::test_tier_minimal_config ... ok
[INFO] [stdout] test integration::tests::test_verify_simd_integration ... ok
[INFO] [stdout] test lz4::avx2::tests::test_avx2_available ... ok
[INFO] [stdout] test compat::tests::test_write_attr_unknown_algorithm ... ok
[INFO] [stdout] test lz4::avx512::tests::test_avx512_compression_ratio ... ok
[INFO] [stdout] test lz4::avx512::tests::test_avx512_copy_128 ... ok
[INFO] [stdout] test lz4::avx2::tests::test_avx2_roundtrip ... ok
[INFO] [stdout] test lz4::avx512::tests::test_avx512_copy_large ... ok
[INFO] [stdout] test lz4::avx512::tests::test_avx512_corrupted_truncated ... ok
[INFO] [stdout] test lz4::avx512::tests::test_avx512_empty_input ... ok
[INFO] [stdout] test integration::tests::test_verify_feature_flags ... ok
[INFO] [stdout] test lz4::avx512::tests::test_avx512_long_match_extension ... ok
[INFO] [stdout] test lz4::avx512::tests::test_avx512_roundtrip_mixed ... ok
[INFO] [stdout] test lz4::avx512::tests::test_avx512_roundtrip_pattern ... ok
[INFO] [stdout] test lz4::avx512::tests::test_avx512_feature_detection ... ok
[INFO] [stdout] test lz4::avx512::tests::test_avx512_roundtrip_rle ... ok
[INFO] [stdout] test lz4::avx512::tests::test_avx512_roundtrip_small_patterns ... ok
[INFO] [stdout] test lz4::avx512::tests::test_avx512_large_rle ... ok
[INFO] [stdout] test lz4::avx512::tests::test_avx512_roundtrip_zeros ... ok
[INFO] [stdout] test integration::tests::test_lambda_lab_tier_detection ... ok
[INFO] [stdout] test lz4::avx512::tests::test_avx512_medium_literals ... ok
[INFO] [stdout] test lz4::avx512::tests::test_avx512_small_rle ... ok
[INFO] [stdout] test lz4::compress::tests::test_compress_ascending_bytes ... ok
[INFO] [stdout] test lz4::compress::tests::test_compress_max_distance_boundary ... ok
[INFO] [stdout] test lz4::compress::tests::test_compress_incompressible ... ok
[INFO] [stdout] test compat::tests::test_zram_algorithm_clone ... ok
[INFO] [stdout] test lz4::compress::tests::test_compress_min_match_boundary ... ok
[INFO] [stdout] test lz4::compress::tests::test_compress_at_mf_limit_boundary ... ok
[INFO] [stdout] test lz4::compress::tests::test_compress_empty ... ok
[INFO] [stdout] test lz4::compress::tests::test_compress_extended_literal_length ... ok
[INFO] [stdout] test compat::tests::test_write_attr_reset ... ok
[INFO] [stdout] test compat::tests::test_zram_algorithm_hash ... ok
[INFO] [stdout] test lz4::compress::tests::test_compress_alternating_pattern ... ok
[INFO] [stdout] test lz4::compress::tests::test_compress_extended_match_length ... ok
[INFO] [stdout] test lz4::avx512::tests::test_avx512_long_literal_extension ... ok
[INFO] [stdout] test benchmark::tests::test_parse_algorithm_invalid ... ok
[INFO] [stdout] test lz4::compress::tests::test_compress_repetitive ... ok
[INFO] [stdout] test lz4::compress::tests::test_compress_small ... ok
[INFO] [stdout] test lz4::compress::tests::test_compress_tls_empty ... ok
[INFO] [stdout] test lz4::compress::tests::test_compress_sparse_matches ... ok
[INFO] [stdout] test lz4::compress::tests::test_compress_tls_multiple_calls ... ok
[INFO] [stdout] test lz4::compress::tests::test_compress_tls_page ... ok
[INFO] [stdout] test lz4::compress::tests::test_count_match_various_lengths ... ok
[INFO] [stdout] test lz4::compress::tests::test_compress_tls_repetitive ... ok
[INFO] [stdout] test benchmark::tests::test_f058_entropy_overhead_minimal ... ok
[INFO] [stdout] test lz4::compress::tests::test_compress_tls_small ... ok
[INFO] [stdout] test lz4::decompress::tests::test_decompress_corrupt_missing_offset ... ok
[INFO] [stdout] test lz4::decompress::tests::test_decompress_empty ... ok
[INFO] [stdout] test lz4::compress::tests::test_hash_in_bounds ... ok
[INFO] [stdout] test lz4::compress::tests::test_emit_length_edge_cases ... ok
[INFO] [stdout] test lz4::compress::tests::test_compress_very_long_match ... ok
[INFO] [stdout] test lz4::compress::tests::test_hash_distribution ... ok
[INFO] [stdout] test lz4::compress::tests::test_hash_table_new ... ok
[INFO] [stdout] test lz4::decompress::tests::test_decompress_copy_16_path ... ok
[INFO] [stdout] test lz4::decompress::tests::test_decompress_large_match_extended_length ... ok
[INFO] [stdout] test lz4::decompress::tests::test_decompress_small_offset_overlap ... ok
[INFO] [stdout] test lz4::decompress::tests::test_decompress_truncated_at_offset ... ok
[INFO] [stdout] test lz4::decompress::tests::test_decompress_literal_exceeds_output ... ok
[INFO] [stdout] test lz4::decompress::tests::test_decompress_empty_input ... ok
[INFO] [stdout] test lz4::decompress::tests::test_decompress_match_buffer_overflow ... ok
[INFO] [stdout] test lz4::compress::tests::test_hash_determinism ... ok
[INFO] [stdout] test lz4::decompress::tests::test_decompress_large_offset_non_overlap ... ok
[INFO] [stdout] test lz4::decompress::tests::test_decompress_extended_literal_length ... ok
[INFO] [stdout] test lz4::decompress::tests::test_decompress_small_output_buffer ... ok
[INFO] [stdout] test lz4::decompress::tests::test_decompress_literal_buffer_too_small ... ok
[INFO] [stdout] test lz4::decompress::tests::test_decompress_truncated_literal_length_extension ... ok
[INFO] [stdout] test lz4::decompress::tests::test_decompress_literal_extends_past_input ... ok
[INFO] [stdout] test lz4::decompress::tests::test_decompress_rle_single_byte_repeat ... ok
[INFO] [stdout] test lz4::tests::test_compress_simd_pattern ... ok
[INFO] [stdout] test lz4::decompress::tests::test_roundtrip_mixed_data ... ok
[INFO] [stdout] test lz4::tests::test_compress_simd_zeros ... ok
[INFO] [stdout] test lz4::tests::test_compression_ratio_zeros ... ok
[INFO] [stdout] test lz4::tests::test_decompress_simd_pattern ... ok
[INFO] [stdout] test lz4::decompress::tests::test_roundtrip_small_patterns ... ok
[INFO] [stdout] test lz4::decompress::tests::test_decompress_offset_exceeds_position ... ok
[INFO] [stdout] test lz4::tests::test_decompress_simd_medium_offsets ... ok
[INFO] [stdout] test lz4::decompress::tests::test_decompress_truncated_match_extension ... ok
[INFO] [stdout] test lz4::decompress::tests::test_decompress_truncated_match_length ... ok
[INFO] [stdout] test lz4::decompress::tests::test_decompress_wildcard_copy_path ... ok
[INFO] [stdout] test lz4::tests::test_f026_scalar_fallback ... ok
[INFO] [stdout] test lz4::tests::test_f024_unaligned_input ... ok
[INFO] [stdout] test benchmark::tests::test_decompression_faster_than_compression ... ok
[INFO] [stdout] test lz4::tests::test_decompress_simd_large_offsets ... ok
[INFO] [stdout] test lz4::decompress::tests::test_roundtrip_property ... ok
[INFO] [stdout] test lz4::tests::test_decompress_simd_rle ... ok
[INFO] [stdout] test lz4::tests::test_f028_feature_flags_respected ... ok
[INFO] [stdout] test lz4::tests::test_decompress_simd_small_offsets ... ok
[INFO] [stdout] test lz4::tests::test_f022_avx512_matches_scalar ... ok
[INFO] [stdout] test lz4::tests::test_decompress_simd_zeros ... ok
[INFO] [stdout] test lz4::tests::test_f027_no_illegal_instructions ... ok
[INFO] [stdout] test lz4::tests::test_compression_ratio_pattern ... ok
[INFO] [stdout] test lz4::tests::test_f032_vector_register_preservation ... ok
[INFO] [stdout] test lz4::tests::test_f029_cache_line_alignment ... ok
[INFO] [stdout] test lz4::tests::test_decompress_simd_large_literals ... ok
[INFO] [stdout] test lz4::tests::test_f025_simd_detection ... ok
[INFO] [stdout] test lz4::tests::test_f030_no_false_sharing ... ok
[INFO] [stdout] test lz4::decompress::tests::test_decompress_zero_offset ... ok
[INFO] [stdout] test lz4::tests::test_roundtrip_ones ... ok
[INFO] [stdout] test page::tests::test_compressed_page_debug ... ok
[INFO] [stdout] test lz4::tests::test_roundtrip_repeating_pattern ... ok
[INFO] [stdout] test page::tests::test_compressed_page_new_valid ... ok
[INFO] [stdout] test page::tests::test_compressed_page_new_invalid_size ... ok
[INFO] [stdout] test page::tests::test_compressed_page_ratio_empty_data ... ok
[INFO] [stdout] test lz4::tests::test_incompressible_data ... ok
[INFO] [stdout] test page::tests::test_compressed_page_ratio ... ok
[INFO] [stdout] test lz4::tests::test_f035_simd_no_exceptions ... ok
[INFO] [stdout] test page::tests::test_compressed_page_is_compressed ... ok
[INFO] [stdout] test page::tests::test_compression_stats_decompress_throughput ... ok
[INFO] [stdout] test page::tests::test_compression_stats_default ... ok
[INFO] [stdout] test page::tests::test_compressed_page_bytes_saved_no_savings ... ok
[INFO] [stdout] test page::tests::test_compressed_page_clone ... ok
[INFO] [stdout] test lz4::tests::test_roundtrip_sequential ... ok
[INFO] [stdout] test page::tests::test_compression_stats_clone ... ok
[INFO] [stdout] test page::tests::test_compressed_page_bytes_saved ... ok
[INFO] [stdout] test page::tests::test_compressed_page_is_compressed_large_output ... ok
[INFO] [stdout] test page::tests::test_compression_stats_ratio ... ok
[INFO] [stdout] test page::tests::test_compression_stats_throughput ... ok
[INFO] [stdout] test page::tests::test_compression_stats_zero_throughput ... ok
[INFO] [stdout] test lz4::tests::test_roundtrip_zeros ... ok
[INFO] [stdout] test samefill::tests::test_detect_same_fill_efficiency ... ok
[INFO] [stdout] test samefill::tests::test_expand_same_fill_value ... ok
[INFO] [stdout] test samefill::tests::test_different_in_remainder ... ok
[INFO] [stdout] test page::tests::test_page_size_constant ... ok
[INFO] [stdout] test samefill::tests::test_expand_same_fill_zeros ... ok
[INFO] [stdout] test samefill::tests::test_last_byte_different ... ok
[INFO] [stdout] test samefill::tests::test_compact_same_fill_new ... ok
[INFO] [stdout] test samefill::tests::test_compact_same_fill_roundtrip ... ok
[INFO] [stdout] test samefill::tests::test_fill_page_word_zeros ... ok
[INFO] [stdout] test samefill::tests::test_page_same_filled_pattern ... ok
[INFO] [stdout] test samefill::tests::test_compact_same_fill_serialization ... ok
[INFO] [stdout] test samefill::tests::test_fill_page_word_pattern ... ok
[INFO] [stdout] test samefill::tests::test_different_at_word_boundary ... ok
[INFO] [stdout] test samefill::tests::test_page_same_filled_all_values ... ok
[INFO] [stdout] test samefill::tests::test_fill_page_word_all_ones ... ok
[INFO] [stdout] test samefill::tests::test_page_same_filled_first_last_differ ... ok
[INFO] [stdout] test samefill::tests::test_compact_same_fill_expand ... ok
[INFO] [stdout] test samefill::tests::test_page_same_filled_zeros ... ok
[INFO] [stdout] test simd::detect::tests::test_detect_returns_valid_features ... ok
[INFO] [stdout] test simd::detect::tests::test_has_avx512 ... ok
[INFO] [stdout] test simd::detect::tests::test_has_avx512_partial ... ok
[INFO] [stdout] test simd::detect::tests::test_scalar_always_available ... ok
[INFO] [stdout] test simd::detect::tests::test_simd_features_clone ... ok
[INFO] [stdout] test simd::detect::tests::test_simd_features_copy ... ok
[INFO] [stdout] test samefill::tests::test_non_same_fill_detected ... ok
[INFO] [stdout] test samefill::tests::test_fill_page_word_roundtrip ... ok
[INFO] [stdout] test samefill::tests::test_page_same_filled_middle_differs ... ok
[INFO] [stdout] test simd::detect::tests::test_x86_detect_backend ... ok
[INFO] [stdout] test simd::detect::tests::test_x86_has_sse42_or_better ... ok
[INFO] [stdout] test samefill::tests::test_random_page_not_same_fill ... ok
[INFO] [stdout] test simd::detect::tests::test_simd_features_default ... ok
[INFO] [stdout] test simd::tests::test_best_backend_at_least_scalar ... ok
[INFO] [stdout] test samefill::tests::test_same_fill_detected ... ok
[INFO] [stdout] test simd::detect::tests::test_simd_features_debug ... ok
[INFO] [stdout] test samefill::tests::test_zero_page_detected ... ok
[INFO] [stdout] test simd::detect::tests::test_detect_backend_consistency ... ok
[INFO] [stdout] test simd::detect::tests::test_is_available_all_backends ... ok
[INFO] [stdout] test tests::test_algorithm_default ... ok
[INFO] [stdout] test tests::test_compressor_adaptive ... ok
[INFO] [stdout] test tests::test_compressor_builder_default_impl ... ok
[INFO] [stdout] test tests::test_compressor_builder_default ... ok
[INFO] [stdout] test simd::tests::test_best_backend_returns_valid ... ok
[INFO] [stdout] test simd::tests::test_scalar_always_available ... ok
[INFO] [stdout] test tests::test_compressor_adaptive_incompressible ... ok
[INFO] [stdout] test tests::test_decompress_adaptive_error ... ok
[INFO] [stdout] test tests::test_compressor_zstd_incompressible ... ok
[INFO] [stdout] test tests::test_decompress_lz4_size_mismatch ... ok
[INFO] [stdout] test tests::test_compressor_lz4hc_roundtrip ... ok
[INFO] [stdout] test tests::test_compressor_roundtrip_zstd ... ok
[INFO] [stdout] test tests::test_compressor_roundtrip_lz4 ... ok
[INFO] [stdout] test tests::test_decompress_wrong_size_uncompressed ... ok
[INFO] [stdout] test tests::test_f004_full_entropy_pages ... ok
[INFO] [stdout] test tests::test_f006_repeated_patterns_compress_well ... ok
[INFO] [stdout] test tests::test_empty_page_compress ... ok
[INFO] [stdout] test tests::test_f003_zero_page_optimization ... ok
[INFO] [stdout] test tests::test_f007_mixed_zeros_data ... ok
[INFO] [stdout] test tests::test_f008_mixed_content ... ok
[INFO] [stdout] test tests::test_compressor_stats ... ok
[INFO] [stdout] test tests::test_f014_output_buffer_bounds ... ok
[INFO] [stdout] test tests::test_f011_oversized_output_handled ... ok
[INFO] [stdout] test tests::test_compressor_stats_reset ... ok
[INFO] [stdout] test tests::test_decompress_zstd_size_mismatch ... ok
[INFO] [stdout] test tests::test_corrupted_data_returns_error ... ok
[INFO] [stdout] test tests::test_compressor_none ... ok
[INFO] [stdout] test tests::test_f013_page_size_enforced ... ok
[INFO] [stdout] test tests::test_f017_level_parameter_respected ... ok
[INFO] [stdout] test tests::test_f076_no_buffer_overflows ... ok
[INFO] [stdout] test tests::test_f080_no_undefined_behavior ... ok
[INFO] [stdout] test tests::test_f020_stack_usage_bounded ... ok
[INFO] [stdout] test tests::test_f081_no_panics_on_valid_input ... ok
[INFO] [stdout] test tests::test_f018_compression_ratio_acceptable ... ok
[INFO] [stdout] test tests::test_f082_error_types_send_sync ... ok
[INFO] [stdout] test tests::test_f077_no_integer_overflow_page_size ... ok
[INFO] [stdout] test tests::test_prefer_unavailable_backend ... ok
[INFO] [stdout] test tests::test_simd_backend_default ... ok
[INFO] [stdout] test tests::test_f084_timing_consistency ... ok
[INFO] [stdout] test tests::test_max_entropy_page ... ok
[INFO] [stdout] test tests::test_f085_no_external_ffi ... ok
[INFO] [stdout] test tests::test_stats_decompress_time_tracked ... ok
[INFO] [stdout] test benchmark::tests::test_f060_no_performance_regression ... FAILED
[INFO] [stdout] test samefill::tests::test_same_fill_all_values ... ok
[INFO] [stdout] test tests::test_f082_error_types_implement_error ... ok
[INFO] [stdout] test zram::device::tests::test_zram_config_default ... ok
[INFO] [stdout] test zram::device::tests::test_zram_device_read_attr_nonexistent ... ok
[INFO] [stdout] test zram::device::tests::test_zram_device_debug ... ok
[INFO] [stdout] test zram::device::tests::test_zram_device_paths ... ok
[INFO] [stdout] test zram::device::tests::test_zram_device_nonexistent ... ok
[INFO] [stdout] test zram::device::tests::test_zram_device_reset_nonexistent ... ok
[INFO] [stdout] test zram::device::tests::test_zram_device_status_nonexistent ... ok
[INFO] [stdout] test tests::test_truncated_data_returns_error ... ok
[INFO] [stdout] test zram::device::tests::test_zram_status_clone ... ok
[INFO] [stdout] test zram::device::tests::test_zram_status_debug ... ok
[INFO] [stdout] test zram::device::tests::test_zram_status_display ... ok
[INFO] [stdout] test zram::device::tests::test_zram_status_display_zero_compression ... ok
[INFO] [stdout] test zram::device::tests::test_zram_device_write_attr_nonexistent ... ok
[INFO] [stdout] test zram::device::tests::test_zram_device_read_attr_str_nonexistent ... ok
[INFO] [stdout] test zram::device::tests::test_zram_status_high_ratio ... ok
[INFO] [stdout] test zram::device::tests::test_zram_status_ratio ... ok
[INFO] [stdout] test zram::ops::tests::test_create_config_with_various_sizes ... ok
[INFO] [stdout] test zram::device::tests::test_zram_status_ratio_zero ... ok
[INFO] [stdout] test zram::ops::tests::test_create_config_with_various_streams ... ok
[INFO] [stdout] test zram::ops::tests::test_create_config_with_all_algorithms ... ok
[INFO] [stdout] test zram::ops::tests::test_create_remove_small_device ... ignored, requires root and zram module
[INFO] [stdout] test zram::ops::tests::test_create_with_high_device_number ... ok
[INFO] [stdout] test zram::ops::tests::test_hot_add_no_control_path ... ok
[INFO] [stdout] test zram::ops::tests::test_hot_remove_no_control_path ... ok
[INFO] [stdout] test zram::ops::tests::test_is_swap_active ... ok
[INFO] [stdout] test zram::ops::tests::test_create_nonexistent_no_control ... ok
[INFO] [stdout] test zram::ops::tests::test_is_swap_active_many_devices ... ok
[INFO] [stdout] test zram::ops::tests::test_is_available ... ok
[INFO] [stdout] test zram::ops::tests::test_is_swap_active_device_0 ... ok
[INFO] [stdout] test zram::device::tests::test_zram_config_clone ... ok
[INFO] [stdout] test zram::ops::tests::test_list_devices_returns_vec ... ok
[INFO] [stdout] test zram::ops::tests::test_list_includes_existing_devices ... ok
[INFO] [stdout] test zram::ops::tests::test_list_returns_valid_statuses ... ok
[INFO] [stdout] test zram::ops::tests::test_remove_nonexistent_device ... ok
[INFO] [stdout] test zram::ops::tests::test_list_devices ... ok
[INFO] [stdout] test zram::ops::tests::test_remove_nonexistent_with_force ... ok
[INFO] [stdout] test zram::ops::tests::test_status_nonexistent_device ... ok
[INFO] [stdout] test zram::ops::tests::test_remove_with_force_nonexistent ... ok
[INFO] [stdout] test zram::ops::tests::test_remove_without_force_nonexistent ... ok
[INFO] [stdout] test zram::device::tests::test_zram_config_debug ... ok
[INFO] [stdout] test tests::test_f078_no_use_after_free ... ok
[INFO] [stdout] test zram::device::tests::test_zram_device_configure_nonexistent ... ok
[INFO] [stdout] test zram::tests::test_format_size ... ok
[INFO] [stdout] test zram::ops::tests::test_zram_config_for_create ... ok
[INFO] [stdout] test zram::tests::test_format_size_edge_cases ... ok
[INFO] [stdout] test zram::tests::test_format_size_fractional ... ok
[INFO] [stdout] test zram::ops::tests::test_zram_ops_trait_all_methods ... ok
[INFO] [stdout] test zram::ops::tests::test_zram_ops_trait_object ... ok
[INFO] [stdout] test zram::ops::tests::test_status_various_device_numbers ... ok
[INFO] [stdout] test zram::ops::tests::test_sysfs_ops_debug ... ok
[INFO] [stdout] test zram::ops::tests::test_sysfs_ops_default ... ok
[INFO] [stdout] test zram::ops::tests::test_sysfs_ops_new ... ok
[INFO] [stdout] test zram::ops::tests::test_status_existing_device ... ok
[INFO] [stdout] test zram::tests::test_find_devices ... ok
[INFO] [stdout] test zram::tests::test_is_zram_available ... ok
[INFO] [stdout] test zram::tests::test_parse_size_gb ... ok
[INFO] [stdout] test zram::tests::test_parse_size_invalid ... ok
[INFO] [stdout] test zram::tests::test_parse_size_bytes ... ok
[INFO] [stdout] test zram::tests::test_get_total_ram ... ok
[INFO] [stdout] test zstd::avx2::tests::test_fse_avx2_empty_input ... ok
[INFO] [stdout] test zram::tests::test_parse_size_ram_divisor ... ok
[INFO] [stdout] test zram::tests::test_parse_size_kb ... ok
[INFO] [stdout] test zstd::avx2::tests::test_fse_avx2_medium_input ... ok
[INFO] [stdout] test zstd::avx2::tests::test_fse_avx2_small_input ... ok
[INFO] [stdout] test zram::tests::test_parse_size_ram_invalid_divisor ... ok
[INFO] [stdout] test zstd::avx2::tests::test_avx2_feature_detection ... ok
[INFO] [stdout] test zstd::avx2::tests::test_huffman_avx2_batch_path ... ok
[INFO] [stdout] test zstd::avx2::tests::test_huffman_avx2_empty_input ... ok
[INFO] [stdout] test zram::tests::test_parse_size_tb ... ok
[INFO] [stdout] test zstd::avx2::tests::test_avx2_module_compiles ... ok
[INFO] [stdout] test zram::tests::test_parse_size_mb ... ok
[INFO] [stdout] test zstd::avx2::tests::test_huffman_avx2_large_table ... ok
[INFO] [stdout] test zstd::avx2::tests::test_huffman_avx2_small_output ... ok
[INFO] [stdout] test zstd::compress::tests::test_compress_level_clamp_low ... ok
[INFO] [stdout] test zstd::compress::tests::test_compress_level_clamp_high ... ok
[INFO] [stdout] test zstd::avx2::tests::test_huffman_scalar_fallback ... ok
[INFO] [stdout] test zstd::compress::tests::test_compress_medium_content ... ok
[INFO] [stdout] test zstd::avx2::tests::test_huffman_avx2_small_input ... ok
[INFO] [stdout] test zstd::compress::tests::test_compress_empty ... ok
[INFO] [stdout] test zstd::avx2::tests::test_huffman_avx2_large_input ... ok
[INFO] [stdout] test zstd::compress::tests::test_compress_mixed_content ... ok
[INFO] [stdout] test zstd::compress::tests::test_compress_rle_detection ... ok
[INFO] [stdout] test zstd::compress::tests::test_compress_medium_literals ... ok
[INFO] [stdout] test zstd::decompress::tests::test_decompress_block_empty ... ok
[INFO] [stdout] test zstd::compress::tests::test_compress_small_literals ... ok
[INFO] [stdout] test zstd::decompress::tests::test_decompress_block_literals_past_input ... ok
[INFO] [stdout] test zstd::compress::tests::test_compress_large_content ... ok
[INFO] [stdout] test zstd::compress::tests::test_compress_large_literals ... ok
[INFO] [stdout] test zstd::decompress::tests::test_read_block_header ... ok
[INFO] [stdout] test tests::test_f083_secure_memory_management ... ok
[INFO] [stdout] test zstd::decompress::tests::test_input_too_short ... ok
[INFO] [stdout] test zstd::decompress::tests::test_read_block_header_compressed ... ok
[INFO] [stdout] test zstd::decompress::tests::test_invalid_magic ... ok
[INFO] [stdout] test zstd::decompress::tests::test_read_block_header_rle ... ok
[INFO] [stdout] test zstd::decompress::tests::test_read_block_header_truncated ... ok
[INFO] [stdout] test zstd::decompress::tests::test_read_frame_header_dict_id_1byte ... ok
[INFO] [stdout] test zstd::decompress::tests::test_read_frame_header_dict_id_2bytes ... ok
[INFO] [stdout] test zstd::decompress::tests::test_read_frame_header_dict_id_4bytes ... ok
[INFO] [stdout] test zstd::decompress::tests::test_read_frame_header_fcs_4bytes ... ok
[INFO] [stdout] test zstd::decompress::tests::test_decompress_block_raw_literals ... ok
[INFO] [stdout] test zstd::decompress::tests::test_read_frame_header_fcs_8bytes ... ok
[INFO] [stdout] test zstd::decompress::tests::test_read_frame_header_missing_fcs ... ok
[INFO] [stdout] test lz4::tests::test_f021_avx2_matches_scalar ... ok
[INFO] [stdout] test zstd::decompress::tests::test_empty_input ... ok
[INFO] [stdout] test zstd::decompress::tests::test_read_literals_header_1byte ... ok
[INFO] [stdout] test zstd::decompress::tests::test_read_literals_header_2byte ... ok
[INFO] [stdout] test zstd::compress::tests::test_compress_produces_valid_header ... ok
[INFO] [stdout] test zstd::decompress::tests::test_read_block_header_reserved ... ok
[INFO] [stdout] test zstd::decompress::tests::test_read_literals_header_3byte ... ok
[INFO] [stdout] test zstd::decompress::tests::test_read_frame_header_single_segment_with_fcs ... ok
[INFO] [stdout] test zstd::decompress::tests::test_read_frame_header_checksum_flag ... ok
[INFO] [stdout] test zstd::decompress::tests::test_read_literals_header_truncated_2byte ... ok
[INFO] [stdout] test zstd::decompress::tests::test_read_literals_header_empty ... ok
[INFO] [stdout] test zstd::decompress::tests::test_read_frame_header_fcs_2bytes ... ok
[INFO] [stdout] test zstd::decompress::tests::test_decompress_block_buffer_too_small ... ok
[INFO] [stdout] test zstd::decompress::tests::test_decompress_block_rle_literals ... ok
[INFO] [stdout] test zstd::decompress::tests::test_read_literals_header_truncated_3byte ... ok
[INFO] [stdout] test zstd::compress::tests::test_compress_small_content ... ok
[INFO] [stdout] test zstd::decompress::tests::test_read_frame_header_with_window_descriptor ... ok
[INFO] [stdout] test zstd::fse::tests::test_default_distributions_valid ... ok
[INFO] [stdout] test tests::test_f079_no_data_races ... ok
[INFO] [stdout] test zstd::fse::tests::test_fse_table_creation ... ok
[INFO] [stdout] test zstd::huffman::tests::test_huffman_table_creation ... ok
[INFO] [stdout] test zstd::tests::test_roundtrip_text ... ok
[INFO] [stdout] test tests::test_f012_concurrent_compression_safe ... ok
[INFO] [stdout] test zstd::tests::test_roundtrip_zeros ... ok
[INFO] [stdout] test zstd::huffman::tests::test_read_weights_two_symbols ... ok
[INFO] [stdout] test zstd::compress::tests::test_compress_multiple_blocks ... ok
[INFO] [stdout] test zstd::tests::test_block_type_conversion ... ok
[INFO] [stdout] test zstd::tests::test_compression_level ... ok
[INFO] [stdout] test zstd::tests::test_roundtrip_pattern ... ok
[INFO] [stdout] test zstd::huffman::tests::test_empty_weights_error ... ok
[INFO] [stdout] test zstd::decompress::tests::test_read_frame_header_missing_window ... ok
[INFO] [stdout] test zstd::huffman::tests::test_read_weights_direct ... ok
[INFO] [stdout] test samefill::tests::test_same_fill_detection_speed ... ok
[INFO] [stdout] test tests::test_f019_no_memory_leaks ... ok
[INFO] [stdout] 
[INFO] [stdout] failures:
[INFO] [stdout] 
[INFO] [stdout] ---- benchmark::tests::test_f060_no_performance_regression stdout ----
[INFO] [stdout] 
[INFO] [stdout] thread 'benchmark::tests::test_f060_no_performance_regression' (1527) panicked at src/benchmark.rs:453:9:
[INFO] [stdout] Performance variance too high: ratio 25.59
[INFO] [stdout] stack backtrace:
[INFO] [stdout]    0:     0x558f90842651 - std[617be2ca0a6fd877]::backtrace_rs::backtrace::libunwind::trace
[INFO] [stdout]                                at /rustc/e3feeb59cd1bdd011a2bfcc0747b55125d9b8527/library/std/src/../../backtrace/src/backtrace/libunwind.rs:117:9
[INFO] [stdout]    1:     0x558f90842651 - std[617be2ca0a6fd877]::backtrace_rs::backtrace::trace_unsynchronized::<std[617be2ca0a6fd877]::sys::backtrace::_print_fmt::{closure#1}>
[INFO] [stdout]                                at /rustc/e3feeb59cd1bdd011a2bfcc0747b55125d9b8527/library/std/src/../../backtrace/src/backtrace/mod.rs:66:14
[INFO] [stdout]    2:     0x558f90842651 - std[617be2ca0a6fd877]::sys::backtrace::_print_fmt
[INFO] [stdout]                                at /rustc/e3feeb59cd1bdd011a2bfcc0747b55125d9b8527/library/std/src/sys/backtrace.rs:74:9
[INFO] [stdout]    3:     0x558f90842651 - <<std[617be2ca0a6fd877]::sys::backtrace::BacktraceLock>::print::DisplayBacktrace as core[a373ad73a504971]::fmt::Display>::fmt
[INFO] [stdout]                                at /rustc/e3feeb59cd1bdd011a2bfcc0747b55125d9b8527/library/std/src/sys/backtrace.rs:44:26
[INFO] [stdout]    4:     0x558f90858b6a - <core[a373ad73a504971]::fmt::rt::Argument>::fmt
[INFO] [stdout]                                at /rustc/e3feeb59cd1bdd011a2bfcc0747b55125d9b8527/library/core/src/fmt/rt.rs:152:76
[INFO] [stdout]    5:     0x558f90858b6a - core[a373ad73a504971]::fmt::write
[INFO] [stdout]    6:     0x558f9084686c - core[a373ad73a504971]::io::write::default_write_fmt::<alloc[2e1b2a31b91974c5]::vec::Vec<u8>>
[INFO] [stdout]                                at /rustc/e3feeb59cd1bdd011a2bfcc0747b55125d9b8527/library/core/src/io/write.rs:402:11
[INFO] [stdout]    7:     0x558f9084686c - <alloc[2e1b2a31b91974c5]::vec::Vec<u8> as core[a373ad73a504971]::io::write::Write>::write_fmt
[INFO] [stdout]                                at /rustc/e3feeb59cd1bdd011a2bfcc0747b55125d9b8527/library/core/src/io/write.rs:335:13
[INFO] [stdout]    8:     0x558f9081e396 - <std[617be2ca0a6fd877]::sys::backtrace::BacktraceLock>::print
[INFO] [stdout]                                at /rustc/e3feeb59cd1bdd011a2bfcc0747b55125d9b8527/library/std/src/sys/backtrace.rs:47:9
[INFO] [stdout]    9:     0x558f9081e396 - std[617be2ca0a6fd877]::panicking::default_hook::{closure#0}
[INFO] [stdout]                                at /rustc/e3feeb59cd1bdd011a2bfcc0747b55125d9b8527/library/std/src/panicking.rs:289:27
[INFO] [stdout]   10:     0x558f9083a7a9 - std[617be2ca0a6fd877]::panicking::default_hook
[INFO] [stdout]                                at /rustc/e3feeb59cd1bdd011a2bfcc0747b55125d9b8527/library/std/src/panicking.rs:313:9
[INFO] [stdout]   11:     0x558f907d6720 - <alloc[2e1b2a31b91974c5]::boxed::Box<dyn for<'a, 'b> core[a373ad73a504971]::ops::function::Fn<(&'a std[617be2ca0a6fd877]::panic::PanicHookInfo<'b>,), Output = ()> + core[a373ad73a504971]::marker::Sync + core[a373ad73a504971]::marker::Send> as core[a373ad73a504971]::ops::function::Fn<(&std[617be2ca0a6fd877]::panic::PanicHookInfo,)>>::call
[INFO] [stdout]                                at /rustc/e3feeb59cd1bdd011a2bfcc0747b55125d9b8527/library/alloc/src/boxed.rs:2328:9
[INFO] [stdout]   12:     0x558f907d6720 - test[aada8e7e76ba119b]::test_main_inner::{closure#0}
[INFO] [stdout]                                at /rustc/e3feeb59cd1bdd011a2bfcc0747b55125d9b8527/library/test/src/lib.rs:137:21
[INFO] [stdout]   13:     0x558f9083a962 - <alloc[2e1b2a31b91974c5]::boxed::Box<dyn for<'a, 'b> core[a373ad73a504971]::ops::function::Fn<(&'a std[617be2ca0a6fd877]::panic::PanicHookInfo<'b>,), Output = ()> + core[a373ad73a504971]::marker::Sync + core[a373ad73a504971]::marker::Send> as core[a373ad73a504971]::ops::function::Fn<(&std[617be2ca0a6fd877]::panic::PanicHookInfo,)>>::call
[INFO] [stdout]                                at /rustc/e3feeb59cd1bdd011a2bfcc0747b55125d9b8527/library/alloc/src/boxed.rs:2328:9
[INFO] [stdout]   14:     0x558f9083a962 - std[617be2ca0a6fd877]::panicking::panic_with_hook
[INFO] [stdout]                                at /rustc/e3feeb59cd1bdd011a2bfcc0747b55125d9b8527/library/std/src/panicking.rs:819:13
[INFO] [stdout]   15:     0x558f9081e442 - std[617be2ca0a6fd877]::panicking::panic_handler::{closure#0}
[INFO] [stdout]                                at /rustc/e3feeb59cd1bdd011a2bfcc0747b55125d9b8527/library/std/src/panicking.rs:685:13
[INFO] [stdout]   16:     0x558f90816fc9 - std[617be2ca0a6fd877]::sys::backtrace::__rust_end_short_backtrace::<std[617be2ca0a6fd877]::panicking::panic_handler::{closure#0}, !>
[INFO] [stdout]                                at /rustc/e3feeb59cd1bdd011a2bfcc0747b55125d9b8527/library/std/src/sys/backtrace.rs:182:18
[INFO] [stdout]   17:     0x558f9081f04d - __rustc[ea4f61d10b84890b]::rust_begin_unwind
[INFO] [stdout]                                at /rustc/e3feeb59cd1bdd011a2bfcc0747b55125d9b8527/library/std/src/panicking.rs:676:5
[INFO] [stdout]   18:     0x558f9085933c - core[a373ad73a504971]::panicking::panic_fmt
[INFO] [stdout]                                at /rustc/e3feeb59cd1bdd011a2bfcc0747b55125d9b8527/library/core/src/panicking.rs:80:14
[INFO] [stdout]   19:     0x558f9076e365 - trueno_zram_core[e88080880fdd6d3e]::benchmark::tests::test_f060_no_performance_regression
[INFO] [stdout]                                at /opt/rustwide/workdir/src/benchmark.rs:453:9
[INFO] [stdout]   20:     0x558f90766967 - trueno_zram_core[e88080880fdd6d3e]::benchmark::tests::test_f060_no_performance_regression::{closure#0}
[INFO] [stdout]                                at /opt/rustwide/workdir/src/benchmark.rs:431:45
[INFO] [stdout]   21:     0x558f90788e36 - <trueno_zram_core[e88080880fdd6d3e]::benchmark::tests::test_f060_no_performance_regression::{closure#0} as core[a373ad73a504971]::ops::function::FnOnce<()>>::call_once
[INFO] [stdout]                                at /rustc/e3feeb59cd1bdd011a2bfcc0747b55125d9b8527/library/core/src/ops/function.rs:250:5
[INFO] [stdout]   22:     0x558f907c9b6b - <fn() -> core[a373ad73a504971]::result::Result<(), alloc[2e1b2a31b91974c5]::string::String> as core[a373ad73a504971]::ops::function::FnOnce<()>>::call_once
[INFO] [stdout]                                at /rustc/e3feeb59cd1bdd011a2bfcc0747b55125d9b8527/library/core/src/ops/function.rs:250:5
[INFO] [stdout]   23:     0x558f907c9b6b - test[aada8e7e76ba119b]::__rust_begin_short_backtrace::<core[a373ad73a504971]::result::Result<(), alloc[2e1b2a31b91974c5]::string::String>, fn() -> core[a373ad73a504971]::result::Result<(), alloc[2e1b2a31b91974c5]::string::String>>
[INFO] [stdout]                                at /rustc/e3feeb59cd1bdd011a2bfcc0747b55125d9b8527/library/test/src/lib.rs:701:18
[INFO] [stdout]   24:     0x558f907d6d45 - test[aada8e7e76ba119b]::run_test_in_process::{closure#0}
[INFO] [stdout]                                at /rustc/e3feeb59cd1bdd011a2bfcc0747b55125d9b8527/library/test/src/lib.rs:724:74
[INFO] [stdout]   25:     0x558f907d6d45 - <core[a373ad73a504971]::panic::unwind_safe::AssertUnwindSafe<test[aada8e7e76ba119b]::run_test_in_process::{closure#0}> as core[a373ad73a504971]::ops::function::FnOnce<()>>::call_once
[INFO] [stdout]                                at /rustc/e3feeb59cd1bdd011a2bfcc0747b55125d9b8527/library/core/src/panic/unwind_safe.rs:275:9
[INFO] [stdout]   26:     0x558f907d6d45 - std[617be2ca0a6fd877]::panicking::catch_unwind::do_call::<core[a373ad73a504971]::panic::unwind_safe::AssertUnwindSafe<test[aada8e7e76ba119b]::run_test_in_process::{closure#0}>, core[a373ad73a504971]::result::Result<(), alloc[2e1b2a31b91974c5]::string::String>>
[INFO] [stdout]                                at /rustc/e3feeb59cd1bdd011a2bfcc0747b55125d9b8527/library/std/src/panicking.rs:573:43
[INFO] [stdout]   27:     0x558f907d6d45 - std[617be2ca0a6fd877]::panicking::catch_unwind::<core[a373ad73a504971]::result::Result<(), alloc[2e1b2a31b91974c5]::string::String>, core[a373ad73a504971]::panic::unwind_safe::AssertUnwindSafe<test[aada8e7e76ba119b]::run_test_in_process::{closure#0}>>
[INFO] [stdout]                                at /rustc/e3feeb59cd1bdd011a2bfcc0747b55125d9b8527/library/std/src/panicking.rs:541:19
[INFO] [stdout]   28:     0x558f907d6d45 - std[617be2ca0a6fd877]::panic::catch_unwind::<core[a373ad73a504971]::panic::unwind_safe::AssertUnwindSafe<test[aada8e7e76ba119b]::run_test_in_process::{closure#0}>, core[a373ad73a504971]::result::Result<(), alloc[2e1b2a31b91974c5]::string::String>>
[INFO] [stdout]                                at /rustc/e3feeb59cd1bdd011a2bfcc0747b55125d9b8527/library/std/src/panic.rs:359:14
[INFO] [stdout]   29:     0x558f907d6d45 - test[aada8e7e76ba119b]::run_test_in_process
[INFO] [stdout]                                at /rustc/e3feeb59cd1bdd011a2bfcc0747b55125d9b8527/library/test/src/lib.rs:724:27
[INFO] [stdout]   30:     0x558f907d6d45 - test[aada8e7e76ba119b]::run_test::{closure#0}
[INFO] [stdout]                                at /rustc/e3feeb59cd1bdd011a2bfcc0747b55125d9b8527/library/test/src/lib.rs:645:43
[INFO] [stdout]   31:     0x558f907d0634 - test[aada8e7e76ba119b]::run_test::{closure#1}
[INFO] [stdout]                                at /rustc/e3feeb59cd1bdd011a2bfcc0747b55125d9b8527/library/test/src/lib.rs:675:41
[INFO] [stdout]   32:     0x558f907d0634 - std[617be2ca0a6fd877]::sys::backtrace::__rust_begin_short_backtrace::<test[aada8e7e76ba119b]::run_test::{closure#1}, ()>
[INFO] [stdout]                                at /rustc/e3feeb59cd1bdd011a2bfcc0747b55125d9b8527/library/std/src/sys/backtrace.rs:166:18
[INFO] [stdout]   33:     0x558f907d9dd2 - std[617be2ca0a6fd877]::thread::lifecycle::spawn_unchecked::<test[aada8e7e76ba119b]::run_test::{closure#1}, ()>::{closure#1}::{closure#0}
[INFO] [stdout]                                at /rustc/e3feeb59cd1bdd011a2bfcc0747b55125d9b8527/library/std/src/thread/lifecycle.rs:70:13
[INFO] [stdout]   34:     0x558f907d9dd2 - <core[a373ad73a504971]::panic::unwind_safe::AssertUnwindSafe<std[617be2ca0a6fd877]::thread::lifecycle::spawn_unchecked<test[aada8e7e76ba119b]::run_test::{closure#1}, ()>::{closure#1}::{closure#0}> as core[a373ad73a504971]::ops::function::FnOnce<()>>::call_once
[INFO] [stdout]                                at /rustc/e3feeb59cd1bdd011a2bfcc0747b55125d9b8527/library/core/src/panic/unwind_safe.rs:275:9
[INFO] [stdout]   35:     0x558f907d9dd2 - std[617be2ca0a6fd877]::panicking::catch_unwind::do_call::<core[a373ad73a504971]::panic::unwind_safe::AssertUnwindSafe<std[617be2ca0a6fd877]::thread::lifecycle::spawn_unchecked<test[aada8e7e76ba119b]::run_test::{closure#1}, ()>::{closure#1}::{closure#0}>, ()>
[INFO] [stdout]                                at /rustc/e3feeb59cd1bdd011a2bfcc0747b55125d9b8527/library/std/src/panicking.rs:573:43
[INFO] [stdout]   36:     0x558f907d9dd2 - std[617be2ca0a6fd877]::panicking::catch_unwind::<(), core[a373ad73a504971]::panic::unwind_safe::AssertUnwindSafe<std[617be2ca0a6fd877]::thread::lifecycle::spawn_unchecked<test[aada8e7e76ba119b]::run_test::{closure#1}, ()>::{closure#1}::{closure#0}>>
[INFO] [stdout]                                at /rustc/e3feeb59cd1bdd011a2bfcc0747b55125d9b8527/library/std/src/panicking.rs:541:19
[INFO] [stdout]   37:     0x558f907d9dd2 - std[617be2ca0a6fd877]::panic::catch_unwind::<core[a373ad73a504971]::panic::unwind_safe::AssertUnwindSafe<std[617be2ca0a6fd877]::thread::lifecycle::spawn_unchecked<test[aada8e7e76ba119b]::run_test::{closure#1}, ()>::{closure#1}::{closure#0}>, ()>
[INFO] [stdout]                                at /rustc/e3feeb59cd1bdd011a2bfcc0747b55125d9b8527/library/std/src/panic.rs:359:14
[INFO] [stdout]   38:     0x558f907d9dd2 - std[617be2ca0a6fd877]::thread::lifecycle::spawn_unchecked::<test[aada8e7e76ba119b]::run_test::{closure#1}, ()>::{closure#1}
[INFO] [stdout]                                at /rustc/e3feeb59cd1bdd011a2bfcc0747b55125d9b8527/library/std/src/thread/lifecycle.rs:68:26
[INFO] [stdout]   39:     0x558f907d9dd2 - <std[617be2ca0a6fd877]::thread::lifecycle::spawn_unchecked<test[aada8e7e76ba119b]::run_test::{closure#1}, ()>::{closure#1} as core[a373ad73a504971]::ops::function::FnOnce<()>>::call_once::{shim:vtable#0}
[INFO] [stdout]                                at /rustc/e3feeb59cd1bdd011a2bfcc0747b55125d9b8527/library/core/src/ops/function.rs:250:5
[INFO] [stdout]   40:     0x558f9084196f - <alloc[2e1b2a31b91974c5]::boxed::Box<dyn core[a373ad73a504971]::ops::function::FnOnce<(), Output = ()> + core[a373ad73a504971]::marker::Send> as core[a373ad73a504971]::ops::function::FnOnce<()>>::call_once
[INFO] [stdout]                                at /rustc/e3feeb59cd1bdd011a2bfcc0747b55125d9b8527/library/alloc/src/boxed.rs:2314:9
[INFO] [stdout]   41:     0x558f9084196f - <std[617be2ca0a6fd877]::sys::thread::unix::Thread>::new::thread_start
[INFO] [stdout]                                at /rustc/e3feeb59cd1bdd011a2bfcc0747b55125d9b8527/library/std/src/sys/thread/unix.rs:127:17
[INFO] [stdout]   42:     0x7f824ac46dfa - <unknown>
[INFO] [stdout]   43:     0x7f824acda3d4 - clone
[INFO] [stdout]   44:                0x0 - <unknown>
[INFO] [stdout] 
[INFO] [stdout] 
[INFO] [stdout] failures:
[INFO] [stdout]     benchmark::tests::test_f060_no_performance_regression
[INFO] [stdout] 
[INFO] [stdout] test result: FAILED. 405 passed; 1 failed; 2 ignored; 0 measured; 0 filtered out; finished in 0.24s
[INFO] [stdout] 
[INFO] [stderr] error: test failed, to rerun pass `--lib`
[INFO] running `Command { std: "docker" "inspect" "3d8dc67d004a7027d21054d05d8d68b4a07a188b9211aa0d19f586a8165b2fd6", kill_on_drop: false }`
[INFO] running `Command { std: "docker" "rm" "-f" "3d8dc67d004a7027d21054d05d8d68b4a07a188b9211aa0d19f586a8165b2fd6", kill_on_drop: false }`
[INFO] [stdout] 3d8dc67d004a7027d21054d05d8d68b4a07a188b9211aa0d19f586a8165b2fd6
