[INFO] fetching crate tplinker 0.4.4...
[INFO] testing tplinker-0.4.4 against 1.100.0-beta.1 for beta-1.100-2
[INFO] extracting crate tplinker 0.4.4 into /workspace/builds/worker-6-tc2/source
[INFO] started tweaking crates.io crate tplinker 0.4.4
[INFO] finished tweaking crates.io crate tplinker 0.4.4
[INFO] tweaked toml for crates.io crate tplinker 0.4.4 written to /workspace/builds/worker-6-tc2/source/Cargo.toml
[INFO] validating manifest of crates.io crate tplinker 0.4.4 on toolchain 1.100.0-beta.1
[INFO] running `Command { std: CARGO_HOME="/workspace/cargo-home" RUSTUP_HOME="/workspace/rustup-home" "/workspace/cargo-home/bin/cargo" "+1.100.0-beta.1" "metadata" "--manifest-path" "Cargo.toml" "--no-deps", kill_on_drop: false }`
[INFO] crate crates.io crate tplinker 0.4.4 already has a lockfile, it will not be regenerated
[INFO] running `Command { std: CARGO_HOME="/workspace/cargo-home" RUSTUP_HOME="/workspace/rustup-home" "/workspace/cargo-home/bin/cargo" "+1.100.0-beta.1" "fetch" "--manifest-path" "Cargo.toml", kill_on_drop: false }`
[INFO] running `Command { std: "docker" "create" "-v" "/var/lib/crater-agent-workspace/builds/worker-6-tc2/source:/opt/rustwide/workdir:ro,Z" "-v" "/var/lib/crater-agent-workspace/builds/worker-6-tc2/target:/opt/rustwide/target:rw,Z" "-v" "/var/lib/crater-agent-workspace/cargo-home:/opt/rustwide/cargo-home:ro,Z" "-v" "/var/lib/crater-agent-workspace/rustup-home:/opt/rustwide/rustup-home:ro,Z" "-m" "1610612736" "--network" "none" "ghcr.io/rust-lang/crates-build-env/linux@sha256:3111399a4047eeb3a02b7a90e478d715f38a8c6669b5c4b49d30a17385265909" "sleep" "infinity", kill_on_drop: false }`
[INFO] [stdout] ce9f527563fc492ef719cea2511f6df17e532a5b52eb9ae5da08816915c9a2e3
[INFO] running `Command { std: "docker" "start" "ce9f527563fc492ef719cea2511f6df17e532a5b52eb9ae5da08816915c9a2e3", kill_on_drop: false }`
[INFO] running `Command { std: "docker" "inspect" "ce9f527563fc492ef719cea2511f6df17e532a5b52eb9ae5da08816915c9a2e3", kill_on_drop: false }`
[INFO] running `Command { std: "docker" "exec" "-e" "SOURCE_DIR=/opt/rustwide/workdir" "-e" "CARGO_HOME=/opt/rustwide/cargo-home" "-e" "RUSTUP_HOME=/opt/rustwide/rustup-home" "-e" "CARGO_TARGET_DIR=/opt/rustwide/target" "-w" "/opt/rustwide/workdir" "--user" "0:0" "ce9f527563fc492ef719cea2511f6df17e532a5b52eb9ae5da08816915c9a2e3" "/opt/rustwide/cargo-home/bin/cargo" "+1.100.0-beta.1" "metadata" "--no-deps" "--format-version=1", kill_on_drop: false }`
[INFO] running `Command { std: "docker" "inspect" "ce9f527563fc492ef719cea2511f6df17e532a5b52eb9ae5da08816915c9a2e3", kill_on_drop: false }`
[INFO] running `Command { std: "docker" "exec" "-e" "SOURCE_DIR=/opt/rustwide/workdir" "-e" "CARGO_HOME=/opt/rustwide/cargo-home" "-e" "RUSTUP_HOME=/opt/rustwide/rustup-home" "-e" "CARGO_TARGET_DIR=/opt/rustwide/target" "-e" "CARGO_INCREMENTAL=0" "-e" "RUST_BACKTRACE=full" "-e" "RUSTFLAGS=--cap-lints=warn" "-e" "RUSTDOCFLAGS=--cap-lints=warn" "-w" "/opt/rustwide/workdir" "--user" "0:0" "ce9f527563fc492ef719cea2511f6df17e532a5b52eb9ae5da08816915c9a2e3" "/opt/rustwide/cargo-home/bin/cargo" "+1.100.0-beta.1" "build" "--frozen" "--message-format=json", kill_on_drop: false }`
[INFO] [stderr]    Compiling autocfg v1.0.1
[INFO] [stderr]    Compiling crossbeam-utils v0.8.5
[INFO] [stderr]    Compiling libc v0.2.111
[INFO] [stderr]    Compiling crossbeam-epoch v0.9.5
[INFO] [stderr]    Compiling proc-macro2 v1.0.33
[INFO] [stderr]    Compiling scopeguard v1.1.0
[INFO] [stderr]    Compiling rayon-core v1.9.1
[INFO] [stderr]    Compiling unicode-xid v0.2.2
[INFO] [stderr]    Compiling crossbeam-queue v0.3.2
[INFO] [stderr]    Compiling syn v1.0.82
[INFO] [stderr]    Compiling serde v1.0.131
[INFO] [stderr]    Compiling serde_json v1.0.72
[INFO] [stderr]    Compiling unicode-width v0.1.9
[INFO] [stderr]    Compiling serde_derive v1.0.131
[INFO] [stderr]    Compiling textwrap v0.11.0
[INFO] [stderr]    Compiling itoa v0.4.8
[INFO] [stderr]    Compiling ansi_term v0.12.1
[INFO] [stderr]    Compiling memoffset v0.6.5
[INFO] [stderr]    Compiling crossbeam-channel v0.5.1
[INFO] [stderr]    Compiling rayon v1.5.1
[INFO] [stderr]    Compiling ryu v1.0.9
[INFO] [stderr]    Compiling either v1.6.1
[INFO] [stderr]    Compiling byteorder v1.4.3
[INFO] [stderr]    Compiling crossbeam-deque v0.8.1
[INFO] [stderr]    Compiling quote v1.0.10
[INFO] [stderr]    Compiling num_cpus v1.13.0
[INFO] [stderr]    Compiling atty v0.2.14
[INFO] [stderr]    Compiling clap v2.34.0
[INFO] [stderr]    Compiling crossbeam v0.8.1
[INFO] [stderr]    Compiling if-addrs v0.6.7
[INFO] [stderr]    Compiling tplinker v0.4.4 (/opt/rustwide/workdir)
[INFO] [stdout] error[E0277]: the trait bound `!: DeserializeOwned` is not satisfied
[INFO] [stdout]    --> src/devices.rs:145:14
[INFO] [stdout]     |
[INFO] [stdout] 145 |         self.send(&r#"{"smartlife.iot.smartbulb.lightingservice":{"transition_light_state":{"on_off":1}}}"#)?;
[INFO] [stdout]     |              ^^^^ the trait `for<'de> Deserialize<'de>` is not implemented for `!`
[INFO] [stdout]     |
[INFO] [stdout]     = help: the following other types implement trait `Deserialize<'de>`:
[INFO] [stdout]               &'a Path
[INFO] [stdout]               &'a [u8]
[INFO] [stdout]               &'a str
[INFO] [stdout]               ()
[INFO] [stdout]               (T0, T1)
[INFO] [stdout]               (T0, T1, T2)
[INFO] [stdout]               (T0, T1, T2, T3)
[INFO] [stdout]               (T0, T1, T2, T3, T4)
[INFO] [stdout]             and 142 others
[INFO] [stdout]     = note: this error might have been caused by changes to Rust's type-inference algorithm (see issue #148922 <https://github.com/rust-lang/rust/issues/148922> for more information)
[INFO] [stdout]     = help: you might have intended to use the type `()` here instead
[INFO] [stdout]     = note: required for `!` to implement `DeserializeOwned`
[INFO] [stdout] note: required by a bound in `DeviceActions::send`
[INFO] [stdout]    --> src/capabilities.rs:28:16
[INFO] [stdout]     |
[INFO] [stdout]  21 | pub trait DeviceActions {
[INFO] [stdout] ...
[INFO] [stdout]  28 |     fn send<T: DeserializeOwned>(&self, msg: &str) -> Result<T>;
[INFO] [stdout]     |                ^^^^^^^^^^^^^^^^ required by this bound in `DeviceActions::send`
[INFO] [stdout] 
[INFO] [stdout] 
[INFO] [stdout] error[E0277]: the trait bound `!: DeserializeOwned` is not satisfied
[INFO] [stdout]    --> src/devices.rs:150:14
[INFO] [stdout]     |
[INFO] [stdout] 150 |         self.send(&r#"{"smartlife.iot.smartbulb.lightingservice":{"transition_light_state":{"on_off":0}}}"#)?;
[INFO] [stdout]     |              ^^^^ the trait `for<'de> Deserialize<'de>` is not implemented for `!`
[INFO] [stdout]     |
[INFO] [stdout]     = help: the following other types implement trait `Deserialize<'de>`:
[INFO] [stdout]               &'a Path
[INFO] [stdout]               &'a [u8]
[INFO] [stdout]               &'a str
[INFO] [stdout]               ()
[INFO] [stdout]               (T0, T1)
[INFO] [stdout]               (T0, T1, T2)
[INFO] [stdout]               (T0, T1, T2, T3)
[INFO] [stdout]               (T0, T1, T2, T3, T4)
[INFO] [stdout]             and 142 others
[INFO] [stdout]     = note: this error might have been caused by changes to Rust's type-inference algorithm (see issue #148922 <https://github.com/rust-lang/rust/issues/148922> for more information)
[INFO] [stdout]     = help: you might have intended to use the type `()` here instead
[INFO] [stdout]     = note: required for `!` to implement `DeserializeOwned`
[INFO] [stdout] note: required by a bound in `DeviceActions::send`
[INFO] [stdout]    --> src/capabilities.rs:28:16
[INFO] [stdout]     |
[INFO] [stdout]  21 | pub trait DeviceActions {
[INFO] [stdout] ...
[INFO] [stdout]  28 |     fn send<T: DeserializeOwned>(&self, msg: &str) -> Result<T>;
[INFO] [stdout]     |                ^^^^^^^^^^^^^^^^ required by this bound in `DeviceActions::send`
[INFO] [stdout] 
[INFO] [stdout] 
[INFO] [stdout] error[E0277]: the trait bound `!: DeserializeOwned` is not satisfied
[INFO] [stdout]    --> src/devices.rs:170:14
[INFO] [stdout]     |
[INFO] [stdout] 170 |         self.send(&r#"{"smartlife.iot.smartbulb.lightingservice":{"transition_light_state":{"on_off":1}}}"#)?;
[INFO] [stdout]     |              ^^^^ the trait `for<'de> Deserialize<'de>` is not implemented for `!`
[INFO] [stdout]     |
[INFO] [stdout]     = help: the following other types implement trait `Deserialize<'de>`:
[INFO] [stdout]               &'a Path
[INFO] [stdout]               &'a [u8]
[INFO] [stdout]               &'a str
[INFO] [stdout]               ()
[INFO] [stdout]               (T0, T1)
[INFO] [stdout]               (T0, T1, T2)
[INFO] [stdout]               (T0, T1, T2, T3)
[INFO] [stdout]               (T0, T1, T2, T3, T4)
[INFO] [stdout]             and 142 others
[INFO] [stdout]     = note: this error might have been caused by changes to Rust's type-inference algorithm (see issue #148922 <https://github.com/rust-lang/rust/issues/148922> for more information)
[INFO] [stdout]     = help: you might have intended to use the type `()` here instead
[INFO] [stdout]     = note: required for `!` to implement `DeserializeOwned`
[INFO] [stdout] note: required by a bound in `DeviceActions::send`
[INFO] [stdout]    --> src/capabilities.rs:28:16
[INFO] [stdout]     |
[INFO] [stdout]  21 | pub trait DeviceActions {
[INFO] [stdout] ...
[INFO] [stdout]  28 |     fn send<T: DeserializeOwned>(&self, msg: &str) -> Result<T>;
[INFO] [stdout]     |                ^^^^^^^^^^^^^^^^ required by this bound in `DeviceActions::send`
[INFO] [stdout] 
[INFO] [stdout] 
[INFO] [stdout] error[E0277]: the trait bound `!: DeserializeOwned` is not satisfied
[INFO] [stdout]    --> src/devices.rs:175:14
[INFO] [stdout]     |
[INFO] [stdout] 175 |         self.send(&r#"{"smartlife.iot.smartbulb.lightingservice":{"transition_light_state":{"on_off":0}}}"#)?;
[INFO] [stdout]     |              ^^^^ the trait `for<'de> Deserialize<'de>` is not implemented for `!`
[INFO] [stdout]     |
[INFO] [stdout]     = help: the following other types implement trait `Deserialize<'de>`:
[INFO] [stdout]               &'a Path
[INFO] [stdout]               &'a [u8]
[INFO] [stdout]               &'a str
[INFO] [stdout]               ()
[INFO] [stdout]               (T0, T1)
[INFO] [stdout]               (T0, T1, T2)
[INFO] [stdout]               (T0, T1, T2, T3)
[INFO] [stdout]               (T0, T1, T2, T3, T4)
[INFO] [stdout]             and 142 others
[INFO] [stdout]     = note: this error might have been caused by changes to Rust's type-inference algorithm (see issue #148922 <https://github.com/rust-lang/rust/issues/148922> for more information)
[INFO] [stdout]     = help: you might have intended to use the type `()` here instead
[INFO] [stdout]     = note: required for `!` to implement `DeserializeOwned`
[INFO] [stdout] note: required by a bound in `DeviceActions::send`
[INFO] [stdout]    --> src/capabilities.rs:28:16
[INFO] [stdout]     |
[INFO] [stdout]  21 | pub trait DeviceActions {
[INFO] [stdout] ...
[INFO] [stdout]  28 |     fn send<T: DeserializeOwned>(&self, msg: &str) -> Result<T>;
[INFO] [stdout]     |                ^^^^^^^^^^^^^^^^ required by this bound in `DeviceActions::send`
[INFO] [stdout] 
[INFO] [stdout] 
[INFO] [stdout] For more information about this error, try `rustc --explain E0277`.
[INFO] [stdout] 
[INFO] [stderr] error: could not compile `tplinker` (lib) due to 4 previous errors
[INFO] running `Command { std: "docker" "inspect" "ce9f527563fc492ef719cea2511f6df17e532a5b52eb9ae5da08816915c9a2e3", kill_on_drop: false }`
[INFO] running `Command { std: "docker" "rm" "-f" "ce9f527563fc492ef719cea2511f6df17e532a5b52eb9ae5da08816915c9a2e3", kill_on_drop: false }`
[INFO] [stdout] ce9f527563fc492ef719cea2511f6df17e532a5b52eb9ae5da08816915c9a2e3
