[INFO] fetching crate tide_redis_session 0.1.0...
[INFO] testing tide_redis_session-0.1.0 against 1.100.0-beta.1 for beta-1.100-2
[INFO] extracting crate tide_redis_session 0.1.0 into /workspace/builds/worker-2-tc2/source
[INFO] started tweaking crates.io crate tide_redis_session 0.1.0
[INFO] finished tweaking crates.io crate tide_redis_session 0.1.0
[INFO] tweaked toml for crates.io crate tide_redis_session 0.1.0 written to /workspace/builds/worker-2-tc2/source/Cargo.toml
[INFO] validating manifest of crates.io crate tide_redis_session 0.1.0 on toolchain 1.100.0-beta.1
[INFO] running `Command { std: CARGO_HOME="/workspace/cargo-home" RUSTUP_HOME="/workspace/rustup-home" "/workspace/cargo-home/bin/cargo" "+1.100.0-beta.1" "metadata" "--manifest-path" "Cargo.toml" "--no-deps", kill_on_drop: false }`
[INFO] running `Command { std: CARGO_HOME="/workspace/cargo-home" RUSTUP_HOME="/workspace/rustup-home" "/workspace/cargo-home/bin/cargo" "+1.100.0-beta.1" "generate-lockfile" "--manifest-path" "Cargo.toml", kill_on_drop: false }`
[INFO] [stderr]     Updating crates.io index
[INFO] [stderr]      Locking 244 packages to highest compatible versions
[INFO] [stderr]       Adding crypto-mac v0.10.0 (available: v0.10.1)
[INFO] [stderr]       Adding redis v0.22.4 (available: v1.7.1)
[INFO] [stderr]       Adding universal-hash v0.4.0 (available: v0.4.1)
[INFO] running `Command { std: CARGO_HOME="/workspace/cargo-home" RUSTUP_HOME="/workspace/rustup-home" "/workspace/cargo-home/bin/cargo" "+1.100.0-beta.1" "fetch" "--manifest-path" "Cargo.toml", kill_on_drop: false }`
[INFO] running `Command { std: "docker" "create" "-v" "/var/lib/crater-agent-workspace/builds/worker-2-tc2/source:/opt/rustwide/workdir:ro,Z" "-v" "/var/lib/crater-agent-workspace/builds/worker-2-tc2/target:/opt/rustwide/target:rw,Z" "-v" "/var/lib/crater-agent-workspace/cargo-home:/opt/rustwide/cargo-home:ro,Z" "-v" "/var/lib/crater-agent-workspace/rustup-home:/opt/rustwide/rustup-home:ro,Z" "-m" "1610612736" "--network" "none" "ghcr.io/rust-lang/crates-build-env/linux@sha256:3111399a4047eeb3a02b7a90e478d715f38a8c6669b5c4b49d30a17385265909" "sleep" "infinity", kill_on_drop: false }`
[INFO] [stdout] 6ab0ea010f6462193a663a3ca56357c9a5fd971046ef13f477205683ea37123d
[INFO] running `Command { std: "docker" "start" "6ab0ea010f6462193a663a3ca56357c9a5fd971046ef13f477205683ea37123d", kill_on_drop: false }`
[INFO] running `Command { std: "docker" "inspect" "6ab0ea010f6462193a663a3ca56357c9a5fd971046ef13f477205683ea37123d", kill_on_drop: false }`
[INFO] running `Command { std: "docker" "exec" "-e" "SOURCE_DIR=/opt/rustwide/workdir" "-e" "CARGO_HOME=/opt/rustwide/cargo-home" "-e" "RUSTUP_HOME=/opt/rustwide/rustup-home" "-e" "CARGO_TARGET_DIR=/opt/rustwide/target" "-w" "/opt/rustwide/workdir" "--user" "0:0" "6ab0ea010f6462193a663a3ca56357c9a5fd971046ef13f477205683ea37123d" "/opt/rustwide/cargo-home/bin/cargo" "+1.100.0-beta.1" "metadata" "--no-deps" "--format-version=1", kill_on_drop: false }`
[INFO] running `Command { std: "docker" "inspect" "6ab0ea010f6462193a663a3ca56357c9a5fd971046ef13f477205683ea37123d", kill_on_drop: false }`
[INFO] running `Command { std: "docker" "exec" "-e" "SOURCE_DIR=/opt/rustwide/workdir" "-e" "CARGO_HOME=/opt/rustwide/cargo-home" "-e" "RUSTUP_HOME=/opt/rustwide/rustup-home" "-e" "CARGO_TARGET_DIR=/opt/rustwide/target" "-e" "CARGO_INCREMENTAL=0" "-e" "RUST_BACKTRACE=full" "-e" "RUSTFLAGS=--cap-lints=warn" "-e" "RUSTDOCFLAGS=--cap-lints=warn" "-w" "/opt/rustwide/workdir" "--user" "0:0" "6ab0ea010f6462193a663a3ca56357c9a5fd971046ef13f477205683ea37123d" "/opt/rustwide/cargo-home/bin/cargo" "+1.100.0-beta.1" "build" "--frozen" "--message-format=json", kill_on_drop: false }`
[INFO] [stderr]    Compiling libc v0.2.190
[INFO] [stderr]    Compiling generic-array v0.14.9
[INFO] [stderr]    Compiling crossbeam-utils v0.8.23
[INFO] [stderr]    Compiling syn v3.0.6
[INFO] [stderr]    Compiling erased-serde v0.4.10
[INFO] [stderr]    Compiling serde_fmt v1.1.0
[INFO] [stderr]    Compiling event-listener v5.4.2
[INFO] [stderr]    Compiling rustix v1.1.5
[INFO] [stderr]    Compiling serde v1.0.229
[INFO] [stderr]    Compiling futures-lite v2.6.1
[INFO] [stderr]    Compiling event-listener-strategy v0.5.4
[INFO] [stderr]    Compiling syn v1.0.109
[INFO] [stderr]    Compiling digest v0.9.0
[INFO] [stderr]    Compiling async-lock v3.4.2
[INFO] [stderr]    Compiling concurrent-queue v2.5.0
[INFO] [stderr]    Compiling value-bag-serde1 v1.14.1
[INFO] [stderr]    Compiling value-bag v1.14.1
[INFO] [stderr]    Compiling async-channel v2.5.0
[INFO] [stderr]    Compiling standback v0.2.17
[INFO] [stderr]    Compiling proc-macro-hack v0.5.20+deprecated
[INFO] [stderr]    Compiling log v0.4.34
[INFO] [stderr]    Compiling event-listener v2.5.3
[INFO] [stderr]    Compiling piper v0.2.5
[INFO] [stderr]    Compiling cipher v0.2.5
[INFO] [stderr]    Compiling syn v2.0.119
[INFO] [stderr]    Compiling smallvec v1.16.2
[INFO] [stderr]    Compiling blocking v1.7.0
[INFO] [stderr]    Compiling async-executor v1.14.0
[INFO] [stderr]    Compiling universal-hash v0.4.0
[INFO] [stderr]    Compiling serde_json v1.0.151
[INFO] [stderr]    Compiling cpuid-bool v0.2.0
[INFO] [stderr]    Compiling const_fn v0.4.12
[INFO] [stderr]    Compiling polyval v0.4.5
[INFO] [stderr]    Compiling aes-soft v0.6.4
[INFO] [stderr]    Compiling kv-log-macro v1.0.7
[INFO] [stderr]    Compiling async-channel v1.9.0
[INFO] [stderr]    Compiling errno v0.3.14
[INFO] [stderr]    Compiling signal-hook-registry v1.4.8
[INFO] [stderr]    Compiling getrandom v0.2.17
[INFO] [stderr]    Compiling getrandom v0.1.16
[INFO] [stderr]    Compiling crypto-mac v0.10.0
[INFO] [stderr]    Compiling block-buffer v0.9.0
[INFO] [stderr]    Compiling rand_core v0.6.4
[INFO] [stderr]    Compiling rand_core v0.5.1
[INFO] [stderr]    Compiling time v0.2.27
[INFO] [stderr]    Compiling pin-utils v0.1.1
[INFO] [stderr]    Compiling sha2 v0.9.9
[INFO] [stderr]    Compiling rand_chacha v0.3.1
[INFO] [stderr]    Compiling rand_chacha v0.2.2
[INFO] [stderr]    Compiling hmac v0.10.1
[INFO] [stderr]    Compiling aes v0.6.0
[INFO] [stderr]    Compiling ghash v0.3.1
[INFO] [stderr]    Compiling ctr v0.6.0
[INFO] [stderr]    Compiling aead v0.3.2
[INFO] [stderr]    Compiling cookie v0.14.4
[INFO] [stderr]    Compiling fastrand v1.9.0
[INFO] [stderr]    Compiling waker-fn v1.2.0
[INFO] [stderr]    Compiling aes-gcm v0.8.0
[INFO] [stderr]    Compiling rand v0.8.8
[INFO] [stderr]    Compiling rand v0.7.3
[INFO] [stderr]    Compiling futures-lite v1.13.0
[INFO] [stderr]    Compiling hkdf v0.10.0
[INFO] [stderr]    Compiling io-lifetimes v1.0.11
[INFO] [stderr]    Compiling http-types v2.12.0
[INFO] [stderr]    Compiling polling v2.8.0
[INFO] [stderr]    Compiling infer v0.2.3
[INFO] [stderr]    Compiling rustix v0.37.28
[INFO] [stderr]    Compiling futures-sink v0.3.34
[INFO] [stderr]    Compiling blake3 v0.3.8
[INFO] [stderr]    Compiling mio v1.2.4
[INFO] [stderr]    Compiling socket2 v0.6.5
[INFO] [stderr]    Compiling crypto-mac v0.8.0
[INFO] [stderr]    Compiling async-io v1.13.0
[INFO] [stderr]    Compiling linux-raw-sys v0.3.8
[INFO] [stderr]    Compiling async-attributes v1.1.2
[INFO] [stderr]    Compiling time-macros-impl v0.1.2
[INFO] [stderr]    Compiling synstructure v0.14.0
[INFO] [stderr]    Compiling polling v3.11.0
[INFO] [stderr]    Compiling tokio v1.53.2
[INFO] [stderr]    Compiling async-io v2.6.0
[INFO] [stderr]    Compiling time-macros v0.1.1
[INFO] [stderr]    Compiling async-signal v0.2.14
[INFO] [stderr]    Compiling async-global-executor v2.4.1
[INFO] [stderr]    Compiling async-process v2.5.0
[INFO] [stderr]    Compiling thiserror-impl v1.0.69
[INFO] [stderr]    Compiling async-std v1.13.2
[INFO] [stderr]    Compiling pin-project-internal v1.1.13
[INFO] [stderr]    Compiling zerofrom-derive v0.1.8
[INFO] [stderr]    Compiling yoke-derive v0.8.4
[INFO] [stderr]    Compiling zerovec-derive v0.11.6
[INFO] [stderr]    Compiling displaydoc v0.2.7
[INFO] [stderr]    Compiling serde_derive v1.0.229
[INFO] [stderr]    Compiling thiserror v1.0.69
[INFO] [stderr]    Compiling async-trait v0.1.92
[INFO] [stderr]    Compiling futures-macro v0.3.34
[INFO] [stderr]    Compiling zerofrom v0.1.8
[INFO] [stderr]    Compiling yoke v0.8.3
[INFO] [stderr]    Compiling zerotrie v0.2.5
[INFO] [stderr]    Compiling socket2 v0.4.10
[INFO] [stderr]    Compiling zerovec v0.11.8
[INFO] [stderr]    Compiling async-lock v2.8.0
[INFO] [stderr]    Compiling arrayvec v0.5.2
[INFO] [stderr]    Compiling constant_time_eq v0.1.5
[INFO] [stderr]    Compiling futures-util v0.3.34
[INFO] [stderr]    Compiling pin-project v1.1.13
[INFO] [stderr]    Compiling hmac v0.8.1
[INFO] [stderr]    Compiling async-dup v1.2.4
[INFO] [stderr]    Compiling tinystr v0.8.4
[INFO] [stderr]    Compiling potential_utf v0.1.6
[INFO] [stderr]    Compiling icu_collections v2.3.0
[INFO] [stderr]    Compiling icu_locale_core v2.3.0
[INFO] [stderr]    Compiling pin-project-lite v0.1.12
[INFO] [stderr]    Compiling base64 v0.12.3
[INFO] [stderr]    Compiling tokio-util v0.7.19
[INFO] [stderr]    Compiling sha1_smol v1.0.1
[INFO] [stderr]    Compiling route-recognizer v0.2.0
[INFO] [stderr]    Compiling combine v4.6.8
[INFO] [stderr]    Compiling icu_provider v2.3.1
[INFO] [stderr]    Compiling icu_normalizer v2.3.0
[INFO] [stderr]    Compiling icu_properties v2.3.0
[INFO] [stderr]    Compiling serde_urlencoded v0.7.1
[INFO] [stderr]    Compiling serde_qs v0.8.5
[INFO] [stderr]    Compiling bincode v1.3.3
[INFO] [stderr]    Compiling chrono v0.4.45
[INFO] [stderr]    Compiling femme v2.2.1
[INFO] [stderr]    Compiling idna_adapter v1.2.2
[INFO] [stderr]    Compiling idna v1.1.0
[INFO] [stderr]    Compiling url v2.5.8
[INFO] [stderr]    Compiling async-session v2.0.1
[INFO] [stderr]    Compiling async-h1 v2.3.4
[INFO] [stderr]    Compiling async-sse v4.1.0
[INFO] [stderr]    Compiling http-client v6.5.3
[INFO] [stderr]    Compiling redis v0.22.4
[INFO] [stderr]    Compiling tide v0.16.0
[INFO] [stderr]    Compiling tide_redis_session v0.1.0 (/opt/rustwide/workdir)
[INFO] [stdout] error[E0277]: the trait bound `!: FromRedisValue` is not satisfied
[INFO] [stdout]     --> src/lib.rs:87:32
[INFO] [stdout]      |
[INFO] [stdout]   87 |             None => connection.set(id, string).await?,
[INFO] [stdout]      |                                ^^^ the trait `FromRedisValue` is not implemented for `!`
[INFO] [stdout]      |
[INFO] [stdout]      = help: the following other types implement trait `FromRedisValue`:
[INFO] [stdout]                ()
[INFO] [stdout]                (T12,)
[INFO] [stdout]                (T11, T12)
[INFO] [stdout]                (T10, T11, T12)
[INFO] [stdout]                (T9, T10, T11, T12)
[INFO] [stdout]                (T8, T9, T10, T11, T12)
[INFO] [stdout]                (T7, T8, T9, T10, T11, T12)
[INFO] [stdout]                (T6, T7, T8, T9, T10, T11, T12)
[INFO] [stdout]              and 42 others
[INFO] [stdout]      = note: this error might have been caused by changes to Rust's type-inference algorithm (see issue #148922 <https://github.com/rust-lang/rust/issues/148922> for more information)
[INFO] [stdout]      = help: you might have intended to use the type `()` here instead
[INFO] [stdout] note: required by a bound in `redis::AsyncCommands::set`
[INFO] [stdout]     --> /opt/rustwide/cargo-home/registry/src/index.crates.io-1949cf8c6b5b557f/redis-0.22.4/src/commands/macros.rs:167:25
[INFO] [stdout]      |
[INFO] [stdout]  157 |           pub trait AsyncCommands : crate::aio::ConnectionLike + Send + Sized {
[INFO] [stdout] ...
[INFO] [stdout]  167 |                       RV: FromRedisValue,
[INFO] [stdout]      |                           ^^^^^^^^^^^^^^ required by this bound in `AsyncCommands::set`
[INFO] [stdout]      |
[INFO] [stdout]     ::: /opt/rustwide/cargo-home/registry/src/index.crates.io-1949cf8c6b5b557f/redis-0.22.4/src/commands/mod.rs:66:1
[INFO] [stdout]      |
[INFO] [stdout]   66 | / implement_commands! {
[INFO] [stdout]   67 | |     'a
[INFO] [stdout] ...    |
[INFO] [stdout]   86 | |     fn set<K: ToRedisArgs, V: ToRedisArgs>(key: K, value: V) {
[INFO] [stdout] ...    |
[INFO] [stdout] 1855 | | }
[INFO] [stdout]      | |_- in this macro invocation
[INFO] [stdout]      = note: this error originates in the macro `implement_commands` (in Nightly builds, run with -Z macro-backtrace for more info)
[INFO] [stdout] 
[INFO] [stdout] 
[INFO] [stdout] error[E0277]: the trait bound `!: FromRedisValue` is not satisfied
[INFO] [stdout]     --> src/lib.rs:91:22
[INFO] [stdout]      |
[INFO] [stdout]   91 |                     .set_ex(id, string, expiry.as_secs() as usize)
[INFO] [stdout]      |                      ^^^^^^ the trait `FromRedisValue` is not implemented for `!`
[INFO] [stdout]      |
[INFO] [stdout]      = help: the following other types implement trait `FromRedisValue`:
[INFO] [stdout]                ()
[INFO] [stdout]                (T12,)
[INFO] [stdout]                (T11, T12)
[INFO] [stdout]                (T10, T11, T12)
[INFO] [stdout]                (T9, T10, T11, T12)
[INFO] [stdout]                (T8, T9, T10, T11, T12)
[INFO] [stdout]                (T7, T8, T9, T10, T11, T12)
[INFO] [stdout]                (T6, T7, T8, T9, T10, T11, T12)
[INFO] [stdout]              and 42 others
[INFO] [stdout]      = note: this error might have been caused by changes to Rust's type-inference algorithm (see issue #148922 <https://github.com/rust-lang/rust/issues/148922> for more information)
[INFO] [stdout]      = help: you might have intended to use the type `()` here instead
[INFO] [stdout] note: required by a bound in `redis::AsyncCommands::set_ex`
[INFO] [stdout]     --> /opt/rustwide/cargo-home/registry/src/index.crates.io-1949cf8c6b5b557f/redis-0.22.4/src/commands/macros.rs:167:25
[INFO] [stdout]      |
[INFO] [stdout]  157 |           pub trait AsyncCommands : crate::aio::ConnectionLike + Send + Sized {
[INFO] [stdout] ...
[INFO] [stdout]  167 |                       RV: FromRedisValue,
[INFO] [stdout]      |                           ^^^^^^^^^^^^^^ required by this bound in `AsyncCommands::set_ex`
[INFO] [stdout]      |
[INFO] [stdout]     ::: /opt/rustwide/cargo-home/registry/src/index.crates.io-1949cf8c6b5b557f/redis-0.22.4/src/commands/mod.rs:66:1
[INFO] [stdout]      |
[INFO] [stdout]   66 | / implement_commands! {
[INFO] [stdout]   67 | |     'a
[INFO] [stdout] ...    |
[INFO] [stdout]   96 | |     fn set_ex<K: ToRedisArgs, V: ToRedisArgs>(key: K, value: V, seconds: usize) {
[INFO] [stdout] ...    |
[INFO] [stdout] 1855 | | }
[INFO] [stdout]      | |_- in this macro invocation
[INFO] [stdout]      = note: this error originates in the macro `implement_commands` (in Nightly builds, run with -Z macro-backtrace for more info)
[INFO] [stdout] 
[INFO] [stdout] 
[INFO] [stdout] error[E0277]: the trait bound `!: FromRedisValue` is not satisfied
[INFO] [stdout]     --> src/lib.rs:102:20
[INFO] [stdout]      |
[INFO] [stdout]  102 |         connection.del(key).await?;
[INFO] [stdout]      |                    ^^^ the trait `FromRedisValue` is not implemented for `!`
[INFO] [stdout]      |
[INFO] [stdout]      = help: the following other types implement trait `FromRedisValue`:
[INFO] [stdout]                ()
[INFO] [stdout]                (T12,)
[INFO] [stdout]                (T11, T12)
[INFO] [stdout]                (T10, T11, T12)
[INFO] [stdout]                (T9, T10, T11, T12)
[INFO] [stdout]                (T8, T9, T10, T11, T12)
[INFO] [stdout]                (T7, T8, T9, T10, T11, T12)
[INFO] [stdout]                (T6, T7, T8, T9, T10, T11, T12)
[INFO] [stdout]              and 42 others
[INFO] [stdout]      = note: this error might have been caused by changes to Rust's type-inference algorithm (see issue #148922 <https://github.com/rust-lang/rust/issues/148922> for more information)
[INFO] [stdout]      = help: you might have intended to use the type `()` here instead
[INFO] [stdout] note: required by a bound in `redis::AsyncCommands::del`
[INFO] [stdout]     --> /opt/rustwide/cargo-home/registry/src/index.crates.io-1949cf8c6b5b557f/redis-0.22.4/src/commands/macros.rs:167:25
[INFO] [stdout]      |
[INFO] [stdout]  157 |           pub trait AsyncCommands : crate::aio::ConnectionLike + Send + Sized {
[INFO] [stdout] ...
[INFO] [stdout]  167 |                       RV: FromRedisValue,
[INFO] [stdout]      |                           ^^^^^^^^^^^^^^ required by this bound in `AsyncCommands::del`
[INFO] [stdout]      |
[INFO] [stdout]     ::: /opt/rustwide/cargo-home/registry/src/index.crates.io-1949cf8c6b5b557f/redis-0.22.4/src/commands/mod.rs:66:1
[INFO] [stdout]      |
[INFO] [stdout]   66 | / implement_commands! {
[INFO] [stdout]   67 | |     'a
[INFO] [stdout] ...    |
[INFO] [stdout]  131 | |     fn del<K: ToRedisArgs>(key: K) {
[INFO] [stdout] ...    |
[INFO] [stdout] 1855 | | }
[INFO] [stdout]      | |_- in this macro invocation
[INFO] [stdout]      = note: this error originates in the macro `implement_commands` (in Nightly builds, run with -Z macro-backtrace for more info)
[INFO] [stdout] 
[INFO] [stdout] 
[INFO] [stdout] error[E0277]: the trait bound `!: FromRedisValue` is not satisfied
[INFO] [stdout]     --> src/lib.rs:114:28
[INFO] [stdout]      |
[INFO] [stdout]  114 |                 connection.del(ids).await?;
[INFO] [stdout]      |                            ^^^ the trait `FromRedisValue` is not implemented for `!`
[INFO] [stdout]      |
[INFO] [stdout]      = help: the following other types implement trait `FromRedisValue`:
[INFO] [stdout]                ()
[INFO] [stdout]                (T12,)
[INFO] [stdout]                (T11, T12)
[INFO] [stdout]                (T10, T11, T12)
[INFO] [stdout]                (T9, T10, T11, T12)
[INFO] [stdout]                (T8, T9, T10, T11, T12)
[INFO] [stdout]                (T7, T8, T9, T10, T11, T12)
[INFO] [stdout]                (T6, T7, T8, T9, T10, T11, T12)
[INFO] [stdout]              and 42 others
[INFO] [stdout]      = note: this error might have been caused by changes to Rust's type-inference algorithm (see issue #148922 <https://github.com/rust-lang/rust/issues/148922> for more information)
[INFO] [stdout]      = help: you might have intended to use the type `()` here instead
[INFO] [stdout] note: required by a bound in `redis::AsyncCommands::del`
[INFO] [stdout]     --> /opt/rustwide/cargo-home/registry/src/index.crates.io-1949cf8c6b5b557f/redis-0.22.4/src/commands/macros.rs:167:25
[INFO] [stdout]      |
[INFO] [stdout]  157 |           pub trait AsyncCommands : crate::aio::ConnectionLike + Send + Sized {
[INFO] [stdout] ...
[INFO] [stdout]  167 |                       RV: FromRedisValue,
[INFO] [stdout]      |                           ^^^^^^^^^^^^^^ required by this bound in `AsyncCommands::del`
[INFO] [stdout]      |
[INFO] [stdout]     ::: /opt/rustwide/cargo-home/registry/src/index.crates.io-1949cf8c6b5b557f/redis-0.22.4/src/commands/mod.rs:66:1
[INFO] [stdout]      |
[INFO] [stdout]   66 | / implement_commands! {
[INFO] [stdout]   67 | |     'a
[INFO] [stdout] ...    |
[INFO] [stdout]  131 | |     fn del<K: ToRedisArgs>(key: K) {
[INFO] [stdout] ...    |
[INFO] [stdout] 1855 | | }
[INFO] [stdout]      | |_- in this macro invocation
[INFO] [stdout]      = note: this error originates in the macro `implement_commands` (in Nightly builds, run with -Z macro-backtrace for more info)
[INFO] [stdout] 
[INFO] [stdout] 
[INFO] [stdout] For more information about this error, try `rustc --explain E0277`.
[INFO] [stdout] 
[INFO] [stderr] error: could not compile `tide_redis_session` (lib) due to 4 previous errors
[INFO] [stderr] warning: build failed, waiting for other jobs to finish...
[INFO] running `Command { std: "docker" "inspect" "6ab0ea010f6462193a663a3ca56357c9a5fd971046ef13f477205683ea37123d", kill_on_drop: false }`
[INFO] running `Command { std: "docker" "rm" "-f" "6ab0ea010f6462193a663a3ca56357c9a5fd971046ef13f477205683ea37123d", kill_on_drop: false }`
[INFO] [stdout] 6ab0ea010f6462193a663a3ca56357c9a5fd971046ef13f477205683ea37123d
