[INFO] fetching crate tfil 0.4.0...
[INFO] testing tfil-0.4.0 against 1.100.0-beta.1 for beta-1.100-2
[INFO] extracting crate tfil 0.4.0 into /workspace/builds/worker-4-tc2/source
[INFO] started tweaking crates.io crate tfil 0.4.0
[INFO] removed 0 missing tests
[INFO] finished tweaking crates.io crate tfil 0.4.0
[INFO] tweaked toml for crates.io crate tfil 0.4.0 written to /workspace/builds/worker-4-tc2/source/Cargo.toml
[INFO] validating manifest of crates.io crate tfil 0.4.0 on toolchain 1.100.0-beta.1
[INFO] running `Command { std: CARGO_HOME="/workspace/cargo-home" RUSTUP_HOME="/workspace/rustup-home" "/workspace/cargo-home/bin/cargo" "+1.100.0-beta.1" "metadata" "--manifest-path" "Cargo.toml" "--no-deps", kill_on_drop: false }`
[INFO] crate crates.io crate tfil 0.4.0 already has a lockfile, it will not be regenerated
[INFO] running `Command { std: CARGO_HOME="/workspace/cargo-home" RUSTUP_HOME="/workspace/rustup-home" "/workspace/cargo-home/bin/cargo" "+1.100.0-beta.1" "fetch" "--manifest-path" "Cargo.toml", kill_on_drop: false }`
[INFO] running `Command { std: "docker" "create" "-v" "/var/lib/crater-agent-workspace/builds/worker-4-tc2/source:/opt/rustwide/workdir:ro,Z" "-v" "/var/lib/crater-agent-workspace/builds/worker-4-tc2/target:/opt/rustwide/target:rw,Z" "-v" "/var/lib/crater-agent-workspace/cargo-home:/opt/rustwide/cargo-home:ro,Z" "-v" "/var/lib/crater-agent-workspace/rustup-home:/opt/rustwide/rustup-home:ro,Z" "-m" "1610612736" "--network" "none" "ghcr.io/rust-lang/crates-build-env/linux@sha256:3111399a4047eeb3a02b7a90e478d715f38a8c6669b5c4b49d30a17385265909" "sleep" "infinity", kill_on_drop: false }`
[INFO] [stdout] 9af7ea6c3ad0f4d0a4ce004c2614b75cc2f11e266bcb61e0540ccb0b72cab3d1
[INFO] running `Command { std: "docker" "start" "9af7ea6c3ad0f4d0a4ce004c2614b75cc2f11e266bcb61e0540ccb0b72cab3d1", kill_on_drop: false }`
[INFO] running `Command { std: "docker" "inspect" "9af7ea6c3ad0f4d0a4ce004c2614b75cc2f11e266bcb61e0540ccb0b72cab3d1", kill_on_drop: false }`
[INFO] running `Command { std: "docker" "exec" "-e" "SOURCE_DIR=/opt/rustwide/workdir" "-e" "CARGO_HOME=/opt/rustwide/cargo-home" "-e" "RUSTUP_HOME=/opt/rustwide/rustup-home" "-e" "CARGO_TARGET_DIR=/opt/rustwide/target" "-w" "/opt/rustwide/workdir" "--user" "0:0" "9af7ea6c3ad0f4d0a4ce004c2614b75cc2f11e266bcb61e0540ccb0b72cab3d1" "/opt/rustwide/cargo-home/bin/cargo" "+1.100.0-beta.1" "metadata" "--no-deps" "--format-version=1", kill_on_drop: false }`
[INFO] running `Command { std: "docker" "inspect" "9af7ea6c3ad0f4d0a4ce004c2614b75cc2f11e266bcb61e0540ccb0b72cab3d1", kill_on_drop: false }`
[INFO] running `Command { std: "docker" "exec" "-e" "SOURCE_DIR=/opt/rustwide/workdir" "-e" "CARGO_HOME=/opt/rustwide/cargo-home" "-e" "RUSTUP_HOME=/opt/rustwide/rustup-home" "-e" "CARGO_TARGET_DIR=/opt/rustwide/target" "-e" "CARGO_INCREMENTAL=0" "-e" "RUST_BACKTRACE=full" "-e" "RUSTFLAGS=--cap-lints=warn" "-e" "RUSTDOCFLAGS=--cap-lints=warn" "-w" "/opt/rustwide/workdir" "--user" "0:0" "9af7ea6c3ad0f4d0a4ce004c2614b75cc2f11e266bcb61e0540ccb0b72cab3d1" "/opt/rustwide/cargo-home/bin/cargo" "+1.100.0-beta.1" "build" "--frozen" "--message-format=json", kill_on_drop: false }`
[INFO] [stderr]    Compiling libc v0.2.189
[INFO] [stderr]    Compiling cfg_aliases v0.1.1
[INFO] [stderr]    Compiling syn v2.0.119
[INFO] [stderr]    Compiling crossbeam-utils v0.8.23
[INFO] [stderr]    Compiling syn v3.0.6
[INFO] [stderr]    Compiling signal-hook v0.4.4
[INFO] [stderr]    Compiling vte v0.15.0
[INFO] [stderr]    Compiling shell-words v1.1.1
[INFO] [stderr]    Compiling nix v0.28.0
[INFO] [stderr]    Compiling downcast-rs v1.2.1
[INFO] [stderr]    Compiling tfil v0.4.0 (/opt/rustwide/workdir)
[INFO] [stderr]    Compiling atuin-vt100 v0.19.1
[INFO] [stderr]    Compiling vtparse v0.7.0
[INFO] [stderr]    Compiling shlex v2.0.1
[INFO] [stderr]    Compiling unicode-segmentation v1.13.3
[INFO] [stderr]    Compiling crossbeam-channel v0.5.17
[INFO] [stderr]    Compiling errno v0.3.14
[INFO] [stderr]    Compiling serial2 v0.2.38
[INFO] [stderr]    Compiling signal-hook-registry v1.4.8
[INFO] [stderr]    Compiling thiserror-impl v1.0.69
[INFO] [stderr]    Compiling thiserror v1.0.69
[INFO] [stderr]    Compiling filedescriptor v0.8.3
[INFO] [stderr]    Compiling portable-pty v0.9.0
[INFO] [stderr]    Compiling clap_derive v4.6.7
[INFO] [stderr]    Compiling clap v4.6.7
[INFO] [stderr]     Finished `dev` profile [unoptimized + debuginfo] target(s) in 24.32s
[INFO] [stderr] warning: the following packages contain code that will be rejected by a future version of Rust: nix v0.28.0
[INFO] [stderr] note: to see what the problems were, use the option `--future-incompat-report`, or run `cargo report future-incompatibilities --id 3`
[INFO] running `Command { std: "docker" "inspect" "9af7ea6c3ad0f4d0a4ce004c2614b75cc2f11e266bcb61e0540ccb0b72cab3d1", kill_on_drop: false }`
[INFO] running `Command { std: "docker" "exec" "-e" "SOURCE_DIR=/opt/rustwide/workdir" "-e" "CARGO_HOME=/opt/rustwide/cargo-home" "-e" "RUSTUP_HOME=/opt/rustwide/rustup-home" "-e" "CARGO_TARGET_DIR=/opt/rustwide/target" "-e" "CARGO_INCREMENTAL=0" "-e" "RUST_BACKTRACE=full" "-e" "RUSTFLAGS=--cap-lints=warn" "-e" "RUSTDOCFLAGS=--cap-lints=warn" "-w" "/opt/rustwide/workdir" "--user" "0:0" "9af7ea6c3ad0f4d0a4ce004c2614b75cc2f11e266bcb61e0540ccb0b72cab3d1" "/opt/rustwide/cargo-home/bin/cargo" "+1.100.0-beta.1" "test" "--frozen" "--no-run" "--message-format=json", kill_on_drop: false }`
[INFO] [stderr]    Compiling nix v0.28.0
[INFO] [stderr]    Compiling tfil v0.4.0 (/opt/rustwide/workdir)
[INFO] [stderr]    Compiling getrandom v0.4.3
[INFO] [stderr]    Compiling tempfile v3.27.0
[INFO] [stderr]    Compiling portable-pty v0.9.0
[INFO] [stderr]     Finished `test` profile [unoptimized + debuginfo] target(s) in 15.71s
[INFO] [stderr] warning: the following packages contain code that will be rejected by a future version of Rust: nix v0.28.0
[INFO] [stderr] note: to see what the problems were, use the option `--future-incompat-report`, or run `cargo report future-incompatibilities --id 3`
[INFO] running `Command { std: "docker" "inspect" "9af7ea6c3ad0f4d0a4ce004c2614b75cc2f11e266bcb61e0540ccb0b72cab3d1", kill_on_drop: false }`
[INFO] running `Command { std: "docker" "exec" "-e" "SOURCE_DIR=/opt/rustwide/workdir" "-e" "CARGO_HOME=/opt/rustwide/cargo-home" "-e" "RUSTUP_HOME=/opt/rustwide/rustup-home" "-e" "CARGO_TARGET_DIR=/opt/rustwide/target" "-e" "CARGO_INCREMENTAL=0" "-e" "RUST_BACKTRACE=full" "-e" "RUSTFLAGS=--cap-lints=warn" "-e" "RUSTDOCFLAGS=--cap-lints=warn" "-w" "/opt/rustwide/workdir" "--user" "0:0" "9af7ea6c3ad0f4d0a4ce004c2614b75cc2f11e266bcb61e0540ccb0b72cab3d1" "/opt/rustwide/cargo-home/bin/cargo" "+1.100.0-beta.1" "test" "--frozen", kill_on_drop: false }`
[INFO] [stderr]    Compiling tfil v0.4.0 (/opt/rustwide/workdir)
[INFO] [stderr]     Finished `test` profile [unoptimized + debuginfo] target(s) in 11.37s
[INFO] [stderr] warning: the following packages contain code that will be rejected by a future version of Rust: nix v0.28.0
[INFO] [stderr] note: to see what the problems were, use the option `--future-incompat-report`, or run `cargo report future-incompatibilities --id 3`
[INFO] [stderr]      Running unittests src/lib.rs (/opt/rustwide/target/debug/build/tfil/6134ccc3b47f7593/out/tfil-6134ccc3b47f7593)
[INFO] [stdout] 
[INFO] [stdout] running 113 tests
[INFO] [stdout] test codex_mouse_ui::tests::click_outside_menu_is_dropped_when_child_has_no_mouse ... ok
[INFO] [stdout] test codex_mouse_ui::tests::height_resize_keeps_queued_question_clicks_on_visible_rows ... ok
[INFO] [stdout] test codex_mouse_ui::tests::click_on_marked_option_sends_enter_only ... ok
[INFO] [stdout] test codex_mouse_ui::tests::click_outside_menu_is_forwarded_when_child_uses_sgr ... ok
[INFO] [stdout] test codex_mouse_ui::tests::child_mode_change_triggers_reassert ... ok
[INFO] [stdout] test codex_mouse_ui::tests::click_uses_application_cursor_arrows_when_set ... ok
[INFO] [stdout] test codex_mouse_ui::tests::hover_steers_selection_and_click_confirms ... ok
[INFO] [stdout] test codex_mouse_ui::tests::hover_toggles_pointer_shape ... ok
[INFO] [stdout] test codex_mouse_ui::tests::click_on_option_sends_arrows_and_enter ... ok
[INFO] [stdout] test codex_mouse_ui::tests::mode_sequence_split_across_chunks_triggers_reassert ... ok
[INFO] [stdout] test codex_mouse_ui::tests::interactive_sequence_split_across_chunks_enables_mouse ... ok
[INFO] [stdout] test codex_mouse_ui::tests::keyboard_input_passes_through ... ok
[INFO] [stdout] test codex_mouse_ui::tests::motion_outside_menu_is_not_forwarded_to_press_only_child ... ok
[INFO] [stdout] test codex_mouse_ui::tests::consumed_menu_press_does_not_leak_drag_to_native_selection ... ok
[INFO] [stdout] test codex_mouse_ui::tests::new_native_press_recovers_from_missing_menu_release ... ok
[INFO] [stdout] test codex_mouse_ui::tests::mouse_sequence_split_across_chunks ... ok
[INFO] [stdout] test codex_mouse_ui::tests::one_column_resize_accepts_wide_characters ... ok
[INFO] [stdout] test codex_mouse_ui::tests::mouse_recovery_preserves_text_and_bracketed_paste ... ok
[INFO] [stdout] test codex_mouse_ui::tests::parses_sgr_reports ... ok
[INFO] [stdout] test codex_mouse_ui::tests::numbered_list_without_marker_is_not_a_menu ... ok
[INFO] [stdout] test codex_mouse_ui::tests::parses_option_lines ... ok
[INFO] [stdout] test codex_mouse_ui::tests::native_modified_motion_over_menu_is_preserved ... ok
[INFO] [stdout] test codex_mouse_ui::tests::queued_question_uses_codex_0157_displayed_binding ... ok
[INFO] [stdout] test codex_mouse_ui::tests::queued_question_preserves_other_mouse_events ... ok
[INFO] [stdout] test codex_mouse_ui::tests::queued_question_requires_summary_header_and_binding ... ok
[INFO] [stdout] test codex_mouse_ui::tests::resolves_indented_menu ... ok
[INFO] [stdout] test codex_mouse_ui::tests::resolves_menu_moves ... ok
[INFO] [stdout] test codex_mouse_ui::tests::shrinking_repairs_wide_cells_on_both_screens ... ok
[INFO] [stdout] test codex_mouse_ui::tests::resizing_preserves_complete_cells_and_parser_state ... ok
[INFO] [stdout] test codex_mouse_ui::tests::shrinking_through_wide_character_allows_erasing_edge ... ok
[INFO] [stdout] test codex_mouse_ui::tests::quick_hover_across_options_sends_incremental_arrows ... ok
[INFO] [stdout] test codex_mouse_ui::tests::sparkle_rows_are_not_menu_continuations ... ok
[INFO] [stdout] test codex_mouse_ui::tests::upward_selection_yields_negative_moves ... ok
[INFO] [stdout] test codex_mouse_ui::tests::waits_for_interactive_session_before_enabling_mouse ... ok
[INFO] [stdout] test codex_mouse_ui::tests::wheel_is_forwarded_in_x10_encoding_when_child_lacks_sgr ... ok
[INFO] [stdout] test codex_mouse_ui::tests::worktree_detection_rejects_unrelated_and_ambiguous_rows ... ok
[INFO] [stdout] test codex_mouse_ui::tests::overlong_candidate_is_flushed ... ok
[INFO] [stdout] test codex_mouse_ui::tests::steering_resumes_from_redrawn_marker ... ok
[INFO] [stdout] test codex_mouse_ui::tests::tmux_pointer_mode_wraps_pointer_oscs ... ok
[INFO] [stdout] test codex_mouse_ui::tests::worktree_list_supports_single_filtered_and_named_entries ... ok
[INFO] [stdout] test codex_mouse_ui::tests::pointer_resets_when_menu_disappears_under_mouse ... ok
[INFO] [stdout] test codex_mouse_ui::tests::worktree_hover_and_click_use_existing_selection_tracking ... ok
[INFO] [stdout] test filters::chain::tests::borrowed_static_replacements_of_owned_output_are_preserved ... ok
[INFO] [stdout] test filters::chain::tests::borrowed_subslices_of_owned_output_are_preserved ... ok
[INFO] [stdout] test filters::cursor_shape::tests::flushes_unfinished_csi_on_finish ... ok
[INFO] [stdout] test filters::cursor_shape::tests::handles_split_across_chunks ... ok
[INFO] [stdout] test filters::cursor_shape::tests::passes_through_no_escape_data ... ok
[INFO] [stdout] test filters::chain::tests::unchanged_input_remains_borrowed ... ok
[INFO] [stdout] test filters::cursor_shape::tests::lone_escape_then_normal_byte_is_passed_through ... ok
[INFO] [stdout] test filters::chain::tests::filter_chain_preserves_order_and_transforms_at_every_split ... ok
[INFO] [stdout] test filters::cursor_shape::tests::strips_decscusr_default ... ok
[INFO] [stdout] test filters::cursor_shape::tests::strips_decscusr_double_digit ... ok
[INFO] [stdout] test filters::cursor_shape::tests::strips_decscusr_with_param ... ok
[INFO] [stdout] test filters::cursor_shape::tests::preserves_cursor_move ... ok
[INFO] [stdout] test filters::cursor_shape::tests::preserves_other_csi_with_space_intermediate ... ok
[INFO] [stdout] test filters::cursor_shape::tests::preserves_sgr ... ok
[INFO] [stdout] test filters::ink_fake_cursor::tests::grouped_colors_survive_fake_cursor_recognition_at_every_split ... ok
[INFO] [stdout] test filters::ink_fake_cursor::tests::test_cursor_filter_finish_flushes_pending_sequence ... ok
[INFO] [stdout] test filters::ink_fake_cursor::tests::test_cursor_filter_preserves_cursor_show_when_hiding_is_suppressed ... ok
[INFO] [stdout] test filters::ink_fake_cursor::tests::test_cursor_filter_preserves_long_inverse_text ... ok
[INFO] [stdout] test filters::ink_fake_cursor::tests::test_cursor_filter_preserves_inverse_keycap_text ... ok
[INFO] [stdout] test filters::ink_fake_cursor::tests::test_cursor_filter_preserves_multiline_inverse_text ... ok
[INFO] [stdout] test filters::ink_fake_cursor::tests::test_cursor_filter_preserves_sgr_with_reset_then_inverse ... ok
[INFO] [stdout] test filters::ink_fake_cursor::tests::test_cursor_filter_preserves_sgr_without_inverse ... ok
[INFO] [stdout] test filters::ink_fake_cursor::tests::test_cursor_filter_preserves_unrelated_trailing_sgr ... ok
[INFO] [stdout] test filters::ink_fake_cursor::tests::test_cursor_filter_removes_cursor_hide ... ok
[INFO] [stdout] test filters::ink_fake_cursor::tests::test_cursor_filter_removes_fake_cursor_attributes_across_carriage_return ... ok
[INFO] [stdout] test filters::ink_fake_cursor::tests::test_cursor_filter_removes_fake_cursor_attributes_across_newline ... ok
[INFO] [stdout] test filters::ink_fake_cursor::tests::test_cursor_filter_removes_fake_cursor_attributes_around_cursor_moves ... ok
[INFO] [stdout] test filters::ink_fake_cursor::tests::test_cursor_filter_removes_fake_cursor_space ... ok
[INFO] [stdout] test filters::ink_fake_cursor::tests::test_cursor_filter_removes_split_cursor_hide ... ok
[INFO] [stdout] test filters::ink_fake_cursor::tests::test_cursor_filter_strips_fake_cursor_on_flag_emoji ... ok
[INFO] [stdout] test filters::ink_fake_cursor::tests::test_cursor_filter_removes_split_fake_cursor_space ... ok
[INFO] [stdout] test filters::ink_fake_cursor::tests::test_cursor_filter_strips_fake_cursor_on_zwj_emoji ... ok
[INFO] [stdout] test filters::ink_fake_cursor::tests::test_cursor_filter_strips_fake_cursor_with_color_bundled_starter ... ok
[INFO] [stdout] test filters::ink_fake_cursor::tests::test_cursor_filter_strips_fake_cursor_with_color_bundled_starter_and_cursor_move ... ok
[INFO] [stdout] test filters::ink_fake_cursor::tests::test_cursor_filter_strips_fake_cursor_with_color_bundled_starter_and_terminator ... ok
[INFO] [stdout] test filters::ink_fake_cursor::tests::test_cursor_filter_strips_fake_cursor_with_compound_sgr_reset_terminator ... ok
[INFO] [stdout] test filters::ink_fake_cursor::tests::test_cursor_filter_strips_fake_cursor_with_full_sgr_reset_terminator ... ok
[INFO] [stdout] test filters::ink_fake_cursor::tests::test_cursor_filter_strips_fake_cursor_with_zero_sgr_reset_terminator ... ok
[INFO] [stdout] test filters::ink_fake_cursor::tests::test_cursor_filter_strips_single_cell_fake_cursor_attributes ... ok
[INFO] [stdout] test filters::ink_fake_cursor::tests::test_cursor_filter_preserves_two_fullwidth_chars ... ok
[INFO] [stdout] test filters::osc::tests::header_is_independent_of_payload_and_chunk_boundaries ... ok
[INFO] [stdout] test filters::osc::tests::incomplete_sequences_are_returned_unchanged ... ok
[INFO] [stdout] test filters::osc_title::tests::flushes_unfinished_osc_on_finish ... ok
[INFO] [stdout] test filters::osc_title::tests::handles_split_across_chunks ... ok
[INFO] [stdout] test filters::osc_title::tests::handles_split_st_terminator ... ok
[INFO] [stdout] test filters::osc_title::tests::lone_escape_then_normal_byte_is_passed_through ... ok
[INFO] [stdout] test filters::osc_title::tests::passes_through_no_escape_data ... ok
[INFO] [stdout] test filters::osc_title::tests::preserves_osc4_palette ... ok
[INFO] [stdout] test filters::osc_title::tests::preserves_osc8_hyperlink_with_st ... ok
[INFO] [stdout] test filters::chain::tests::filter_chain_flushes_upstream_tails_through_downstream_filters ... ok
[INFO] [stdout] test filters::osc_title::tests::strips_osc1_icon_with_bel ... ok
[INFO] [stdout] test filters::osc_title::tests::strips_osc0_title_with_bel ... ok
[INFO] [stdout] test filters::osc_title::tests::strips_osc2_title_with_st ... ok
[INFO] [stdout] test filters::ink_fake_cursor::tests::test_cursor_filter_strips_fake_cursor_on_fullwidth_char ... ok
[INFO] [stdout] test filters::ink_fake_cursor::tests::test_cursor_filter_strips_fake_cursor_with_color_bundled_terminator ... ok
[INFO] [stdout] test filters::osc_title::tests::strips_titles_with_semicolons_and_unicode_at_every_split ... ok
[INFO] [stdout] test filters::tmux_osc_passthrough::tests::does_not_wrap_code_with_matching_prefix ... ok
[INFO] [stdout] test filters::tmux_osc_passthrough::tests::flushes_unfinished_osc_on_finish ... ok
[INFO] [stdout] test filters::tmux_osc_passthrough::tests::passes_non_numeric_osc ... ok
[INFO] [stdout] test filters::tmux_osc_passthrough::tests::handles_split_across_chunks ... ok
[INFO] [stdout] test filters::tmux_osc_passthrough::tests::passes_csi_and_plain_text ... ok
[INFO] [stdout] test filters::tmux_osc_passthrough::tests::handles_split_st_terminator ... ok
[INFO] [stdout] test filters::tmux_osc_passthrough::tests::passes_unlisted_osc ... ok
[INFO] [stdout] test filters::tmux_osc_passthrough::tests::wraps_listed_osc_with_st ... ok
[INFO] [stdout] test filters::tmux_osc_passthrough::tests::wraps_osc_without_semicolon ... ok
[INFO] [stdout] test filters::tmux_osc_passthrough::tests::tmux_wrap_doubles_escapes ... ok
[INFO] [stdout] test filters::tmux_osc_passthrough::tests::wraps_listed_osc_with_bel ... ok
[INFO] [stdout] test filters::tmux_osc_passthrough::tests::wraps_unicode_payload_without_changing_its_bytes ... ok
[INFO] [stdout] test codex_mouse_ui::tests::queued_question_hover_and_click_open_without_enter ... ok
[INFO] [stdout] test codex_mouse_ui::tests::codex_0157_native_mouse_modes_preserve_selection_and_copy_events ... ok
[INFO] [stdout] test codex_mouse_ui::tests::mouse_report_after_encoded_alt_escape_is_recovered_at_every_split ... ok
[INFO] [stdout] 
[INFO] [stdout] test result: ok. 113 passed; 0 failed; 0 ignored; 0 measured; 0 filtered out; finished in 0.89s
[INFO] [stderr]      Running unittests src/main.rs (/opt/rustwide/target/debug/build/tfil/9d25ecd92154c52c/out/tfil-9d25ecd92154c52c)
[INFO] [stdout] 
[INFO] [stdout] 
[INFO] [stdout] running 62 tests
[INFO] [stdout] test session::tests::direct_input_precedes_coordinated_eof ... ok
[INFO] [stdout] test session::tests::direct_output_flushes_filter_tail_before_eof_and_cleanup ... ok
[INFO] [stdout] test session::tests::blocked_child_writer_does_not_stop_output_or_cleanup ... ok
[INFO] [stdout] test session::tests::filter_eof_updates_ui_before_finish ... ok
[INFO] [stdout] test session::tests::input_sequences_completed_before_timeout_keep_their_meaning ... ok
[INFO] [stdout] test session::tests::failed_terminal_write_still_attempts_cleanup ... ok
[INFO] [stdout] test session::tests::disconnected_terminal_preserves_worker_panic ... ok
[INFO] [stdout] test session::tests::cancellation_releases_a_full_reader_queue ... ok
[INFO] [stdout] test session::tests::input_timeout_preserves_pending_child_and_resets_parser ... ok
[INFO] [stdout] test session::tests::output_buffer_never_exceeds_one_chunk_or_flushes_on_drop ... ok
[INFO] [stdout] test session::tests::blocked_terminal_writer_does_not_stop_keyboard_input ... ok
[INFO] [stdout] test session::tests::input_eof_flushes_partial_report_before_closing_writer ... ok
[INFO] [stdout] test session::tests::isolated_output_is_flushed_before_waiting_for_another_command ... ok
[INFO] [stdout] test session::tests::queued_mouse_report_continuation_precedes_escape_timeout ... ok
[INFO] [stdout] test session::tests::queued_output_is_batched_with_a_message_limit ... ok
[INFO] [stdout] test session::tests::terminal_commands_preserve_sequence_boundaries_and_finish_order ... ok
[INFO] [stdout] test session::tests::slow_mouse_report_does_not_leak_after_escape ... ok
[INFO] [stdout] test session::tests::lone_escape_is_forwarded_without_waiting_for_next_key ... ok
[INFO] [stdout] test session::tests::queued_output_is_flushed_at_the_byte_limit ... ok
[INFO] [stdout] test tcrit_notify::tests::cursor_overwrites_and_resize_preserve_parser_state ... ok
[INFO] [stdout] test tcrit_notify::tests::erased_scrolled_and_alternate_screen_content_is_not_visible ... ok
[INFO] [stdout] test tcrit_notify::tests::helper_gets_exact_arguments_and_captured_environment ... ok
[INFO] [stdout] test tcrit_notify::tests::missing_and_unsuccessful_helpers_do_not_stop_the_worker ... ok
[INFO] [stdout] test session::tests::partial_batch_failure_discards_suffix_and_recovers_unknown_boundary ... ok
[INFO] [stdout] test session::tests::writer_failure_is_observed_while_both_writers_are_blocked ... ok
[INFO] [stdout] test session::tests::worker_errors_and_panics_are_reported ... ok
[INFO] [stdout] test session::tests::reader_failure_keeps_pending_output_before_cleanup ... ok
[INFO] [stdout] test terminal_output::tests::child_output_is_forwarded_immediately_while_controls_wait ... ok
[INFO] [stdout] test terminal_output::tests::complete_sequences_do_not_accumulate_controls ... ok
[INFO] [stdout] test terminal_output::tests::controls_wait_for_the_outer_tmux_terminator ... ok
[INFO] [stdout] test session::tests::coordinator_panic_aborts_and_restores_terminal_before_returning ... ok
[INFO] [stdout] test terminal_output::tests::finish_preserves_complete_output_without_cancellation ... ok
[INFO] [stdout] test terminal_output::tests::finish_recovers_incomplete_sequences_before_restoring_modes ... ok
[INFO] [stdout] test terminal_output::tests::input_pointer_update_does_not_leak_synchronized_update_suffix ... ok
[INFO] [stdout] test terminal_output::tests::mouse_reassertion_does_not_leak_synchronized_update_suffix ... ok
[INFO] [stdout] test terminal_output::tests::child_output_cannot_write_after_finish ... ok
[INFO] [stdout] test terminal_output::tests::ordinary_sequences_do_not_enter_tmux_passthrough ... ok
[INFO] [stdout] test terminal_output::tests::extra_output_waits_at_every_sequence_and_utf8_split ... ok
[INFO] [stdout] test session::tests::disconnect_never_masks_reader_error ... ok
[INFO] [stdout] test terminal_output::tests::pending_controls_are_capped_and_cleanup_remains_possible ... ok
[INFO] [stdout] test tests::debug_dump_path_prefers_cli_over_env ... ok
[INFO] [stdout] test tcrit_notify::tests::timeout_kills_and_reaps_helper_and_shutdown_interrupts_it ... FAILED
[INFO] [stdout] test tests::wrap_conflicts_with_create_wrapper ... ok
[INFO] [stdout] test tests::wrap_mode_accepts_no_positionals ... ok
[INFO] [stdout] test tests::wrapper_args_cover_all_behavior_options ... ok
[INFO] [stdout] test tests::wrapper_bypasses_pty_when_standard_io_is_not_a_terminal ... ok
[INFO] [stdout] test wrapper::tests::create_wrappers_validates_all_before_writing_any ... ok
[INFO] [stdout] test wrapper::tests::expand_tilde_replaces_leading_tilde ... ok
[INFO] [stdout] test wrapper::tests::generated_content_is_recognized_as_wrapper ... ok
[INFO] [stdout] test tests::wrap_mode_treats_all_positionals_as_child_args ... ok
[INFO] [stdout] test wrapper::tests::create_wrappers_writes_executable_and_dedups ... ok
[INFO] [stdout] test wrapper::tests::resolve_fails_when_only_self_exists ... ok
[INFO] [stdout] test wrapper::tests::resolve_requires_self_in_path ... ok
[INFO] [stdout] test tests::debug_dump_path_uses_env_when_cli_is_absent ... ok
[INFO] [stdout] test wrapper::tests::resolve_follows_symlinked_self ... ok
[INFO] [stdout] test wrapper::tests::create_wrappers_refuses_foreign_files_without_force ... ok
[INFO] [stdout] test wrapper::tests::script_content_starts_with_marker_and_quotes_args ... ok
[INFO] [stdout] test wrapper::tests::resolve_ignores_commands_before_self ... ok
[INFO] [stdout] test wrapper::tests::resolve_skips_self_and_other_wrappers ... ok
[INFO] [stdout] test tcrit_notify::tests::queue_and_deduplication_have_fixed_bounds_and_expire ... ok
[INFO] [stdout] test tcrit_notify::tests::incomplete_invalid_and_metadata_tokens_are_not_notifications ... ok
[INFO] [stdout] test tcrit_notify::tests::visible_markers_survive_every_read_boundary_and_redraw ... ok
[INFO] [stdout] 
[INFO] [stdout] failures:
[INFO] [stdout] 
[INFO] [stdout] ---- tcrit_notify::tests::timeout_kills_and_reaps_helper_and_shutdown_interrupts_it stdout ----
[INFO] [stdout] 
[INFO] [stdout] thread 'tcrit_notify::tests::timeout_kills_and_reaps_helper_and_shutdown_interrupts_it' (1081) panicked at src/tcrit_notify.rs:403:18:
[INFO] [stdout] called `Result::unwrap()` on an `Err` value: ParseIntError { kind: Empty }
[INFO] [stdout] stack backtrace:
[INFO] [stdout]    0:     0x61b33885bb41 - std[617be2ca0a6fd877]::backtrace_rs::backtrace::libunwind::trace
[INFO] [stdout]                                at /rustc/e3feeb59cd1bdd011a2bfcc0747b55125d9b8527/library/std/src/../../backtrace/src/backtrace/libunwind.rs:117:9
[INFO] [stdout]    1:     0x61b33885bb41 - std[617be2ca0a6fd877]::backtrace_rs::backtrace::trace_unsynchronized::<std[617be2ca0a6fd877]::sys::backtrace::_print_fmt::{closure#1}>
[INFO] [stdout]                                at /rustc/e3feeb59cd1bdd011a2bfcc0747b55125d9b8527/library/std/src/../../backtrace/src/backtrace/mod.rs:66:14
[INFO] [stdout]    2:     0x61b33885bb41 - std[617be2ca0a6fd877]::sys::backtrace::_print_fmt
[INFO] [stdout]                                at /rustc/e3feeb59cd1bdd011a2bfcc0747b55125d9b8527/library/std/src/sys/backtrace.rs:74:9
[INFO] [stdout]    3:     0x61b33885bb41 - <<std[617be2ca0a6fd877]::sys::backtrace::BacktraceLock>::print::DisplayBacktrace as core[a373ad73a504971]::fmt::Display>::fmt
[INFO] [stdout]                                at /rustc/e3feeb59cd1bdd011a2bfcc0747b55125d9b8527/library/std/src/sys/backtrace.rs:44:26
[INFO] [stdout]    4:     0x61b3388728ea - <core[a373ad73a504971]::fmt::rt::Argument>::fmt
[INFO] [stdout]                                at /rustc/e3feeb59cd1bdd011a2bfcc0747b55125d9b8527/library/core/src/fmt/rt.rs:152:76
[INFO] [stdout]    5:     0x61b3388728ea - core[a373ad73a504971]::fmt::write
[INFO] [stdout]    6:     0x61b3388611cc - core[a373ad73a504971]::io::write::default_write_fmt::<alloc[2e1b2a31b91974c5]::vec::Vec<u8>>
[INFO] [stdout]                                at /rustc/e3feeb59cd1bdd011a2bfcc0747b55125d9b8527/library/core/src/io/write.rs:402:11
[INFO] [stdout]    7:     0x61b3388611cc - <alloc[2e1b2a31b91974c5]::vec::Vec<u8> as core[a373ad73a504971]::io::write::Write>::write_fmt
[INFO] [stdout]                                at /rustc/e3feeb59cd1bdd011a2bfcc0747b55125d9b8527/library/core/src/io/write.rs:335:13
[INFO] [stdout]    8:     0x61b338834c56 - <std[617be2ca0a6fd877]::sys::backtrace::BacktraceLock>::print
[INFO] [stdout]                                at /rustc/e3feeb59cd1bdd011a2bfcc0747b55125d9b8527/library/std/src/sys/backtrace.rs:47:9
[INFO] [stdout]    9:     0x61b338834c56 - std[617be2ca0a6fd877]::panicking::default_hook::{closure#0}
[INFO] [stdout]                                at /rustc/e3feeb59cd1bdd011a2bfcc0747b55125d9b8527/library/std/src/panicking.rs:289:27
[INFO] [stdout]   10:     0x61b338852b19 - std[617be2ca0a6fd877]::panicking::default_hook
[INFO] [stdout]                                at /rustc/e3feeb59cd1bdd011a2bfcc0747b55125d9b8527/library/std/src/panicking.rs:313:9
[INFO] [stdout]   11:     0x61b33869a3f0 - <alloc[2e1b2a31b91974c5]::boxed::Box<dyn for<'a, 'b> core[a373ad73a504971]::ops::function::Fn<(&'a std[617be2ca0a6fd877]::panic::PanicHookInfo<'b>,), Output = ()> + core[a373ad73a504971]::marker::Sync + core[a373ad73a504971]::marker::Send> as core[a373ad73a504971]::ops::function::Fn<(&std[617be2ca0a6fd877]::panic::PanicHookInfo,)>>::call
[INFO] [stdout]                                at /rustc/e3feeb59cd1bdd011a2bfcc0747b55125d9b8527/library/alloc/src/boxed.rs:2328:9
[INFO] [stdout]   12:     0x61b33869a3f0 - test[aada8e7e76ba119b]::test_main_inner::{closure#0}
[INFO] [stdout]                                at /rustc/e3feeb59cd1bdd011a2bfcc0747b55125d9b8527/library/test/src/lib.rs:137:21
[INFO] [stdout]   13:     0x61b338852cd2 - <alloc[2e1b2a31b91974c5]::boxed::Box<dyn for<'a, 'b> core[a373ad73a504971]::ops::function::Fn<(&'a std[617be2ca0a6fd877]::panic::PanicHookInfo<'b>,), Output = ()> + core[a373ad73a504971]::marker::Sync + core[a373ad73a504971]::marker::Send> as core[a373ad73a504971]::ops::function::Fn<(&std[617be2ca0a6fd877]::panic::PanicHookInfo,)>>::call
[INFO] [stdout]                                at /rustc/e3feeb59cd1bdd011a2bfcc0747b55125d9b8527/library/alloc/src/boxed.rs:2328:9
[INFO] [stdout]   14:     0x61b338852cd2 - std[617be2ca0a6fd877]::panicking::panic_with_hook
[INFO] [stdout]                                at /rustc/e3feeb59cd1bdd011a2bfcc0747b55125d9b8527/library/std/src/panicking.rs:819:13
[INFO] [stdout]   15:     0x61b338834d02 - std[617be2ca0a6fd877]::panicking::panic_handler::{closure#0}
[INFO] [stdout]                                at /rustc/e3feeb59cd1bdd011a2bfcc0747b55125d9b8527/library/std/src/panicking.rs:685:13
[INFO] [stdout]   16:     0x61b33882d119 - std[617be2ca0a6fd877]::sys::backtrace::__rust_end_short_backtrace::<std[617be2ca0a6fd877]::panicking::panic_handler::{closure#0}, !>
[INFO] [stdout]                                at /rustc/e3feeb59cd1bdd011a2bfcc0747b55125d9b8527/library/std/src/sys/backtrace.rs:182:18
[INFO] [stdout]   17:     0x61b338835cbd - __rustc[ea4f61d10b84890b]::rust_begin_unwind
[INFO] [stdout]                                at /rustc/e3feeb59cd1bdd011a2bfcc0747b55125d9b8527/library/std/src/panicking.rs:676:5
[INFO] [stdout]   18:     0x61b33887310c - core[a373ad73a504971]::panicking::panic_fmt
[INFO] [stdout]                                at /rustc/e3feeb59cd1bdd011a2bfcc0747b55125d9b8527/library/core/src/panicking.rs:80:14
[INFO] [stdout]   19:     0x61b338872e32 - core[a373ad73a504971]::result::unwrap_failed
[INFO] [stdout]                                at /rustc/e3feeb59cd1bdd011a2bfcc0747b55125d9b8527/library/core/src/result.rs:1870:5
[INFO] [stdout]   20:     0x61b3386655dc - <core[a373ad73a504971]::result::Result<i32, core[a373ad73a504971]::num::error::ParseIntError>>::unwrap
[INFO] [stdout]                                at /rustc/e3feeb59cd1bdd011a2bfcc0747b55125d9b8527/library/core/src/result.rs:1232:23
[INFO] [stdout]   21:     0x61b3386655dc - tfil[88fb30f5b69fed86]::tcrit_notify::tests::timeout_kills_and_reaps_helper_and_shutdown_interrupts_it
[INFO] [stdout]                                at /opt/rustwide/workdir/src/tcrit_notify.rs:403:18
[INFO] [stdout]   22:     0x61b33865d577 - tfil[88fb30f5b69fed86]::tcrit_notify::tests::timeout_kills_and_reaps_helper_and_shutdown_interrupts_it::{closure#0}
[INFO] [stdout]                                at /opt/rustwide/workdir/src/tcrit_notify.rs:384:67
[INFO] [stdout]   23:     0x61b33864a386 - <tfil[88fb30f5b69fed86]::tcrit_notify::tests::timeout_kills_and_reaps_helper_and_shutdown_interrupts_it::{closure#0} as core[a373ad73a504971]::ops::function::FnOnce<()>>::call_once
[INFO] [stdout]                                at /rustc/e3feeb59cd1bdd011a2bfcc0747b55125d9b8527/library/core/src/ops/function.rs:250:5
[INFO] [stdout]   24:     0x61b33868d83b - <fn() -> core[a373ad73a504971]::result::Result<(), alloc[2e1b2a31b91974c5]::string::String> as core[a373ad73a504971]::ops::function::FnOnce<()>>::call_once
[INFO] [stdout]                                at /rustc/e3feeb59cd1bdd011a2bfcc0747b55125d9b8527/library/core/src/ops/function.rs:250:5
[INFO] [stdout]   25:     0x61b33868d83b - test[aada8e7e76ba119b]::__rust_begin_short_backtrace::<core[a373ad73a504971]::result::Result<(), alloc[2e1b2a31b91974c5]::string::String>, fn() -> core[a373ad73a504971]::result::Result<(), alloc[2e1b2a31b91974c5]::string::String>>
[INFO] [stdout]                                at /rustc/e3feeb59cd1bdd011a2bfcc0747b55125d9b8527/library/test/src/lib.rs:701:18
[INFO] [stdout]   26:     0x61b33869aa15 - test[aada8e7e76ba119b]::run_test_in_process::{closure#0}
[INFO] [stdout]                                at /rustc/e3feeb59cd1bdd011a2bfcc0747b55125d9b8527/library/test/src/lib.rs:724:74
[INFO] [stdout]   27:     0x61b33869aa15 - <core[a373ad73a504971]::panic::unwind_safe::AssertUnwindSafe<test[aada8e7e76ba119b]::run_test_in_process::{closure#0}> as core[a373ad73a504971]::ops::function::FnOnce<()>>::call_once
[INFO] [stdout]                                at /rustc/e3feeb59cd1bdd011a2bfcc0747b55125d9b8527/library/core/src/panic/unwind_safe.rs:275:9
[INFO] [stdout]   28:     0x61b33869aa15 - std[617be2ca0a6fd877]::panicking::catch_unwind::do_call::<core[a373ad73a504971]::panic::unwind_safe::AssertUnwindSafe<test[aada8e7e76ba119b]::run_test_in_process::{closure#0}>, core[a373ad73a504971]::result::Result<(), alloc[2e1b2a31b91974c5]::string::String>>
[INFO] [stdout]                                at /rustc/e3feeb59cd1bdd011a2bfcc0747b55125d9b8527/library/std/src/panicking.rs:573:43
[INFO] [stdout]   29:     0x61b33869aa15 - std[617be2ca0a6fd877]::panicking::catch_unwind::<core[a373ad73a504971]::result::Result<(), alloc[2e1b2a31b91974c5]::string::String>, core[a373ad73a504971]::panic::unwind_safe::AssertUnwindSafe<test[aada8e7e76ba119b]::run_test_in_process::{closure#0}>>
[INFO] [stdout]                                at /rustc/e3feeb59cd1bdd011a2bfcc0747b55125d9b8527/library/std/src/panicking.rs:541:19
[INFO] [stdout]   30:     0x61b33869aa15 - std[617be2ca0a6fd877]::panic::catch_unwind::<core[a373ad73a504971]::panic::unwind_safe::AssertUnwindSafe<test[aada8e7e76ba119b]::run_test_in_process::{closure#0}>, core[a373ad73a504971]::result::Result<(), alloc[2e1b2a31b91974c5]::string::String>>
[INFO] [stdout]                                at /rustc/e3feeb59cd1bdd011a2bfcc0747b55125d9b8527/library/std/src/panic.rs:359:14
[INFO] [stdout]   31:     0x61b33869aa15 - test[aada8e7e76ba119b]::run_test_in_process
[INFO] [stdout]                                at /rustc/e3feeb59cd1bdd011a2bfcc0747b55125d9b8527/library/test/src/lib.rs:724:27
[INFO] [stdout]   32:     0x61b33869aa15 - test[aada8e7e76ba119b]::run_test::{closure#0}
[INFO] [stdout]                                at /rustc/e3feeb59cd1bdd011a2bfcc0747b55125d9b8527/library/test/src/lib.rs:645:43
[INFO] [stdout]   33:     0x61b338694304 - test[aada8e7e76ba119b]::run_test::{closure#1}
[INFO] [stdout]                                at /rustc/e3feeb59cd1bdd011a2bfcc0747b55125d9b8527/library/test/src/lib.rs:675:41
[INFO] [stdout]   34:     0x61b338694304 - std[617be2ca0a6fd877]::sys::backtrace::__rust_begin_short_backtrace::<test[aada8e7e76ba119b]::run_test::{closure#1}, ()>
[INFO] [stdout]                                at /rustc/e3feeb59cd1bdd011a2bfcc0747b55125d9b8527/library/std/src/sys/backtrace.rs:166:18
[INFO] [stdout]   35:     0x61b33869daa2 - std[617be2ca0a6fd877]::thread::lifecycle::spawn_unchecked::<test[aada8e7e76ba119b]::run_test::{closure#1}, ()>::{closure#1}::{closure#0}
[INFO] [stdout]                                at /rustc/e3feeb59cd1bdd011a2bfcc0747b55125d9b8527/library/std/src/thread/lifecycle.rs:70:13
[INFO] [stdout]   36:     0x61b33869daa2 - <core[a373ad73a504971]::panic::unwind_safe::AssertUnwindSafe<std[617be2ca0a6fd877]::thread::lifecycle::spawn_unchecked<test[aada8e7e76ba119b]::run_test::{closure#1}, ()>::{closure#1}::{closure#0}> as core[a373ad73a504971]::ops::function::FnOnce<()>>::call_once
[INFO] [stdout]                                at /rustc/e3feeb59cd1bdd011a2bfcc0747b55125d9b8527/library/core/src/panic/unwind_safe.rs:275:9
[INFO] [stdout]   37:     0x61b33869daa2 - std[617be2ca0a6fd877]::panicking::catch_unwind::do_call::<core[a373ad73a504971]::panic::unwind_safe::AssertUnwindSafe<std[617be2ca0a6fd877]::thread::lifecycle::spawn_unchecked<test[aada8e7e76ba119b]::run_test::{closure#1}, ()>::{closure#1}::{closure#0}>, ()>
[INFO] [stdout]                                at /rustc/e3feeb59cd1bdd011a2bfcc0747b55125d9b8527/library/std/src/panicking.rs:573:43
[INFO] [stdout]   38:     0x61b33869daa2 - std[617be2ca0a6fd877]::panicking::catch_unwind::<(), core[a373ad73a504971]::panic::unwind_safe::AssertUnwindSafe<std[617be2ca0a6fd877]::thread::lifecycle::spawn_unchecked<test[aada8e7e76ba119b]::run_test::{closure#1}, ()>::{closure#1}::{closure#0}>>
[INFO] [stdout]                                at /rustc/e3feeb59cd1bdd011a2bfcc0747b55125d9b8527/library/std/src/panicking.rs:541:19
[INFO] [stdout]   39:     0x61b33869daa2 - std[617be2ca0a6fd877]::panic::catch_unwind::<core[a373ad73a504971]::panic::unwind_safe::AssertUnwindSafe<std[617be2ca0a6fd877]::thread::lifecycle::spawn_unchecked<test[aada8e7e76ba119b]::run_test::{closure#1}, ()>::{closure#1}::{closure#0}>, ()>
[INFO] [stdout]                                at /rustc/e3feeb59cd1bdd011a2bfcc0747b55125d9b8527/library/std/src/panic.rs:359:14
[INFO] [stdout]   40:     0x61b33869daa2 - std[617be2ca0a6fd877]::thread::lifecycle::spawn_unchecked::<test[aada8e7e76ba119b]::run_test::{closure#1}, ()>::{closure#1}
[INFO] [stdout]                                at /rustc/e3feeb59cd1bdd011a2bfcc0747b55125d9b8527/library/std/src/thread/lifecycle.rs:68:26
[INFO] [stdout]   41:     0x61b33869daa2 - <std[617be2ca0a6fd877]::thread::lifecycle::spawn_unchecked<test[aada8e7e76ba119b]::run_test::{closure#1}, ()>::{closure#1} as core[a373ad73a504971]::ops::function::FnOnce<()>>::call_once::{shim:vtable#0}
[INFO] [stdout]                                at /rustc/e3feeb59cd1bdd011a2bfcc0747b55125d9b8527/library/core/src/ops/function.rs:250:5
[INFO] [stdout]   42:     0x61b33885ae2f - <alloc[2e1b2a31b91974c5]::boxed::Box<dyn core[a373ad73a504971]::ops::function::FnOnce<(), Output = ()> + core[a373ad73a504971]::marker::Send> as core[a373ad73a504971]::ops::function::FnOnce<()>>::call_once
[INFO] [stdout]                                at /rustc/e3feeb59cd1bdd011a2bfcc0747b55125d9b8527/library/alloc/src/boxed.rs:2314:9
[INFO] [stdout]   43:     0x61b33885ae2f - <std[617be2ca0a6fd877]::sys::thread::unix::Thread>::new::thread_start
[INFO] [stdout]                                at /rustc/e3feeb59cd1bdd011a2bfcc0747b55125d9b8527/library/std/src/sys/thread/unix.rs:127:17
[INFO] [stdout]   44:     0x75f425fc2dfa - <unknown>
[INFO] [stdout]   45:     0x75f4260563d4 - clone
[INFO] [stdout]   46:                0x0 - <unknown>
[INFO] [stdout] 
[INFO] [stdout] 
[INFO] [stdout] failures:
[INFO] [stdout]     tcrit_notify::tests::timeout_kills_and_reaps_helper_and_shutdown_interrupts_it
[INFO] [stdout] 
[INFO] [stdout] test result: FAILED. 61 passed; 1 failed; 0 ignored; 0 measured; 0 filtered out; finished in 2.37s
[INFO] [stdout] 
[INFO] [stderr] error: test failed, to rerun pass `--bin tfil`
[INFO] running `Command { std: "docker" "inspect" "9af7ea6c3ad0f4d0a4ce004c2614b75cc2f11e266bcb61e0540ccb0b72cab3d1", kill_on_drop: false }`
[INFO] running `Command { std: "docker" "rm" "-f" "9af7ea6c3ad0f4d0a4ce004c2614b75cc2f11e266bcb61e0540ccb0b72cab3d1", kill_on_drop: false }`
[INFO] [stdout] 9af7ea6c3ad0f4d0a4ce004c2614b75cc2f11e266bcb61e0540ccb0b72cab3d1
