[INFO] fetching crate suon_network 0.1.0...
[INFO] testing suon_network-0.1.0 against 1.100.0-beta.1 for beta-1.100-2
[INFO] extracting crate suon_network 0.1.0 into /workspace/builds/worker-0-tc2/source
[INFO] started tweaking crates.io crate suon_network 0.1.0
[INFO] finished tweaking crates.io crate suon_network 0.1.0
[INFO] tweaked toml for crates.io crate suon_network 0.1.0 written to /workspace/builds/worker-0-tc2/source/Cargo.toml
[INFO] validating manifest of crates.io crate suon_network 0.1.0 on toolchain 1.100.0-beta.1
[INFO] running `Command { std: CARGO_HOME="/workspace/cargo-home" RUSTUP_HOME="/workspace/rustup-home" "/workspace/cargo-home/bin/cargo" "+1.100.0-beta.1" "metadata" "--manifest-path" "Cargo.toml" "--no-deps", kill_on_drop: false }`
[INFO] crate crates.io crate suon_network 0.1.0 already has a lockfile, it will not be regenerated
[INFO] running `Command { std: CARGO_HOME="/workspace/cargo-home" RUSTUP_HOME="/workspace/rustup-home" "/workspace/cargo-home/bin/cargo" "+1.100.0-beta.1" "fetch" "--manifest-path" "Cargo.toml", kill_on_drop: false }`
[INFO] running `Command { std: "docker" "create" "-v" "/var/lib/crater-agent-workspace/builds/worker-0-tc2/source:/opt/rustwide/workdir:ro,Z" "-v" "/var/lib/crater-agent-workspace/builds/worker-0-tc2/target:/opt/rustwide/target:rw,Z" "-v" "/var/lib/crater-agent-workspace/cargo-home:/opt/rustwide/cargo-home:ro,Z" "-v" "/var/lib/crater-agent-workspace/rustup-home:/opt/rustwide/rustup-home:ro,Z" "-m" "1610612736" "--network" "none" "ghcr.io/rust-lang/crates-build-env/linux@sha256:3111399a4047eeb3a02b7a90e478d715f38a8c6669b5c4b49d30a17385265909" "sleep" "infinity", kill_on_drop: false }`
[INFO] [stdout] 98f894b984c423f64c133a17ab7ecb3615ed32304d2ae33090cc4af825fa9350
[INFO] running `Command { std: "docker" "start" "98f894b984c423f64c133a17ab7ecb3615ed32304d2ae33090cc4af825fa9350", kill_on_drop: false }`
[INFO] running `Command { std: "docker" "inspect" "98f894b984c423f64c133a17ab7ecb3615ed32304d2ae33090cc4af825fa9350", kill_on_drop: false }`
[INFO] running `Command { std: "docker" "exec" "-e" "SOURCE_DIR=/opt/rustwide/workdir" "-e" "CARGO_HOME=/opt/rustwide/cargo-home" "-e" "RUSTUP_HOME=/opt/rustwide/rustup-home" "-e" "CARGO_TARGET_DIR=/opt/rustwide/target" "-w" "/opt/rustwide/workdir" "--user" "0:0" "98f894b984c423f64c133a17ab7ecb3615ed32304d2ae33090cc4af825fa9350" "/opt/rustwide/cargo-home/bin/cargo" "+1.100.0-beta.1" "metadata" "--no-deps" "--format-version=1", kill_on_drop: false }`
[INFO] running `Command { std: "docker" "inspect" "98f894b984c423f64c133a17ab7ecb3615ed32304d2ae33090cc4af825fa9350", kill_on_drop: false }`
[INFO] running `Command { std: "docker" "exec" "-e" "SOURCE_DIR=/opt/rustwide/workdir" "-e" "CARGO_HOME=/opt/rustwide/cargo-home" "-e" "RUSTUP_HOME=/opt/rustwide/rustup-home" "-e" "CARGO_TARGET_DIR=/opt/rustwide/target" "-e" "CARGO_INCREMENTAL=0" "-e" "RUST_BACKTRACE=full" "-e" "RUSTFLAGS=--cap-lints=warn" "-e" "RUSTDOCFLAGS=--cap-lints=warn" "-w" "/opt/rustwide/workdir" "--user" "0:0" "98f894b984c423f64c133a17ab7ecb3615ed32304d2ae33090cc4af825fa9350" "/opt/rustwide/cargo-home/bin/cargo" "+1.100.0-beta.1" "build" "--frozen" "--message-format=json", kill_on_drop: false }`
[INFO] [stderr]    Compiling futures-io v0.3.32
[INFO] [stderr]    Compiling winnow v1.0.1
[INFO] [stderr]    Compiling libc v0.2.185
[INFO] [stderr]    Compiling hashbrown v0.17.0
[INFO] [stderr]    Compiling serde v1.0.228
[INFO] [stderr]    Compiling syn v2.0.117
[INFO] [stderr]    Compiling winnow v0.7.15
[INFO] [stderr]    Compiling toml_datetime v0.7.5+spec-1.1.0
[INFO] [stderr]    Compiling unicode-segmentation v1.13.2
[INFO] [stderr]    Compiling typeid v1.0.3
[INFO] [stderr]    Compiling spin v0.10.0
[INFO] [stderr]    Compiling foldhash v0.2.0
[INFO] [stderr]    Compiling concurrent-queue v2.5.0
[INFO] [stderr]    Compiling hashbrown v0.16.1
[INFO] [stderr]    Compiling thread_local v1.1.9
[INFO] [stderr]    Compiling erased-serde v0.4.10
[INFO] [stderr]    Compiling toml_parser v1.1.2+spec-1.1.0
[INFO] [stderr]    Compiling futures-lite v2.6.1
[INFO] [stderr]    Compiling disqualified v1.0.0
[INFO] [stderr]    Compiling smallvec v1.15.1
[INFO] [stderr]    Compiling event-listener v5.4.1
[INFO] [stderr]    Compiling nix v0.31.2
[INFO] [stderr]    Compiling convert_case v0.10.0
[INFO] [stderr]    Compiling slotmap v1.1.1
[INFO] [stderr]    Compiling downcast-rs v2.0.2
[INFO] [stderr]    Compiling log v0.4.29
[INFO] [stderr]    Compiling bevy_ptr v0.18.1
[INFO] [stderr]    Compiling crossbeam-queue v0.3.12
[INFO] [stderr]    Compiling event-listener-strategy v0.5.4
[INFO] [stderr]    Compiling arrayvec v0.7.6
[INFO] [stderr]    Compiling fixedbitset v0.5.7
[INFO] [stderr]    Compiling async-channel v2.5.0
[INFO] [stderr]    Compiling bumpalo v3.20.2
[INFO] [stderr]    Compiling nonmax v0.5.5
[INFO] [stderr]    Compiling rustix v1.1.4
[INFO] [stderr]    Compiling regex-automata v0.4.14
[INFO] [stderr]    Compiling async-io v2.6.0
[INFO] [stderr]    Compiling indexmap v2.14.0
[INFO] [stderr]    Compiling tracing v0.1.44
[INFO] [stderr]    Compiling tracing-log v0.2.0
[INFO] [stderr]    Compiling crossbeam-channel v0.5.15
[INFO] [stderr]    Compiling const-fnv1a-hash v1.1.0
[INFO] [stderr]    Compiling piper v0.2.5
[INFO] [stderr]    Compiling async-lock v3.4.2
[INFO] [stderr]    Compiling anyhow v1.0.102
[INFO] [stderr]    Compiling bytes v1.11.1
[INFO] [stderr]    Compiling toml_datetime v1.1.1+spec-1.1.0
[INFO] [stderr]    Compiling async-executor v1.14.0
[INFO] [stderr]    Compiling blocking v1.6.2
[INFO] [stderr]    Compiling serde_spanned v1.1.1
[INFO] [stderr]    Compiling toml_writer v1.1.1+spec-1.1.0
[INFO] [stderr]    Compiling async-fs v2.2.0
[INFO] [stderr]    Compiling tokio v1.52.1
[INFO] [stderr]    Compiling suon_checksum v0.1.0
[INFO] [stderr]    Compiling humantime v2.3.0
[INFO] [stderr]    Compiling toml v1.1.2+spec-1.1.0
[INFO] [stderr]    Compiling toml_edit v0.23.10+spec-1.0.0
[INFO] [stderr]    Compiling sysinfo v0.37.2
[INFO] [stderr]    Compiling errno v0.3.14
[INFO] [stderr]    Compiling signal-hook-registry v1.4.8
[INFO] [stderr]    Compiling ctrlc v3.5.2
[INFO] [stderr]    Compiling bevy_macro_utils v0.18.1
[INFO] [stderr]    Compiling matchers v0.2.0
[INFO] [stderr]    Compiling tracing-subscriber v0.3.23
[INFO] [stderr]    Compiling serde_derive v1.0.228
[INFO] [stderr]    Compiling derive_more-impl v2.1.1
[INFO] [stderr]    Compiling bytemuck_derive v1.10.2
[INFO] [stderr]    Compiling thiserror-impl v2.0.18
[INFO] [stderr]    Compiling assert_type_match v0.1.1
[INFO] [stderr]    Compiling variadics_please v1.1.0
[INFO] [stderr]    Compiling bevy_reflect_derive v0.18.1
[INFO] [stderr]    Compiling bevy_ecs_macros v0.18.1
[INFO] [stderr]    Compiling bevy_derive v0.18.1
[INFO] [stderr]    Compiling polling v3.11.0
[INFO] [stderr]    Compiling thiserror v2.0.18
[INFO] [stderr]    Compiling suon_xtea v0.1.0
[INFO] [stderr]    Compiling async-signal v0.2.14
[INFO] [stderr]    Compiling async-net v2.0.0
[INFO] [stderr]    Compiling smol-timeout v0.6.1
[INFO] [stderr]    Compiling async-process v2.5.0
[INFO] [stderr]    Compiling bytemuck v1.25.0
[INFO] [stderr]    Compiling glam v0.30.10
[INFO] [stderr]    Compiling smol v2.0.2
[INFO] [stderr]    Compiling derive_more v2.1.1
[INFO] [stderr]    Compiling bevy_platform v0.18.1
[INFO] [stderr]    Compiling suon_serde v0.1.0
[INFO] [stderr]    Compiling bevy_utils v0.18.1
[INFO] [stderr]    Compiling bevy_tasks v0.18.1
[INFO] [stderr]    Compiling bevy_reflect v0.18.1
[INFO] [stderr]    Compiling bevy_ecs v0.18.1
[INFO] [stderr]    Compiling bevy_math v0.18.1
[INFO] [stderr]    Compiling bevy_app v0.18.1
[INFO] [stderr]    Compiling bevy_log v0.18.1
[INFO] [stderr]    Compiling bevy_time v0.18.1
[INFO] [stderr]    Compiling bevy_input v0.18.1
[INFO] [stderr]    Compiling bevy_transform v0.18.1
[INFO] [stderr]    Compiling bevy_diagnostic v0.18.1
[INFO] [stderr]    Compiling bevy_internal v0.18.1
[INFO] [stderr]    Compiling bevy v0.18.1
[INFO] [stderr]    Compiling suon_position v0.1.0
[INFO] [stderr]    Compiling suon_protocol v0.1.0
[INFO] [stderr]    Compiling suon_network v0.1.0 (/opt/rustwide/workdir)
[INFO] [stderr]     Finished `dev` profile [unoptimized + debuginfo] target(s) in 1m 26s
[INFO] [stderr] warning: the following packages contain code that will be rejected by a future version of Rust: nix v0.31.2
[INFO] [stderr] note: to see what the problems were, use the option `--future-incompat-report`, or run `cargo report future-incompatibilities --id 3`
[INFO] running `Command { std: "docker" "inspect" "98f894b984c423f64c133a17ab7ecb3615ed32304d2ae33090cc4af825fa9350", kill_on_drop: false }`
[INFO] running `Command { std: "docker" "exec" "-e" "SOURCE_DIR=/opt/rustwide/workdir" "-e" "CARGO_HOME=/opt/rustwide/cargo-home" "-e" "RUSTUP_HOME=/opt/rustwide/rustup-home" "-e" "CARGO_TARGET_DIR=/opt/rustwide/target" "-e" "CARGO_INCREMENTAL=0" "-e" "RUST_BACKTRACE=full" "-e" "RUSTFLAGS=--cap-lints=warn" "-e" "RUSTDOCFLAGS=--cap-lints=warn" "-w" "/opt/rustwide/workdir" "--user" "0:0" "98f894b984c423f64c133a17ab7ecb3615ed32304d2ae33090cc4af825fa9350" "/opt/rustwide/cargo-home/bin/cargo" "+1.100.0-beta.1" "test" "--frozen" "--no-run" "--message-format=json", kill_on_drop: false }`
[INFO] [stderr]    Compiling suon_network v0.1.0 (/opt/rustwide/workdir)
[INFO] [stderr]     Finished `test` profile [unoptimized + debuginfo] target(s) in 6.78s
[INFO] [stderr] warning: the following packages contain code that will be rejected by a future version of Rust: nix v0.31.2
[INFO] [stderr] note: to see what the problems were, use the option `--future-incompat-report`, or run `cargo report future-incompatibilities --id 3`
[INFO] running `Command { std: "docker" "inspect" "98f894b984c423f64c133a17ab7ecb3615ed32304d2ae33090cc4af825fa9350", kill_on_drop: false }`
[INFO] running `Command { std: "docker" "exec" "-e" "SOURCE_DIR=/opt/rustwide/workdir" "-e" "CARGO_HOME=/opt/rustwide/cargo-home" "-e" "RUSTUP_HOME=/opt/rustwide/rustup-home" "-e" "CARGO_TARGET_DIR=/opt/rustwide/target" "-e" "CARGO_INCREMENTAL=0" "-e" "RUST_BACKTRACE=full" "-e" "RUSTFLAGS=--cap-lints=warn" "-e" "RUSTDOCFLAGS=--cap-lints=warn" "-w" "/opt/rustwide/workdir" "--user" "0:0" "98f894b984c423f64c133a17ab7ecb3615ed32304d2ae33090cc4af825fa9350" "/opt/rustwide/cargo-home/bin/cargo" "+1.100.0-beta.1" "test" "--frozen", kill_on_drop: false }`
[INFO] [stderr]     Finished `test` profile [unoptimized + debuginfo] target(s) in 0.35s
[INFO] [stderr] warning: the following packages contain code that will be rejected by a future version of Rust: nix v0.31.2
[INFO] [stderr] note: to see what the problems were, use the option `--future-incompat-report`, or run `cargo report future-incompatibilities --id 3`
[INFO] [stderr]      Running unittests src/lib.rs (/opt/rustwide/target/debug/build/suon_network/0de69356a0b42ee0/out/suon_network-0de69356a0b42ee0)
[INFO] [stdout] 
[INFO] [stdout] running 83 tests
[INFO] [stdout] test server::connection::limiter::tests::should_ignore_release_for_addresses_without_sessions ... ok
[INFO] [stdout] test server::connection::incoming::tests::should_return_an_empty_list_when_no_incoming_connections_are_queued ... ok
[INFO] [stdout] test server::connection::tests::should_read_all_available_incoming_packets ... ok
[INFO] [stdout] test server::connection::tests::should_queue_and_flush_outgoing_packets ... ok
[INFO] [stdout] test server::connection::limiter::tests::should_reject_sessions_once_the_per_address_limit_is_reached ... ok
[INFO] [stdout] test server::connection::limiter::tests::should_update_counters_when_sessions_are_released ... ok
[INFO] [stdout] test server::connection::outgoing::tests::should_return_an_empty_list_when_no_outgoing_connections_are_queued ... ok
[INFO] [stdout] test server::connection::throttle::tests::should_reject_fast_repeated_attempts ... ok
[INFO] [stdout] test server::packet::incoming::login::buffer::tests::should_decode_login_packet_without_checksum_validation_when_checksum_is_zero ... ok
[INFO] [stdout] test server::packet::incoming::login::buffer::tests::should_reject_incomplete_prefix ... ok
[INFO] [stdout] test server::connection::tests::should_update_shared_xtea_key_and_checksum_mode ... ok
[INFO] [stdout] test server::connection::checksum_mode::tests::should_format_checksum_modes_like_debug_output ... ok
[INFO] [stdout] test server::connection::throttle::tests::should_allow_the_first_connection_attempt_for_an_address ... ok
[INFO] [stdout] test server::packet::incoming::login::buffer::tests::should_reject_lengths_above_the_allowed_maximum ... ok
[INFO] [stdout] test server::connection::limiter::tests::should_reject_sessions_once_the_total_limit_is_reached ... ok
[INFO] [stdout] test server::connection::tests::should_return_connection_address ... ok
[INFO] [stdout] test server::packet::incoming::login::buffer::tests::should_report_login_buffer_length_after_truncation ... ok
[INFO] [stdout] test server::packet::incoming::login::buffer::tests::should_validate_login_packet_checksums_against_the_payload ... ok
[INFO] [stdout] test server::packet::incoming::login::buffer::tests::should_reject_login_packet_with_checksum_mismatch ... ok
[INFO] [stdout] test server::packet::incoming::login::tests::should_decode_a_valid_login_packet_from_the_stream ... ok
[INFO] [stdout] test server::packet::incoming::login::buffer::tests::should_reject_login_packets_that_are_too_short_for_kind_and_checksum ... ok
[INFO] [stdout] test server::packet::incoming::login::buffer::tests::should_reject_login_packets_with_non_login_kinds ... ok
[INFO] [stdout] test server::packet::incoming::login::tests::should_return_connection_closed_when_the_stream_is_empty ... ok
[INFO] [stdout] test server::packet::incoming::server_name::buffer::tests::should_emit_special_empty_packet_once ... ok
[INFO] [stdout] test server::packet::incoming::server_name::tests::should_return_connection_closed_when_the_stream_is_empty ... ok
[INFO] [stdout] test server::packet::incoming::server_name::buffer::tests::should_report_payload_length_after_truncation ... ok
[INFO] [stdout] test server::packet::incoming::server_name::buffer::tests::should_return_none_when_terminator_is_missing ... ok
[INFO] [stdout] test server::packet::incoming::server_name::tests::should_decode_a_newline_terminated_server_name_packet ... ok
[INFO] [stdout] test server::packet::incoming::subsequent::buffer::tests::should_decode_subsequent_packet_and_preserve_checksum ... ok
[INFO] [stdout] test server::packet::incoming::subsequent::buffer::tests::should_reject_empty_declared_length ... ok
[INFO] [stdout] test server::packet::incoming::subsequent::buffer::tests::should_reject_incomplete_prefix ... ok
[INFO] [stdout] test server::packet::incoming::subsequent::buffer::tests::should_reject_incomplete_subsequent_packets ... ok
[INFO] [stdout] test server::packet::incoming::subsequent::buffer::tests::should_reject_lengths_above_the_allowed_maximum ... ok
[INFO] [stdout] test server::packet::incoming::subsequent::buffer::tests::should_reject_subsequent_packet_with_checksum_mismatch ... ok
[INFO] [stdout] test server::packet::incoming::subsequent::buffer::tests::should_report_subsequent_buffer_length_after_truncation ... ok
[INFO] [stdout] test server::packet::incoming::subsequent::tests::should_decode_a_valid_subsequent_packet_from_the_stream ... ok
[INFO] [stdout] test server::packet::incoming::subsequent::tests::should_return_connection_closed_when_the_stream_is_empty ... ok
[INFO] [stdout] test server::packet::outgoing::tests::should_encode_outgoing_packet_with_checksum_and_plain_payload ... ok
[INFO] [stdout] test server::packet::incoming::subsequent::buffer::tests::should_surface_xtea_decryption_errors ... ok
[INFO] [stdout] test server::packet::outgoing::tests::should_encode_outgoing_packet_with_xtea_encryption ... ok
[INFO] [stdout] test server::connection::tests::should_reject_packets_larger_than_outgoing_limit ... ok
[INFO] [stdout] test server::connection::outgoing::tests::should_queue_and_drain_outgoing_connections ... ok
[INFO] [stdout] test server::packet::tests::should_decode_typed_packets_with_metadata ... ok
[INFO] [stdout] test server::settings::tests::default_settings_use_expected_localhost_address_and_port ... ok
[INFO] [stdout] test server::packet::tests::should_surface_decoder_failures ... ok
[INFO] [stdout] test server::connection::limiter::tests::should_acquire_the_first_session_successfully ... ok
[INFO] [stdout] test server::packet::tests::should_decode_packets_when_kind_and_payload_match ... ok
[INFO] [stdout] test server::settings::tests::settings_roundtrip_through_toml ... ok
[INFO] [stdout] test server::settings::tests::should_expose_expected_default_packet_policies ... ok
[INFO] [stdout] test server::settings::tests::should_expose_expected_default_session_quota ... ok
[INFO] [stdout] test server::packet::incoming::server_name::buffer::tests::should_build_server_name_packet_when_newline_is_present ... ok
[INFO] [stdout] test server::packet::tests::should_expose_packet_metadata_through_getters ... ok
[INFO] [stdout] test server::packet::tests::should_reject_packets_with_extra_bytes_after_decoding ... ok
[INFO] [stdout] test server::connection::incoming::tests::should_queue_and_drain_incoming_connections ... ok
[INFO] [stdout] test server::settings::tests::load_or_default_should_create_the_configuration_file_when_it_is_missing ... ok
[INFO] [stdout] test server::connection::throttle::tests::should_extend_the_block_duration_for_repeated_blocked_attempts ... ok
[INFO] [stdout] test server::system::accept_client_connections::tests::should_write_encoded_packets_and_mark_the_connection_as_finished_when_the_channel_closes ... ok
[INFO] [stdout] test server::settings::tests::load_or_default_should_load_an_existing_configuration_file ... ok
[INFO] [stdout] test server::packet::incoming::subsequent::buffer::tests::should_decode_subsequent_packet_without_preserving_zero_checksums ... ok
[INFO] [stdout] test server::system::flush_connection_buffers::tests::should_flush_buffered_packets_for_active_connections ... ok
[INFO] [stdout] test server::system::cleanup_finished_connections::tests::should_keep_connections_when_the_finished_address_does_not_match ... ok
[INFO] [stdout] test server::system::accept_client_connections::tests::should_spawn_a_connection_entity_for_each_queued_incoming_stream ... ok
[INFO] [stdout] test server::system::process_incoming_client_packets::tests::should_dispatch_all_queued_incoming_packets_as_typed_events ... ok
[INFO] [stdout] test server::system::cleanup_finished_connections::tests::should_remove_connections_that_match_the_finished_outgoing_address ... ok
[INFO] [stdout] test server::system::process_incoming_client_packets::tests::should_dispatch_every_packet_currently_queued_on_the_connection_in_order ... ok
[INFO] [stdout] test server::system::process_incoming_client_packets::tests::should_ignore_kinds_without_registered_typed_dispatch ... ok
[INFO] [stdout] test server::system::flush_connection_buffers::tests::should_not_emit_packets_when_the_connection_buffer_is_empty ... ok
[INFO] [stdout] test server::tests::should_register_packet_message_and_connection_resources ... ok
[INFO] [stdout] test server::system::initialize_listener::tests::should_accept_clients_and_enqueue_their_streams ... ok
[INFO] [stdout] test server::system::process_incoming_client_packets::tests::should_not_emit_typed_events_when_connections_have_no_incoming_packets ... ok
[INFO] [stdout] test server::system::process_incoming_client_packets::tests::should_not_emit_typed_events_when_payload_has_extra_bytes ... ok
[INFO] [stdout] test server::system::process_incoming_client_packets::tests::should_not_emit_typed_events_when_decoding_fails ... ok
[INFO] [stdout] test server::packet::incoming::subsequent::buffer::tests::should_reject_packets_shorter_than_the_checksum_field ... ok
[INFO] [stdout] test server::packet::incoming::subsequent::buffer::tests::should_reject_subsequent_packet_with_unknown_kind_after_decryption ... ok
[INFO] [stdout] test server::system::accept_client_connections::tests::should_forward_initial_and_subsequent_packets_then_close_the_connection ... ok
[INFO] [stdout] test server::packet::incoming::login::buffer::tests::should_reject_empty_declared_length ... ok
[INFO] [stdout] test server::packet::incoming::login::buffer::tests::should_reject_incomplete_login_packets ... ok
[INFO] [stdout] test server::system::initialize_settings::tests::should_insert_network_resources_and_create_a_default_settings_file ... ok
[INFO] [stdout] test tests::should_add_network_plugins_to_app ... ok
[INFO] [stdout] test server::system::initialize_listener::tests::should_enqueue_multiple_allowed_connections ... ok
[INFO] [stdout] test server::system::cleanup_finished_connections::tests::should_ignore_finished_connections_for_entities_that_no_longer_exist ... ok
[INFO] [stdout] test server::system::process_incoming_client_packets::tests::should_ignore_server_name_packets_during_dispatch ... ok
[INFO] [stdout] test server::connection::throttle::tests::should_block_an_address_after_too_many_attempts ... FAILED
[INFO] [stdout] 
[INFO] [stdout] failures:
[INFO] [stdout] 
[INFO] [stdout] ---- server::connection::throttle::tests::should_block_an_address_after_too_many_attempts stdout ----
[INFO] [stdout] 
[INFO] [stdout] thread 'server::connection::throttle::tests::should_block_an_address_after_too_many_attempts' (1646) panicked at src/server/connection/throttle.rs:251:9:
[INFO] [stdout] Exceeding the maximum allowed attempts should block the address
[INFO] [stdout] stack backtrace:
[INFO] [stdout]    0:     0x5692b3fb4591 - std[617be2ca0a6fd877]::backtrace_rs::backtrace::libunwind::trace
[INFO] [stdout]                                at /rustc/e3feeb59cd1bdd011a2bfcc0747b55125d9b8527/library/std/src/../../backtrace/src/backtrace/libunwind.rs:117:9
[INFO] [stdout]    1:     0x5692b3fb4591 - std[617be2ca0a6fd877]::backtrace_rs::backtrace::trace_unsynchronized::<std[617be2ca0a6fd877]::sys::backtrace::_print_fmt::{closure#1}>
[INFO] [stdout]                                at /rustc/e3feeb59cd1bdd011a2bfcc0747b55125d9b8527/library/std/src/../../backtrace/src/backtrace/mod.rs:66:14
[INFO] [stdout]    2:     0x5692b3fb4591 - std[617be2ca0a6fd877]::sys::backtrace::_print_fmt
[INFO] [stdout]                                at /rustc/e3feeb59cd1bdd011a2bfcc0747b55125d9b8527/library/std/src/sys/backtrace.rs:74:9
[INFO] [stdout]    3:     0x5692b3fb4591 - <<std[617be2ca0a6fd877]::sys::backtrace::BacktraceLock>::print::DisplayBacktrace as core[a373ad73a504971]::fmt::Display>::fmt
[INFO] [stdout]                                at /rustc/e3feeb59cd1bdd011a2bfcc0747b55125d9b8527/library/std/src/sys/backtrace.rs:44:26
[INFO] [stdout]    4:     0x5692b3fcbeba - <core[a373ad73a504971]::fmt::rt::Argument>::fmt
[INFO] [stdout]                                at /rustc/e3feeb59cd1bdd011a2bfcc0747b55125d9b8527/library/core/src/fmt/rt.rs:152:76
[INFO] [stdout]    5:     0x5692b3fcbeba - core[a373ad73a504971]::fmt::write
[INFO] [stdout]    6:     0x5692b3fb924c - core[a373ad73a504971]::io::write::default_write_fmt::<alloc[2e1b2a31b91974c5]::vec::Vec<u8>>
[INFO] [stdout]                                at /rustc/e3feeb59cd1bdd011a2bfcc0747b55125d9b8527/library/core/src/io/write.rs:402:11
[INFO] [stdout]    7:     0x5692b3fb924c - <alloc[2e1b2a31b91974c5]::vec::Vec<u8> as core[a373ad73a504971]::io::write::Write>::write_fmt
[INFO] [stdout]                                at /rustc/e3feeb59cd1bdd011a2bfcc0747b55125d9b8527/library/core/src/io/write.rs:335:13
[INFO] [stdout]    8:     0x5692b3f8dad6 - <std[617be2ca0a6fd877]::sys::backtrace::BacktraceLock>::print
[INFO] [stdout]                                at /rustc/e3feeb59cd1bdd011a2bfcc0747b55125d9b8527/library/std/src/sys/backtrace.rs:47:9
[INFO] [stdout]    9:     0x5692b3f8dad6 - std[617be2ca0a6fd877]::panicking::default_hook::{closure#0}
[INFO] [stdout]                                at /rustc/e3feeb59cd1bdd011a2bfcc0747b55125d9b8527/library/std/src/panicking.rs:289:27
[INFO] [stdout]   10:     0x5692b3fabae9 - std[617be2ca0a6fd877]::panicking::default_hook
[INFO] [stdout]                                at /rustc/e3feeb59cd1bdd011a2bfcc0747b55125d9b8527/library/std/src/panicking.rs:313:9
[INFO] [stdout]   11:     0x5692b3bca070 - <alloc[2e1b2a31b91974c5]::boxed::Box<dyn for<'a, 'b> core[a373ad73a504971]::ops::function::Fn<(&'a std[617be2ca0a6fd877]::panic::PanicHookInfo<'b>,), Output = ()> + core[a373ad73a504971]::marker::Sync + core[a373ad73a504971]::marker::Send> as core[a373ad73a504971]::ops::function::Fn<(&std[617be2ca0a6fd877]::panic::PanicHookInfo,)>>::call
[INFO] [stdout]                                at /rustc/e3feeb59cd1bdd011a2bfcc0747b55125d9b8527/library/alloc/src/boxed.rs:2328:9
[INFO] [stdout]   12:     0x5692b3bca070 - test[aada8e7e76ba119b]::test_main_inner::{closure#0}
[INFO] [stdout]                                at /rustc/e3feeb59cd1bdd011a2bfcc0747b55125d9b8527/library/test/src/lib.rs:137:21
[INFO] [stdout]   13:     0x5692b3fabe12 - <alloc[2e1b2a31b91974c5]::boxed::Box<dyn for<'a, 'b> core[a373ad73a504971]::ops::function::Fn<(&'a std[617be2ca0a6fd877]::panic::PanicHookInfo<'b>,), Output = ()> + core[a373ad73a504971]::marker::Sync + core[a373ad73a504971]::marker::Send> as core[a373ad73a504971]::ops::function::Fn<(&std[617be2ca0a6fd877]::panic::PanicHookInfo,)>>::call
[INFO] [stdout]                                at /rustc/e3feeb59cd1bdd011a2bfcc0747b55125d9b8527/library/alloc/src/boxed.rs:2328:9
[INFO] [stdout]   14:     0x5692b3fabe12 - std[617be2ca0a6fd877]::panicking::panic_with_hook
[INFO] [stdout]                                at /rustc/e3feeb59cd1bdd011a2bfcc0747b55125d9b8527/library/std/src/panicking.rs:819:13
[INFO] [stdout]   15:     0x5692b3f8dbb4 - std[617be2ca0a6fd877]::panicking::panic_handler::{closure#0}
[INFO] [stdout]                                at /rustc/e3feeb59cd1bdd011a2bfcc0747b55125d9b8527/library/std/src/panicking.rs:678:13
[INFO] [stdout]   16:     0x5692b3f85ee9 - std[617be2ca0a6fd877]::sys::backtrace::__rust_end_short_backtrace::<std[617be2ca0a6fd877]::panicking::panic_handler::{closure#0}, !>
[INFO] [stdout]                                at /rustc/e3feeb59cd1bdd011a2bfcc0747b55125d9b8527/library/std/src/sys/backtrace.rs:182:18
[INFO] [stdout]   17:     0x5692b3f8ea8d - __rustc[ea4f61d10b84890b]::rust_begin_unwind
[INFO] [stdout]                                at /rustc/e3feeb59cd1bdd011a2bfcc0747b55125d9b8527/library/std/src/panicking.rs:676:5
[INFO] [stdout]   18:     0x5692b3fcc70c - core[a373ad73a504971]::panicking::panic_fmt
[INFO] [stdout]                                at /rustc/e3feeb59cd1bdd011a2bfcc0747b55125d9b8527/library/core/src/panicking.rs:80:14
[INFO] [stdout]   19:     0x5692b3a4fc7c - suon_network[6c60125606a098a0]::server::connection::throttle::tests::should_block_an_address_after_too_many_attempts
[INFO] [stdout]                                at /opt/rustwide/workdir/src/server/connection/throttle.rs:251:9
[INFO] [stdout]   20:     0x5692b3a48e77 - suon_network[6c60125606a098a0]::server::connection::throttle::tests::should_block_an_address_after_too_many_attempts::{closure#0}
[INFO] [stdout]                                at /opt/rustwide/workdir/src/server/connection/throttle.rs:237:57
[INFO] [stdout]   21:     0x5692b3b4a0d6 - <suon_network[6c60125606a098a0]::server::connection::throttle::tests::should_block_an_address_after_too_many_attempts::{closure#0} as core[a373ad73a504971]::ops::function::FnOnce<()>>::call_once
[INFO] [stdout]                                at /rustc/e3feeb59cd1bdd011a2bfcc0747b55125d9b8527/library/core/src/ops/function.rs:250:5
[INFO] [stdout]   22:     0x5692b3bbd4bb - <fn() -> core[a373ad73a504971]::result::Result<(), alloc[2e1b2a31b91974c5]::string::String> as core[a373ad73a504971]::ops::function::FnOnce<()>>::call_once
[INFO] [stdout]                                at /rustc/e3feeb59cd1bdd011a2bfcc0747b55125d9b8527/library/core/src/ops/function.rs:250:5
[INFO] [stdout]   23:     0x5692b3bbd4bb - test[aada8e7e76ba119b]::__rust_begin_short_backtrace::<core[a373ad73a504971]::result::Result<(), alloc[2e1b2a31b91974c5]::string::String>, fn() -> core[a373ad73a504971]::result::Result<(), alloc[2e1b2a31b91974c5]::string::String>>
[INFO] [stdout]                                at /rustc/e3feeb59cd1bdd011a2bfcc0747b55125d9b8527/library/test/src/lib.rs:701:18
[INFO] [stdout]   24:     0x5692b3bca695 - test[aada8e7e76ba119b]::run_test_in_process::{closure#0}
[INFO] [stdout]                                at /rustc/e3feeb59cd1bdd011a2bfcc0747b55125d9b8527/library/test/src/lib.rs:724:74
[INFO] [stdout]   25:     0x5692b3bca695 - <core[a373ad73a504971]::panic::unwind_safe::AssertUnwindSafe<test[aada8e7e76ba119b]::run_test_in_process::{closure#0}> as core[a373ad73a504971]::ops::function::FnOnce<()>>::call_once
[INFO] [stdout]                                at /rustc/e3feeb59cd1bdd011a2bfcc0747b55125d9b8527/library/core/src/panic/unwind_safe.rs:275:9
[INFO] [stdout]   26:     0x5692b3bca695 - std[617be2ca0a6fd877]::panicking::catch_unwind::do_call::<core[a373ad73a504971]::panic::unwind_safe::AssertUnwindSafe<test[aada8e7e76ba119b]::run_test_in_process::{closure#0}>, core[a373ad73a504971]::result::Result<(), alloc[2e1b2a31b91974c5]::string::String>>
[INFO] [stdout]                                at /rustc/e3feeb59cd1bdd011a2bfcc0747b55125d9b8527/library/std/src/panicking.rs:573:43
[INFO] [stdout]   27:     0x5692b3bca695 - std[617be2ca0a6fd877]::panicking::catch_unwind::<core[a373ad73a504971]::result::Result<(), alloc[2e1b2a31b91974c5]::string::String>, core[a373ad73a504971]::panic::unwind_safe::AssertUnwindSafe<test[aada8e7e76ba119b]::run_test_in_process::{closure#0}>>
[INFO] [stdout]                                at /rustc/e3feeb59cd1bdd011a2bfcc0747b55125d9b8527/library/std/src/panicking.rs:541:19
[INFO] [stdout]   28:     0x5692b3bca695 - std[617be2ca0a6fd877]::panic::catch_unwind::<core[a373ad73a504971]::panic::unwind_safe::AssertUnwindSafe<test[aada8e7e76ba119b]::run_test_in_process::{closure#0}>, core[a373ad73a504971]::result::Result<(), alloc[2e1b2a31b91974c5]::string::String>>
[INFO] [stdout]                                at /rustc/e3feeb59cd1bdd011a2bfcc0747b55125d9b8527/library/std/src/panic.rs:359:14
[INFO] [stdout]   29:     0x5692b3bca695 - test[aada8e7e76ba119b]::run_test_in_process
[INFO] [stdout]                                at /rustc/e3feeb59cd1bdd011a2bfcc0747b55125d9b8527/library/test/src/lib.rs:724:27
[INFO] [stdout]   30:     0x5692b3bca695 - test[aada8e7e76ba119b]::run_test::{closure#0}
[INFO] [stdout]                                at /rustc/e3feeb59cd1bdd011a2bfcc0747b55125d9b8527/library/test/src/lib.rs:645:43
[INFO] [stdout]   31:     0x5692b3bc3f84 - test[aada8e7e76ba119b]::run_test::{closure#1}
[INFO] [stdout]                                at /rustc/e3feeb59cd1bdd011a2bfcc0747b55125d9b8527/library/test/src/lib.rs:675:41
[INFO] [stdout]   32:     0x5692b3bc3f84 - std[617be2ca0a6fd877]::sys::backtrace::__rust_begin_short_backtrace::<test[aada8e7e76ba119b]::run_test::{closure#1}, ()>
[INFO] [stdout]                                at /rustc/e3feeb59cd1bdd011a2bfcc0747b55125d9b8527/library/std/src/sys/backtrace.rs:166:18
[INFO] [stdout]   33:     0x5692b3bcd722 - std[617be2ca0a6fd877]::thread::lifecycle::spawn_unchecked::<test[aada8e7e76ba119b]::run_test::{closure#1}, ()>::{closure#1}::{closure#0}
[INFO] [stdout]                                at /rustc/e3feeb59cd1bdd011a2bfcc0747b55125d9b8527/library/std/src/thread/lifecycle.rs:70:13
[INFO] [stdout]   34:     0x5692b3bcd722 - <core[a373ad73a504971]::panic::unwind_safe::AssertUnwindSafe<std[617be2ca0a6fd877]::thread::lifecycle::spawn_unchecked<test[aada8e7e76ba119b]::run_test::{closure#1}, ()>::{closure#1}::{closure#0}> as core[a373ad73a504971]::ops::function::FnOnce<()>>::call_once
[INFO] [stdout]                                at /rustc/e3feeb59cd1bdd011a2bfcc0747b55125d9b8527/library/core/src/panic/unwind_safe.rs:275:9
[INFO] [stdout]   35:     0x5692b3bcd722 - std[617be2ca0a6fd877]::panicking::catch_unwind::do_call::<core[a373ad73a504971]::panic::unwind_safe::AssertUnwindSafe<std[617be2ca0a6fd877]::thread::lifecycle::spawn_unchecked<test[aada8e7e76ba119b]::run_test::{closure#1}, ()>::{closure#1}::{closure#0}>, ()>
[INFO] [stdout]                                at /rustc/e3feeb59cd1bdd011a2bfcc0747b55125d9b8527/library/std/src/panicking.rs:573:43
[INFO] [stdout]   36:     0x5692b3bcd722 - std[617be2ca0a6fd877]::panicking::catch_unwind::<(), core[a373ad73a504971]::panic::unwind_safe::AssertUnwindSafe<std[617be2ca0a6fd877]::thread::lifecycle::spawn_unchecked<test[aada8e7e76ba119b]::run_test::{closure#1}, ()>::{closure#1}::{closure#0}>>
[INFO] [stdout]                                at /rustc/e3feeb59cd1bdd011a2bfcc0747b55125d9b8527/library/std/src/panicking.rs:541:19
[INFO] [stdout]   37:     0x5692b3bcd722 - std[617be2ca0a6fd877]::panic::catch_unwind::<core[a373ad73a504971]::panic::unwind_safe::AssertUnwindSafe<std[617be2ca0a6fd877]::thread::lifecycle::spawn_unchecked<test[aada8e7e76ba119b]::run_test::{closure#1}, ()>::{closure#1}::{closure#0}>, ()>
[INFO] [stdout]                                at /rustc/e3feeb59cd1bdd011a2bfcc0747b55125d9b8527/library/std/src/panic.rs:359:14
[INFO] [stdout]   38:     0x5692b3bcd722 - std[617be2ca0a6fd877]::thread::lifecycle::spawn_unchecked::<test[aada8e7e76ba119b]::run_test::{closure#1}, ()>::{closure#1}
[INFO] [stdout]                                at /rustc/e3feeb59cd1bdd011a2bfcc0747b55125d9b8527/library/std/src/thread/lifecycle.rs:68:26
[INFO] [stdout]   39:     0x5692b3bcd722 - <std[617be2ca0a6fd877]::thread::lifecycle::spawn_unchecked<test[aada8e7e76ba119b]::run_test::{closure#1}, ()>::{closure#1} as core[a373ad73a504971]::ops::function::FnOnce<()>>::call_once::{shim:vtable#0}
[INFO] [stdout]                                at /rustc/e3feeb59cd1bdd011a2bfcc0747b55125d9b8527/library/core/src/ops/function.rs:250:5
[INFO] [stdout]   40:     0x5692b3fb32af - <alloc[2e1b2a31b91974c5]::boxed::Box<dyn core[a373ad73a504971]::ops::function::FnOnce<(), Output = ()> + core[a373ad73a504971]::marker::Send> as core[a373ad73a504971]::ops::function::FnOnce<()>>::call_once
[INFO] [stdout]                                at /rustc/e3feeb59cd1bdd011a2bfcc0747b55125d9b8527/library/alloc/src/boxed.rs:2314:9
[INFO] [stdout]   41:     0x5692b3fb32af - <std[617be2ca0a6fd877]::sys::thread::unix::Thread>::new::thread_start
[INFO] [stdout]                                at /rustc/e3feeb59cd1bdd011a2bfcc0747b55125d9b8527/library/std/src/sys/thread/unix.rs:127:17
[INFO] [stdout]   42:     0x7f416f492dfa - <unknown>
[INFO] [stdout]   43:     0x7f416f5263d4 - clone
[INFO] [stdout]   44:                0x0 - <unknown>
[INFO] [stdout] 
[INFO] [stdout] 
[INFO] [stdout] failures:
[INFO] [stdout]     server::connection::throttle::tests::should_block_an_address_after_too_many_attempts
[INFO] [stdout] 
[INFO] [stdout] test result: FAILED. 82 passed; 1 failed; 0 ignored; 0 measured; 0 filtered out; finished in 0.25s
[INFO] [stdout] 
[INFO] [stderr] error: test failed, to rerun pass `--lib`
[INFO] running `Command { std: "docker" "inspect" "98f894b984c423f64c133a17ab7ecb3615ed32304d2ae33090cc4af825fa9350", kill_on_drop: false }`
[INFO] running `Command { std: "docker" "rm" "-f" "98f894b984c423f64c133a17ab7ecb3615ed32304d2ae33090cc4af825fa9350", kill_on_drop: false }`
[INFO] [stdout] 98f894b984c423f64c133a17ab7ecb3615ed32304d2ae33090cc4af825fa9350
