[INFO] fetching crate solana_asset_splitter 1.0.0...
[INFO] testing solana_asset_splitter-1.0.0 against 1.99.0-beta.8 for beta-1.100-2
[INFO] extracting crate solana_asset_splitter 1.0.0 into /workspace/builds/worker-5-tc1/source
[INFO] started tweaking crates.io crate solana_asset_splitter 1.0.0
[INFO] finished tweaking crates.io crate solana_asset_splitter 1.0.0
[INFO] tweaked toml for crates.io crate solana_asset_splitter 1.0.0 written to /workspace/builds/worker-5-tc1/source/Cargo.toml
[INFO] validating manifest of crates.io crate solana_asset_splitter 1.0.0 on toolchain 1.99.0-beta.8
[INFO] running `Command { std: CARGO_HOME="/workspace/cargo-home" RUSTUP_HOME="/workspace/rustup-home" "/workspace/cargo-home/bin/cargo" "+1.99.0-beta.8" "metadata" "--manifest-path" "Cargo.toml" "--no-deps", kill_on_drop: false }`
[INFO] running `Command { std: CARGO_HOME="/workspace/cargo-home" RUSTUP_HOME="/workspace/rustup-home" "/workspace/cargo-home/bin/cargo" "+1.99.0-beta.8" "generate-lockfile" "--manifest-path" "Cargo.toml", kill_on_drop: false }`
[INFO] [stderr]     Updating crates.io index
[INFO] [stderr]     Blocking waiting for file lock on package cache
[INFO] [stderr]      Locking 601 packages to highest compatible versions
[INFO] [stderr]       Adding borsh v0.10.4 (available: v1.8.1)
[INFO] [stderr]       Adding crypto-common v0.1.6 (available: v0.1.7)
[INFO] [stderr]       Adding solana-account-decoder v2.0.25 (available: v2.3.13)
[INFO] [stderr]       Adding solana-accounts-db v2.0.25 (available: v2.3.13)
[INFO] [stderr]       Adding solana-address-lookup-table-program v2.0.25 (available: v2.2.20)
[INFO] [stderr]       Adding solana-banks-client v2.0.25 (available: v2.3.13)
[INFO] [stderr]       Adding solana-banks-interface v2.0.25 (available: v2.3.13)
[INFO] [stderr]       Adding solana-banks-server v2.0.25 (available: v2.3.13)
[INFO] [stderr]       Adding solana-bpf-loader-program v2.0.25 (available: v2.3.13)
[INFO] [stderr]       Adding solana-bucket-map v2.0.25 (available: v2.3.13)
[INFO] [stderr]       Adding solana-clap-utils v2.0.25 (available: v2.3.13)
[INFO] [stderr]       Adding solana-client v2.0.25 (available: v2.3.13)
[INFO] [stderr]       Adding solana-compute-budget v2.0.25 (available: v2.3.13)
[INFO] [stderr]       Adding solana-compute-budget-program v2.0.25 (available: v2.3.13)
[INFO] [stderr]       Adding solana-config-program v2.0.25 (available: v2.2.20)
[INFO] [stderr]       Adding solana-connection-cache v2.0.25 (available: v2.3.13)
[INFO] [stderr]       Adding solana-cost-model v2.0.25 (available: v2.3.13)
[INFO] [stderr]       Adding solana-curve25519 v2.0.25 (available: v2.3.13)
[INFO] [stderr]       Adding solana-inline-spl v2.0.25 (available: v2.2.20)
[INFO] [stderr]       Adding solana-loader-v4-program v2.0.25 (available: v2.3.13)
[INFO] [stderr]       Adding solana-logger v2.0.25 (available: v2.3.1)
[INFO] [stderr]       Adding solana-measure v2.0.25 (available: v2.3.13)
[INFO] [stderr]       Adding solana-metrics v2.0.25 (available: v2.3.13)
[INFO] [stderr]       Adding solana-net-utils v2.0.25 (available: v2.3.13)
[INFO] [stderr]       Adding solana-perf v2.0.25 (available: v2.3.13)
[INFO] [stderr]       Adding solana-poseidon v2.0.25 (available: v2.3.13)
[INFO] [stderr]       Adding solana-program v1.18.26 (available: v5.1.0)
[INFO] [stderr]       Adding solana-program v2.0.25 (available: v2.3.0)
[INFO] [stderr]       Adding solana-program-runtime v2.0.25 (available: v2.3.13)
[INFO] [stderr]       Adding solana-program-test v2.0.25 (available: v2.3.13)
[INFO] [stderr]       Adding solana-pubsub-client v2.0.25 (available: v2.3.13)
[INFO] [stderr]       Adding solana-quic-client v2.0.25 (available: v2.3.13)
[INFO] [stderr]       Adding solana-rayon-threadlimit v2.0.25 (available: v2.3.13)
[INFO] [stderr]       Adding solana-remote-wallet v2.0.25 (available: v2.3.13)
[INFO] [stderr]       Adding solana-rpc-client v2.0.25 (available: v2.3.13)
[INFO] [stderr]       Adding solana-rpc-client-api v2.0.25 (available: v2.3.13)
[INFO] [stderr]       Adding solana-rpc-client-nonce-utils v2.0.25 (available: v2.3.13)
[INFO] [stderr]       Adding solana-runtime v2.0.25 (available: v2.3.13)
[INFO] [stderr]       Adding solana-sdk v2.0.25 (available: v2.3.1)
[INFO] [stderr]       Adding solana-sdk-macro v2.0.25 (available: v2.2.1)
[INFO] [stderr]       Adding solana-send-transaction-service v2.0.25 (available: v2.3.13)
[INFO] [stderr]       Adding solana-stake-program v2.0.25 (available: v2.3.13)
[INFO] [stderr]       Adding solana-streamer v2.0.25 (available: v2.3.13)
[INFO] [stderr]       Adding solana-svm v2.0.25 (available: v2.3.13)
[INFO] [stderr]       Adding solana-system-program v2.0.25 (available: v2.3.13)
[INFO] [stderr]       Adding solana-thin-client v2.0.25 (available: v2.3.13)
[INFO] [stderr]       Adding solana-tpu-client v2.0.25 (available: v2.3.13)
[INFO] [stderr]       Adding solana-transaction-metrics-tracker v2.0.25 (available: v2.3.13)
[INFO] [stderr]       Adding solana-transaction-status v2.0.25 (available: v2.3.13)
[INFO] [stderr]       Adding solana-type-overrides v2.0.25 (available: v2.3.13)
[INFO] [stderr]       Adding solana-udp-client v2.0.25 (available: v2.3.13)
[INFO] [stderr]       Adding solana-version v2.0.25 (available: v2.3.13)
[INFO] [stderr]       Adding solana-vote v2.0.25 (available: v2.3.13)
[INFO] [stderr]       Adding solana-vote-program v2.0.25 (available: v2.3.13)
[INFO] [stderr]       Adding solana-zk-elgamal-proof-program v2.0.25 (available: v2.3.13)
[INFO] [stderr]       Adding solana-zk-sdk v2.0.25 (available: v2.3.13)
[INFO] [stderr]       Adding solana-zk-token-proof-program v2.0.25 (available: v2.3.13)
[INFO] [stderr]       Adding solana-zk-token-sdk v2.0.25 (available: v2.3.13)
[INFO] [stderr]       Adding solana_rbpf v0.8.4 (available: v0.8.5)
[INFO] [stderr]       Adding spl-token v4.0.3 (available: v9.0.0)
[INFO] [stderr]       Adding spl-token-2022 v4.0.0 (available: v4.0.1)
[INFO] [stderr]       Adding thiserror v1.0.69 (available: v2.0.21)
[INFO] [stderr]       Adding zeroize v1.3.0 (available: v1.9.1)
[INFO] running `Command { std: CARGO_HOME="/workspace/cargo-home" RUSTUP_HOME="/workspace/rustup-home" "/workspace/cargo-home/bin/cargo" "+1.99.0-beta.8" "fetch" "--manifest-path" "Cargo.toml", kill_on_drop: false }`
[INFO] [stderr]     Blocking waiting for file lock on package cache
[INFO] [stderr]  Downloading crates ...
[INFO] [stderr]   Downloaded spl-token v4.0.3
[INFO] [stderr]   Downloaded block-padding v0.2.1
[INFO] [stderr]   Downloaded uriparse v0.6.4
[INFO] [stderr]   Downloaded solana-sdk-macro v2.0.25
[INFO] [stderr]   Downloaded siphasher v0.3.11
[INFO] [stderr]   Downloaded serde_with_macros v2.3.3
[INFO] [stderr]   Downloaded qstring v0.7.2
[INFO] [stderr]   Downloaded pbkdf2 v0.11.0
[INFO] [stderr]   Downloaded ed25519-dalek-bip32 v0.2.0
[INFO] [stderr]   Downloaded ed25519-dalek v1.0.1
[INFO] [stderr]   Downloaded ed25519 v1.5.3
[INFO] [stderr]   Downloaded signature v1.6.4
[INFO] [stderr]   Downloaded derivation-path v0.2.0
[INFO] [stderr]   Downloaded scroll_derive v0.11.1
[INFO] [stderr]   Downloaded solana-program-runtime v2.0.25
[INFO] [stderr]   Downloaded solana-vote v2.0.25
[INFO] [stderr]   Downloaded solana-type-overrides v2.0.25
[INFO] [stderr]   Downloaded solana-sdk v2.0.25
[INFO] [stderr]   Downloaded scroll v0.11.0
[INFO] [stderr]   Downloaded hash32 v0.2.1
[INFO] [stderr]   Downloaded unreachable v1.0.0
[INFO] [stderr]   Downloaded void v1.0.2
[INFO] [stderr]   Downloaded ascii v0.9.3
[INFO] [stderr]   Downloaded solana-metrics v2.0.25
[INFO] [stderr]   Downloaded winreg v0.50.0
[INFO] [stderr]   Downloaded sct v0.7.1
[INFO] [stderr]   Downloaded system-configuration v0.5.1
[INFO] [stderr]   Downloaded system-configuration-sys v0.5.0
[INFO] [stderr]   Downloaded sync_wrapper v0.1.2
[INFO] [stderr]   Downloaded rustls-pemfile v1.0.4
[INFO] [stderr]   Downloaded hyper-rustls v0.24.2
[INFO] [stderr]   Downloaded alloc-stdlib v0.3.0
[INFO] [stderr]   Downloaded alloc-no-stdlib v3.0.0
[INFO] [stderr]   Downloaded gethostname v0.2.3
[INFO] [stderr]   Downloaded solana-measure v2.0.25
[INFO] [stderr]   Downloaded percentage v0.1.0
[INFO] [stderr]   Downloaded num v0.2.1
[INFO] [stderr]   Downloaded solana-vote-program v2.0.25
[INFO] [stderr]   Downloaded tokio-rustls v0.24.1
[INFO] [stderr]   Downloaded unicase v2.10.0
[INFO] [stderr]   Downloaded multiversion_no_op v1.0.0
[INFO] [stderr]   Downloaded core_detect v1.0.0
[INFO] [stderr]   Downloaded compression-core v0.4.33
[INFO] [stderr]   Downloaded solana-compute-budget v2.0.25
[INFO] [stderr]   Downloaded num-rational v0.2.4
[INFO] [stderr]   Downloaded solana-program v2.0.25
[INFO] [stderr]   Downloaded serde_with v2.3.3
[INFO] [stderr]   Downloaded solana-program-test v2.0.25
[INFO] [stderr]   Downloaded solana_rbpf v0.8.4
[INFO] [stderr]   Downloaded goblin v0.5.4
[INFO] [stderr]   Downloaded combine v3.8.1
[INFO] [stderr]   Downloaded reqwest v0.11.27
[INFO] [stderr]   Downloaded rustls-webpki v0.101.7
[INFO] [stderr]   Downloaded async-compression v0.4.50
[INFO] [stderr]   Downloaded compression-codecs v0.4.45
[INFO] [stderr]   Downloaded crc32fast v1.5.2
[INFO] [stderr]   Downloaded num-bigint v0.2.6
[INFO] [stderr]   Downloaded num-iter v0.1.46
[INFO] [stderr]   Downloaded num-complex v0.2.4
[INFO] [stderr]   Downloaded enum-iterator v1.5.0
[INFO] [stderr]   Downloaded enum-iterator-derive v1.5.0
[INFO] [stderr]   Downloaded eager v0.1.0
[INFO] [stderr]   Downloaded solana-system-program v2.0.25
[INFO] [stderr]   Downloaded solana-loader-v4-program v2.0.25
[INFO] [stderr]   Downloaded solana-poseidon v2.0.25
[INFO] [stderr]   Downloaded solana-curve25519 v2.0.25
[INFO] [stderr]   Downloaded qualifier_attr v0.2.2
[INFO] [stderr]   Downloaded prost-build v0.11.9
[INFO] [stderr]   Downloaded which v4.4.2
[INFO] [stderr]   Downloaded webpki-roots v0.25.4
[INFO] [stderr]   Downloaded rustls v0.21.12
[INFO] [stderr]   Downloaded zlib-rs v0.6.8
[INFO] [stderr]   Downloaded brotli-decompressor v6.0.1
[INFO] [stderr]   Downloaded solana-svm v2.0.25
[INFO] [stderr]   Downloaded solana-bpf-loader-program v2.0.25
[INFO] [stderr]   Downloaded prost-types v0.11.9
[INFO] [stderr]   Downloaded prost v0.11.9
[INFO] [stderr]   Downloaded multimap v0.8.3
[INFO] [stderr]   Downloaded zstd v0.11.2+zstd.1.5.2
[INFO] [stderr]   Downloaded zstd-safe v5.0.2+zstd.1.5.2
[INFO] [stderr]   Downloaded tar v0.4.46
[INFO] [stderr]   Downloaded xattr v1.6.1
[INFO] [stderr]   Downloaded strum_macros v0.24.3
[INFO] [stderr]   Downloaded strum v0.24.1
[INFO] [stderr]   Downloaded aes-gcm-siv v0.11.1
[INFO] [stderr]   Downloaded solana-zk-token-proof-program v2.0.25
[INFO] [stderr]   Downloaded solana-zk-elgamal-proof-program v2.0.25
[INFO] [stderr]   Downloaded solana-version v2.0.25
[INFO] [stderr]   Downloaded solana-transaction-status v2.0.25
[INFO] [stderr]   Downloaded spl-token-metadata-interface v0.4.0
[INFO] [stderr]   Downloaded spl-type-length-value v0.5.0
[INFO] [stderr]   Downloaded spl-program-error v0.5.0
[INFO] [stderr]   Downloaded spl-program-error-derive v0.4.1
[INFO] [stderr]   Downloaded spl-pod v0.3.1
[INFO] [stderr]   Downloaded spl-discriminator v0.3.0
[INFO] [stderr]   Downloaded spl-discriminator-derive v0.2.0
[INFO] [stderr]   Downloaded spl-discriminator-syn v0.2.1
[INFO] [stderr]   Downloaded spl-token-group-interface v0.3.0
[INFO] [stderr]   Downloaded spl-transfer-hook-interface v0.7.0
[INFO] [stderr]   Downloaded spl-token v6.0.0
[INFO] [stderr]   Downloaded spl-memo v5.0.0
[INFO] [stderr]   Downloaded solana-security-txt v1.1.3
[INFO] [stderr]   Downloaded spl-associated-token-account v4.0.0
[INFO] [stderr]   Downloaded assert_matches v1.5.0
[INFO] [stderr]   Downloaded encoding_rs v0.8.42
[INFO] [stderr]   Downloaded brotli v9.0.0
[INFO] [stderr]   Downloaded prost-derive v0.11.9
[INFO] [stderr]   Downloaded prettyplease v0.1.25
[INFO] [stderr]   Downloaded spl-token-2022 v4.0.0
[INFO] [stderr]   Downloaded spl-tlv-account-resolution v0.7.0
[INFO] [stderr]   Downloaded solana-account-decoder v2.0.25
[INFO] [stderr]   Downloaded petgraph v0.6.5
[INFO] [stderr]   Downloaded solana-runtime v2.0.25
[INFO] [stderr]   Downloaded zstd-sys v2.1.0+zstd.1.5.7
[INFO] [stderr]   Downloaded sha3 v0.9.1
[INFO] [stderr]   Downloaded merlin v3.0.0
[INFO] [stderr]   Downloaded solana-rayon-threadlimit v2.0.25
[INFO] [stderr]   Downloaded nix v0.28.0
[INFO] [stderr]   Downloaded dlopen2_derive v0.3.0
[INFO] [stderr]   Downloaded solana-cost-model v2.0.25
[INFO] [stderr]   Downloaded solana-compute-budget-program v2.0.25
[INFO] [stderr]   Downloaded solana-address-lookup-table-program v2.0.25
[INFO] [stderr]   Downloaded solana-bucket-map v2.0.25
[INFO] [stderr]   Downloaded solana-config-program v2.0.25
[INFO] [stderr]   Downloaded Inflector v0.11.4
[INFO] [stderr]   Downloaded solana-stake-program v2.0.25
[INFO] [stderr]   Downloaded solana-perf v2.0.25
[INFO] [stderr]   Downloaded cfg_aliases v0.1.1
[INFO] [stderr]   Downloaded dlopen2 v0.5.0
[INFO] [stderr]   Downloaded caps v0.5.6
[INFO] [stderr]   Downloaded solana-inline-spl v2.0.25
[INFO] [stderr]   Downloaded modular-bitfield v0.11.2
[INFO] [stderr]   Downloaded modular-bitfield-impl v0.11.2
[INFO] [stderr]   Downloaded solana-nohash-hasher v0.2.1
[INFO] [stderr]   Downloaded seqlock v0.2.0
[INFO] [stderr]   Downloaded dialoguer v0.10.4
[INFO] [stderr]   Downloaded solana-accounts-db v2.0.25
[INFO] [stderr]   Downloaded rpassword v7.5.4
[INFO] [stderr]   Downloaded untrusted v0.7.1
[INFO] [stderr]   Downloaded spin v0.5.2
[INFO] [stderr]   Downloaded quinn v0.10.2
[INFO] [stderr]   Downloaded quinn-udp v0.4.1
[INFO] [stderr]   Downloaded pem v1.1.1
[INFO] [stderr]   Downloaded histogram v0.6.9
[INFO] [stderr]   Downloaded async-channel v1.9.0
[INFO] [stderr]   Downloaded solana-remote-wallet v2.0.25
[INFO] [stderr]   Downloaded rtoolbox v0.0.6
[INFO] [stderr]   Downloaded strsim v0.8.0
[INFO] [stderr]   Downloaded async-mutex v1.4.1
[INFO] [stderr]   Downloaded solana-banks-interface v2.0.25
[INFO] [stderr]   Downloaded solana-banks-client v2.0.25
[INFO] [stderr]   Downloaded chrono-humanize v0.2.3
[INFO] [stderr]   Downloaded solana-zk-token-sdk v2.0.25
[INFO] [stderr]   Downloaded solana-zk-sdk v2.0.25
[INFO] [stderr]   Downloaded lz4 v1.28.1
[INFO] [stderr]   Downloaded index_list v0.2.17
[INFO] [stderr]   Downloaded dashmap v5.5.3
[INFO] [stderr]   Downloaded mockall v0.11.4
[INFO] [stderr]   Downloaded predicates v2.1.5
[INFO] [stderr]   Downloaded mockall_derive v0.11.4
[INFO] [stderr]   Downloaded downcast v0.11.0
[INFO] [stderr]   Downloaded dir-diff v0.3.3
[INFO] [stderr]   Downloaded include_dir v0.7.4
[INFO] [stderr]   Downloaded include_dir_macros v0.7.4
[INFO] [stderr]   Downloaded solana-logger v2.0.25
[INFO] [stderr]   Downloaded env_logger v0.9.3
[INFO] [stderr]   Downloaded termcolor v1.4.1
[INFO] [stderr]   Downloaded humantime v2.4.0
[INFO] [stderr]   Downloaded solana-banks-server v2.0.25
[INFO] [stderr]   Downloaded tokio-serde v0.8.0
[INFO] [stderr]   Downloaded educe v0.4.23
[INFO] [stderr]   Downloaded enum-ordinalize v3.1.15
[INFO] [stderr]   Downloaded solana-clap-utils v2.0.25
[INFO] [stderr]   Downloaded vec_map v0.8.2
[INFO] [stderr]   Downloaded solana-quic-client v2.0.25
[INFO] [stderr]   Downloaded bzip2 v0.4.4
[INFO] [stderr]   Downloaded fragile v2.1.0
[INFO] [stderr]   Downloaded tarpc v0.29.0
[INFO] [stderr]   Downloaded tracing-opentelemetry v0.17.4
[INFO] [stderr]   Downloaded ansi_term v0.12.1
[INFO] [stderr]   Downloaded lz4-sys v1.11.1+lz4-1.10.0
[INFO] [stderr]   Downloaded opentelemetry v0.17.0
[INFO] [stderr]   Downloaded tokio-util v0.6.10
[INFO] [stderr]   Downloaded tarpc-plugins v0.12.0
[INFO] [stderr]   Downloaded jsonrpc-core v18.0.0
[INFO] [stderr]   Downloaded oid-registry v0.6.1
[INFO] [stderr]   Downloaded asn1-rs-impl v0.1.0
[INFO] [stderr]   Downloaded solana-send-transaction-service v2.0.25
[INFO] [stderr]   Downloaded solana-tpu-client v2.0.25
[INFO] [stderr]   Downloaded solana-rpc-client v2.0.25
[INFO] [stderr]   Downloaded quinn-proto v0.10.6
[INFO] [stderr]   Downloaded security-framework v2.11.1
[INFO] [stderr]   Downloaded tungstenite v0.20.1
[INFO] [stderr]   Downloaded asn1-rs v0.5.2
[INFO] [stderr]   Downloaded event-listener v2.5.3
[INFO] [stderr]   Downloaded solana-pubsub-client v2.0.25
[INFO] [stderr]   Downloaded solana-connection-cache v2.0.25
[INFO] [stderr]   Downloaded solana-udp-client v2.0.25
[INFO] [stderr]   Downloaded solana-rpc-client-api v2.0.25
[INFO] [stderr]   Downloaded reqwest-middleware v0.2.5
[INFO] [stderr]   Downloaded task-local-extensions v0.1.4
[INFO] [stderr]   Downloaded tokio-tungstenite v0.20.1
[INFO] [stderr]   Downloaded solana-streamer v2.0.25
[INFO] [stderr]   Downloaded solana-transaction-metrics-tracker v2.0.25
[INFO] [stderr]   Downloaded rustls-native-certs v0.6.3
[INFO] [stderr]   Downloaded solana-client v2.0.25
[INFO] [stderr]   Downloaded x509-parser v0.14.0
[INFO] [stderr]   Downloaded asn1-rs-derive v0.4.0
[INFO] [stderr]   Downloaded der-parser v8.2.0
[INFO] [stderr]   Downloaded aquamarine v0.3.3
[INFO] [stderr]   Downloaded clap_lex v0.2.4
[INFO] [stderr]   Downloaded solana-thin-client v2.0.25
[INFO] [stderr]   Downloaded solana-rpc-client-nonce-utils v2.0.25
[INFO] [stderr]   Downloaded solana-net-utils v2.0.25
[INFO] [stderr]   Downloaded textwrap v0.16.4
[INFO] [stderr]   Downloaded clap v3.2.25
[INFO] [stderr]   Downloaded webpki-roots v0.24.0
[INFO] [stderr]   Downloaded ring v0.16.20
[INFO] running `Command { std: "docker" "create" "-v" "/var/lib/crater-agent-workspace/builds/worker-5-tc1/source:/opt/rustwide/workdir:ro,Z" "-v" "/var/lib/crater-agent-workspace/builds/worker-5-tc1/target:/opt/rustwide/target:rw,Z" "-v" "/var/lib/crater-agent-workspace/cargo-home:/opt/rustwide/cargo-home:ro,Z" "-v" "/var/lib/crater-agent-workspace/rustup-home:/opt/rustwide/rustup-home:ro,Z" "-m" "1610612736" "--network" "none" "ghcr.io/rust-lang/crates-build-env/linux@sha256:3111399a4047eeb3a02b7a90e478d715f38a8c6669b5c4b49d30a17385265909" "sleep" "infinity", kill_on_drop: false }`
[INFO] [stdout] c6a72238354e6df01c44a104fecd6992126f42248da4127c7f8192925e473615
[INFO] running `Command { std: "docker" "start" "c6a72238354e6df01c44a104fecd6992126f42248da4127c7f8192925e473615", kill_on_drop: false }`
[INFO] running `Command { std: "docker" "inspect" "c6a72238354e6df01c44a104fecd6992126f42248da4127c7f8192925e473615", kill_on_drop: false }`
[INFO] running `Command { std: "docker" "exec" "-e" "SOURCE_DIR=/opt/rustwide/workdir" "-e" "CARGO_HOME=/opt/rustwide/cargo-home" "-e" "RUSTUP_HOME=/opt/rustwide/rustup-home" "-e" "CARGO_TARGET_DIR=/opt/rustwide/target" "-w" "/opt/rustwide/workdir" "--user" "0:0" "c6a72238354e6df01c44a104fecd6992126f42248da4127c7f8192925e473615" "/opt/rustwide/cargo-home/bin/cargo" "+1.99.0-beta.8" "metadata" "--no-deps" "--format-version=1", kill_on_drop: false }`
[INFO] running `Command { std: "docker" "inspect" "c6a72238354e6df01c44a104fecd6992126f42248da4127c7f8192925e473615", kill_on_drop: false }`
[INFO] running `Command { std: "docker" "exec" "-e" "SOURCE_DIR=/opt/rustwide/workdir" "-e" "CARGO_HOME=/opt/rustwide/cargo-home" "-e" "RUSTUP_HOME=/opt/rustwide/rustup-home" "-e" "CARGO_TARGET_DIR=/opt/rustwide/target" "-e" "CARGO_INCREMENTAL=0" "-e" "RUST_BACKTRACE=full" "-e" "RUSTFLAGS=--cap-lints=warn" "-e" "RUSTDOCFLAGS=--cap-lints=warn" "-w" "/opt/rustwide/workdir" "--user" "0:0" "c6a72238354e6df01c44a104fecd6992126f42248da4127c7f8192925e473615" "/opt/rustwide/cargo-home/bin/cargo" "+1.99.0-beta.8" "build" "--frozen" "--message-format=json", kill_on_drop: false }`
[INFO] [stderr]    Compiling serde_core v1.0.229
[INFO] [stderr]    Compiling typenum v1.20.1
[INFO] [stderr]    Compiling serde v1.0.229
[INFO] [stderr]    Compiling generic-array v0.14.9
[INFO] [stderr]    Compiling syn v1.0.109
[INFO] [stderr]    Compiling syn v2.0.119
[INFO] [stderr]    Compiling num-traits v0.2.19
[INFO] [stderr]    Compiling semver v1.0.28
[INFO] [stderr]    Compiling subtle v2.6.1
[INFO] [stderr]    Compiling either v1.19.0
[INFO] [stderr]    Compiling crunchy v0.2.4
[INFO] [stderr]    Compiling rustc_version v0.4.1
[INFO] [stderr]    Compiling libc v0.2.190
[INFO] [stderr]    Compiling crossbeam-utils v0.8.23
[INFO] [stderr]    Compiling getrandom v0.1.16
[INFO] [stderr]    Compiling winnow v1.0.4
[INFO] [stderr]    Compiling num-integer v0.1.47
[INFO] [stderr]    Compiling paste v1.0.15
[INFO] [stderr]    Compiling equivalent v1.0.2
[INFO] [stderr]    Compiling crossbeam-epoch v0.9.21
[INFO] [stderr]    Compiling hashbrown v0.17.1
[INFO] [stderr]    Compiling digest v0.9.0
[INFO] [stderr]    Compiling num-bigint v0.4.8
[INFO] [stderr]    Compiling ark-std v0.4.0
[INFO] [stderr]    Compiling indexmap v2.14.2
[INFO] [stderr]    Compiling jobserver v0.1.35
[INFO] [stderr]    Compiling toml_parser v1.1.3+spec-1.1.0
[INFO] [stderr]    Compiling ahash v0.8.12
[INFO] [stderr]    Compiling crossbeam-deque v0.8.8
[INFO] [stderr]    Compiling find-msvc-tools v0.1.14
[INFO] [stderr]    Compiling toml_datetime v1.1.1+spec-1.1.0
[INFO] [stderr]    Compiling shlex v2.0.1
[INFO] [stderr]    Compiling cc v1.6.0
[INFO] [stderr]    Compiling toml_edit v0.25.15+spec-1.1.0
[INFO] [stderr]    Compiling libsecp256k1-core v0.2.2
[INFO] [stderr]    Compiling rand_core v0.5.1
[INFO] [stderr]    Compiling hashbrown v0.13.2
[INFO] [stderr]    Compiling zeroize_derive v1.5.0
[INFO] [stderr]    Compiling block-buffer v0.10.4
[INFO] [stderr]    Compiling crypto-common v0.1.6
[INFO] [stderr]    Compiling digest v0.10.7
[INFO] [stderr]    Compiling crypto-mac v0.8.0
[INFO] [stderr]    Compiling toml v0.5.11
[INFO] [stderr]    Compiling zeroize v1.3.0
[INFO] [stderr]    Compiling itertools v0.10.5
[INFO] [stderr]    Compiling cpufeatures v0.2.17
[INFO] [stderr]    Compiling rayon-core v1.13.0
[INFO] [stderr]    Compiling proc-macro-crate v3.5.0
[INFO] [stderr]    Compiling thiserror-impl v1.0.69
[INFO] [stderr]    Compiling hybrid-array v0.4.15
[INFO] [stderr]    Compiling ahash v0.7.8
[INFO] [stderr]    Compiling feature-probe v0.1.1
[INFO] [stderr]    Compiling bv v0.11.1
[INFO] [stderr]    Compiling hmac v0.8.1
[INFO] [stderr]    Compiling ark-serialize-derive v0.4.2
[INFO] [stderr]    Compiling ark-ff-macros v0.4.2
[INFO] [stderr]    Compiling derivative v2.2.0
[INFO] [stderr]    Compiling ark-serialize v0.4.2
[INFO] [stderr]    Compiling ark-ff-asm v0.4.2
[INFO] [stderr]    Compiling proc-macro-crate v0.1.5
[INFO] [stderr]    Compiling libsecp256k1-gen-genmult v0.2.1
[INFO] [stderr]    Compiling thiserror v1.0.69
[INFO] [stderr]    Compiling libsecp256k1-gen-ecmult v0.2.1
[INFO] [stderr]    Compiling block-buffer v0.9.0
[INFO] [stderr]    Compiling rand_chacha v0.2.2
[INFO] [stderr]    Compiling solana-frozen-abi-macro v1.18.26
[INFO] [stderr]    Compiling bitmaps v2.1.0
[INFO] [stderr]    Compiling im v15.1.0
[INFO] [stderr]    Compiling opaque-debug v0.3.1
[INFO] [stderr]    Compiling cmov v0.5.4
[INFO] [stderr]    Compiling borsh v1.8.1
[INFO] [stderr]    Compiling sha2 v0.9.9
[INFO] [stderr]    Compiling blake3 v1.8.7
[INFO] [stderr]    Compiling rand v0.7.3
[INFO] [stderr]    Compiling libsecp256k1 v0.6.0
[INFO] [stderr]    Compiling rayon v1.12.0
[INFO] [stderr]    Compiling block-buffer v0.12.1
[INFO] [stderr]    Compiling ctutils v0.4.3
[INFO] [stderr]    Compiling crypto-common v0.2.2
[INFO] [stderr]    Compiling borsh-derive-internal v0.9.3
[INFO] [stderr]    Compiling borsh-derive-internal v0.10.4
[INFO] [stderr]    Compiling borsh-schema-derive-internal v0.9.3
[INFO] [stderr]    Compiling sized-chunks v0.6.5
[INFO] [stderr]    Compiling ark-ff v0.4.2
[INFO] [stderr]    Compiling borsh-schema-derive-internal v0.10.4
[INFO] [stderr]    Compiling solana-frozen-abi v1.18.26
[INFO] [stderr]    Compiling rand_xoshiro v0.6.0
[INFO] [stderr]    Compiling memoffset v0.9.1
[INFO] [stderr]    Compiling bs58 v0.4.0
[INFO] [stderr]    Compiling tinyvec v1.13.3
[INFO] [stderr]    Compiling borsh-derive v0.10.4
[INFO] [stderr]    Compiling borsh-derive v0.9.3
[INFO] [stderr]    Compiling wasm-bindgen v0.2.129
[INFO] [stderr]    Compiling hashbrown v0.11.2
[INFO] [stderr]    Compiling unicode-normalization v0.1.25
[INFO] [stderr]    Compiling digest v0.11.3
[INFO] [stderr]    Compiling solana-program v1.18.26
[INFO] [stderr]    Compiling hmac-drbg v0.3.0
[INFO] [stderr]    Compiling borsh-derive v1.8.1
[INFO] [stderr]    Compiling sha2 v0.10.9
[INFO] [stderr]    Compiling pbkdf2 v0.4.0
[INFO] [stderr]    Compiling serde_bytes v0.11.19
[INFO] [stderr]    Compiling bytemuck_derive v1.12.1
[INFO] [stderr]    Compiling memmap2 v0.5.10
[INFO] [stderr]    Compiling memchr v2.8.3
[INFO] [stderr]    Compiling arrayvec v0.7.8
[INFO] [stderr]    Compiling rustc-hash v1.1.0
[INFO] [stderr]    Compiling keccak v0.1.6
[INFO] [stderr]    Compiling cpufeatures v0.3.1
[INFO] [stderr]    Compiling byteorder v1.5.0
[INFO] [stderr]    Compiling base64 v0.12.3
[INFO] [stderr]    Compiling arrayref v0.3.9
[INFO] [stderr]    Compiling constant_time_eq v0.4.2
[INFO] [stderr]    Compiling bytemuck v1.25.2
[INFO] [stderr]    Compiling serde_json v1.0.151
[INFO] [stderr]    Compiling curve25519-dalek v3.2.1
[INFO] [stderr]    Compiling sha3 v0.10.9
[INFO] [stderr]    Compiling tiny-bip39 v0.8.2
[INFO] [stderr]    Compiling borsh v0.9.3
[INFO] [stderr]    Compiling solana-sdk-macro v1.18.26
[INFO] [stderr]    Compiling borsh v0.10.4
[INFO] [stderr]    Compiling num_enum_derive v0.7.6
[INFO] [stderr]    Compiling num-derive v0.4.2
[INFO] [stderr]    Compiling bincode v1.3.3
[INFO] [stderr]    Compiling ark-poly v0.4.2
[INFO] [stderr]    Compiling bitflags v2.13.2
[INFO] [stderr]    Compiling num_enum v0.7.6
[INFO] [stderr]    Compiling ark-ec v0.4.2
[INFO] [stderr]    Compiling ark-bn254 v0.4.0
[INFO] [stderr]    Compiling light-poseidon v0.2.0
[INFO] [stderr]    Compiling spl-token v4.0.3
[INFO] [stderr]    Compiling solana_asset_splitter v1.0.0 (/opt/rustwide/workdir)
[INFO] [stdout] warning: unexpected `cfg` condition value: `custom-heap`
[INFO] [stdout]   --> src/entrypoint.rs:12:1
[INFO] [stdout]    |
[INFO] [stdout] 12 | entrypoint!(process_instruction);
[INFO] [stdout]    | ^^^^^^^^^^^^^^^^^^^^^^^^^^^^^^^^
[INFO] [stdout]    |
[INFO] [stdout]    = note: expected values for `feature` are: `no-entrypoint` and `test-sbf`
[INFO] [stdout]    = note: using a cfg inside a macro will use the cfgs from the destination crate and not the ones from the defining crate
[INFO] [stdout]    = help: try referring to `$crate::custom_heap_default` crate for guidance on how handle this unexpected cfg
[INFO] [stdout]    = note: see <https://doc.rust-lang.org/nightly/rustc/check-cfg/cargo-specifics.html> for more information about checking conditional configuration
[INFO] [stdout]    = note: `#[warn(unexpected_cfgs)]` on by default
[INFO] [stdout]    = note: this warning originates in the macro `$crate::custom_heap_default` which comes from the expansion of the macro `entrypoint` (in Nightly builds, run with -Z macro-backtrace for more info)
[INFO] [stdout] 
[INFO] [stdout] 
[INFO] [stdout] warning: unexpected `cfg` condition value: `solana`
[INFO] [stdout]   --> src/entrypoint.rs:12:1
[INFO] [stdout]    |
[INFO] [stdout] 12 | entrypoint!(process_instruction);
[INFO] [stdout]    | ^^^^^^^^^^^^^^^^^^^^^^^^^^^^^^^^
[INFO] [stdout]    |
[INFO] [stdout]    = note: expected values for `target_os` are: `aix`, `amdhsa`, `android`, `cuda`, `cygwin`, `dragonfly`, `emscripten`, `espidf`, `freebsd`, `fuchsia`, `haiku`, `helenos`, `hermit`, `horizon`, `hurd`, `illumos`, `ios`, `l4re`, `linux`, `lynxos178`, `macos`, `managarm`, `motor`, `netbsd`, `none`, `nto`, `nuttx`, `openbsd`, `psp`, `psx`, `qnx`, `qurt`, `redox`, `rtems`, and `solaris` and 15 more
[INFO] [stdout]    = note: using a cfg inside a macro will use the cfgs from the destination crate and not the ones from the defining crate
[INFO] [stdout]    = help: try referring to `$crate::custom_heap_default` crate for guidance on how handle this unexpected cfg
[INFO] [stdout]    = note: see <https://doc.rust-lang.org/nightly/rustc/check-cfg/cargo-specifics.html> for more information about checking conditional configuration
[INFO] [stdout]    = note: this warning originates in the macro `$crate::custom_heap_default` which comes from the expansion of the macro `entrypoint` (in Nightly builds, run with -Z macro-backtrace for more info)
[INFO] [stdout] 
[INFO] [stdout] 
[INFO] [stdout] warning: unexpected `cfg` condition value: `custom-panic`
[INFO] [stdout]   --> src/entrypoint.rs:12:1
[INFO] [stdout]    |
[INFO] [stdout] 12 | entrypoint!(process_instruction);
[INFO] [stdout]    | ^^^^^^^^^^^^^^^^^^^^^^^^^^^^^^^^
[INFO] [stdout]    |
[INFO] [stdout]    = note: expected values for `feature` are: `no-entrypoint` and `test-sbf`
[INFO] [stdout]    = note: using a cfg inside a macro will use the cfgs from the destination crate and not the ones from the defining crate
[INFO] [stdout]    = help: try referring to `$crate::custom_panic_default` crate for guidance on how handle this unexpected cfg
[INFO] [stdout]    = note: see <https://doc.rust-lang.org/nightly/rustc/check-cfg/cargo-specifics.html> for more information about checking conditional configuration
[INFO] [stdout]    = note: this warning originates in the macro `$crate::custom_panic_default` which comes from the expansion of the macro `entrypoint` (in Nightly builds, run with -Z macro-backtrace for more info)
[INFO] [stdout] 
[INFO] [stdout] 
[INFO] [stdout] warning: unexpected `cfg` condition value: `solana`
[INFO] [stdout]   --> src/entrypoint.rs:12:1
[INFO] [stdout]    |
[INFO] [stdout] 12 | entrypoint!(process_instruction);
[INFO] [stdout]    | ^^^^^^^^^^^^^^^^^^^^^^^^^^^^^^^^
[INFO] [stdout]    |
[INFO] [stdout]    = note: expected values for `target_os` are: `aix`, `amdhsa`, `android`, `cuda`, `cygwin`, `dragonfly`, `emscripten`, `espidf`, `freebsd`, `fuchsia`, `haiku`, `helenos`, `hermit`, `horizon`, `hurd`, `illumos`, `ios`, `l4re`, `linux`, `lynxos178`, `macos`, `managarm`, `motor`, `netbsd`, `none`, `nto`, `nuttx`, `openbsd`, `psp`, `psx`, `qnx`, `qurt`, `redox`, `rtems`, and `solaris` and 15 more
[INFO] [stdout]    = note: using a cfg inside a macro will use the cfgs from the destination crate and not the ones from the defining crate
[INFO] [stdout]    = help: try referring to `$crate::custom_panic_default` crate for guidance on how handle this unexpected cfg
[INFO] [stdout]    = note: see <https://doc.rust-lang.org/nightly/rustc/check-cfg/cargo-specifics.html> for more information about checking conditional configuration
[INFO] [stdout]    = note: this warning originates in the macro `$crate::custom_panic_default` which comes from the expansion of the macro `entrypoint` (in Nightly builds, run with -Z macro-backtrace for more info)
[INFO] [stdout] 
[INFO] [stdout] 
[INFO] [stdout] warning: unreachable pattern
[INFO] [stdout]   --> src/instruction.rs:90:13
[INFO] [stdout]    |
[INFO] [stdout] 83 |             ix_splitlamports => {
[INFO] [stdout]    |             ---------------- matches any value
[INFO] [stdout] ...
[INFO] [stdout] 90 |             ix_splitspltokensfromsinglemint => {
[INFO] [stdout]    |             ^^^^^^^^^^^^^^^^^^^^^^^^^^^^^^^ no value can reach this
[INFO] [stdout]    |
[INFO] [stdout]    = note: `#[warn(unreachable_patterns)]` (part of `#[warn(unused)]`) on by default
[INFO] [stdout] 
[INFO] [stdout] 
[INFO] [stdout] warning: unreachable pattern
[INFO] [stdout]   --> src/instruction.rs:97:13
[INFO] [stdout]    |
[INFO] [stdout] 83 |             ix_splitlamports => {
[INFO] [stdout]    |             ---------------- matches any value
[INFO] [stdout] ...
[INFO] [stdout] 97 |             ix_splitspltokensfrommultiplemints => {
[INFO] [stdout]    |             ^^^^^^^^^^^^^^^^^^^^^^^^^^^^^^^^^^ no value can reach this
[INFO] [stdout] 
[INFO] [stdout] 
[INFO] [stdout] warning: unreachable pattern
[INFO] [stdout]    --> src/instruction.rs:107:13
[INFO] [stdout]     |
[INFO] [stdout]  83 |             ix_splitlamports => {
[INFO] [stdout]     |             ---------------- matches any value
[INFO] [stdout] ...
[INFO] [stdout] 107 |             _ => return Err(
[INFO] [stdout]     |             ^ no value can reach this
[INFO] [stdout] 
[INFO] [stdout] 
[INFO] [stdout] warning: unused variable: `ix_splitlamports`
[INFO] [stdout]   --> src/instruction.rs:72:13
[INFO] [stdout]    |
[INFO] [stdout] 72 |             ix_splitlamports,
[INFO] [stdout]    |             ^^^^^^^^^^^^^^^^ help: if this is intentional, prefix it with an underscore: `_ix_splitlamports`
[INFO] [stdout]    |
[INFO] [stdout]    = note: `#[warn(unused_variables)]` (part of `#[warn(unused)]`) on by default
[INFO] [stdout] 
[INFO] [stdout] 
[INFO] [stdout] warning: unused variable: `ix_splitspltokensfromsinglemint`
[INFO] [stdout]   --> src/instruction.rs:73:13
[INFO] [stdout]    |
[INFO] [stdout] 73 |             ix_splitspltokensfromsinglemint,
[INFO] [stdout]    |             ^^^^^^^^^^^^^^^^^^^^^^^^^^^^^^^ help: if this is intentional, prefix it with an underscore: `_ix_splitspltokensfromsinglemint`
[INFO] [stdout] 
[INFO] [stdout] 
[INFO] [stdout] warning: unused variable: `ix_splitspltokensfrommultiplemints`
[INFO] [stdout]   --> src/instruction.rs:74:13
[INFO] [stdout]    |
[INFO] [stdout] 74 |             ix_splitspltokensfrommultiplemints 
[INFO] [stdout]    |             ^^^^^^^^^^^^^^^^^^^^^^^^^^^^^^^^^^ help: if this is intentional, prefix it with an underscore: `_ix_splitspltokensfrommultiplemints`
[INFO] [stdout] 
[INFO] [stdout] 
[INFO] [stdout] warning: unused variable: `ix_splitlamports`
[INFO] [stdout]   --> src/instruction.rs:83:13
[INFO] [stdout]    |
[INFO] [stdout] 83 |             ix_splitlamports => {
[INFO] [stdout]    |             ^^^^^^^^^^^^^^^^ help: if this is intentional, prefix it with an underscore: `_ix_splitlamports`
[INFO] [stdout] 
[INFO] [stdout] 
[INFO] [stdout] warning: unused variable: `ix_splitspltokensfromsinglemint`
[INFO] [stdout]   --> src/instruction.rs:90:13
[INFO] [stdout]    |
[INFO] [stdout] 90 |             ix_splitspltokensfromsinglemint => {
[INFO] [stdout]    |             ^^^^^^^^^^^^^^^^^^^^^^^^^^^^^^^ help: if this is intentional, prefix it with an underscore: `_ix_splitspltokensfromsinglemint`
[INFO] [stdout] 
[INFO] [stdout] 
[INFO] [stdout] warning: unused variable: `ix_splitspltokensfrommultiplemints`
[INFO] [stdout]   --> src/instruction.rs:97:13
[INFO] [stdout]    |
[INFO] [stdout] 97 |             ix_splitspltokensfrommultiplemints => {
[INFO] [stdout]    |             ^^^^^^^^^^^^^^^^^^^^^^^^^^^^^^^^^^ help: if this is intentional, prefix it with an underscore: `_ix_splitspltokensfrommultiplemints`
[INFO] [stdout] 
[INFO] [stdout] 
[INFO] [stdout] warning: unreachable pattern
[INFO] [stdout]    --> src/instruction.rs:330:13
[INFO] [stdout]     |
[INFO] [stdout] 325 |             split_lamport_dis => {
[INFO] [stdout]     |             ----------------- matches any value
[INFO] [stdout] ...
[INFO] [stdout] 330 |             split_spl_tokens_single_dis => {
[INFO] [stdout]     |             ^^^^^^^^^^^^^^^^^^^^^^^^^^^ no value can reach this
[INFO] [stdout] 
[INFO] [stdout] 
[INFO] [stdout] warning: unreachable pattern
[INFO] [stdout]    --> src/instruction.rs:335:13
[INFO] [stdout]     |
[INFO] [stdout] 325 |             split_lamport_dis => {
[INFO] [stdout]     |             ----------------- matches any value
[INFO] [stdout] ...
[INFO] [stdout] 335 |             split_spl_tokens_multiple_dis => {
[INFO] [stdout]     |             ^^^^^^^^^^^^^^^^^^^^^^^^^^^^^ no value can reach this
[INFO] [stdout] 
[INFO] [stdout] 
[INFO] [stdout] warning: unreachable pattern
[INFO] [stdout]    --> src/instruction.rs:340:13
[INFO] [stdout]     |
[INFO] [stdout] 325 |             split_lamport_dis => {
[INFO] [stdout]     |             ----------------- matches any value
[INFO] [stdout] ...
[INFO] [stdout] 340 |             _ => return Err(
[INFO] [stdout]     |             ^ no value can reach this
[INFO] [stdout] 
[INFO] [stdout] 
[INFO] [stdout] warning: unused variable: `split_lamport_dis`
[INFO] [stdout]    --> src/instruction.rs:314:13
[INFO] [stdout]     |
[INFO] [stdout] 314 |             split_lamport_dis,
[INFO] [stdout]     |             ^^^^^^^^^^^^^^^^^ help: if this is intentional, prefix it with an underscore: `_split_lamport_dis`
[INFO] [stdout] 
[INFO] [stdout] 
[INFO] [stdout] warning: unused variable: `split_spl_tokens_single_dis`
[INFO] [stdout]    --> src/instruction.rs:315:13
[INFO] [stdout]     |
[INFO] [stdout] 315 |             split_spl_tokens_single_dis,
[INFO] [stdout]     |             ^^^^^^^^^^^^^^^^^^^^^^^^^^^ help: if this is intentional, prefix it with an underscore: `_split_spl_tokens_single_dis`
[INFO] [stdout] 
[INFO] [stdout] 
[INFO] [stdout] warning: unused variable: `split_spl_tokens_multiple_dis`
[INFO] [stdout]    --> src/instruction.rs:316:13
[INFO] [stdout]     |
[INFO] [stdout] 316 |             split_spl_tokens_multiple_dis
[INFO] [stdout]     |             ^^^^^^^^^^^^^^^^^^^^^^^^^^^^^ help: if this is intentional, prefix it with an underscore: `_split_spl_tokens_multiple_dis`
[INFO] [stdout] 
[INFO] [stdout] 
[INFO] [stdout] warning: unused variable: `split_lamport_dis`
[INFO] [stdout]    --> src/instruction.rs:325:13
[INFO] [stdout]     |
[INFO] [stdout] 325 |             split_lamport_dis => {
[INFO] [stdout]     |             ^^^^^^^^^^^^^^^^^ help: if this is intentional, prefix it with an underscore: `_split_lamport_dis`
[INFO] [stdout] 
[INFO] [stdout] 
[INFO] [stdout] warning: unused variable: `split_spl_tokens_single_dis`
[INFO] [stdout]    --> src/instruction.rs:330:13
[INFO] [stdout]     |
[INFO] [stdout] 330 |             split_spl_tokens_single_dis => {
[INFO] [stdout]     |             ^^^^^^^^^^^^^^^^^^^^^^^^^^^ help: if this is intentional, prefix it with an underscore: `_split_spl_tokens_single_dis`
[INFO] [stdout] 
[INFO] [stdout] 
[INFO] [stdout] warning: unused variable: `split_spl_tokens_multiple_dis`
[INFO] [stdout]    --> src/instruction.rs:335:13
[INFO] [stdout]     |
[INFO] [stdout] 335 |             split_spl_tokens_multiple_dis => {
[INFO] [stdout]     |             ^^^^^^^^^^^^^^^^^^^^^^^^^^^^^ help: if this is intentional, prefix it with an underscore: `_split_spl_tokens_multiple_dis`
[INFO] [stdout] 
[INFO] [stdout] 
[INFO] [stdout] warning: variable does not need to be mutable
[INFO] [stdout]    --> src/processor.rs:119:13
[INFO] [stdout]     |
[INFO] [stdout] 119 |         let mut count = 0usize;
[INFO] [stdout]     |             ----^^^^^
[INFO] [stdout]     |             |
[INFO] [stdout]     |             help: remove this `mut`
[INFO] [stdout]     |
[INFO] [stdout]     = note: `#[warn(unused_mut)]` (part of `#[warn(unused)]`) on by default
[INFO] [stdout] 
[INFO] [stdout] 
[INFO] [stdout] warning: unused variable: `program_id`
[INFO] [stdout]    --> src/processor.rs:162:9
[INFO] [stdout]     |
[INFO] [stdout] 162 |         program_id: &Pubkey,
[INFO] [stdout]     |         ^^^^^^^^^^ help: if this is intentional, prefix it with an underscore: `_program_id`
[INFO] [stdout] 
[INFO] [stdout] 
[INFO] [stdout] warning: unused variable: `error`
[INFO] [stdout]   --> src/entrypoint.rs:19:16
[INFO] [stdout]    |
[INFO] [stdout] 19 |     if let Err(error) = Processor::process(program_id, accounts, instruction_data) {
[INFO] [stdout]    |                ^^^^^ help: if this is intentional, prefix it with an underscore: `_error`
[INFO] [stdout] 
[INFO] [stdout] 
[INFO] [stderr]     Finished `dev` profile [unoptimized + debuginfo] target(s) in 2m 04s
[INFO] running `Command { std: "docker" "inspect" "c6a72238354e6df01c44a104fecd6992126f42248da4127c7f8192925e473615", kill_on_drop: false }`
[INFO] running `Command { std: "docker" "exec" "-e" "SOURCE_DIR=/opt/rustwide/workdir" "-e" "CARGO_HOME=/opt/rustwide/cargo-home" "-e" "RUSTUP_HOME=/opt/rustwide/rustup-home" "-e" "CARGO_TARGET_DIR=/opt/rustwide/target" "-e" "CARGO_INCREMENTAL=0" "-e" "RUST_BACKTRACE=full" "-e" "RUSTFLAGS=--cap-lints=warn" "-e" "RUSTDOCFLAGS=--cap-lints=warn" "-w" "/opt/rustwide/workdir" "--user" "0:0" "c6a72238354e6df01c44a104fecd6992126f42248da4127c7f8192925e473615" "/opt/rustwide/cargo-home/bin/cargo" "+1.99.0-beta.8" "test" "--frozen" "--no-run" "--message-format=json", kill_on_drop: false }`
[INFO] [stderr]    Compiling semver v1.0.28
[INFO] [stderr]    Compiling memchr v2.8.3
[INFO] [stderr]    Compiling crypto-common v0.1.6
[INFO] [stderr]    Compiling generic-array v0.14.9
[INFO] [stderr]    Compiling rand v0.8.8
[INFO] [stderr]    Compiling getrandom v0.3.4
[INFO] [stderr]    Compiling ahash v0.8.12
[INFO] [stderr]    Compiling byteorder v1.5.0
[INFO] [stderr]    Compiling digest v0.10.7
[INFO] [stderr]    Compiling block-padding v0.2.1
[INFO] [stderr]    Compiling rustc_version v0.4.1
[INFO] [stderr]    Compiling block-buffer v0.9.0
[INFO] [stderr]    Compiling ark-ff-macros v0.4.2
[INFO] [stderr]    Compiling bitflags v2.13.2
[INFO] [stderr]    Compiling hashbrown v0.13.2
[INFO] [stderr]    Compiling toml_edit v0.25.15+spec-1.1.0
[INFO] [stderr]    Compiling ark-std v0.4.0
[INFO] [stderr]    Compiling sha2 v0.9.9
[INFO] [stderr]    Compiling sha2 v0.10.9
[INFO] [stderr]    Compiling curve25519-dalek v3.2.1
[INFO] [stderr]    Compiling ark-serialize v0.4.2
[INFO] [stderr]    Compiling digest v0.9.0
[INFO] [stderr]    Compiling borsh v0.10.4
[INFO] [stderr]    Compiling libsecp256k1-core v0.2.2
[INFO] [stderr]    Compiling sha3 v0.10.9
[INFO] [stderr]    Compiling serde_json v1.0.151
[INFO] [stderr]    Compiling proc-macro-crate v3.5.0
[INFO] [stderr]    Compiling solana-program v2.0.25
[INFO] [stderr]    Compiling bs58 v0.5.1
[INFO] [stderr]    Compiling ark-ff v0.4.2
[INFO] [stderr]    Compiling libsecp256k1-gen-genmult v0.2.1
[INFO] [stderr]    Compiling libsecp256k1-gen-ecmult v0.2.1
[INFO] [stderr]    Compiling solana-sdk-macro v2.0.25
[INFO] [stderr]    Compiling borsh-derive v1.8.1
[INFO] [stderr]    Compiling base64 v0.22.1
[INFO] [stderr]    Compiling libsecp256k1 v0.6.0
[INFO] [stderr]    Compiling strsim v0.11.1
[INFO] [stderr]    Compiling darling_core v0.20.11
[INFO] [stderr]    Compiling num_enum_derive v0.7.6
[INFO] [stderr]    Compiling signature v1.6.4
[INFO] [stderr]    Compiling scopeguard v1.2.0
[INFO] [stderr]    Compiling ed25519 v1.5.3
[INFO] [stderr]    Compiling iana-time-zone v0.1.65
[INFO] [stderr]    Compiling ed25519-dalek v1.0.1
[INFO] [stderr]    Compiling chrono v0.4.45
[INFO] [stderr]    Compiling solana-sdk v2.0.25
[INFO] [stderr]    Compiling hmac v0.12.1
[INFO] [stderr]    Compiling derivation-path v0.2.0
[INFO] [stderr]    Compiling parking_lot_core v0.9.12
[INFO] [stderr]    Compiling ed25519-dalek-bip32 v0.2.0
[INFO] [stderr]    Compiling lock_api v0.4.14
[INFO] [stderr]    Compiling num_enum v0.7.6
[INFO] [stderr]    Compiling qstring v0.7.2
[INFO] [stderr]    Compiling pbkdf2 v0.11.0
[INFO] [stderr]    Compiling uriparse v0.6.4
[INFO] [stderr]    Compiling itertools v0.12.1
[INFO] [stderr]    Compiling siphasher v0.3.11
[INFO] [stderr]    Compiling borsh v1.8.1
[INFO] [stderr]    Compiling parking_lot v0.12.5
[INFO] [stderr]    Compiling displaydoc v0.2.7
[INFO] [stderr]    Compiling errno v0.3.14
[INFO] [stderr]    Compiling darling_macro v0.20.11
[INFO] [stderr]    Compiling signal-hook-registry v1.4.8
[INFO] [stderr]    Compiling tokio-macros v2.7.2
[INFO] [stderr]    Compiling mio v1.2.4
[INFO] [stderr]    Compiling socket2 v0.6.5
[INFO] [stderr]    Compiling ring v0.17.14
[INFO] [stderr]    Compiling darling v0.20.11
[INFO] [stderr]    Compiling serde_with_macros v2.3.3
[INFO] [stderr]    Compiling futures-util v0.3.34
[INFO] [stderr]    Compiling tokio v1.53.2
[INFO] [stderr]    Compiling tinystr v0.8.4
[INFO] [stderr]    Compiling tracing-attributes v0.1.31
[INFO] [stderr]    Compiling serde_with v2.3.3
[INFO] [stderr]    Compiling untrusted v0.9.0
[INFO] [stderr]    Compiling icu_locale_core v2.3.0
[INFO] [stderr]    Compiling ark-poly v0.4.2
[INFO] [stderr]    Compiling zerotrie v0.2.5
[INFO] [stderr]    Compiling icu_collections v2.3.0
[INFO] [stderr]    Compiling tracing v0.1.44
[INFO] [stderr]    Compiling icu_provider v2.3.1
[INFO] [stderr]    Compiling ark-ec v0.4.2
[INFO] [stderr]    Compiling rustls v0.21.12
[INFO] [stderr]    Compiling form_urlencoded v1.2.2
[INFO] [stderr]    Compiling socket2 v0.5.10
[INFO] [stderr]    Compiling icu_properties v2.3.0
[INFO] [stderr]    Compiling icu_normalizer v2.3.0
[INFO] [stderr]    Compiling alloc-no-stdlib v3.0.0
[INFO] [stderr]    Compiling crc32fast v1.5.2
[INFO] [stderr]    Compiling alloc-stdlib v0.3.0
[INFO] [stderr]    Compiling crossbeam-channel v0.5.17
[INFO] [stderr]    Compiling simd-adler32 v0.3.10
[INFO] [stderr]    Compiling brotli-decompressor v6.0.1
[INFO] [stderr]    Compiling miniz_oxide v0.9.1
[INFO] [stderr]    Compiling rustls-pemfile v1.0.4
[INFO] [stderr]    Compiling idna_adapter v1.2.2
[INFO] [stderr]    Compiling unicase v2.10.0
[INFO] [stderr]    Compiling idna v1.1.0
[INFO] [stderr]    Compiling mime_guess v2.0.5
[INFO] [stderr]    Compiling encoding_rs v0.8.42
[INFO] [stderr]    Compiling ark-bn254 v0.4.0
[INFO] [stderr]    Compiling compression-core v0.4.33
[INFO] [stderr]    Compiling url v2.5.8
[INFO] [stderr]    Compiling flate2 v1.1.10
[INFO] [stderr]    Compiling num-bigint v0.2.6
[INFO] [stderr]    Compiling webpki-roots v0.25.4
[INFO] [stderr]    Compiling brotli v9.0.0
[INFO] [stderr]    Compiling core_detect v1.0.0
[INFO] [stderr]    Compiling rustls-webpki v0.101.7
[INFO] [stderr]    Compiling sct v0.7.1
[INFO] [stderr]    Compiling tokio-util v0.7.19
[INFO] [stderr]    Compiling h2 v0.3.27
[INFO] [stderr]    Compiling multiversion_no_op v1.0.0
[INFO] [stderr]    Compiling simdutf8 v0.1.5
[INFO] [stderr]    Compiling mime v0.3.17
[INFO] [stderr]    Compiling serde_urlencoded v0.7.1
[INFO] [stderr]    Compiling num-complex v0.2.4
[INFO] [stderr]    Compiling num-rational v0.2.4
[INFO] [stderr]    Compiling sync_wrapper v0.1.2
[INFO] [stderr]    Compiling ipnet v2.12.2
[INFO] [stderr]    Compiling scroll_derive v0.11.1
[INFO] [stderr]    Compiling void v1.0.2
[INFO] [stderr]    Compiling unreachable v1.0.0
[INFO] [stderr]    Compiling scroll v0.11.0
[INFO] [stderr]    Compiling solana-compute-budget v2.0.25
[INFO] [stderr]    Compiling solana-vote v2.0.25
[INFO] [stderr]    Compiling num-iter v0.1.46
[INFO] [stderr]    Compiling gethostname v0.2.3
[INFO] [stderr]    Compiling plain v0.2.3
[INFO] [stderr]    Compiling ascii v0.9.3
[INFO] [stderr]    Compiling num v0.2.1
[INFO] [stderr]    Compiling goblin v0.5.4
[INFO] [stderr]    Compiling solana-program-runtime v2.0.25
[INFO] [stderr]    Compiling hash32 v0.2.1
[INFO] [stderr]    Compiling tokio-rustls v0.24.1
[INFO] [stderr]    Compiling enum-iterator-derive v1.5.0
[INFO] [stderr]    Compiling compression-codecs v0.4.45
[INFO] [stderr]    Compiling combine v3.8.1
[INFO] [stderr]    Compiling async-compression v0.4.50
[INFO] [stderr]    Compiling rustc-demangle v0.1.28
[INFO] [stderr]    Compiling enum-iterator v1.5.0
[INFO] [stderr]    Compiling percentage v0.1.0
[INFO] [stderr]    Compiling solana-type-overrides v2.0.25
[INFO] [stderr]    Compiling eager v0.1.0
[INFO] [stderr]    Compiling inout v0.1.4
[INFO] [stderr]    Compiling cipher v0.4.4
[INFO] [stderr]    Compiling block-buffer v0.10.4
[INFO] [stderr]    Compiling universal-hash v0.5.1
[INFO] [stderr]    Compiling polyval v0.6.2
[INFO] [stderr]    Compiling hyper v0.14.32
[INFO] [stderr]    Compiling ctr v0.9.2
[INFO] [stderr]    Compiling aes v0.8.4
[INFO] [stderr]    Compiling aead v0.5.2
[INFO] [stderr]    Compiling sha3 v0.9.1
[INFO] [stderr]    Compiling merlin v3.0.0
[INFO] [stderr]    Compiling aho-corasick v1.1.5
[INFO] [stderr]    Compiling regex-syntax v0.8.11
[INFO] [stderr]    Compiling aes-gcm-siv v0.11.1
[INFO] [stderr]    Compiling pkg-config v0.3.34
[INFO] [stderr]    Compiling spl-program-error-derive v0.4.1
[INFO] [stderr]    Compiling spl-discriminator-syn v0.2.1
[INFO] [stderr]    Compiling rustix v1.1.5
[INFO] [stderr]    Compiling spl-discriminator-derive v0.2.0
[INFO] [stderr]    Compiling linux-raw-sys v0.12.1
[INFO] [stderr]    Compiling getrandom v0.4.3
[INFO] [stderr]    Compiling solana_rbpf v0.8.4
[INFO] [stderr]    Compiling zstd-sys v2.1.0+zstd.1.5.7
[INFO] [stderr]    Compiling futures-executor v0.3.34
[INFO] [stderr]    Compiling solana-vote-program v2.0.25
[INFO] [stderr]    Compiling fastrand v2.5.0
[INFO] [stderr]    Compiling zstd-safe v5.0.2+zstd.1.5.2
[INFO] [stderr]    Compiling solana-version v2.0.25
[INFO] [stderr]    Compiling solana-security-txt v1.1.3
[INFO] [stderr]    Compiling hyper-rustls v0.24.2
[INFO] [stderr]    Compiling futures v0.3.34
[INFO] [stderr]    Compiling regex-automata v0.4.18
[INFO] [stderr]    Compiling reqwest v0.11.27
[INFO] [stderr]    Compiling solana-curve25519 v2.0.25
[INFO] [stderr]    Compiling spl-program-error v0.5.0
[INFO] [stderr]    Compiling spl-discriminator v0.3.0
[INFO] [stderr]    Compiling spl-token v6.0.0
[INFO] [stderr]    Compiling spl-memo v5.0.0
[INFO] [stderr]    Compiling assert_matches v1.5.0
[INFO] [stderr]    Compiling cfg_aliases v0.1.1
[INFO] [stderr]    Compiling nix v0.28.0
[INFO] [stderr]    Compiling atty v0.2.14
[INFO] [stderr]    Compiling unicode-xid v0.2.6
[INFO] [stderr]    Compiling regex v1.13.1
[INFO] [stderr]    Compiling nom v7.1.3
[INFO] [stderr]    Compiling Inflector v0.11.4
[INFO] [stderr]    Compiling time-macros v0.2.32
[INFO] [stderr]    Compiling task-local-extensions v0.1.4
[INFO] [stderr]    Compiling console v0.15.11
[INFO] [stderr]    Compiling synstructure v0.12.6
[INFO] [stderr]    Compiling light-poseidon v0.2.0
[INFO] [stderr]    Compiling num_cpus v1.17.0
[INFO] [stderr]    Compiling data-encoding v2.11.1
[INFO] [stderr]    Compiling humantime v2.4.0
[INFO] [stderr]    Compiling rustix v0.38.44
[INFO] [stderr]    Compiling time v0.3.55
[INFO] [stderr]    Compiling solana-measure v2.0.25
[INFO] [stderr]    Compiling solana-metrics v2.0.25
[INFO] [stderr]    Compiling solana-zk-token-sdk v2.0.25
[INFO] [stderr]    Compiling solana-inline-spl v2.0.25
[INFO] [stderr]    Compiling asn1-rs-derive v0.4.0
[INFO] [stderr]    Compiling solana-rayon-threadlimit v2.0.25
[INFO] [stderr]    Compiling rusticata-macros v4.1.0
[INFO] [stderr]    Compiling tempfile v3.27.0
[INFO] [stderr]    Compiling solana-config-program v2.0.25
[INFO] [stderr]    Compiling reqwest-middleware v0.2.5
[INFO] [stderr]    Compiling jsonrpc-core v18.0.0
[INFO] [stderr]    Compiling prost-derive v0.11.9
[INFO] [stderr]    Compiling solana-perf v2.0.25
[INFO] [stderr]    Compiling ring v0.16.20
[INFO] [stderr]    Compiling dlopen2_derive v0.3.0
[INFO] [stderr]    Compiling asn1-rs-impl v0.1.0
[INFO] [stderr]    Compiling portable-atomic v1.15.0
[INFO] [stderr]    Compiling bytes v1.12.1
[INFO] [stderr]    Compiling heck v0.4.1
[INFO] [stderr]    Compiling linux-raw-sys v0.4.15
[INFO] [stderr]    Compiling prettyplease v0.1.25
[INFO] [stderr]    Compiling asn1-rs v0.5.2
[INFO] [stderr]    Compiling dlopen2 v0.5.0
[INFO] [stderr]    Compiling prost v0.11.9
[INFO] [stderr]    Compiling spl-pod v0.3.1
[INFO] [stderr]    Compiling caps v0.5.6
[INFO] [stderr]    Compiling spl-type-length-value v0.5.0
[INFO] [stderr]    Compiling spl-token-group-interface v0.3.0
[INFO] [stderr]    Compiling spl-tlv-account-resolution v0.7.0
[INFO] [stderr]    Compiling spl-token-metadata-interface v0.4.0
[INFO] [stderr]    Compiling indexmap v1.9.3
[INFO] [stderr]    Compiling home v0.5.12
[INFO] [stderr]    Compiling fixedbitset v0.4.2
[INFO] [stderr]    Compiling oid-registry v0.6.1
[INFO] [stderr]    Compiling termcolor v1.4.1
[INFO] [stderr]    Compiling spl-transfer-hook-interface v0.7.0
[INFO] [stderr]    Compiling openssl-probe v0.1.6
[INFO] [stderr]    Compiling untrusted v0.7.1
[INFO] [stderr]    Compiling hashbrown v0.14.5
[INFO] [stderr]    Compiling spin v0.5.2
[INFO] [stderr]    Compiling rustls-native-certs v0.6.3
[INFO] [stderr]    Compiling petgraph v0.6.5
[INFO] [stderr]    Compiling which v4.4.2
[INFO] [stderr]    Compiling spl-token-2022 v4.0.0
[INFO] [stderr]    Compiling tiny-bip39 v0.8.2
[INFO] [stderr]    Compiling prost-types v0.11.9
[INFO] [stderr]    Compiling dashmap v5.5.3
[INFO] [stderr]    Compiling pin-project-internal v1.1.13
[INFO] [stderr]    Compiling event-listener v2.5.3
[INFO] [stderr]    Compiling os_str_bytes v6.6.1
[INFO] [stderr]    Compiling hashbrown v0.12.3
[INFO] [stderr]    Compiling number_prefix v0.4.0
[INFO] [stderr]    Compiling log v0.4.34
[INFO] [stderr]    Compiling multimap v0.8.3
[INFO] [stderr]    Compiling indicatif v0.17.11
[INFO] [stderr]    Compiling clap_lex v0.2.4
[INFO] [stderr]    Compiling prost-build v0.11.9
[INFO] [stderr]    Compiling quinn-proto v0.10.6
[INFO] [stderr]    Compiling pin-project v1.1.13
[INFO] [stderr]    Compiling env_logger v0.9.3
[INFO] [stderr]    Compiling zstd v0.11.2+zstd.1.5.2
[INFO] [stderr]    Compiling der-parser v8.2.0
[INFO] [stderr]    Compiling solana-connection-cache v2.0.25
[INFO] [stderr]    Compiling solana-poseidon v2.0.25
[INFO] [stderr]    Compiling bzip2-sys v0.1.13+1.0.8
[INFO] [stderr]    Compiling webpki-roots v0.24.0
[INFO] [stderr]    Compiling quinn-udp v0.4.1
[INFO] [stderr]    Compiling concurrent-queue v2.5.0
[INFO] [stderr]    Compiling sha1 v0.10.7
[INFO] [stderr]    Compiling lz4-sys v1.11.1+lz4-1.10.0
[INFO] [stderr]    Compiling proc-macro-error-attr v1.0.4
[INFO] [stderr]    Compiling shell-words v1.1.1
[INFO] [stderr]    Compiling textwrap v0.16.4
[INFO] [stderr]    Compiling utf-8 v0.7.6
[INFO] [stderr]    Compiling strsim v0.10.0
[INFO] [stderr]    Compiling tungstenite v0.20.1
[INFO] [stderr]    Compiling clap v3.2.25
[INFO] [stderr]    Compiling spl-associated-token-account v4.0.0
[INFO] [stderr]    Compiling solana-account-decoder v2.0.25
[INFO] [stderr]    Compiling dialoguer v0.10.4
[INFO] [stderr]    Compiling x509-parser v0.14.0
[INFO] [stderr]    Compiling textwrap v0.11.0
[INFO] [stderr]    Compiling solana-svm v2.0.25
[INFO] [stderr]    Compiling async-channel v1.9.0
[INFO] [stderr]    Compiling solana-bpf-loader-program v2.0.25
[INFO] [stderr]    Compiling solana-logger v2.0.25
[INFO] [stderr]    Compiling pem v1.1.1
[INFO] [stderr]    Compiling quinn v0.10.2
[INFO] [stderr]    Compiling solana-transaction-status v2.0.25
[INFO] [stderr]    Compiling solana-transaction-metrics-tracker v2.0.25
[INFO] [stderr]    Compiling solana-system-program v2.0.25
[INFO] [stderr]    Compiling solana-loader-v4-program v2.0.25
[INFO] [stderr]    Compiling solana-address-lookup-table-program v2.0.25
[INFO] [stderr]    Compiling solana-stake-program v2.0.25
[INFO] [stderr]    Compiling enum-ordinalize v3.1.15
[INFO] [stderr]    Compiling modular-bitfield-impl v0.11.2
[INFO] [stderr]    Compiling rtoolbox v0.0.6
[INFO] [stderr]    Compiling proc-macro-error v1.0.4
[INFO] [stderr]    Compiling ansi_term v0.12.1
[INFO] [stderr]    Compiling histogram v0.6.9
[INFO] [stderr]    Compiling strsim v0.8.0
[INFO] [stderr]    Compiling vec_map v0.8.2
[INFO] [stderr]    Compiling solana-streamer v2.0.25
[INFO] [stderr]    Compiling clap v2.34.0
[INFO] [stderr]    Compiling educe v0.4.23
[INFO] [stderr]    Compiling tracing-subscriber v0.3.23
[INFO] [stderr]    Compiling modular-bitfield v0.11.2
[INFO] [stderr]    Compiling solana-rpc-client-api v2.0.25
[INFO] [stderr]    Compiling rpassword v7.5.4
[INFO] [stderr]    Compiling solana-net-utils v2.0.25
[INFO] [stderr]    Compiling tokio-tungstenite v0.20.1
[INFO] [stderr]    Compiling solana-remote-wallet v2.0.25
[INFO] [stderr]    Compiling opentelemetry v0.17.0
[INFO] [stderr]    Compiling xattr v1.6.1
[INFO] [stderr]    Compiling tokio-stream v0.1.19
[INFO] [stderr]    Compiling solana-frozen-abi-macro v1.18.26
[INFO] [stderr]    Compiling solana-accounts-db v2.0.25
[INFO] [stderr]    Compiling solana-cost-model v2.0.25
[INFO] [stderr]    Compiling float-cmp v0.9.0
[INFO] [stderr]    Compiling qualifier_attr v0.2.2
[INFO] [stderr]    Compiling filetime v0.2.29
[INFO] [stderr]    Compiling include_dir_macros v0.7.4
[INFO] [stderr]    Compiling predicates v2.1.5
[INFO] [stderr]    Compiling solana-rpc-client v2.0.25
[INFO] [stderr]    Compiling include_dir v0.7.4
[INFO] [stderr]    Compiling solana-pubsub-client v2.0.25
[INFO] [stderr]    Compiling tar v0.4.46
[INFO] [stderr]    Compiling tracing-opentelemetry v0.17.4
[INFO] [stderr]    Compiling solana-clap-utils v2.0.25
[INFO] [stderr]    Compiling bzip2 v0.4.4
[INFO] [stderr]    Compiling solana-bucket-map v2.0.25
[INFO] [stderr]    Compiling tokio-serde v0.8.0
[INFO] [stderr]    Compiling async-mutex v1.4.1
[INFO] [stderr]    Compiling strum_macros v0.24.3
[INFO] [stderr]    Compiling solana-compute-budget-program v2.0.25
[INFO] [stderr]    Compiling solana-zk-sdk v2.0.25
[INFO] [stderr]    Compiling tokio-util v0.6.10
[INFO] [stderr]    Compiling seqlock v0.2.0
[INFO] [stderr]    Compiling fragile v2.1.0
[INFO] [stderr]    Compiling solana-frozen-abi v1.18.26
[INFO] [stderr]    Compiling solana-runtime v2.0.25
[INFO] [stderr]    Compiling mockall_derive v0.11.4
[INFO] [stderr]    Compiling tarpc-plugins v0.12.0
[INFO] [stderr]    Compiling solana-nohash-hasher v0.2.1
[INFO] [stderr]    Compiling downcast v0.11.0
[INFO] [stderr]    Compiling index_list v0.2.17
[INFO] [stderr]    Compiling strum v0.24.1
[INFO] [stderr]    Compiling solana-quic-client v2.0.25
[INFO] [stderr]    Compiling tarpc v0.29.0
[INFO] [stderr]    Compiling aquamarine v0.3.3
[INFO] [stderr]    Compiling dir-diff v0.3.3
[INFO] [stderr]    Compiling solana-udp-client v2.0.25
[INFO] [stderr]    Compiling solana-zk-token-proof-program v2.0.25
[INFO] [stderr]    Compiling solana-program v1.18.26
[INFO] [stderr]    Compiling symlink v0.1.0
[INFO] [stderr]    Compiling solana-banks-interface v2.0.25
[INFO] [stderr]    Compiling chrono-humanize v0.2.3
[INFO] [stderr]    Compiling mockall v0.11.4
[INFO] [stderr]    Compiling solana-banks-client v2.0.25
[INFO] [stderr]    Compiling solana-zk-elgamal-proof-program v2.0.25
[INFO] [stderr]    Compiling solana-tpu-client v2.0.25
[INFO] [stderr]    Compiling solana-rpc-client-nonce-utils v2.0.25
[INFO] [stderr]    Compiling solana-thin-client v2.0.25
[INFO] [stderr]    Compiling solana-client v2.0.25
[INFO] [stderr]    Compiling lz4 v1.28.1
[INFO] [stderr]    Compiling spl-token v4.0.3
[INFO] [stderr]    Compiling solana_asset_splitter v1.0.0 (/opt/rustwide/workdir)
[INFO] [stdout] warning: unexpected `cfg` condition value: `custom-heap`
[INFO] [stdout]   --> src/entrypoint.rs:12:1
[INFO] [stdout]    |
[INFO] [stdout] 12 | entrypoint!(process_instruction);
[INFO] [stdout]    | ^^^^^^^^^^^^^^^^^^^^^^^^^^^^^^^^
[INFO] [stdout]    |
[INFO] [stdout]    = note: expected values for `feature` are: `no-entrypoint` and `test-sbf`
[INFO] [stdout]    = note: using a cfg inside a macro will use the cfgs from the destination crate and not the ones from the defining crate
[INFO] [stdout]    = help: try referring to `$crate::custom_heap_default` crate for guidance on how handle this unexpected cfg
[INFO] [stdout]    = note: see <https://doc.rust-lang.org/nightly/rustc/check-cfg/cargo-specifics.html> for more information about checking conditional configuration
[INFO] [stdout]    = note: `#[warn(unexpected_cfgs)]` on by default
[INFO] [stdout]    = note: this warning originates in the macro `$crate::custom_heap_default` which comes from the expansion of the macro `entrypoint` (in Nightly builds, run with -Z macro-backtrace for more info)
[INFO] [stdout] 
[INFO] [stdout] 
[INFO] [stdout] warning: unexpected `cfg` condition value: `solana`
[INFO] [stdout]   --> src/entrypoint.rs:12:1
[INFO] [stdout]    |
[INFO] [stdout] 12 | entrypoint!(process_instruction);
[INFO] [stdout]    | ^^^^^^^^^^^^^^^^^^^^^^^^^^^^^^^^
[INFO] [stdout]    |
[INFO] [stdout]    = note: expected values for `target_os` are: `aix`, `amdhsa`, `android`, `cuda`, `cygwin`, `dragonfly`, `emscripten`, `espidf`, `freebsd`, `fuchsia`, `haiku`, `helenos`, `hermit`, `horizon`, `hurd`, `illumos`, `ios`, `l4re`, `linux`, `lynxos178`, `macos`, `managarm`, `motor`, `netbsd`, `none`, `nto`, `nuttx`, `openbsd`, `psp`, `psx`, `qnx`, `qurt`, `redox`, `rtems`, and `solaris` and 15 more
[INFO] [stdout]    = note: using a cfg inside a macro will use the cfgs from the destination crate and not the ones from the defining crate
[INFO] [stdout]    = help: try referring to `$crate::custom_heap_default` crate for guidance on how handle this unexpected cfg
[INFO] [stdout]    = note: see <https://doc.rust-lang.org/nightly/rustc/check-cfg/cargo-specifics.html> for more information about checking conditional configuration
[INFO] [stdout]    = note: this warning originates in the macro `$crate::custom_heap_default` which comes from the expansion of the macro `entrypoint` (in Nightly builds, run with -Z macro-backtrace for more info)
[INFO] [stdout] 
[INFO] [stdout] 
[INFO] [stdout] warning: unexpected `cfg` condition value: `custom-panic`
[INFO] [stdout]   --> src/entrypoint.rs:12:1
[INFO] [stdout]    |
[INFO] [stdout] 12 | entrypoint!(process_instruction);
[INFO] [stdout]    | ^^^^^^^^^^^^^^^^^^^^^^^^^^^^^^^^
[INFO] [stdout]    |
[INFO] [stdout]    = note: expected values for `feature` are: `no-entrypoint` and `test-sbf`
[INFO] [stdout]    = note: using a cfg inside a macro will use the cfgs from the destination crate and not the ones from the defining crate
[INFO] [stdout]    = help: try referring to `$crate::custom_panic_default` crate for guidance on how handle this unexpected cfg
[INFO] [stdout]    = note: see <https://doc.rust-lang.org/nightly/rustc/check-cfg/cargo-specifics.html> for more information about checking conditional configuration
[INFO] [stdout]    = note: this warning originates in the macro `$crate::custom_panic_default` which comes from the expansion of the macro `entrypoint` (in Nightly builds, run with -Z macro-backtrace for more info)
[INFO] [stdout] 
[INFO] [stdout] 
[INFO] [stdout] warning: unexpected `cfg` condition value: `solana`
[INFO] [stdout]   --> src/entrypoint.rs:12:1
[INFO] [stdout]    |
[INFO] [stdout] 12 | entrypoint!(process_instruction);
[INFO] [stdout]    | ^^^^^^^^^^^^^^^^^^^^^^^^^^^^^^^^
[INFO] [stdout]    |
[INFO] [stdout]    = note: expected values for `target_os` are: `aix`, `amdhsa`, `android`, `cuda`, `cygwin`, `dragonfly`, `emscripten`, `espidf`, `freebsd`, `fuchsia`, `haiku`, `helenos`, `hermit`, `horizon`, `hurd`, `illumos`, `ios`, `l4re`, `linux`, `lynxos178`, `macos`, `managarm`, `motor`, `netbsd`, `none`, `nto`, `nuttx`, `openbsd`, `psp`, `psx`, `qnx`, `qurt`, `redox`, `rtems`, and `solaris` and 15 more
[INFO] [stdout]    = note: using a cfg inside a macro will use the cfgs from the destination crate and not the ones from the defining crate
[INFO] [stdout]    = help: try referring to `$crate::custom_panic_default` crate for guidance on how handle this unexpected cfg
[INFO] [stdout]    = note: see <https://doc.rust-lang.org/nightly/rustc/check-cfg/cargo-specifics.html> for more information about checking conditional configuration
[INFO] [stdout]    = note: this warning originates in the macro `$crate::custom_panic_default` which comes from the expansion of the macro `entrypoint` (in Nightly builds, run with -Z macro-backtrace for more info)
[INFO] [stdout] 
[INFO] [stdout] 
[INFO] [stdout] warning: unreachable pattern
[INFO] [stdout]   --> src/instruction.rs:90:13
[INFO] [stdout]    |
[INFO] [stdout] 83 |             ix_splitlamports => {
[INFO] [stdout]    |             ---------------- matches any value
[INFO] [stdout] ...
[INFO] [stdout] 90 |             ix_splitspltokensfromsinglemint => {
[INFO] [stdout]    |             ^^^^^^^^^^^^^^^^^^^^^^^^^^^^^^^ no value can reach this
[INFO] [stdout]    |
[INFO] [stdout]    = note: `#[warn(unreachable_patterns)]` (part of `#[warn(unused)]`) on by default
[INFO] [stdout] 
[INFO] [stdout] 
[INFO] [stdout] warning: unreachable pattern
[INFO] [stdout]   --> src/instruction.rs:97:13
[INFO] [stdout]    |
[INFO] [stdout] 83 |             ix_splitlamports => {
[INFO] [stdout]    |             ---------------- matches any value
[INFO] [stdout] ...
[INFO] [stdout] 97 |             ix_splitspltokensfrommultiplemints => {
[INFO] [stdout]    |             ^^^^^^^^^^^^^^^^^^^^^^^^^^^^^^^^^^ no value can reach this
[INFO] [stdout] 
[INFO] [stdout] 
[INFO] [stdout] warning: unreachable pattern
[INFO] [stdout]    --> src/instruction.rs:107:13
[INFO] [stdout]     |
[INFO] [stdout]  83 |             ix_splitlamports => {
[INFO] [stdout]     |             ---------------- matches any value
[INFO] [stdout] ...
[INFO] [stdout] 107 |             _ => return Err(
[INFO] [stdout]     |             ^ no value can reach this
[INFO] [stdout] 
[INFO] [stdout] 
[INFO] [stdout] warning: unused variable: `ix_splitlamports`
[INFO] [stdout]   --> src/instruction.rs:72:13
[INFO] [stdout]    |
[INFO] [stdout] 72 |             ix_splitlamports,
[INFO] [stdout]    |             ^^^^^^^^^^^^^^^^ help: if this is intentional, prefix it with an underscore: `_ix_splitlamports`
[INFO] [stdout]    |
[INFO] [stdout]    = note: `#[warn(unused_variables)]` (part of `#[warn(unused)]`) on by default
[INFO] [stdout] 
[INFO] [stdout] 
[INFO] [stdout] warning: unused variable: `ix_splitspltokensfromsinglemint`
[INFO] [stdout]   --> src/instruction.rs:73:13
[INFO] [stdout]    |
[INFO] [stdout] 73 |             ix_splitspltokensfromsinglemint,
[INFO] [stdout]    |             ^^^^^^^^^^^^^^^^^^^^^^^^^^^^^^^ help: if this is intentional, prefix it with an underscore: `_ix_splitspltokensfromsinglemint`
[INFO] [stdout] 
[INFO] [stdout] 
[INFO] [stdout] warning: unused variable: `ix_splitspltokensfrommultiplemints`
[INFO] [stdout]   --> src/instruction.rs:74:13
[INFO] [stdout]    |
[INFO] [stdout] 74 |             ix_splitspltokensfrommultiplemints 
[INFO] [stdout]    |             ^^^^^^^^^^^^^^^^^^^^^^^^^^^^^^^^^^ help: if this is intentional, prefix it with an underscore: `_ix_splitspltokensfrommultiplemints`
[INFO] [stdout] 
[INFO] [stdout] 
[INFO] [stdout] warning: unused variable: `ix_splitlamports`
[INFO] [stdout]   --> src/instruction.rs:83:13
[INFO] [stdout]    |
[INFO] [stdout] 83 |             ix_splitlamports => {
[INFO] [stdout]    |             ^^^^^^^^^^^^^^^^ help: if this is intentional, prefix it with an underscore: `_ix_splitlamports`
[INFO] [stdout] 
[INFO] [stdout] 
[INFO] [stdout] warning: unused variable: `ix_splitspltokensfromsinglemint`
[INFO] [stdout]   --> src/instruction.rs:90:13
[INFO] [stdout]    |
[INFO] [stdout] 90 |             ix_splitspltokensfromsinglemint => {
[INFO] [stdout]    |             ^^^^^^^^^^^^^^^^^^^^^^^^^^^^^^^ help: if this is intentional, prefix it with an underscore: `_ix_splitspltokensfromsinglemint`
[INFO] [stdout] 
[INFO] [stdout] 
[INFO] [stdout] warning: unused variable: `ix_splitspltokensfrommultiplemints`
[INFO] [stdout]   --> src/instruction.rs:97:13
[INFO] [stdout]    |
[INFO] [stdout] 97 |             ix_splitspltokensfrommultiplemints => {
[INFO] [stdout]    |             ^^^^^^^^^^^^^^^^^^^^^^^^^^^^^^^^^^ help: if this is intentional, prefix it with an underscore: `_ix_splitspltokensfrommultiplemints`
[INFO] [stdout] 
[INFO] [stdout] 
[INFO] [stdout] warning: unreachable pattern
[INFO] [stdout]    --> src/instruction.rs:330:13
[INFO] [stdout]     |
[INFO] [stdout] 325 |             split_lamport_dis => {
[INFO] [stdout]     |             ----------------- matches any value
[INFO] [stdout] ...
[INFO] [stdout] 330 |             split_spl_tokens_single_dis => {
[INFO] [stdout]     |             ^^^^^^^^^^^^^^^^^^^^^^^^^^^ no value can reach this
[INFO] [stdout] 
[INFO] [stdout] 
[INFO] [stdout] warning: unreachable pattern
[INFO] [stdout]    --> src/instruction.rs:335:13
[INFO] [stdout]     |
[INFO] [stdout] 325 |             split_lamport_dis => {
[INFO] [stdout]     |             ----------------- matches any value
[INFO] [stdout] ...
[INFO] [stdout] 335 |             split_spl_tokens_multiple_dis => {
[INFO] [stdout]     |             ^^^^^^^^^^^^^^^^^^^^^^^^^^^^^ no value can reach this
[INFO] [stdout] 
[INFO] [stdout] 
[INFO] [stdout] warning: unreachable pattern
[INFO] [stdout]    --> src/instruction.rs:340:13
[INFO] [stdout]     |
[INFO] [stdout] 325 |             split_lamport_dis => {
[INFO] [stdout]     |             ----------------- matches any value
[INFO] [stdout] ...
[INFO] [stdout] 340 |             _ => return Err(
[INFO] [stdout]     |             ^ no value can reach this
[INFO] [stdout] 
[INFO] [stdout] 
[INFO] [stdout] warning: unused variable: `split_lamport_dis`
[INFO] [stdout]    --> src/instruction.rs:314:13
[INFO] [stdout]     |
[INFO] [stdout] 314 |             split_lamport_dis,
[INFO] [stdout]     |             ^^^^^^^^^^^^^^^^^ help: if this is intentional, prefix it with an underscore: `_split_lamport_dis`
[INFO] [stdout] 
[INFO] [stdout] 
[INFO] [stdout] warning: unused variable: `split_spl_tokens_single_dis`
[INFO] [stdout]    --> src/instruction.rs:315:13
[INFO] [stdout]     |
[INFO] [stdout] 315 |             split_spl_tokens_single_dis,
[INFO] [stdout]     |             ^^^^^^^^^^^^^^^^^^^^^^^^^^^ help: if this is intentional, prefix it with an underscore: `_split_spl_tokens_single_dis`
[INFO] [stdout] 
[INFO] [stdout] 
[INFO] [stdout] warning: unused variable: `split_spl_tokens_multiple_dis`
[INFO] [stdout]    --> src/instruction.rs:316:13
[INFO] [stdout]     |
[INFO] [stdout] 316 |             split_spl_tokens_multiple_dis
[INFO] [stdout]     |             ^^^^^^^^^^^^^^^^^^^^^^^^^^^^^ help: if this is intentional, prefix it with an underscore: `_split_spl_tokens_multiple_dis`
[INFO] [stdout] 
[INFO] [stdout] 
[INFO] [stdout] warning: unused variable: `split_lamport_dis`
[INFO] [stdout]    --> src/instruction.rs:325:13
[INFO] [stdout]     |
[INFO] [stdout] 325 |             split_lamport_dis => {
[INFO] [stdout]     |             ^^^^^^^^^^^^^^^^^ help: if this is intentional, prefix it with an underscore: `_split_lamport_dis`
[INFO] [stdout] 
[INFO] [stdout] 
[INFO] [stdout] warning: unused variable: `split_spl_tokens_single_dis`
[INFO] [stdout]    --> src/instruction.rs:330:13
[INFO] [stdout]     |
[INFO] [stdout] 330 |             split_spl_tokens_single_dis => {
[INFO] [stdout]     |             ^^^^^^^^^^^^^^^^^^^^^^^^^^^ help: if this is intentional, prefix it with an underscore: `_split_spl_tokens_single_dis`
[INFO] [stdout] 
[INFO] [stdout] 
[INFO] [stdout] warning: unused variable: `split_spl_tokens_multiple_dis`
[INFO] [stdout]    --> src/instruction.rs:335:13
[INFO] [stdout]     |
[INFO] [stdout] 335 |             split_spl_tokens_multiple_dis => {
[INFO] [stdout]     |             ^^^^^^^^^^^^^^^^^^^^^^^^^^^^^ help: if this is intentional, prefix it with an underscore: `_split_spl_tokens_multiple_dis`
[INFO] [stdout] 
[INFO] [stdout] 
[INFO] [stdout] warning: variable does not need to be mutable
[INFO] [stdout]    --> src/processor.rs:119:13
[INFO] [stdout]     |
[INFO] [stdout] 119 |         let mut count = 0usize;
[INFO] [stdout]     |             ----^^^^^
[INFO] [stdout]     |             |
[INFO] [stdout]     |             help: remove this `mut`
[INFO] [stdout]     |
[INFO] [stdout]     = note: `#[warn(unused_mut)]` (part of `#[warn(unused)]`) on by default
[INFO] [stdout] 
[INFO] [stdout] 
[INFO] [stdout] warning: unused variable: `program_id`
[INFO] [stdout]    --> src/processor.rs:162:9
[INFO] [stdout]     |
[INFO] [stdout] 162 |         program_id: &Pubkey,
[INFO] [stdout]     |         ^^^^^^^^^^ help: if this is intentional, prefix it with an underscore: `_program_id`
[INFO] [stdout] 
[INFO] [stdout] 
[INFO] [stdout] warning: unused variable: `error`
[INFO] [stdout]   --> src/entrypoint.rs:19:16
[INFO] [stdout]    |
[INFO] [stdout] 19 |     if let Err(error) = Processor::process(program_id, accounts, instruction_data) {
[INFO] [stdout]    |                ^^^^^ help: if this is intentional, prefix it with an underscore: `_error`
[INFO] [stdout] 
[INFO] [stdout] 
[INFO] [stderr]    Compiling solana-send-transaction-service v2.0.25
[INFO] [stderr]    Compiling solana-banks-server v2.0.25
[INFO] [stderr]    Compiling solana-program-test v2.0.25
[INFO] [stdout] warning: unexpected `cfg` condition value: `custom-heap`
[INFO] [stdout]   --> src/entrypoint.rs:12:1
[INFO] [stdout]    |
[INFO] [stdout] 12 | entrypoint!(process_instruction);
[INFO] [stdout]    | ^^^^^^^^^^^^^^^^^^^^^^^^^^^^^^^^
[INFO] [stdout]    |
[INFO] [stdout]    = note: expected values for `feature` are: `no-entrypoint` and `test-sbf`
[INFO] [stdout]    = note: using a cfg inside a macro will use the cfgs from the destination crate and not the ones from the defining crate
[INFO] [stdout]    = help: try referring to `$crate::custom_heap_default` crate for guidance on how handle this unexpected cfg
[INFO] [stdout]    = note: see <https://doc.rust-lang.org/nightly/rustc/check-cfg/cargo-specifics.html> for more information about checking conditional configuration
[INFO] [stdout]    = note: `#[warn(unexpected_cfgs)]` on by default
[INFO] [stdout]    = note: this warning originates in the macro `$crate::custom_heap_default` which comes from the expansion of the macro `entrypoint` (in Nightly builds, run with -Z macro-backtrace for more info)
[INFO] [stdout] 
[INFO] [stdout] 
[INFO] [stdout] warning: unexpected `cfg` condition value: `solana`
[INFO] [stdout]   --> src/entrypoint.rs:12:1
[INFO] [stdout]    |
[INFO] [stdout] 12 | entrypoint!(process_instruction);
[INFO] [stdout]    | ^^^^^^^^^^^^^^^^^^^^^^^^^^^^^^^^
[INFO] [stdout]    |
[INFO] [stdout]    = note: expected values for `target_os` are: `aix`, `amdhsa`, `android`, `cuda`, `cygwin`, `dragonfly`, `emscripten`, `espidf`, `freebsd`, `fuchsia`, `haiku`, `helenos`, `hermit`, `horizon`, `hurd`, `illumos`, `ios`, `l4re`, `linux`, `lynxos178`, `macos`, `managarm`, `motor`, `netbsd`, `none`, `nto`, `nuttx`, `openbsd`, `psp`, `psx`, `qnx`, `qurt`, `redox`, `rtems`, and `solaris` and 15 more
[INFO] [stdout]    = note: using a cfg inside a macro will use the cfgs from the destination crate and not the ones from the defining crate
[INFO] [stdout]    = help: try referring to `$crate::custom_heap_default` crate for guidance on how handle this unexpected cfg
[INFO] [stdout]    = note: see <https://doc.rust-lang.org/nightly/rustc/check-cfg/cargo-specifics.html> for more information about checking conditional configuration
[INFO] [stdout]    = note: this warning originates in the macro `$crate::custom_heap_default` which comes from the expansion of the macro `entrypoint` (in Nightly builds, run with -Z macro-backtrace for more info)
[INFO] [stdout] 
[INFO] [stdout] 
[INFO] [stdout] warning: unexpected `cfg` condition value: `custom-panic`
[INFO] [stdout]   --> src/entrypoint.rs:12:1
[INFO] [stdout]    |
[INFO] [stdout] 12 | entrypoint!(process_instruction);
[INFO] [stdout]    | ^^^^^^^^^^^^^^^^^^^^^^^^^^^^^^^^
[INFO] [stdout]    |
[INFO] [stdout]    = note: expected values for `feature` are: `no-entrypoint` and `test-sbf`
[INFO] [stdout]    = note: using a cfg inside a macro will use the cfgs from the destination crate and not the ones from the defining crate
[INFO] [stdout]    = help: try referring to `$crate::custom_panic_default` crate for guidance on how handle this unexpected cfg
[INFO] [stdout]    = note: see <https://doc.rust-lang.org/nightly/rustc/check-cfg/cargo-specifics.html> for more information about checking conditional configuration
[INFO] [stdout]    = note: this warning originates in the macro `$crate::custom_panic_default` which comes from the expansion of the macro `entrypoint` (in Nightly builds, run with -Z macro-backtrace for more info)
[INFO] [stdout] 
[INFO] [stdout] 
[INFO] [stdout] warning: unexpected `cfg` condition value: `solana`
[INFO] [stdout]   --> src/entrypoint.rs:12:1
[INFO] [stdout]    |
[INFO] [stdout] 12 | entrypoint!(process_instruction);
[INFO] [stdout]    | ^^^^^^^^^^^^^^^^^^^^^^^^^^^^^^^^
[INFO] [stdout]    |
[INFO] [stdout]    = note: expected values for `target_os` are: `aix`, `amdhsa`, `android`, `cuda`, `cygwin`, `dragonfly`, `emscripten`, `espidf`, `freebsd`, `fuchsia`, `haiku`, `helenos`, `hermit`, `horizon`, `hurd`, `illumos`, `ios`, `l4re`, `linux`, `lynxos178`, `macos`, `managarm`, `motor`, `netbsd`, `none`, `nto`, `nuttx`, `openbsd`, `psp`, `psx`, `qnx`, `qurt`, `redox`, `rtems`, and `solaris` and 15 more
[INFO] [stdout]    = note: using a cfg inside a macro will use the cfgs from the destination crate and not the ones from the defining crate
[INFO] [stdout]    = help: try referring to `$crate::custom_panic_default` crate for guidance on how handle this unexpected cfg
[INFO] [stdout]    = note: see <https://doc.rust-lang.org/nightly/rustc/check-cfg/cargo-specifics.html> for more information about checking conditional configuration
[INFO] [stdout]    = note: this warning originates in the macro `$crate::custom_panic_default` which comes from the expansion of the macro `entrypoint` (in Nightly builds, run with -Z macro-backtrace for more info)
[INFO] [stdout] 
[INFO] [stdout] 
[INFO] [stdout] warning: unreachable pattern
[INFO] [stdout]   --> src/instruction.rs:90:13
[INFO] [stdout]    |
[INFO] [stdout] 83 |             ix_splitlamports => {
[INFO] [stdout]    |             ---------------- matches any value
[INFO] [stdout] ...
[INFO] [stdout] 90 |             ix_splitspltokensfromsinglemint => {
[INFO] [stdout]    |             ^^^^^^^^^^^^^^^^^^^^^^^^^^^^^^^ no value can reach this
[INFO] [stdout]    |
[INFO] [stdout]    = note: `#[warn(unreachable_patterns)]` (part of `#[warn(unused)]`) on by default
[INFO] [stdout] 
[INFO] [stdout] 
[INFO] [stdout] warning: unreachable pattern
[INFO] [stdout]   --> src/instruction.rs:97:13
[INFO] [stdout]    |
[INFO] [stdout] 83 |             ix_splitlamports => {
[INFO] [stdout]    |             ---------------- matches any value
[INFO] [stdout] ...
[INFO] [stdout] 97 |             ix_splitspltokensfrommultiplemints => {
[INFO] [stdout]    |             ^^^^^^^^^^^^^^^^^^^^^^^^^^^^^^^^^^ no value can reach this
[INFO] [stdout] 
[INFO] [stdout] 
[INFO] [stdout] warning: unreachable pattern
[INFO] [stdout]    --> src/instruction.rs:107:13
[INFO] [stdout]     |
[INFO] [stdout]  83 |             ix_splitlamports => {
[INFO] [stdout]     |             ---------------- matches any value
[INFO] [stdout] ...
[INFO] [stdout] 107 |             _ => return Err(
[INFO] [stdout]     |             ^ no value can reach this
[INFO] [stdout] 
[INFO] [stdout] 
[INFO] [stdout] warning: unused variable: `ix_splitlamports`
[INFO] [stdout]   --> src/instruction.rs:72:13
[INFO] [stdout]    |
[INFO] [stdout] 72 |             ix_splitlamports,
[INFO] [stdout]    |             ^^^^^^^^^^^^^^^^ help: if this is intentional, prefix it with an underscore: `_ix_splitlamports`
[INFO] [stdout]    |
[INFO] [stdout]    = note: `#[warn(unused_variables)]` (part of `#[warn(unused)]`) on by default
[INFO] [stdout] 
[INFO] [stdout] 
[INFO] [stdout] warning: unused variable: `ix_splitspltokensfromsinglemint`
[INFO] [stdout]   --> src/instruction.rs:73:13
[INFO] [stdout]    |
[INFO] [stdout] 73 |             ix_splitspltokensfromsinglemint,
[INFO] [stdout]    |             ^^^^^^^^^^^^^^^^^^^^^^^^^^^^^^^ help: if this is intentional, prefix it with an underscore: `_ix_splitspltokensfromsinglemint`
[INFO] [stdout] 
[INFO] [stdout] 
[INFO] [stdout] warning: unused variable: `ix_splitspltokensfrommultiplemints`
[INFO] [stdout]   --> src/instruction.rs:74:13
[INFO] [stdout]    |
[INFO] [stdout] 74 |             ix_splitspltokensfrommultiplemints 
[INFO] [stdout]    |             ^^^^^^^^^^^^^^^^^^^^^^^^^^^^^^^^^^ help: if this is intentional, prefix it with an underscore: `_ix_splitspltokensfrommultiplemints`
[INFO] [stdout] 
[INFO] [stdout] 
[INFO] [stdout] warning: unused variable: `ix_splitlamports`
[INFO] [stdout]   --> src/instruction.rs:83:13
[INFO] [stdout]    |
[INFO] [stdout] 83 |             ix_splitlamports => {
[INFO] [stdout]    |             ^^^^^^^^^^^^^^^^ help: if this is intentional, prefix it with an underscore: `_ix_splitlamports`
[INFO] [stdout] 
[INFO] [stdout] 
[INFO] [stdout] warning: unused variable: `ix_splitspltokensfromsinglemint`
[INFO] [stdout]   --> src/instruction.rs:90:13
[INFO] [stdout]    |
[INFO] [stdout] 90 |             ix_splitspltokensfromsinglemint => {
[INFO] [stdout]    |             ^^^^^^^^^^^^^^^^^^^^^^^^^^^^^^^ help: if this is intentional, prefix it with an underscore: `_ix_splitspltokensfromsinglemint`
[INFO] [stdout] 
[INFO] [stdout] 
[INFO] [stdout] warning: unused variable: `ix_splitspltokensfrommultiplemints`
[INFO] [stdout]   --> src/instruction.rs:97:13
[INFO] [stdout]    |
[INFO] [stdout] 97 |             ix_splitspltokensfrommultiplemints => {
[INFO] [stdout]    |             ^^^^^^^^^^^^^^^^^^^^^^^^^^^^^^^^^^ help: if this is intentional, prefix it with an underscore: `_ix_splitspltokensfrommultiplemints`
[INFO] [stdout] 
[INFO] [stdout] 
[INFO] [stdout] warning: unreachable pattern
[INFO] [stdout]    --> src/instruction.rs:330:13
[INFO] [stdout]     |
[INFO] [stdout] 325 |             split_lamport_dis => {
[INFO] [stdout]     |             ----------------- matches any value
[INFO] [stdout] ...
[INFO] [stdout] 330 |             split_spl_tokens_single_dis => {
[INFO] [stdout]     |             ^^^^^^^^^^^^^^^^^^^^^^^^^^^ no value can reach this
[INFO] [stdout] 
[INFO] [stdout] 
[INFO] [stdout] warning: unreachable pattern
[INFO] [stdout]    --> src/instruction.rs:335:13
[INFO] [stdout]     |
[INFO] [stdout] 325 |             split_lamport_dis => {
[INFO] [stdout]     |             ----------------- matches any value
[INFO] [stdout] ...
[INFO] [stdout] 335 |             split_spl_tokens_multiple_dis => {
[INFO] [stdout]     |             ^^^^^^^^^^^^^^^^^^^^^^^^^^^^^ no value can reach this
[INFO] [stdout] 
[INFO] [stdout] 
[INFO] [stdout] warning: unreachable pattern
[INFO] [stdout]    --> src/instruction.rs:340:13
[INFO] [stdout]     |
[INFO] [stdout] 325 |             split_lamport_dis => {
[INFO] [stdout]     |             ----------------- matches any value
[INFO] [stdout] ...
[INFO] [stdout] 340 |             _ => return Err(
[INFO] [stdout]     |             ^ no value can reach this
[INFO] [stdout] 
[INFO] [stdout] 
[INFO] [stdout] warning: unused variable: `split_lamport_dis`
[INFO] [stdout]    --> src/instruction.rs:314:13
[INFO] [stdout]     |
[INFO] [stdout] 314 |             split_lamport_dis,
[INFO] [stdout]     |             ^^^^^^^^^^^^^^^^^ help: if this is intentional, prefix it with an underscore: `_split_lamport_dis`
[INFO] [stdout] 
[INFO] [stdout] 
[INFO] [stdout] warning: unused variable: `split_spl_tokens_single_dis`
[INFO] [stdout]    --> src/instruction.rs:315:13
[INFO] [stdout]     |
[INFO] [stdout] 315 |             split_spl_tokens_single_dis,
[INFO] [stdout]     |             ^^^^^^^^^^^^^^^^^^^^^^^^^^^ help: if this is intentional, prefix it with an underscore: `_split_spl_tokens_single_dis`
[INFO] [stdout] 
[INFO] [stdout] 
[INFO] [stdout] warning: unused variable: `split_spl_tokens_multiple_dis`
[INFO] [stdout]    --> src/instruction.rs:316:13
[INFO] [stdout]     |
[INFO] [stdout] 316 |             split_spl_tokens_multiple_dis
[INFO] [stdout]     |             ^^^^^^^^^^^^^^^^^^^^^^^^^^^^^ help: if this is intentional, prefix it with an underscore: `_split_spl_tokens_multiple_dis`
[INFO] [stdout] 
[INFO] [stdout] 
[INFO] [stdout] warning: unused variable: `split_lamport_dis`
[INFO] [stdout]    --> src/instruction.rs:325:13
[INFO] [stdout]     |
[INFO] [stdout] 325 |             split_lamport_dis => {
[INFO] [stdout]     |             ^^^^^^^^^^^^^^^^^ help: if this is intentional, prefix it with an underscore: `_split_lamport_dis`
[INFO] [stdout] 
[INFO] [stdout] 
[INFO] [stdout] warning: unused variable: `split_spl_tokens_single_dis`
[INFO] [stdout]    --> src/instruction.rs:330:13
[INFO] [stdout]     |
[INFO] [stdout] 330 |             split_spl_tokens_single_dis => {
[INFO] [stdout]     |             ^^^^^^^^^^^^^^^^^^^^^^^^^^^ help: if this is intentional, prefix it with an underscore: `_split_spl_tokens_single_dis`
[INFO] [stdout] 
[INFO] [stdout] 
[INFO] [stdout] warning: unused variable: `split_spl_tokens_multiple_dis`
[INFO] [stdout]    --> src/instruction.rs:335:13
[INFO] [stdout]     |
[INFO] [stdout] 335 |             split_spl_tokens_multiple_dis => {
[INFO] [stdout]     |             ^^^^^^^^^^^^^^^^^^^^^^^^^^^^^ help: if this is intentional, prefix it with an underscore: `_split_spl_tokens_multiple_dis`
[INFO] [stdout] 
[INFO] [stdout] 
[INFO] [stdout] warning: variable does not need to be mutable
[INFO] [stdout]    --> src/processor.rs:119:13
[INFO] [stdout]     |
[INFO] [stdout] 119 |         let mut count = 0usize;
[INFO] [stdout]     |             ----^^^^^
[INFO] [stdout]     |             |
[INFO] [stdout]     |             help: remove this `mut`
[INFO] [stdout]     |
[INFO] [stdout]     = note: `#[warn(unused_mut)]` (part of `#[warn(unused)]`) on by default
[INFO] [stdout] 
[INFO] [stdout] 
[INFO] [stdout] warning: unused variable: `program_id`
[INFO] [stdout]    --> src/processor.rs:162:9
[INFO] [stdout]     |
[INFO] [stdout] 162 |         program_id: &Pubkey,
[INFO] [stdout]     |         ^^^^^^^^^^ help: if this is intentional, prefix it with an underscore: `_program_id`
[INFO] [stdout] 
[INFO] [stdout] 
[INFO] [stdout] warning: unused variable: `error`
[INFO] [stdout]   --> src/entrypoint.rs:19:16
[INFO] [stdout]    |
[INFO] [stdout] 19 |     if let Err(error) = Processor::process(program_id, accounts, instruction_data) {
[INFO] [stdout]    |                ^^^^^ help: if this is intentional, prefix it with an underscore: `_error`
[INFO] [stdout] 
[INFO] [stdout] 
[INFO] [stdout] warning: unused imports: `ProgramTest`, `processor`, `pubkey::Pubkey`, `signature::Signer`, `signer::keypair::Keypair`, `std::str::FromStr`, `system_instruction::transfer`, `tokio`, and `transaction::Transaction`
[INFO] [stdout]   --> tests/test.rs:3:9
[INFO] [stdout]    |
[INFO] [stdout]  3 |         pubkey::Pubkey,
[INFO] [stdout]    |         ^^^^^^^^^^^^^^
[INFO] [stdout]  4 |         system_instruction::transfer
[INFO] [stdout]    |         ^^^^^^^^^^^^^^^^^^^^^^^^^^^^
[INFO] [stdout] ...
[INFO] [stdout]  7 |         signature::Signer,
[INFO] [stdout]    |         ^^^^^^^^^^^^^^^^^
[INFO] [stdout]  8 |         signer::keypair::Keypair,
[INFO] [stdout]    |         ^^^^^^^^^^^^^^^^^^^^^^^^
[INFO] [stdout]  9 |         transaction::Transaction
[INFO] [stdout]    |         ^^^^^^^^^^^^^^^^^^^^^^^^
[INFO] [stdout] 10 |     },
[INFO] [stdout] 11 |     std::str::FromStr,
[INFO] [stdout]    |     ^^^^^^^^^^^^^^^^^
[INFO] [stdout] 12 |     solana_program_test::{
[INFO] [stdout] 13 |         processor,
[INFO] [stdout]    |         ^^^^^^^^^
[INFO] [stdout] 14 |         tokio,
[INFO] [stdout]    |         ^^^^^
[INFO] [stdout] 15 |         ProgramTest
[INFO] [stdout]    |         ^^^^^^^^^^^
[INFO] [stdout]    |
[INFO] [stdout]    = note: `#[warn(unused_imports)]` (part of `#[warn(unused)]`) on by default
[INFO] [stdout] 
[INFO] [stdout] 
[INFO] [stderr]     Finished `test` profile [unoptimized + debuginfo] target(s) in 7m 02s
[INFO] [stderr] warning: the following packages contain code that will be rejected by a future version of Rust: solana-client v2.0.25
[INFO] [stderr] note: to see what the problems were, use the option `--future-incompat-report`, or run `cargo report future-incompatibilities --id 1`
[INFO] running `Command { std: "docker" "inspect" "c6a72238354e6df01c44a104fecd6992126f42248da4127c7f8192925e473615", kill_on_drop: false }`
[INFO] running `Command { std: "docker" "exec" "-e" "SOURCE_DIR=/opt/rustwide/workdir" "-e" "CARGO_HOME=/opt/rustwide/cargo-home" "-e" "RUSTUP_HOME=/opt/rustwide/rustup-home" "-e" "CARGO_TARGET_DIR=/opt/rustwide/target" "-e" "CARGO_INCREMENTAL=0" "-e" "RUST_BACKTRACE=full" "-e" "RUSTFLAGS=--cap-lints=warn" "-e" "RUSTDOCFLAGS=--cap-lints=warn" "-w" "/opt/rustwide/workdir" "--user" "0:0" "c6a72238354e6df01c44a104fecd6992126f42248da4127c7f8192925e473615" "/opt/rustwide/cargo-home/bin/cargo" "+1.99.0-beta.8" "test" "--frozen", kill_on_drop: false }`
[INFO] [stderr] warning: unexpected `cfg` condition value: `custom-heap`
[INFO] [stderr]   --> src/entrypoint.rs:12:1
[INFO] [stderr]    |
[INFO] [stderr] 12 | entrypoint!(process_instruction);
[INFO] [stderr]    | ^^^^^^^^^^^^^^^^^^^^^^^^^^^^^^^^
[INFO] [stderr]    |
[INFO] [stderr]    = note: expected values for `feature` are: `no-entrypoint` and `test-sbf`
[INFO] [stderr]    = note: using a cfg inside a macro will use the cfgs from the destination crate and not the ones from the defining crate
[INFO] [stderr]    = help: try referring to `$crate::custom_heap_default` crate for guidance on how handle this unexpected cfg
[INFO] [stderr]    = note: see <https://doc.rust-lang.org/nightly/rustc/check-cfg/cargo-specifics.html> for more information about checking conditional configuration
[INFO] [stderr]    = note: `#[warn(unexpected_cfgs)]` on by default
[INFO] [stderr]    = note: this warning originates in the macro `$crate::custom_heap_default` which comes from the expansion of the macro `entrypoint` (in Nightly builds, run with -Z macro-backtrace for more info)
[INFO] [stderr] 
[INFO] [stderr] warning: unexpected `cfg` condition value: `solana`
[INFO] [stderr]   --> src/entrypoint.rs:12:1
[INFO] [stderr]    |
[INFO] [stderr] 12 | entrypoint!(process_instruction);
[INFO] [stderr]    | ^^^^^^^^^^^^^^^^^^^^^^^^^^^^^^^^
[INFO] [stderr]    |
[INFO] [stderr]    = note: expected values for `target_os` are: `aix`, `amdhsa`, `android`, `cuda`, `cygwin`, `dragonfly`, `emscripten`, `espidf`, `freebsd`, `fuchsia`, `haiku`, `helenos`, `hermit`, `horizon`, `hurd`, `illumos`, `ios`, `l4re`, `linux`, `lynxos178`, `macos`, `managarm`, `motor`, `netbsd`, `none`, `nto`, `nuttx`, `openbsd`, `psp`, `psx`, `qnx`, `qurt`, `redox`, `rtems`, and `solaris` and 15 more
[INFO] [stderr]    = note: using a cfg inside a macro will use the cfgs from the destination crate and not the ones from the defining crate
[INFO] [stderr]    = help: try referring to `$crate::custom_heap_default` crate for guidance on how handle this unexpected cfg
[INFO] [stderr]    = note: see <https://doc.rust-lang.org/nightly/rustc/check-cfg/cargo-specifics.html> for more information about checking conditional configuration
[INFO] [stderr]    = note: this warning originates in the macro `$crate::custom_heap_default` which comes from the expansion of the macro `entrypoint` (in Nightly builds, run with -Z macro-backtrace for more info)
[INFO] [stderr] 
[INFO] [stderr] warning: unexpected `cfg` condition value: `custom-panic`
[INFO] [stderr]   --> src/entrypoint.rs:12:1
[INFO] [stderr]    |
[INFO] [stderr] 12 | entrypoint!(process_instruction);
[INFO] [stderr]    | ^^^^^^^^^^^^^^^^^^^^^^^^^^^^^^^^
[INFO] [stderr]    |
[INFO] [stderr]    = note: expected values for `feature` are: `no-entrypoint` and `test-sbf`
[INFO] [stderr]    = note: using a cfg inside a macro will use the cfgs from the destination crate and not the ones from the defining crate
[INFO] [stderr]    = help: try referring to `$crate::custom_panic_default` crate for guidance on how handle this unexpected cfg
[INFO] [stderr]    = note: see <https://doc.rust-lang.org/nightly/rustc/check-cfg/cargo-specifics.html> for more information about checking conditional configuration
[INFO] [stderr]    = note: this warning originates in the macro `$crate::custom_panic_default` which comes from the expansion of the macro `entrypoint` (in Nightly builds, run with -Z macro-backtrace for more info)
[INFO] [stderr] 
[INFO] [stderr] warning: unexpected `cfg` condition value: `solana`
[INFO] [stderr]   --> src/entrypoint.rs:12:1
[INFO] [stderr]    |
[INFO] [stderr] 12 | entrypoint!(process_instruction);
[INFO] [stderr]    | ^^^^^^^^^^^^^^^^^^^^^^^^^^^^^^^^
[INFO] [stderr]    |
[INFO] [stderr]    = note: expected values for `target_os` are: `aix`, `amdhsa`, `android`, `cuda`, `cygwin`, `dragonfly`, `emscripten`, `espidf`, `freebsd`, `fuchsia`, `haiku`, `helenos`, `hermit`, `horizon`, `hurd`, `illumos`, `ios`, `l4re`, `linux`, `lynxos178`, `macos`, `managarm`, `motor`, `netbsd`, `none`, `nto`, `nuttx`, `openbsd`, `psp`, `psx`, `qnx`, `qurt`, `redox`, `rtems`, and `solaris` and 15 more
[INFO] [stderr]    = note: using a cfg inside a macro will use the cfgs from the destination crate and not the ones from the defining crate
[INFO] [stderr]    = help: try referring to `$crate::custom_panic_default` crate for guidance on how handle this unexpected cfg
[INFO] [stderr]    = note: see <https://doc.rust-lang.org/nightly/rustc/check-cfg/cargo-specifics.html> for more information about checking conditional configuration
[INFO] [stderr]    = note: this warning originates in the macro `$crate::custom_panic_default` which comes from the expansion of the macro `entrypoint` (in Nightly builds, run with -Z macro-backtrace for more info)
[INFO] [stderr] 
[INFO] [stderr] warning: unreachable pattern
[INFO] [stderr]   --> src/instruction.rs:90:13
[INFO] [stderr]    |
[INFO] [stderr] 83 |             ix_splitlamports => {
[INFO] [stderr]    |             ---------------- matches any value
[INFO] [stderr] ...
[INFO] [stderr] 90 |             ix_splitspltokensfromsinglemint => {
[INFO] [stderr]    |             ^^^^^^^^^^^^^^^^^^^^^^^^^^^^^^^ no value can reach this
[INFO] [stderr]    |
[INFO] [stderr]    = note: `#[warn(unreachable_patterns)]` (part of `#[warn(unused)]`) on by default
[INFO] [stderr] 
[INFO] [stderr] warning: unreachable pattern
[INFO] [stderr]   --> src/instruction.rs:97:13
[INFO] [stderr]    |
[INFO] [stderr] 83 |             ix_splitlamports => {
[INFO] [stderr]    |             ---------------- matches any value
[INFO] [stderr] ...
[INFO] [stderr] 97 |             ix_splitspltokensfrommultiplemints => {
[INFO] [stderr]    |             ^^^^^^^^^^^^^^^^^^^^^^^^^^^^^^^^^^ no value can reach this
[INFO] [stderr] 
[INFO] [stderr] warning: unreachable pattern
[INFO] [stderr]    --> src/instruction.rs:107:13
[INFO] [stderr]     |
[INFO] [stderr]  83 |             ix_splitlamports => {
[INFO] [stderr]     |             ---------------- matches any value
[INFO] [stderr] ...
[INFO] [stderr] 107 |             _ => return Err(
[INFO] [stderr]     |             ^ no value can reach this
[INFO] [stderr] 
[INFO] [stderr] warning: unused variable: `ix_splitlamports`
[INFO] [stderr]   --> src/instruction.rs:72:13
[INFO] [stderr]    |
[INFO] [stderr] 72 |             ix_splitlamports,
[INFO] [stderr]    |             ^^^^^^^^^^^^^^^^ help: if this is intentional, prefix it with an underscore: `_ix_splitlamports`
[INFO] [stderr]    |
[INFO] [stderr]    = note: `#[warn(unused_variables)]` (part of `#[warn(unused)]`) on by default
[INFO] [stderr] 
[INFO] [stderr] warning: unused variable: `ix_splitspltokensfromsinglemint`
[INFO] [stderr]   --> src/instruction.rs:73:13
[INFO] [stderr]    |
[INFO] [stderr] 73 |             ix_splitspltokensfromsinglemint,
[INFO] [stderr]    |             ^^^^^^^^^^^^^^^^^^^^^^^^^^^^^^^ help: if this is intentional, prefix it with an underscore: `_ix_splitspltokensfromsinglemint`
[INFO] [stderr] 
[INFO] [stderr] warning: unused variable: `ix_splitspltokensfrommultiplemints`
[INFO] [stderr]   --> src/instruction.rs:74:13
[INFO] [stderr]    |
[INFO] [stderr] 74 |             ix_splitspltokensfrommultiplemints 
[INFO] [stderr]    |             ^^^^^^^^^^^^^^^^^^^^^^^^^^^^^^^^^^ help: if this is intentional, prefix it with an underscore: `_ix_splitspltokensfrommultiplemints`
[INFO] [stderr] 
[INFO] [stderr] warning: unused variable: `ix_splitlamports`
[INFO] [stderr]   --> src/instruction.rs:83:13
[INFO] [stderr]    |
[INFO] [stderr] 83 |             ix_splitlamports => {
[INFO] [stderr]    |             ^^^^^^^^^^^^^^^^ help: if this is intentional, prefix it with an underscore: `_ix_splitlamports`
[INFO] [stderr] 
[INFO] [stderr] warning: unused variable: `ix_splitspltokensfromsinglemint`
[INFO] [stderr]   --> src/instruction.rs:90:13
[INFO] [stderr]    |
[INFO] [stderr] 90 |             ix_splitspltokensfromsinglemint => {
[INFO] [stderr]    |             ^^^^^^^^^^^^^^^^^^^^^^^^^^^^^^^ help: if this is intentional, prefix it with an underscore: `_ix_splitspltokensfromsinglemint`
[INFO] [stderr] 
[INFO] [stderr] warning: unused variable: `ix_splitspltokensfrommultiplemints`
[INFO] [stderr]   --> src/instruction.rs:97:13
[INFO] [stderr]    |
[INFO] [stderr] 97 |             ix_splitspltokensfrommultiplemints => {
[INFO] [stderr]    |             ^^^^^^^^^^^^^^^^^^^^^^^^^^^^^^^^^^ help: if this is intentional, prefix it with an underscore: `_ix_splitspltokensfrommultiplemints`
[INFO] [stderr] 
[INFO] [stderr] warning: unreachable pattern
[INFO] [stderr]    --> src/instruction.rs:330:13
[INFO] [stderr]     |
[INFO] [stderr] 325 |             split_lamport_dis => {
[INFO] [stderr]     |             ----------------- matches any value
[INFO] [stderr] ...
[INFO] [stderr] 330 |             split_spl_tokens_single_dis => {
[INFO] [stderr]     |             ^^^^^^^^^^^^^^^^^^^^^^^^^^^ no value can reach this
[INFO] [stderr] 
[INFO] [stderr] warning: unreachable pattern
[INFO] [stderr]    --> src/instruction.rs:335:13
[INFO] [stderr]     |
[INFO] [stderr] 325 |             split_lamport_dis => {
[INFO] [stderr]     |             ----------------- matches any value
[INFO] [stderr] ...
[INFO] [stderr] 335 |             split_spl_tokens_multiple_dis => {
[INFO] [stderr]     |             ^^^^^^^^^^^^^^^^^^^^^^^^^^^^^ no value can reach this
[INFO] [stderr] 
[INFO] [stderr] warning: unreachable pattern
[INFO] [stderr]    --> src/instruction.rs:340:13
[INFO] [stderr]     |
[INFO] [stderr] 325 |             split_lamport_dis => {
[INFO] [stderr]     |             ----------------- matches any value
[INFO] [stderr] ...
[INFO] [stderr] 340 |             _ => return Err(
[INFO] [stderr]     |             ^ no value can reach this
[INFO] [stderr] 
[INFO] [stderr] warning: unused variable: `split_lamport_dis`
[INFO] [stderr]    --> src/instruction.rs:314:13
[INFO] [stderr]     |
[INFO] [stderr] 314 |             split_lamport_dis,
[INFO] [stderr]     |             ^^^^^^^^^^^^^^^^^ help: if this is intentional, prefix it with an underscore: `_split_lamport_dis`
[INFO] [stderr] 
[INFO] [stderr] warning: unused variable: `split_spl_tokens_single_dis`
[INFO] [stderr]    --> src/instruction.rs:315:13
[INFO] [stderr]     |
[INFO] [stderr] 315 |             split_spl_tokens_single_dis,
[INFO] [stderr]     |             ^^^^^^^^^^^^^^^^^^^^^^^^^^^ help: if this is intentional, prefix it with an underscore: `_split_spl_tokens_single_dis`
[INFO] [stderr] 
[INFO] [stderr] warning: unused variable: `split_spl_tokens_multiple_dis`
[INFO] [stderr]    --> src/instruction.rs:316:13
[INFO] [stderr]     |
[INFO] [stderr] 316 |             split_spl_tokens_multiple_dis
[INFO] [stderr]     |             ^^^^^^^^^^^^^^^^^^^^^^^^^^^^^ help: if this is intentional, prefix it with an underscore: `_split_spl_tokens_multiple_dis`
[INFO] [stderr] 
[INFO] [stderr] warning: unused variable: `split_lamport_dis`
[INFO] [stderr]    --> src/instruction.rs:325:13
[INFO] [stderr]     |
[INFO] [stderr] 325 |             split_lamport_dis => {
[INFO] [stderr]     |             ^^^^^^^^^^^^^^^^^ help: if this is intentional, prefix it with an underscore: `_split_lamport_dis`
[INFO] [stderr] 
[INFO] [stderr] warning: unused variable: `split_spl_tokens_single_dis`
[INFO] [stderr]    --> src/instruction.rs:330:13
[INFO] [stderr]     |
[INFO] [stderr] 330 |             split_spl_tokens_single_dis => {
[INFO] [stderr]     |             ^^^^^^^^^^^^^^^^^^^^^^^^^^^ help: if this is intentional, prefix it with an underscore: `_split_spl_tokens_single_dis`
[INFO] [stderr] 
[INFO] [stderr] warning: unused variable: `split_spl_tokens_multiple_dis`
[INFO] [stderr]    --> src/instruction.rs:335:13
[INFO] [stderr]     |
[INFO] [stderr] 335 |             split_spl_tokens_multiple_dis => {
[INFO] [stderr]     |             ^^^^^^^^^^^^^^^^^^^^^^^^^^^^^ help: if this is intentional, prefix it with an underscore: `_split_spl_tokens_multiple_dis`
[INFO] [stderr] 
[INFO] [stderr] warning: variable does not need to be mutable
[INFO] [stderr]    --> src/processor.rs:119:13
[INFO] [stderr]     |
[INFO] [stderr] 119 |         let mut count = 0usize;
[INFO] [stderr]     |             ----^^^^^
[INFO] [stderr]     |             |
[INFO] [stderr]     |             help: remove this `mut`
[INFO] [stderr]     |
[INFO] [stderr]     = note: `#[warn(unused_mut)]` (part of `#[warn(unused)]`) on by default
[INFO] [stderr] 
[INFO] [stderr] warning: unused variable: `program_id`
[INFO] [stderr]    --> src/processor.rs:162:9
[INFO] [stderr]     |
[INFO] [stderr] 162 |         program_id: &Pubkey,
[INFO] [stderr]     |         ^^^^^^^^^^ help: if this is intentional, prefix it with an underscore: `_program_id`
[INFO] [stderr] 
[INFO] [stderr] warning: unused variable: `error`
[INFO] [stderr]   --> src/entrypoint.rs:19:16
[INFO] [stderr]    |
[INFO] [stderr] 19 |     if let Err(error) = Processor::process(program_id, accounts, instruction_data) {
[INFO] [stderr]    |                ^^^^^ help: if this is intentional, prefix it with an underscore: `_error`
[INFO] [stderr] 
[INFO] [stderr] warning: `solana_asset_splitter` (lib) generated 25 warnings (run `cargo fix --lib -p solana_asset_splitter` to apply 15 suggestions)
[INFO] [stderr] warning: unused imports: `ProgramTest`, `processor`, `pubkey::Pubkey`, `signature::Signer`, `signer::keypair::Keypair`, `std::str::FromStr`, `system_instruction::transfer`, `tokio`, and `transaction::Transaction`
[INFO] [stderr]   --> tests/test.rs:3:9
[INFO] [stderr]    |
[INFO] [stderr]  3 |         pubkey::Pubkey,
[INFO] [stderr]    |         ^^^^^^^^^^^^^^
[INFO] [stderr]  4 |         system_instruction::transfer
[INFO] [stderr]    |         ^^^^^^^^^^^^^^^^^^^^^^^^^^^^
[INFO] [stderr] ...
[INFO] [stderr]  7 |         signature::Signer,
[INFO] [stderr]    |         ^^^^^^^^^^^^^^^^^
[INFO] [stderr]  8 |         signer::keypair::Keypair,
[INFO] [stderr]    |         ^^^^^^^^^^^^^^^^^^^^^^^^
[INFO] [stderr]  9 |         transaction::Transaction
[INFO] [stderr]    |         ^^^^^^^^^^^^^^^^^^^^^^^^
[INFO] [stderr] 10 |     },
[INFO] [stderr] 11 |     std::str::FromStr,
[INFO] [stderr]    |     ^^^^^^^^^^^^^^^^^
[INFO] [stderr] 12 |     solana_program_test::{
[INFO] [stderr] 13 |         processor,
[INFO] [stderr]    |         ^^^^^^^^^
[INFO] [stderr] 14 |         tokio,
[INFO] [stderr]    |         ^^^^^
[INFO] [stderr] 15 |         ProgramTest
[INFO] [stderr]    |         ^^^^^^^^^^^
[INFO] [stderr]    |
[INFO] [stderr]    = note: `#[warn(unused_imports)]` (part of `#[warn(unused)]`) on by default
[INFO] [stderr] 
[INFO] [stderr] warning: `solana_asset_splitter` (test "test") generated 1 warning (run `cargo fix --test "test" -p solana_asset_splitter` to apply 1 suggestion)
[INFO] [stderr] warning: `solana_asset_splitter` (lib test) generated 25 warnings (25 duplicates)
[INFO] [stderr]     Finished `test` profile [unoptimized + debuginfo] target(s) in 1.08s
[INFO] [stderr] warning: the following packages contain code that will be rejected by a future version of Rust: solana-client v2.0.25
[INFO] [stderr] note: to see what the problems were, use the option `--future-incompat-report`, or run `cargo report future-incompatibilities --id 1`
[INFO] [stderr]      Running unittests src/lib.rs (/opt/rustwide/target/debug/deps/lib-b56c4daa77d71824)
[INFO] [stdout] 
[INFO] [stderr]      Running tests/test.rs (/opt/rustwide/target/debug/deps/test-3edd84c5b189aa27)
[INFO] [stdout] running 0 tests
[INFO] [stderr]    Doc-tests lib
[INFO] [stdout] 
[INFO] [stdout] test result: ok. 0 passed; 0 failed; 0 ignored; 0 measured; 0 filtered out; finished in 0.00s
[INFO] [stdout] 
[INFO] [stdout] 
[INFO] [stdout] running 0 tests
[INFO] [stdout] 
[INFO] [stdout] test result: ok. 0 passed; 0 failed; 0 ignored; 0 measured; 0 filtered out; finished in 0.00s
[INFO] [stdout] 
[INFO] [stdout] 
[INFO] [stdout] running 3 tests
[INFO] [stdout] test src/instruction.rs - instruction::SplitterInstruction::SplitLamports (line 32) ... FAILED
[INFO] [stdout] test src/instruction.rs - instruction::SplitterInstruction::SplitSplTokensFromSingleMint (line 41) ... FAILED
[INFO] [stdout] test src/instruction.rs - instruction::SplitterInstruction::SplitSplTokensFromMultipleMints (line 51) ... FAILED
[INFO] [stdout] 
[INFO] [stdout] failures:
[INFO] [stdout] 
[INFO] [stdout] ---- src/instruction.rs - instruction::SplitterInstruction::SplitLamports (line 32) stdout ----
[INFO] [stdout] error: unknown start of token: `
[INFO] [stdout]   --> src/instruction.rs:33:4
[INFO] [stdout]    |
[INFO] [stdout] 33 | 0. `[writable,signer]` system-program owned account as source account
[INFO] [stdout]    |    ^
[INFO] [stdout]    |
[INFO] [stdout] help: Unicode character '`' (Grave Accent) looks like ''' (Single Quote), but it is not
[INFO] [stdout]    |
[INFO] [stdout] 33 - 0. `[writable,signer]` system-program owned account as source account
[INFO] [stdout] 33 + 0. '[writable,signer]` system-program owned account as source account
[INFO] [stdout]    |
[INFO] [stdout] 
[INFO] [stdout] error: unknown start of token: `
[INFO] [stdout]   --> src/instruction.rs:33:22
[INFO] [stdout]    |
[INFO] [stdout] 33 | 0. `[writable,signer]` system-program owned account as source account
[INFO] [stdout]    |                      ^
[INFO] [stdout]    |
[INFO] [stdout] help: Unicode character '`' (Grave Accent) looks like ''' (Single Quote), but it is not
[INFO] [stdout]    |
[INFO] [stdout] 33 - 0. `[writable,signer]` system-program owned account as source account
[INFO] [stdout] 33 + 0. `[writable,signer]' system-program owned account as source account
[INFO] [stdout]    |
[INFO] [stdout] 
[INFO] [stdout] error: unknown start of token: `
[INFO] [stdout]   --> src/instruction.rs:34:11
[INFO] [stdout]    |
[INFO] [stdout] 34 | 1. 1..1+M `[writable]` M system-program owned accounts as destination accounts
[INFO] [stdout]    |           ^
[INFO] [stdout]    |
[INFO] [stdout] help: Unicode character '`' (Grave Accent) looks like ''' (Single Quote), but it is not
[INFO] [stdout]    |
[INFO] [stdout] 34 - 1. 1..1+M `[writable]` M system-program owned accounts as destination accounts
[INFO] [stdout] 34 + 1. 1..1+M '[writable]` M system-program owned accounts as destination accounts
[INFO] [stdout]    |
[INFO] [stdout] 
[INFO] [stdout] error: unknown start of token: `
[INFO] [stdout]   --> src/instruction.rs:34:22
[INFO] [stdout]    |
[INFO] [stdout] 34 | 1. 1..1+M `[writable]` M system-program owned accounts as destination accounts
[INFO] [stdout]    |                      ^
[INFO] [stdout]    |
[INFO] [stdout] help: Unicode character '`' (Grave Accent) looks like ''' (Single Quote), but it is not
[INFO] [stdout]    |
[INFO] [stdout] 34 - 1. 1..1+M `[writable]` M system-program owned accounts as destination accounts
[INFO] [stdout] 34 + 1. 1..1+M `[writable]' M system-program owned accounts as destination accounts
[INFO] [stdout]    |
[INFO] [stdout] 
[INFO] [stdout] error: expected item, found `0.`
[INFO] [stdout]   --> src/instruction.rs:33:1
[INFO] [stdout]    |
[INFO] [stdout] 33 | 0. `[writable,signer]` system-program owned account as source account
[INFO] [stdout]    | ^^ expected item
[INFO] [stdout]    |
[INFO] [stdout]    = note: for a full list of items that can appear in modules, see <https://doc.rust-lang.org/reference/items.html>
[INFO] [stdout] 
[INFO] [stdout] error: aborting due to 5 previous errors
[INFO] [stdout] 
[INFO] [stdout] Couldn't compile the test.
[INFO] [stdout] ---- src/instruction.rs - instruction::SplitterInstruction::SplitSplTokensFromSingleMint (line 41) stdout ----
[INFO] [stdout] error: unknown start of token: `
[INFO] [stdout]   --> src/instruction.rs:42:4
[INFO] [stdout]    |
[INFO] [stdout] 42 | 0. `[signer]` owner/delegator of the source token account
[INFO] [stdout]    |    ^
[INFO] [stdout]    |
[INFO] [stdout] help: Unicode character '`' (Grave Accent) looks like ''' (Single Quote), but it is not
[INFO] [stdout]    |
[INFO] [stdout] 42 - 0. `[signer]` owner/delegator of the source token account
[INFO] [stdout] 42 + 0. '[signer]` owner/delegator of the source token account
[INFO] [stdout]    |
[INFO] [stdout] 
[INFO] [stdout] error: unknown start of token: `
[INFO] [stdout]   --> src/instruction.rs:42:13
[INFO] [stdout]    |
[INFO] [stdout] 42 | 0. `[signer]` owner/delegator of the source token account
[INFO] [stdout]    |             ^
[INFO] [stdout]    |
[INFO] [stdout] help: Unicode character '`' (Grave Accent) looks like ''' (Single Quote), but it is not
[INFO] [stdout]    |
[INFO] [stdout] 42 - 0. `[signer]` owner/delegator of the source token account
[INFO] [stdout] 42 + 0. `[signer]' owner/delegator of the source token account
[INFO] [stdout]    |
[INFO] [stdout] 
[INFO] [stdout] error: unknown start of token: `
[INFO] [stdout]   --> src/instruction.rs:43:4
[INFO] [stdout]    |
[INFO] [stdout] 43 | 1. `[writable]` source token account
[INFO] [stdout]    |    ^
[INFO] [stdout]    |
[INFO] [stdout] help: Unicode character '`' (Grave Accent) looks like ''' (Single Quote), but it is not
[INFO] [stdout]    |
[INFO] [stdout] 43 - 1. `[writable]` source token account
[INFO] [stdout] 43 + 1. '[writable]` source token account
[INFO] [stdout]    |
[INFO] [stdout] 
[INFO] [stdout] error: unknown start of token: `
[INFO] [stdout]   --> src/instruction.rs:43:15
[INFO] [stdout]    |
[INFO] [stdout] 43 | 1. `[writable]` source token account
[INFO] [stdout]    |               ^
[INFO] [stdout]    |
[INFO] [stdout] help: Unicode character '`' (Grave Accent) looks like ''' (Single Quote), but it is not
[INFO] [stdout]    |
[INFO] [stdout] 43 - 1. `[writable]` source token account
[INFO] [stdout] 43 + 1. `[writable]' source token account
[INFO] [stdout]    |
[INFO] [stdout] 
[INFO] [stdout] error: unknown start of token: `
[INFO] [stdout]   --> src/instruction.rs:44:11
[INFO] [stdout]    |
[INFO] [stdout] 44 | 2. 2..2+M `[writable]` M destination token accounts
[INFO] [stdout]    |           ^
[INFO] [stdout]    |
[INFO] [stdout] help: Unicode character '`' (Grave Accent) looks like ''' (Single Quote), but it is not
[INFO] [stdout]    |
[INFO] [stdout] 44 - 2. 2..2+M `[writable]` M destination token accounts
[INFO] [stdout] 44 + 2. 2..2+M '[writable]` M destination token accounts
[INFO] [stdout]    |
[INFO] [stdout] 
[INFO] [stdout] error: unknown start of token: `
[INFO] [stdout]   --> src/instruction.rs:44:22
[INFO] [stdout]    |
[INFO] [stdout] 44 | 2. 2..2+M `[writable]` M destination token accounts
[INFO] [stdout]    |                      ^
[INFO] [stdout]    |
[INFO] [stdout] help: Unicode character '`' (Grave Accent) looks like ''' (Single Quote), but it is not
[INFO] [stdout]    |
[INFO] [stdout] 44 - 2. 2..2+M `[writable]` M destination token accounts
[INFO] [stdout] 44 + 2. 2..2+M `[writable]' M destination token accounts
[INFO] [stdout]    |
[INFO] [stdout] 
[INFO] [stdout] error: expected item, found `0.`
[INFO] [stdout]   --> src/instruction.rs:42:1
[INFO] [stdout]    |
[INFO] [stdout] 42 | 0. `[signer]` owner/delegator of the source token account
[INFO] [stdout]    | ^^ expected item
[INFO] [stdout]    |
[INFO] [stdout]    = note: for a full list of items that can appear in modules, see <https://doc.rust-lang.org/reference/items.html>
[INFO] [stdout] 
[INFO] [stdout] error: aborting due to 7 previous errors
[INFO] [stdout] 
[INFO] [stdout] Couldn't compile the test.
[INFO] [stdout] ---- src/instruction.rs - instruction::SplitterInstruction::SplitSplTokensFromMultipleMints (line 51) stdout ----
[INFO] [stdout] error: unknown start of token: `
[INFO] [stdout]   --> src/instruction.rs:52:31
[INFO] [stdout]    |
[INFO] [stdout] 52 | * This instruction requires a `m` parameter to be passed as data
[INFO] [stdout]    |                               ^
[INFO] [stdout]    |
[INFO] [stdout] help: Unicode character '`' (Grave Accent) looks like ''' (Single Quote), but it is not
[INFO] [stdout]    |
[INFO] [stdout] 52 - * This instruction requires a `m` parameter to be passed as data
[INFO] [stdout] 52 + * This instruction requires a 'm` parameter to be passed as data
[INFO] [stdout]    |
[INFO] [stdout] 
[INFO] [stdout] error: unknown start of token: `
[INFO] [stdout]   --> src/instruction.rs:52:33
[INFO] [stdout]    |
[INFO] [stdout] 52 | * This instruction requires a `m` parameter to be passed as data
[INFO] [stdout]    |                                 ^
[INFO] [stdout]    |
[INFO] [stdout] help: Unicode character '`' (Grave Accent) looks like ''' (Single Quote), but it is not
[INFO] [stdout]    |
[INFO] [stdout] 52 - * This instruction requires a `m` parameter to be passed as data
[INFO] [stdout] 52 + * This instruction requires a `m' parameter to be passed as data
[INFO] [stdout]    |
[INFO] [stdout] 
[INFO] [stdout] error: unknown start of token: `
[INFO] [stdout]   --> src/instruction.rs:53:4
[INFO] [stdout]    |
[INFO] [stdout] 53 | 0. `[signer]` owner/delegator of the source token account
[INFO] [stdout]    |    ^
[INFO] [stdout]    |
[INFO] [stdout] help: Unicode character '`' (Grave Accent) looks like ''' (Single Quote), but it is not
[INFO] [stdout]    |
[INFO] [stdout] 53 - 0. `[signer]` owner/delegator of the source token account
[INFO] [stdout] 53 + 0. '[signer]` owner/delegator of the source token account
[INFO] [stdout]    |
[INFO] [stdout] 
[INFO] [stdout] error: unknown start of token: `
[INFO] [stdout]   --> src/instruction.rs:53:13
[INFO] [stdout]    |
[INFO] [stdout] 53 | 0. `[signer]` owner/delegator of the source token account
[INFO] [stdout]    |             ^
[INFO] [stdout]    |
[INFO] [stdout] help: Unicode character '`' (Grave Accent) looks like ''' (Single Quote), but it is not
[INFO] [stdout]    |
[INFO] [stdout] 53 - 0. `[signer]` owner/delegator of the source token account
[INFO] [stdout] 53 + 0. `[signer]' owner/delegator of the source token account
[INFO] [stdout]    |
[INFO] [stdout] 
[INFO] [stdout] error: unknown start of token: `
[INFO] [stdout]   --> src/instruction.rs:54:11
[INFO] [stdout]    |
[INFO] [stdout] 54 | 1. 1..1+m `[writable]` m source accounts
[INFO] [stdout]    |           ^
[INFO] [stdout]    |
[INFO] [stdout] help: Unicode character '`' (Grave Accent) looks like ''' (Single Quote), but it is not
[INFO] [stdout]    |
[INFO] [stdout] 54 - 1. 1..1+m `[writable]` m source accounts
[INFO] [stdout] 54 + 1. 1..1+m '[writable]` m source accounts
[INFO] [stdout]    |
[INFO] [stdout] 
[INFO] [stdout] error: unknown start of token: `
[INFO] [stdout]   --> src/instruction.rs:54:22
[INFO] [stdout]    |
[INFO] [stdout] 54 | 1. 1..1+m `[writable]` m source accounts
[INFO] [stdout]    |                      ^
[INFO] [stdout]    |
[INFO] [stdout] help: Unicode character '`' (Grave Accent) looks like ''' (Single Quote), but it is not
[INFO] [stdout]    |
[INFO] [stdout] 54 - 1. 1..1+m `[writable]` m source accounts
[INFO] [stdout] 54 + 1. 1..1+m `[writable]' m source accounts
[INFO] [stdout]    |
[INFO] [stdout] 
[INFO] [stdout] error: unknown start of token: `
[INFO] [stdout]   --> src/instruction.rs:55:10
[INFO] [stdout]    |
[INFO] [stdout] 55 | 2. m+1.. `[wrtiable]` m destination accounts
[INFO] [stdout]    |          ^
[INFO] [stdout]    |
[INFO] [stdout] help: Unicode character '`' (Grave Accent) looks like ''' (Single Quote), but it is not
[INFO] [stdout]    |
[INFO] [stdout] 55 - 2. m+1.. `[wrtiable]` m destination accounts
[INFO] [stdout] 55 + 2. m+1.. '[wrtiable]` m destination accounts
[INFO] [stdout]    |
[INFO] [stdout] 
[INFO] [stdout] error: unknown start of token: `
[INFO] [stdout]   --> src/instruction.rs:55:21
[INFO] [stdout]    |
[INFO] [stdout] 55 | 2. m+1.. `[wrtiable]` m destination accounts
[INFO] [stdout]    |                     ^
[INFO] [stdout]    |
[INFO] [stdout] help: Unicode character '`' (Grave Accent) looks like ''' (Single Quote), but it is not
[INFO] [stdout]    |
[INFO] [stdout] 55 - 2. m+1.. `[wrtiable]` m destination accounts
[INFO] [stdout] 55 + 2. m+1.. `[wrtiable]' m destination accounts
[INFO] [stdout]    |
[INFO] [stdout] 
[INFO] [stdout] error: expected item, found `*`
[INFO] [stdout]   --> src/instruction.rs:52:1
[INFO] [stdout]    |
[INFO] [stdout] 52 | * This instruction requires a `m` parameter to be passed as data
[INFO] [stdout]    | ^ expected item
[INFO] [stdout]    |
[INFO] [stdout]    = note: for a full list of items that can appear in modules, see <https://doc.rust-lang.org/reference/items.html>
[INFO] [stdout] 
[INFO] [stdout] error: aborting due to 9 previous errors
[INFO] [stdout] 
[INFO] [stdout] Couldn't compile the test.
[INFO] [stdout] 
[INFO] [stdout] failures:
[INFO] [stdout]     src/instruction.rs - instruction::SplitterInstruction::SplitLamports (line 32)
[INFO] [stdout]     src/instruction.rs - instruction::SplitterInstruction::SplitSplTokensFromMultipleMints (line 51)
[INFO] [stdout]     src/instruction.rs - instruction::SplitterInstruction::SplitSplTokensFromSingleMint (line 41)
[INFO] [stdout] 
[INFO] [stdout] test result: FAILED. 0 passed; 3 failed; 0 ignored; 0 measured; 0 filtered out; finished in 0.07s
[INFO] [stdout] 
[INFO] [stderr] error: doctest failed, to rerun pass `--doc`
[INFO] running `Command { std: "docker" "inspect" "c6a72238354e6df01c44a104fecd6992126f42248da4127c7f8192925e473615", kill_on_drop: false }`
[INFO] running `Command { std: "docker" "rm" "-f" "c6a72238354e6df01c44a104fecd6992126f42248da4127c7f8192925e473615", kill_on_drop: false }`
[INFO] [stdout] c6a72238354e6df01c44a104fecd6992126f42248da4127c7f8192925e473615
