[INFO] fetching crate selectables 0.2.0...
[INFO] testing selectables-0.2.0 against 1.100.0-beta.1 for beta-1.100-2
[INFO] extracting crate selectables 0.2.0 into /workspace/builds/worker-4-tc2/source
[INFO] started tweaking crates.io crate selectables 0.2.0
[INFO] removed 0 missing examples
[INFO] finished tweaking crates.io crate selectables 0.2.0
[INFO] tweaked toml for crates.io crate selectables 0.2.0 written to /workspace/builds/worker-4-tc2/source/Cargo.toml
[INFO] validating manifest of crates.io crate selectables 0.2.0 on toolchain 1.100.0-beta.1
[INFO] running `Command { std: CARGO_HOME="/workspace/cargo-home" RUSTUP_HOME="/workspace/rustup-home" "/workspace/cargo-home/bin/cargo" "+1.100.0-beta.1" "metadata" "--manifest-path" "Cargo.toml" "--no-deps", kill_on_drop: false }`
[INFO] crate crates.io crate selectables 0.2.0 already has a lockfile, it will not be regenerated
[INFO] running `Command { std: CARGO_HOME="/workspace/cargo-home" RUSTUP_HOME="/workspace/rustup-home" "/workspace/cargo-home/bin/cargo" "+1.100.0-beta.1" "fetch" "--manifest-path" "Cargo.toml", kill_on_drop: false }`
[INFO] running `Command { std: "docker" "create" "-v" "/var/lib/crater-agent-workspace/builds/worker-4-tc2/source:/opt/rustwide/workdir:ro,Z" "-v" "/var/lib/crater-agent-workspace/builds/worker-4-tc2/target:/opt/rustwide/target:rw,Z" "-v" "/var/lib/crater-agent-workspace/cargo-home:/opt/rustwide/cargo-home:ro,Z" "-v" "/var/lib/crater-agent-workspace/rustup-home:/opt/rustwide/rustup-home:ro,Z" "-m" "1610612736" "--network" "none" "ghcr.io/rust-lang/crates-build-env/linux@sha256:3111399a4047eeb3a02b7a90e478d715f38a8c6669b5c4b49d30a17385265909" "sleep" "infinity", kill_on_drop: false }`
[INFO] [stdout] 47dd5c264ffed6f0c5d195622261e8c115c683b6a5b5206ff73e42d008bdc63f
[INFO] running `Command { std: "docker" "start" "47dd5c264ffed6f0c5d195622261e8c115c683b6a5b5206ff73e42d008bdc63f", kill_on_drop: false }`
[INFO] running `Command { std: "docker" "inspect" "47dd5c264ffed6f0c5d195622261e8c115c683b6a5b5206ff73e42d008bdc63f", kill_on_drop: false }`
[INFO] running `Command { std: "docker" "exec" "-e" "SOURCE_DIR=/opt/rustwide/workdir" "-e" "CARGO_HOME=/opt/rustwide/cargo-home" "-e" "RUSTUP_HOME=/opt/rustwide/rustup-home" "-e" "CARGO_TARGET_DIR=/opt/rustwide/target" "-w" "/opt/rustwide/workdir" "--user" "0:0" "47dd5c264ffed6f0c5d195622261e8c115c683b6a5b5206ff73e42d008bdc63f" "/opt/rustwide/cargo-home/bin/cargo" "+1.100.0-beta.1" "metadata" "--no-deps" "--format-version=1", kill_on_drop: false }`
[INFO] running `Command { std: "docker" "inspect" "47dd5c264ffed6f0c5d195622261e8c115c683b6a5b5206ff73e42d008bdc63f", kill_on_drop: false }`
[INFO] running `Command { std: "docker" "exec" "-e" "SOURCE_DIR=/opt/rustwide/workdir" "-e" "CARGO_HOME=/opt/rustwide/cargo-home" "-e" "RUSTUP_HOME=/opt/rustwide/rustup-home" "-e" "CARGO_TARGET_DIR=/opt/rustwide/target" "-e" "CARGO_INCREMENTAL=0" "-e" "RUST_BACKTRACE=full" "-e" "RUSTFLAGS=--cap-lints=warn" "-e" "RUSTDOCFLAGS=--cap-lints=warn" "-w" "/opt/rustwide/workdir" "--user" "0:0" "47dd5c264ffed6f0c5d195622261e8c115c683b6a5b5206ff73e42d008bdc63f" "/opt/rustwide/cargo-home/bin/cargo" "+1.100.0-beta.1" "build" "--frozen" "--message-format=json", kill_on_drop: false }`
[INFO] [stderr]    Compiling arc-swap v1.9.1
[INFO] [stderr]    Compiling selectables v0.2.0 (/opt/rustwide/workdir)
[INFO] [stderr]     Finished `dev` profile [unoptimized + debuginfo] target(s) in 0.88s
[INFO] running `Command { std: "docker" "inspect" "47dd5c264ffed6f0c5d195622261e8c115c683b6a5b5206ff73e42d008bdc63f", kill_on_drop: false }`
[INFO] running `Command { std: "docker" "exec" "-e" "SOURCE_DIR=/opt/rustwide/workdir" "-e" "CARGO_HOME=/opt/rustwide/cargo-home" "-e" "RUSTUP_HOME=/opt/rustwide/rustup-home" "-e" "CARGO_TARGET_DIR=/opt/rustwide/target" "-e" "CARGO_INCREMENTAL=0" "-e" "RUST_BACKTRACE=full" "-e" "RUSTFLAGS=--cap-lints=warn" "-e" "RUSTDOCFLAGS=--cap-lints=warn" "-w" "/opt/rustwide/workdir" "--user" "0:0" "47dd5c264ffed6f0c5d195622261e8c115c683b6a5b5206ff73e42d008bdc63f" "/opt/rustwide/cargo-home/bin/cargo" "+1.100.0-beta.1" "test" "--frozen" "--no-run" "--message-format=json", kill_on_drop: false }`
[INFO] [stderr]    Compiling libc v0.2.185
[INFO] [stderr]    Compiling time v0.3.47
[INFO] [stderr]    Compiling minimal_logger v0.2.0
[INFO] [stderr]    Compiling selectables v0.2.0 (/opt/rustwide/workdir)
[INFO] [stderr]     Finished `test` profile [unoptimized + debuginfo] target(s) in 6.57s
[INFO] running `Command { std: "docker" "inspect" "47dd5c264ffed6f0c5d195622261e8c115c683b6a5b5206ff73e42d008bdc63f", kill_on_drop: false }`
[INFO] running `Command { std: "docker" "exec" "-e" "SOURCE_DIR=/opt/rustwide/workdir" "-e" "CARGO_HOME=/opt/rustwide/cargo-home" "-e" "RUSTUP_HOME=/opt/rustwide/rustup-home" "-e" "CARGO_TARGET_DIR=/opt/rustwide/target" "-e" "CARGO_INCREMENTAL=0" "-e" "RUST_BACKTRACE=full" "-e" "RUSTFLAGS=--cap-lints=warn" "-e" "RUSTDOCFLAGS=--cap-lints=warn" "-w" "/opt/rustwide/workdir" "--user" "0:0" "47dd5c264ffed6f0c5d195622261e8c115c683b6a5b5206ff73e42d008bdc63f" "/opt/rustwide/cargo-home/bin/cargo" "+1.100.0-beta.1" "test" "--frozen", kill_on_drop: false }`
[INFO] [stderr]     Finished `test` profile [unoptimized + debuginfo] target(s) in 0.03s
[INFO] [stderr]      Running unittests src/lib.rs (/opt/rustwide/target/debug/build/selectables/b2886679e629794e/out/selectables-b2886679e629794e)
[INFO] [stdout] 
[INFO] [stdout] running 144 tests
[INFO] [stdout] test bounded_broadcast::tests::lagged_receiver_reports_skipped ... ok
[INFO] [stdout] test bounded_broadcast::tests::broadcast_reaches_multiple_receivers ... ok
[INFO] [stdout] test bounded_broadcast::tests::disconnect_after_drain ... ok
[INFO] [stdout] test bounded_broadcast::tests::multiple_senders_all_broadcast_to_each_receiver ... ok
[INFO] [stdout] test bounded_broadcast::tests::receiver_clone_starts_at_write_position ... ok
[INFO] [stdout] test bounded_broadcast::tests::try_recv_empty_when_nothing_sent ... ok
[INFO] [stdout] test bounded_mpmc::tests::clone_sender_keeps_alive ... ok
[INFO] [stdout] test bounded_mpmc::tests::is_ready ... ok
[INFO] [stdout] test bounded_mpmc::tests::fifo_ordering ... ok
[INFO] [stdout] test bounded_mpmc::tests::multiple_senders ... ok
[INFO] [stdout] test bounded_mpmc::tests::recv_drains_before_disconnect ... ok
[INFO] [stdout] test bounded_mpmc::tests::select_ready_when_disconnected_and_empty ... ok
[INFO] [stdout] test bounded_mpmc::tests::sender_drop_disconnects ... ok
[INFO] [stdout] test bounded_mpmc::tests::try_recv_empty_and_full ... ok
[INFO] [stdout] test bounded_mpmc::tests::multiple_receivers ... ok
[INFO] [stdout] test bounded_mpsc::tests::basic_send_recv ... ok
[INFO] [stdout] test bounded_broadcast::tests::capacity_one_causes_lag ... ok
[INFO] [stdout] test bounded_broadcast::tests::try_recv_disconnected_when_sender_dropped ... ok
[INFO] [stdout] test bounded_mpmc::tests::drop_values_in_buffer ... ok
[INFO] [stdout] test bounded_mpmc::tests::zero_capacity_always_full ... ok
[INFO] [stdout] test bounded_mpsc::tests::blocking_recv_drains_before_disconnect ... ok
[INFO] [stdout] test bounded_mpmc::tests::basic_send_recv ... ok
[INFO] [stdout] test bounded_mpmc::tests::concurrent_producers_consumers ... ok
[INFO] [stdout] test bounded_mpsc::tests::receiver_drop_causes_send_error ... ok
[INFO] [stdout] test bounded_mpsc::tests::select_hooks ... ok
[INFO] [stdout] test bounded_mpsc::tests::multiple_senders ... ok
[INFO] [stdout] test bounded_broadcast::tests::stress_broadcast_many_messages ... ok
[INFO] [stdout] test bounded_mpsc::tests::sender_cloneable ... ok
[INFO] [stdout] test bounded_mpsc::tests::sender_drop_causes_recv_disconnect ... ok
[INFO] [stdout] test bounded_broadcast::tests::sender_is_closed_only_after_all_receivers_drop ... ok
[INFO] [stdout] test bounded_mpsc::tests::zero_capacity ... ok
[INFO] [stdout] test bounded_broadcast::tests::select_integration_mixed_arms ... ok
[INFO] [stdout] test error::tests::errors_implement_std_error ... ok
[INFO] [stdout] test error::tests::recv_error_display ... ok
[INFO] [stdout] test error::tests::send_error_display ... ok
[INFO] [stdout] test bounded_mpsc::tests::try_recv ... ok
[INFO] [stdout] test bounded_broadcast::tests::stress_concurrent_lag_detection ... ok
[INFO] [stdout] test error::tests::try_recv_error_display ... ok
[INFO] [stdout] test internals::tests::ring_basic_push_pop ... ok
[INFO] [stdout] test internals::tests::ring_drop_runs_for_buffered_items ... ok
[INFO] [stdout] test internals::tests::ring_fifo_ordering ... ok
[INFO] [stdout] test internals::tests::ring_full_rejects_push ... ok
[INFO] [stdout] test internals::tests::ring_is_full_capacity_one ... ok
[INFO] [stdout] test internals::tests::ring_wrap_around ... ok
[INFO] [stdout] test internals::tests::ring_zero_capacity ... ok
[INFO] [stdout] test bounded_mpmc::tests::send_select_wakes_when_receiver_pops ... ok
[INFO] [stdout] test bounded_mpmc::tests::blocking_recv_woken_by_send ... ok
[INFO] [stdout] test bounded_mpmc::tests::blocking_recv_woken_by_disconnect ... ok
[INFO] [stdout] test bounded_broadcast::tests::blocking_recv_woken_by_send ... ok
[INFO] [stdout] test oneshot::tests::basic_send_recv ... ok
[INFO] [stdout] test oneshot::tests::is_ready_reflects_state ... ok
[INFO] [stdout] test oneshot::tests::receiver_drop_causes_send_error ... ok
[INFO] [stdout] test interval::tests::interval_selectable ... ok
[INFO] [stdout] test oneshot::tests::sender_drop_disconnects_receiver ... ok
[INFO] [stdout] test oneshot::tests::single_delivery_across_clones ... ok
[INFO] [stdout] test oneshot::tests::try_recv_disconnected_after_delivery ... ok
[INFO] [stdout] test oneshot::tests::try_recv_empty_then_value ... ok
[INFO] [stdout] test rendezvous::tests::basic_rendezvous ... ok
[INFO] [stdout] test bounded_mpsc::tests::drop_values_in_buffer ... ok
[INFO] [stdout] test bounded_mpsc::tests::bounded_capacity ... ok
[INFO] [stdout] test oneshot::tests::select_with_default_timeout_and_mixed_arms ... ok
[INFO] [stdout] test rendezvous::tests::complete_send_after_receiver_drops ... ok
[INFO] [stdout] test oneshot::tests::complete_recv_blocks_if_not_yet_sent ... ok
[INFO] [stdout] test oneshot::tests::blocking_recv_waits_for_send ... ok
[INFO] [stdout] test rendezvous::tests::try_recv_disconnected_immediately ... ok
[INFO] [stdout] test rendezvous::tests::try_recv_empty ... ok
[INFO] [stdout] test bounded_mpsc::tests::fifo_ordering ... ok
[INFO] [stdout] test rendezvous::tests::receiver_disconnect_wakes_sender ... ok
[INFO] [stdout] test bounded_mpsc::tests::blocking_recv_woken_by_disconnect ... ok
[INFO] [stdout] test bounded_broadcast::tests::blocking_recv_woken_by_sender_disconnect ... ok
[INFO] [stdout] test select::tests::fairness_distributes_roughly_evenly ... ok
[INFO] [stdout] test select::tests::recv_arm_wins_over_disconnected_send_arm ... ok
[INFO] [stdout] test select::tests::test_mixed_recv_send_select ... ok
[INFO] [stdout] test select::tests::test_send_arm_bounded_mpmc ... ok
[INFO] [stdout] test bounded_mpsc::tests::concurrent_send_recv ... ok
[INFO] [stdout] test select::tests::test_send_arm_default_when_not_ready ... ok
[INFO] [stdout] test interval::tests::interval_at_defers_first_tick ... ok
[INFO] [stdout] test select::tests::test_send_arm_disconnect_unbounded ... ok
[INFO] [stdout] test select::tests::test_send_arm_unbounded_mpmc ... ok
[INFO] [stdout] test rendezvous::tests::spsc_stress ... ok
[INFO] [stdout] test select::tests::test_send_arm_watch ... ok
[INFO] [stdout] test select::tests::three_arm_select_fires_only_ready_arm ... ok
[INFO] [stdout] test rendezvous::tests::concurrent_senders_stress ... ok
[INFO] [stdout] test select::tests::test_send_arm_disconnect_bounded ... ok
[INFO] [stdout] test select::tests::watch_with_instant_default ... ok
[INFO] [stdout] test select::tests::test_send_arm_unbounded_mpsc ... ok
[INFO] [stdout] test unbounded_mpmc::tests::basic_send_recv ... ok
[INFO] [stdout] test select::tests::mixed_recv_and_watch_blocking_select ... ok
[INFO] [stdout] test interval::tests::interval_fires_multiple_ticks ... ok
[INFO] [stdout] test rendezvous::tests::try_recv_wins ... ok
[INFO] [stdout] test unbounded_mpmc::tests::empty_then_disconnected ... ok
[INFO] [stdout] test unbounded_mpmc::tests::fifo_ordering ... ok
[INFO] [stdout] test unbounded_mpmc::tests::multiple_receivers_share_messages ... ok
[INFO] [stdout] test rendezvous::tests::sender_disconnect_wakes_recv ... ok
[INFO] [stdout] test unbounded_mpmc::tests::select_not_ready_when_empty ... ok
[INFO] [stdout] test unbounded_mpmc::tests::select_recv_ready ... ok
[INFO] [stdout] test unbounded_mpmc::tests::send_returns_err_after_all_receivers_drop ... ok
[INFO] [stdout] test unbounded_mpmc::tests::multiple_senders ... ok
[INFO] [stdout] test unbounded_mpsc::tests::basic_send_recv ... ok
[INFO] [stdout] test unbounded_mpmc::tests::complete_recv_waits_when_race_steals_message ... ok
[INFO] [stdout] test select::tests::blocking_select_waits_for_message ... ok
[INFO] [stdout] test unbounded_mpsc::tests::disconnect_after_drain ... ok
[INFO] [stdout] test bounded_mpsc::tests::send_select_wakes_when_receiver_pops ... ok
[INFO] [stdout] test interval::tests::interval_drop_stops_thread ... ok
[INFO] [stdout] test rendezvous::tests::send_arm_in_select ... ok
[INFO] [stdout] test unbounded_mpsc::tests::fifo_ordering ... ok
[INFO] [stdout] test unbounded_mpsc::tests::sender_count_tracks_clones ... ok
[INFO] [stdout] test unbounded_mpsc::tests::receiver_drop_causes_send_error ... ok
[INFO] [stdout] test waiter::tests::abort_only_matching_selected ... ok
[INFO] [stdout] test waiter::tests::drain_select_waiters_no_leak ... ok
[INFO] [stdout] test waiter::tests::select_waiter_abort_skips ... ok
[INFO] [stdout] test waiter::tests::select_waiter_push_and_wake_one ... ok
[INFO] [stdout] test unbounded_mpsc::tests::select_ready_and_complete ... ok
[INFO] [stdout] test waiter::tests::select_wake_all_frees_nodes ... ok
[INFO] [stdout] test select::tests::test_send_arm_bounded_mpmc_blocks_when_full ... ok
[INFO] [stdout] test watch::tests::borrow_reflects_latest_send_immediately ... ok
[INFO] [stdout] test watch::tests::borrow_arc_reflects_latest_send_immediately ... ok
[INFO] [stdout] test select::tests::watch_with_timeout_default ... ok
[INFO] [stdout] test watch::tests::clones_have_independent_cursors ... ok
[INFO] [stdout] test watch::tests::is_closed_reflects_sender_liveness ... ok
[INFO] [stdout] test watch::tests::mark_changed_returns_err_when_no_receivers_no_value ... ok
[INFO] [stdout] test unbounded_mpmc::tests::blocking_recv_wakes_on_disconnect ... ok
[INFO] [stdout] test watch::tests::multiple_senders_last_write_wins ... ok
[INFO] [stdout] test watch::tests::rapid_sends_borrow_shows_latest ... ok
[INFO] [stdout] test unbounded_mpsc::tests::try_recv_empty_then_disconnected ... ok
[INFO] [stdout] test watch::tests::send_returns_err_when_no_receivers ... ok
[INFO] [stdout] test unbounded_mpsc::tests::multiple_senders_stress_count ... ok
[INFO] [stdout] test unbounded_mpmc::tests::all_blocked_receivers_wake_on_last_sender_drop ... ok
[INFO] [stdout] test watch::tests::sender_clone_extends_liveness ... ok
[INFO] [stdout] test watch::tests::watch_channel_broadcasts_changes ... ok
[INFO] [stdout] test unbounded_mpmc::tests::blocking_recv_wakes_on_send ... ok
[INFO] [stdout] test select::tests::test_send_arm_timeout_default ... ok
[INFO] [stdout] test watch::tests::mark_changed_wakes_without_updating_value ... ok
[INFO] [stdout] test unbounded_mpsc::tests::blocking_recv_wakes_on_disconnect ... ok
[INFO] [stdout] test watch::tests::watch_changed_waits_for_update ... ok
[INFO] [stdout] test select::tests::timeout_select_returns_within_deadline ... ok
[INFO] [stdout] test watch::tests::select_recv_arm_fires_on_change ... ok
[INFO] [stdout] test watch::tests::multi_receiver_all_detect_sender_disconnect ... ok
[INFO] [stdout] test unbounded_mpmc::tests::stress_concurrent_senders_receivers ... ok
[INFO] [stdout] test interval::tests::interval_at_full_deferred_schedule ... FAILED
[INFO] [stdout] test watch::tests::multiple_receivers_all_wake_on_change ... ok
[INFO] [stdout] test unbounded_mpsc::tests::blocking_recv_wakes_on_send ... ok
[INFO] [stdout] test watch::tests::changed_returns_err_when_sender_drops ... ok
[INFO] [stdout] test rendezvous::tests::rendezvous_select ... ok
[INFO] [stdout] 
[INFO] [stdout] failures:
[INFO] [stdout] 
[INFO] [stdout] ---- interval::tests::interval_at_full_deferred_schedule stdout ----
[INFO] [stdout] 
[INFO] [stdout] thread 'interval::tests::interval_at_full_deferred_schedule' (335) panicked at src/interval.rs:256:9:
[INFO] [stdout] second tick arrived too early: gap=19.15192ms, period=30ms
[INFO] [stdout] stack backtrace:
[INFO] [stdout]    0:     0x5d9f6ba840e1 - std[617be2ca0a6fd877]::backtrace_rs::backtrace::libunwind::trace
[INFO] [stdout]                                at /rustc/e3feeb59cd1bdd011a2bfcc0747b55125d9b8527/library/std/src/../../backtrace/src/backtrace/libunwind.rs:117:9
[INFO] [stdout]    1:     0x5d9f6ba840e1 - std[617be2ca0a6fd877]::backtrace_rs::backtrace::trace_unsynchronized::<std[617be2ca0a6fd877]::sys::backtrace::_print_fmt::{closure#1}>
[INFO] [stdout]                                at /rustc/e3feeb59cd1bdd011a2bfcc0747b55125d9b8527/library/std/src/../../backtrace/src/backtrace/mod.rs:66:14
[INFO] [stdout]    2:     0x5d9f6ba840e1 - std[617be2ca0a6fd877]::sys::backtrace::_print_fmt
[INFO] [stdout]                                at /rustc/e3feeb59cd1bdd011a2bfcc0747b55125d9b8527/library/std/src/sys/backtrace.rs:74:9
[INFO] [stdout]    3:     0x5d9f6ba840e1 - <<std[617be2ca0a6fd877]::sys::backtrace::BacktraceLock>::print::DisplayBacktrace as core[a373ad73a504971]::fmt::Display>::fmt
[INFO] [stdout]                                at /rustc/e3feeb59cd1bdd011a2bfcc0747b55125d9b8527/library/std/src/sys/backtrace.rs:44:26
[INFO] [stdout]    4:     0x5d9f6ba9826a - <core[a373ad73a504971]::fmt::rt::Argument>::fmt
[INFO] [stdout]                                at /rustc/e3feeb59cd1bdd011a2bfcc0747b55125d9b8527/library/core/src/fmt/rt.rs:152:76
[INFO] [stdout]    5:     0x5d9f6ba9826a - core[a373ad73a504971]::fmt::write
[INFO] [stdout]    6:     0x5d9f6ba884fc - core[a373ad73a504971]::io::write::default_write_fmt::<alloc[2e1b2a31b91974c5]::vec::Vec<u8>>
[INFO] [stdout]                                at /rustc/e3feeb59cd1bdd011a2bfcc0747b55125d9b8527/library/core/src/io/write.rs:402:11
[INFO] [stdout]    7:     0x5d9f6ba884fc - <alloc[2e1b2a31b91974c5]::vec::Vec<u8> as core[a373ad73a504971]::io::write::Write>::write_fmt
[INFO] [stdout]                                at /rustc/e3feeb59cd1bdd011a2bfcc0747b55125d9b8527/library/core/src/io/write.rs:335:13
[INFO] [stdout]    8:     0x5d9f6ba5ffa6 - <std[617be2ca0a6fd877]::sys::backtrace::BacktraceLock>::print
[INFO] [stdout]                                at /rustc/e3feeb59cd1bdd011a2bfcc0747b55125d9b8527/library/std/src/sys/backtrace.rs:47:9
[INFO] [stdout]    9:     0x5d9f6ba5ffa6 - std[617be2ca0a6fd877]::panicking::default_hook::{closure#0}
[INFO] [stdout]                                at /rustc/e3feeb59cd1bdd011a2bfcc0747b55125d9b8527/library/std/src/panicking.rs:289:27
[INFO] [stdout]   10:     0x5d9f6ba7c3c9 - std[617be2ca0a6fd877]::panicking::default_hook
[INFO] [stdout]                                at /rustc/e3feeb59cd1bdd011a2bfcc0747b55125d9b8527/library/std/src/panicking.rs:313:9
[INFO] [stdout]   11:     0x5d9f6ba14360 - <alloc[2e1b2a31b91974c5]::boxed::Box<dyn for<'a, 'b> core[a373ad73a504971]::ops::function::Fn<(&'a std[617be2ca0a6fd877]::panic::PanicHookInfo<'b>,), Output = ()> + core[a373ad73a504971]::marker::Sync + core[a373ad73a504971]::marker::Send> as core[a373ad73a504971]::ops::function::Fn<(&std[617be2ca0a6fd877]::panic::PanicHookInfo,)>>::call
[INFO] [stdout]                                at /rustc/e3feeb59cd1bdd011a2bfcc0747b55125d9b8527/library/alloc/src/boxed.rs:2328:9
[INFO] [stdout]   12:     0x5d9f6ba14360 - test[aada8e7e76ba119b]::test_main_inner::{closure#0}
[INFO] [stdout]                                at /rustc/e3feeb59cd1bdd011a2bfcc0747b55125d9b8527/library/test/src/lib.rs:137:21
[INFO] [stdout]   13:     0x5d9f6ba7c582 - <alloc[2e1b2a31b91974c5]::boxed::Box<dyn for<'a, 'b> core[a373ad73a504971]::ops::function::Fn<(&'a std[617be2ca0a6fd877]::panic::PanicHookInfo<'b>,), Output = ()> + core[a373ad73a504971]::marker::Sync + core[a373ad73a504971]::marker::Send> as core[a373ad73a504971]::ops::function::Fn<(&std[617be2ca0a6fd877]::panic::PanicHookInfo,)>>::call
[INFO] [stdout]                                at /rustc/e3feeb59cd1bdd011a2bfcc0747b55125d9b8527/library/alloc/src/boxed.rs:2328:9
[INFO] [stdout]   14:     0x5d9f6ba7c582 - std[617be2ca0a6fd877]::panicking::panic_with_hook
[INFO] [stdout]                                at /rustc/e3feeb59cd1bdd011a2bfcc0747b55125d9b8527/library/std/src/panicking.rs:819:13
[INFO] [stdout]   15:     0x5d9f6ba60052 - std[617be2ca0a6fd877]::panicking::panic_handler::{closure#0}
[INFO] [stdout]                                at /rustc/e3feeb59cd1bdd011a2bfcc0747b55125d9b8527/library/std/src/panicking.rs:685:13
[INFO] [stdout]   16:     0x5d9f6ba58d39 - std[617be2ca0a6fd877]::sys::backtrace::__rust_end_short_backtrace::<std[617be2ca0a6fd877]::panicking::panic_handler::{closure#0}, !>
[INFO] [stdout]                                at /rustc/e3feeb59cd1bdd011a2bfcc0747b55125d9b8527/library/std/src/sys/backtrace.rs:182:18
[INFO] [stdout]   17:     0x5d9f6ba60c5d - __rustc[ea4f61d10b84890b]::rust_begin_unwind
[INFO] [stdout]                                at /rustc/e3feeb59cd1bdd011a2bfcc0747b55125d9b8527/library/std/src/panicking.rs:676:5
[INFO] [stdout]   18:     0x5d9f6ba98a5c - core[a373ad73a504971]::panicking::panic_fmt
[INFO] [stdout]                                at /rustc/e3feeb59cd1bdd011a2bfcc0747b55125d9b8527/library/core/src/panicking.rs:80:14
[INFO] [stdout]   19:     0x5d9f6b9718c9 - selectables[70f13c5d809b6ccc]::interval::tests::interval_at_full_deferred_schedule
[INFO] [stdout]                                at /opt/rustwide/workdir/src/interval.rs:256:9
[INFO] [stdout]   20:     0x5d9f6b96d657 - selectables[70f13c5d809b6ccc]::interval::tests::interval_at_full_deferred_schedule::{closure#0}
[INFO] [stdout]                                at /opt/rustwide/workdir/src/interval.rs:241:44
[INFO] [stdout]   21:     0x5d9f6b9ce866 - <selectables[70f13c5d809b6ccc]::interval::tests::interval_at_full_deferred_schedule::{closure#0} as core[a373ad73a504971]::ops::function::FnOnce<()>>::call_once
[INFO] [stdout]                                at /rustc/e3feeb59cd1bdd011a2bfcc0747b55125d9b8527/library/core/src/ops/function.rs:250:5
[INFO] [stdout]   22:     0x5d9f6ba077ab - <fn() -> core[a373ad73a504971]::result::Result<(), alloc[2e1b2a31b91974c5]::string::String> as core[a373ad73a504971]::ops::function::FnOnce<()>>::call_once
[INFO] [stdout]                                at /rustc/e3feeb59cd1bdd011a2bfcc0747b55125d9b8527/library/core/src/ops/function.rs:250:5
[INFO] [stdout]   23:     0x5d9f6ba077ab - test[aada8e7e76ba119b]::__rust_begin_short_backtrace::<core[a373ad73a504971]::result::Result<(), alloc[2e1b2a31b91974c5]::string::String>, fn() -> core[a373ad73a504971]::result::Result<(), alloc[2e1b2a31b91974c5]::string::String>>
[INFO] [stdout]                                at /rustc/e3feeb59cd1bdd011a2bfcc0747b55125d9b8527/library/test/src/lib.rs:701:18
[INFO] [stdout]   24:     0x5d9f6ba14985 - test[aada8e7e76ba119b]::run_test_in_process::{closure#0}
[INFO] [stdout]                                at /rustc/e3feeb59cd1bdd011a2bfcc0747b55125d9b8527/library/test/src/lib.rs:724:74
[INFO] [stdout]   25:     0x5d9f6ba14985 - <core[a373ad73a504971]::panic::unwind_safe::AssertUnwindSafe<test[aada8e7e76ba119b]::run_test_in_process::{closure#0}> as core[a373ad73a504971]::ops::function::FnOnce<()>>::call_once
[INFO] [stdout]                                at /rustc/e3feeb59cd1bdd011a2bfcc0747b55125d9b8527/library/core/src/panic/unwind_safe.rs:275:9
[INFO] [stdout]   26:     0x5d9f6ba14985 - std[617be2ca0a6fd877]::panicking::catch_unwind::do_call::<core[a373ad73a504971]::panic::unwind_safe::AssertUnwindSafe<test[aada8e7e76ba119b]::run_test_in_process::{closure#0}>, core[a373ad73a504971]::result::Result<(), alloc[2e1b2a31b91974c5]::string::String>>
[INFO] [stdout]                                at /rustc/e3feeb59cd1bdd011a2bfcc0747b55125d9b8527/library/std/src/panicking.rs:573:43
[INFO] [stdout]   27:     0x5d9f6ba14985 - std[617be2ca0a6fd877]::panicking::catch_unwind::<core[a373ad73a504971]::result::Result<(), alloc[2e1b2a31b91974c5]::string::String>, core[a373ad73a504971]::panic::unwind_safe::AssertUnwindSafe<test[aada8e7e76ba119b]::run_test_in_process::{closure#0}>>
[INFO] [stdout]                                at /rustc/e3feeb59cd1bdd011a2bfcc0747b55125d9b8527/library/std/src/panicking.rs:541:19
[INFO] [stdout]   28:     0x5d9f6ba14985 - std[617be2ca0a6fd877]::panic::catch_unwind::<core[a373ad73a504971]::panic::unwind_safe::AssertUnwindSafe<test[aada8e7e76ba119b]::run_test_in_process::{closure#0}>, core[a373ad73a504971]::result::Result<(), alloc[2e1b2a31b91974c5]::string::String>>
[INFO] [stdout]                                at /rustc/e3feeb59cd1bdd011a2bfcc0747b55125d9b8527/library/std/src/panic.rs:359:14
[INFO] [stdout]   29:     0x5d9f6ba14985 - test[aada8e7e76ba119b]::run_test_in_process
[INFO] [stdout]                                at /rustc/e3feeb59cd1bdd011a2bfcc0747b55125d9b8527/library/test/src/lib.rs:724:27
[INFO] [stdout]   30:     0x5d9f6ba14985 - test[aada8e7e76ba119b]::run_test::{closure#0}
[INFO] [stdout]                                at /rustc/e3feeb59cd1bdd011a2bfcc0747b55125d9b8527/library/test/src/lib.rs:645:43
[INFO] [stdout]   31:     0x5d9f6ba0e274 - test[aada8e7e76ba119b]::run_test::{closure#1}
[INFO] [stdout]                                at /rustc/e3feeb59cd1bdd011a2bfcc0747b55125d9b8527/library/test/src/lib.rs:675:41
[INFO] [stdout]   32:     0x5d9f6ba0e274 - std[617be2ca0a6fd877]::sys::backtrace::__rust_begin_short_backtrace::<test[aada8e7e76ba119b]::run_test::{closure#1}, ()>
[INFO] [stdout]                                at /rustc/e3feeb59cd1bdd011a2bfcc0747b55125d9b8527/library/std/src/sys/backtrace.rs:166:18
[INFO] [stdout]   33:     0x5d9f6ba17a12 - std[617be2ca0a6fd877]::thread::lifecycle::spawn_unchecked::<test[aada8e7e76ba119b]::run_test::{closure#1}, ()>::{closure#1}::{closure#0}
[INFO] [stdout]                                at /rustc/e3feeb59cd1bdd011a2bfcc0747b55125d9b8527/library/std/src/thread/lifecycle.rs:70:13
[INFO] [stdout]   34:     0x5d9f6ba17a12 - <core[a373ad73a504971]::panic::unwind_safe::AssertUnwindSafe<std[617be2ca0a6fd877]::thread::lifecycle::spawn_unchecked<test[aada8e7e76ba119b]::run_test::{closure#1}, ()>::{closure#1}::{closure#0}> as core[a373ad73a504971]::ops::function::FnOnce<()>>::call_once
[INFO] [stdout]                                at /rustc/e3feeb59cd1bdd011a2bfcc0747b55125d9b8527/library/core/src/panic/unwind_safe.rs:275:9
[INFO] [stdout]   35:     0x5d9f6ba17a12 - std[617be2ca0a6fd877]::panicking::catch_unwind::do_call::<core[a373ad73a504971]::panic::unwind_safe::AssertUnwindSafe<std[617be2ca0a6fd877]::thread::lifecycle::spawn_unchecked<test[aada8e7e76ba119b]::run_test::{closure#1}, ()>::{closure#1}::{closure#0}>, ()>
[INFO] [stdout]                                at /rustc/e3feeb59cd1bdd011a2bfcc0747b55125d9b8527/library/std/src/panicking.rs:573:43
[INFO] [stdout]   36:     0x5d9f6ba17a12 - std[617be2ca0a6fd877]::panicking::catch_unwind::<(), core[a373ad73a504971]::panic::unwind_safe::AssertUnwindSafe<std[617be2ca0a6fd877]::thread::lifecycle::spawn_unchecked<test[aada8e7e76ba119b]::run_test::{closure#1}, ()>::{closure#1}::{closure#0}>>
[INFO] [stdout]                                at /rustc/e3feeb59cd1bdd011a2bfcc0747b55125d9b8527/library/std/src/panicking.rs:541:19
[INFO] [stdout]   37:     0x5d9f6ba17a12 - std[617be2ca0a6fd877]::panic::catch_unwind::<core[a373ad73a504971]::panic::unwind_safe::AssertUnwindSafe<std[617be2ca0a6fd877]::thread::lifecycle::spawn_unchecked<test[aada8e7e76ba119b]::run_test::{closure#1}, ()>::{closure#1}::{closure#0}>, ()>
[INFO] [stdout]                                at /rustc/e3feeb59cd1bdd011a2bfcc0747b55125d9b8527/library/std/src/panic.rs:359:14
[INFO] [stdout]   38:     0x5d9f6ba17a12 - std[617be2ca0a6fd877]::thread::lifecycle::spawn_unchecked::<test[aada8e7e76ba119b]::run_test::{closure#1}, ()>::{closure#1}
[INFO] [stdout]                                at /rustc/e3feeb59cd1bdd011a2bfcc0747b55125d9b8527/library/std/src/thread/lifecycle.rs:68:26
[INFO] [stdout]   39:     0x5d9f6ba17a12 - <std[617be2ca0a6fd877]::thread::lifecycle::spawn_unchecked<test[aada8e7e76ba119b]::run_test::{closure#1}, ()>::{closure#1} as core[a373ad73a504971]::ops::function::FnOnce<()>>::call_once::{shim:vtable#0}
[INFO] [stdout]                                at /rustc/e3feeb59cd1bdd011a2bfcc0747b55125d9b8527/library/core/src/ops/function.rs:250:5
[INFO] [stdout]   40:     0x5d9f6ba8390f - <alloc[2e1b2a31b91974c5]::boxed::Box<dyn core[a373ad73a504971]::ops::function::FnOnce<(), Output = ()> + core[a373ad73a504971]::marker::Send> as core[a373ad73a504971]::ops::function::FnOnce<()>>::call_once
[INFO] [stdout]                                at /rustc/e3feeb59cd1bdd011a2bfcc0747b55125d9b8527/library/alloc/src/boxed.rs:2314:9
[INFO] [stdout]   41:     0x5d9f6ba8390f - <std[617be2ca0a6fd877]::sys::thread::unix::Thread>::new::thread_start
[INFO] [stdout]                                at /rustc/e3feeb59cd1bdd011a2bfcc0747b55125d9b8527/library/std/src/sys/thread/unix.rs:127:17
[INFO] [stdout]   42:     0x7adb412a6dfa - <unknown>
[INFO] [stdout]   43:     0x7adb4133a3d4 - clone
[INFO] [stdout]   44:                0x0 - <unknown>
[INFO] [stdout] 
[INFO] [stdout] 
[INFO] [stdout] failures:
[INFO] [stdout]     interval::tests::interval_at_full_deferred_schedule
[INFO] [stdout] 
[INFO] [stdout] test result: FAILED. 143 passed; 1 failed; 0 ignored; 0 measured; 0 filtered out; finished in 0.19s
[INFO] [stdout] 
[INFO] [stderr] error: test failed, to rerun pass `--lib`
[INFO] running `Command { std: "docker" "inspect" "47dd5c264ffed6f0c5d195622261e8c115c683b6a5b5206ff73e42d008bdc63f", kill_on_drop: false }`
[INFO] running `Command { std: "docker" "rm" "-f" "47dd5c264ffed6f0c5d195622261e8c115c683b6a5b5206ff73e42d008bdc63f", kill_on_drop: false }`
[INFO] [stdout] 47dd5c264ffed6f0c5d195622261e8c115c683b6a5b5206ff73e42d008bdc63f
