[INFO] fetching crate rsportal 0.1.0...
[INFO] testing rsportal-0.1.0 against 1.100.0-beta.1 for beta-1.100-2
[INFO] extracting crate rsportal 0.1.0 into /workspace/builds/worker-5-tc2/source
[INFO] started tweaking crates.io crate rsportal 0.1.0
[INFO] finished tweaking crates.io crate rsportal 0.1.0
[INFO] tweaked toml for crates.io crate rsportal 0.1.0 written to /workspace/builds/worker-5-tc2/source/Cargo.toml
[INFO] validating manifest of crates.io crate rsportal 0.1.0 on toolchain 1.100.0-beta.1
[INFO] running `Command { std: CARGO_HOME="/workspace/cargo-home" RUSTUP_HOME="/workspace/rustup-home" "/workspace/cargo-home/bin/cargo" "+1.100.0-beta.1" "metadata" "--manifest-path" "Cargo.toml" "--no-deps", kill_on_drop: false }`
[INFO] running `Command { std: CARGO_HOME="/workspace/cargo-home" RUSTUP_HOME="/workspace/rustup-home" "/workspace/cargo-home/bin/cargo" "+1.100.0-beta.1" "generate-lockfile" "--manifest-path" "Cargo.toml", kill_on_drop: false }`
[INFO] [stderr]     Blocking waiting for file lock on package cache
[INFO] [stderr]     Updating crates.io index
[INFO] [stderr]      Locking 58 packages to highest compatible versions
[INFO] [stderr]       Adding display-interface-parallel-gpio v0.6.0 (available: v0.7.0)
[INFO] [stderr]       Adding ili9341 v0.5.0 (available: v0.6.0)
[INFO] [stderr]       Adding pyportal v0.8.0 (available: v0.11.0)
[INFO] [stderr]       Adding rtt-target v0.3.1 (available: v0.6.2)
[INFO] [stderr]       Adding smart-leds v0.3.0 (available: v0.4.0)
[INFO] running `Command { std: CARGO_HOME="/workspace/cargo-home" RUSTUP_HOME="/workspace/rustup-home" "/workspace/cargo-home/bin/cargo" "+1.100.0-beta.1" "fetch" "--manifest-path" "Cargo.toml", kill_on_drop: false }`
[INFO] running `Command { std: "docker" "create" "-v" "/var/lib/crater-agent-workspace/builds/worker-5-tc2/source:/opt/rustwide/workdir:ro,Z" "-v" "/var/lib/crater-agent-workspace/builds/worker-5-tc2/target:/opt/rustwide/target:rw,Z" "-v" "/var/lib/crater-agent-workspace/cargo-home:/opt/rustwide/cargo-home:ro,Z" "-v" "/var/lib/crater-agent-workspace/rustup-home:/opt/rustwide/rustup-home:ro,Z" "-m" "1610612736" "--network" "none" "ghcr.io/rust-lang/crates-build-env/linux@sha256:3111399a4047eeb3a02b7a90e478d715f38a8c6669b5c4b49d30a17385265909" "sleep" "infinity", kill_on_drop: false }`
[INFO] [stdout] 450c06feaa50a0dfbe4eb5b0e1990b1501d388b033fba13800515b35bd8f89df
[INFO] running `Command { std: "docker" "start" "450c06feaa50a0dfbe4eb5b0e1990b1501d388b033fba13800515b35bd8f89df", kill_on_drop: false }`
[INFO] running `Command { std: "docker" "inspect" "450c06feaa50a0dfbe4eb5b0e1990b1501d388b033fba13800515b35bd8f89df", kill_on_drop: false }`
[INFO] running `Command { std: "docker" "exec" "-e" "SOURCE_DIR=/opt/rustwide/workdir" "-e" "CARGO_HOME=/opt/rustwide/cargo-home" "-e" "RUSTUP_HOME=/opt/rustwide/rustup-home" "-e" "CARGO_TARGET_DIR=/opt/rustwide/target" "-w" "/opt/rustwide/workdir" "--user" "0:0" "450c06feaa50a0dfbe4eb5b0e1990b1501d388b033fba13800515b35bd8f89df" "/opt/rustwide/cargo-home/bin/cargo" "+1.100.0-beta.1" "metadata" "--no-deps" "--format-version=1", kill_on_drop: false }`
[INFO] running `Command { std: "docker" "inspect" "450c06feaa50a0dfbe4eb5b0e1990b1501d388b033fba13800515b35bd8f89df", kill_on_drop: false }`
[INFO] running `Command { std: "docker" "exec" "-e" "SOURCE_DIR=/opt/rustwide/workdir" "-e" "CARGO_HOME=/opt/rustwide/cargo-home" "-e" "RUSTUP_HOME=/opt/rustwide/rustup-home" "-e" "CARGO_TARGET_DIR=/opt/rustwide/target" "-e" "CARGO_INCREMENTAL=0" "-e" "RUST_BACKTRACE=full" "-e" "RUSTFLAGS=--cap-lints=warn" "-e" "RUSTDOCFLAGS=--cap-lints=warn" "-w" "/opt/rustwide/workdir" "--user" "0:0" "450c06feaa50a0dfbe4eb5b0e1990b1501d388b033fba13800515b35bd8f89df" "/opt/rustwide/cargo-home/bin/cargo" "+1.100.0-beta.1" "build" "--frozen" "--message-format=json", kill_on_drop: false }`
[INFO] [stderr]    Compiling semver-parser v0.7.0
[INFO] [stderr]    Compiling nb v1.1.0
[INFO] [stderr]    Compiling syn v1.0.109
[INFO] [stderr]    Compiling cortex-m v0.7.9
[INFO] [stderr]    Compiling cortex-m-macros v0.7.8
[INFO] [stderr]    Compiling vcell v0.1.3
[INFO] [stderr]    Compiling cortex-m-rt v0.6.15
[INFO] [stderr]    Compiling critical-section v1.2.0
[INFO] [stderr]    Compiling bitfield v0.13.2
[INFO] [stderr]    Compiling generic-array v0.14.9
[INFO] [stderr]    Compiling generic-array v0.13.3
[INFO] [stderr]    Compiling generic-array v0.12.4
[INFO] [stderr]    Compiling embedded-hal v1.0.0
[INFO] [stderr]    Compiling cortex-m v0.6.7
[INFO] [stderr]    Compiling syn v2.0.119
[INFO] [stderr]    Compiling num-traits v0.2.19
[INFO] [stderr]    Compiling volatile-register v0.2.2
[INFO] [stderr]    Compiling nb v0.1.3
[INFO] [stderr]    Compiling bytemuck v1.25.2
[INFO] [stderr]    Compiling embedded-hal v0.2.7
[INFO] [stderr]    Compiling atsamd51j v0.10.0
[INFO] [stderr]    Compiling r0 v0.2.2
[INFO] [stderr]    Compiling display-interface v0.4.1
[INFO] [stderr]    Compiling rand_core v0.5.1
[INFO] [stderr]    Compiling az v1.3.0
[INFO] [stderr]    Compiling rgb v0.8.53
[INFO] [stderr]    Compiling semver v0.9.0
[INFO] [stderr]    Compiling pyportal v0.8.0
[INFO] [stderr]    Compiling seq-macro v0.2.2
[INFO] [stderr]    Compiling replace_with v0.1.8
[INFO] [stderr]    Compiling ufmt-write v0.1.0
[INFO] [stderr]    Compiling display-interface-parallel-gpio v0.6.0
[INFO] [stderr]    Compiling rustc_version v0.2.3
[INFO] [stderr]    Compiling smart-leds-trait v0.2.1
[INFO] [stderr]    Compiling smart-leds v0.3.0
[INFO] [stderr]    Compiling ws2812-timer-delay v0.3.0
[INFO] [stderr]    Compiling bare-metal v0.2.5
[INFO] [stderr]    Compiling as-slice v0.1.5
[INFO] [stderr]    Compiling embedded-graphics-core v0.3.3
[INFO] [stderr]    Compiling aligned v0.3.5
[INFO] [stderr]    Compiling ili9341 v0.5.0
[INFO] [stderr]    Compiling rtt-target v0.3.1
[INFO] [stderr]    Compiling cortex-m-rt-macros v0.6.15
[INFO] [stderr]    Compiling modular-bitfield-impl v0.11.2
[INFO] [stderr]    Compiling modular-bitfield v0.11.2
[INFO] [stderr]    Compiling atsamd-hal v0.13.0
[INFO] [stdout] error[E0271]: type mismatch resolving `<! as TryFrom<Status>>::Error == Error`
[INFO] [stdout]    --> /opt/rustwide/cargo-home/registry/src/index.crates.io-1949cf8c6b5b557f/atsamd-hal-0.13.0/src/sercom/v2/uart.rs:916:28
[INFO] [stdout]     |
[INFO] [stdout] 916 |         self.read_status().try_into()?;
[INFO] [stdout]     |                            ^^^^^^^^ expected `Error`, found `!`
[INFO] [stdout]     |
[INFO] [stdout]     = note: expected enum `flags::Error`
[INFO] [stdout]                found type `!`
[INFO] [stdout] 
[INFO] [stdout] 
[INFO] [stdout] error[E0277]: the trait bound `!: TryFrom<flags::Status>` is not satisfied
[INFO] [stdout]    --> /opt/rustwide/cargo-home/registry/src/index.crates.io-1949cf8c6b5b557f/atsamd-hal-0.13.0/src/sercom/v2/uart.rs:916:28
[INFO] [stdout]     |
[INFO] [stdout] 916 |         self.read_status().try_into()?;
[INFO] [stdout]     |                            ^^^^^^^^ the trait `From<flags::Status>` is not implemented for `!`
[INFO] [stdout]     |
[INFO] [stdout]     = note: required for `flags::Status` to implement `Into<!>`
[INFO] [stdout]     = note: required for `!` to implement `TryFrom<flags::Status>`
[INFO] [stdout]     = note: required for `flags::Status` to implement `TryInto<!>`
[INFO] [stdout] 
[INFO] [stdout] 
[INFO] [stdout] error[E0271]: type mismatch resolving `<! as TryFrom<Errors>>::Error == Error`
[INFO] [stdout]     --> /opt/rustwide/cargo-home/registry/src/index.crates.io-1949cf8c6b5b557f/atsamd-hal-0.13.0/src/thumbv7em/sercom/v2/spi.rs:1531:28
[INFO] [stdout]      |
[INFO] [stdout] 1531 |         self.read_errors().try_into()?;
[INFO] [stdout]      |                            ^^^^^^^^ expected `Error`, found `!`
[INFO] [stdout]      |
[INFO] [stdout]      = note: expected enum `thumbv7em::sercom::v2::spi::Error`
[INFO] [stdout]                 found type `!`
[INFO] [stdout] 
[INFO] [stdout] 
[INFO] [stdout] error[E0277]: the trait bound `!: TryFrom<Errors>` is not satisfied
[INFO] [stdout]     --> /opt/rustwide/cargo-home/registry/src/index.crates.io-1949cf8c6b5b557f/atsamd-hal-0.13.0/src/thumbv7em/sercom/v2/spi.rs:1531:28
[INFO] [stdout]      |
[INFO] [stdout] 1531 |         self.read_errors().try_into()?;
[INFO] [stdout]      |                            ^^^^^^^^ the trait `From<Errors>` is not implemented for `!`
[INFO] [stdout]      |
[INFO] [stdout]      = note: required for `Errors` to implement `Into<!>`
[INFO] [stdout]      = note: required for `!` to implement `TryFrom<Errors>`
[INFO] [stdout]      = note: required for `Errors` to implement `TryInto<!>`
[INFO] [stdout] 
[INFO] [stdout] 
[INFO] [stdout] Some errors have detailed explanations: E0271, E0277.
[INFO] [stdout] 
[INFO] [stdout] For more information about an error, try `rustc --explain E0271`.
[INFO] [stdout] 
[INFO] [stderr] error: could not compile `atsamd-hal` (lib) due to 4 previous errors
[INFO] running `Command { std: "docker" "inspect" "450c06feaa50a0dfbe4eb5b0e1990b1501d388b033fba13800515b35bd8f89df", kill_on_drop: false }`
[INFO] running `Command { std: "docker" "rm" "-f" "450c06feaa50a0dfbe4eb5b0e1990b1501d388b033fba13800515b35bd8f89df", kill_on_drop: false }`
[INFO] [stdout] 450c06feaa50a0dfbe4eb5b0e1990b1501d388b033fba13800515b35bd8f89df
