[INFO] fetching crate pru 0.1.0...
[INFO] testing pru-0.1.0 against 1.100.0-beta.1 for beta-1.100-2
[INFO] extracting crate pru 0.1.0 into /workspace/builds/worker-5-tc2/source
[INFO] started tweaking crates.io crate pru 0.1.0
[INFO] finished tweaking crates.io crate pru 0.1.0
[INFO] tweaked toml for crates.io crate pru 0.1.0 written to /workspace/builds/worker-5-tc2/source/Cargo.toml
[INFO] validating manifest of crates.io crate pru 0.1.0 on toolchain 1.100.0-beta.1
[INFO] running `Command { std: CARGO_HOME="/workspace/cargo-home" RUSTUP_HOME="/workspace/rustup-home" "/workspace/cargo-home/bin/cargo" "+1.100.0-beta.1" "metadata" "--manifest-path" "Cargo.toml" "--no-deps", kill_on_drop: false }`
[INFO] crate crates.io crate pru 0.1.0 already has a lockfile, it will not be regenerated
[INFO] running `Command { std: CARGO_HOME="/workspace/cargo-home" RUSTUP_HOME="/workspace/rustup-home" "/workspace/cargo-home/bin/cargo" "+1.100.0-beta.1" "fetch" "--manifest-path" "Cargo.toml", kill_on_drop: false }`
[INFO] [stderr] warning: `package.homepage` is redundant with `package.repository`
[INFO] [stderr]   --> Cargo.toml:34:12
[INFO] [stderr]    |
[INFO] [stderr] 34 | homepage = "https://github.com/frost/pru/"
[INFO] [stderr]    |            ^^^^^^^^^^^^^^^^^^^^^^^^^^^^^^^
[INFO] [stderr] ...
[INFO] [stderr] 38 | repository = "https://github.com/frost/pru/"
[INFO] [stderr]    |              -------------------------------
[INFO] [stderr]    |
[INFO] [stderr]    = note: `cargo::redundant_homepage` is set to `warn` by default
[INFO] [stderr] help: consider removing `package.homepage`
[INFO] [stderr] warning: unused build dependency `clap`
[INFO] [stderr]  --> Cargo.toml:1:21
[INFO] [stderr]   |
[INFO] [stderr] 1 | [build-dependencies.clap]
[INFO] [stderr]   |                     ^^^^^
[INFO] [stderr]   |
[INFO] [stderr]   = note: `cargo::unused_dependencies` is set to `warn` by default
[INFO] [stderr] help: consider removing the dependency on `clap`
[INFO] [stderr] warning: `pru` (manifest) generated 2 warnings
[INFO] running `Command { std: "docker" "create" "-v" "/var/lib/crater-agent-workspace/builds/worker-5-tc2/source:/opt/rustwide/workdir:ro,Z" "-v" "/var/lib/crater-agent-workspace/builds/worker-5-tc2/target:/opt/rustwide/target:rw,Z" "-v" "/var/lib/crater-agent-workspace/cargo-home:/opt/rustwide/cargo-home:ro,Z" "-v" "/var/lib/crater-agent-workspace/rustup-home:/opt/rustwide/rustup-home:ro,Z" "-m" "1610612736" "--network" "none" "ghcr.io/rust-lang/crates-build-env/linux@sha256:3111399a4047eeb3a02b7a90e478d715f38a8c6669b5c4b49d30a17385265909" "sleep" "infinity", kill_on_drop: false }`
[INFO] [stdout] aaab264625c061b0bd8a45e405e8cd9d6b2dea8cd9c5099f3bd26ed79912f910
[INFO] running `Command { std: "docker" "start" "aaab264625c061b0bd8a45e405e8cd9d6b2dea8cd9c5099f3bd26ed79912f910", kill_on_drop: false }`
[INFO] running `Command { std: "docker" "inspect" "aaab264625c061b0bd8a45e405e8cd9d6b2dea8cd9c5099f3bd26ed79912f910", kill_on_drop: false }`
[INFO] running `Command { std: "docker" "exec" "-e" "SOURCE_DIR=/opt/rustwide/workdir" "-e" "CARGO_HOME=/opt/rustwide/cargo-home" "-e" "RUSTUP_HOME=/opt/rustwide/rustup-home" "-e" "CARGO_TARGET_DIR=/opt/rustwide/target" "-w" "/opt/rustwide/workdir" "--user" "0:0" "aaab264625c061b0bd8a45e405e8cd9d6b2dea8cd9c5099f3bd26ed79912f910" "/opt/rustwide/cargo-home/bin/cargo" "+1.100.0-beta.1" "metadata" "--no-deps" "--format-version=1", kill_on_drop: false }`
[INFO] running `Command { std: "docker" "inspect" "aaab264625c061b0bd8a45e405e8cd9d6b2dea8cd9c5099f3bd26ed79912f910", kill_on_drop: false }`
[INFO] running `Command { std: "docker" "exec" "-e" "SOURCE_DIR=/opt/rustwide/workdir" "-e" "CARGO_HOME=/opt/rustwide/cargo-home" "-e" "RUSTUP_HOME=/opt/rustwide/rustup-home" "-e" "CARGO_TARGET_DIR=/opt/rustwide/target" "-e" "CARGO_INCREMENTAL=0" "-e" "RUST_BACKTRACE=full" "-e" "RUSTFLAGS=--cap-lints=warn" "-e" "RUSTDOCFLAGS=--cap-lints=warn" "-w" "/opt/rustwide/workdir" "--user" "0:0" "aaab264625c061b0bd8a45e405e8cd9d6b2dea8cd9c5099f3bd26ed79912f910" "/opt/rustwide/cargo-home/bin/cargo" "+1.100.0-beta.1" "build" "--frozen" "--message-format=json", kill_on_drop: false }`
[INFO] [stderr] warning: `package.homepage` is redundant with `package.repository`
[INFO] [stderr]   --> Cargo.toml:34:12
[INFO] [stderr]    |
[INFO] [stderr] 34 | homepage = "https://github.com/frost/pru/"
[INFO] [stderr]    |            ^^^^^^^^^^^^^^^^^^^^^^^^^^^^^^^
[INFO] [stderr] ...
[INFO] [stderr] 38 | repository = "https://github.com/frost/pru/"
[INFO] [stderr]    |              -------------------------------
[INFO] [stderr]    |
[INFO] [stderr]    = note: `cargo::redundant_homepage` is set to `warn` by default
[INFO] [stderr] help: consider removing `package.homepage`
[INFO] [stderr] warning: unused build dependency `clap`
[INFO] [stderr]  --> Cargo.toml:1:21
[INFO] [stderr]   |
[INFO] [stderr] 1 | [build-dependencies.clap]
[INFO] [stderr]   |                     ^^^^^
[INFO] [stderr]   |
[INFO] [stderr]   = note: `cargo::unused_dependencies` is set to `warn` by default
[INFO] [stderr] help: consider removing the dependency on `clap`
[INFO] [stderr] warning: `pru` (manifest) generated 2 warnings
[INFO] [stderr]    Compiling version_check v0.9.3
[INFO] [stderr]    Compiling proc-macro2 v1.0.28
[INFO] [stderr]    Compiling libc v0.2.98
[INFO] [stderr]    Compiling unicode-xid v0.2.2
[INFO] [stderr]    Compiling syn v1.0.74
[INFO] [stderr]    Compiling log v0.4.14
[INFO] [stderr]    Compiling memchr v2.4.0
[INFO] [stderr]    Compiling unicode-segmentation v1.8.0
[INFO] [stderr]    Compiling typenum v1.13.0
[INFO] [stderr]    Compiling smallvec v1.6.1
[INFO] [stderr]    Compiling execute-command-tokens v0.1.4
[INFO] [stderr]    Compiling instant v0.1.10
[INFO] [stderr]    Compiling bitflags v1.2.1
[INFO] [stderr]    Compiling indexmap v1.7.0
[INFO] [stderr]    Compiling lock_api v0.4.4
[INFO] [stderr]    Compiling hashbrown v0.11.2
[INFO] [stderr]    Compiling termcolor v1.1.2
[INFO] [stderr]    Compiling cassowary v0.3.0
[INFO] [stderr]    Compiling textwrap v0.14.2
[INFO] [stderr]    Compiling strsim v0.10.0
[INFO] [stderr]    Compiling proc-macro-error-attr v1.0.4
[INFO] [stderr]    Compiling proc-macro-error v1.0.4
[INFO] [stderr]    Compiling generic-array v0.14.4
[INFO] [stderr]    Compiling quote v1.0.9
[INFO] [stderr]    Compiling heck v0.3.3
[INFO] [stderr]    Compiling signal-hook-registry v1.4.0
[INFO] [stderr]    Compiling mio v0.7.13
[INFO] [stderr]    Compiling parking_lot_core v0.8.3
[INFO] [stderr]    Compiling atty v0.2.14
[INFO] [stderr]    Compiling os_str_bytes v6.0.0
[INFO] [stderr]    Compiling parking_lot v0.11.1
[INFO] [stderr]    Compiling signal-hook v0.1.17
[INFO] [stderr]    Compiling crossterm v0.19.0
[INFO] [stderr]    Compiling tui v0.15.0
[INFO] [stderr]    Compiling execute-command-macro-impl v0.1.6
[INFO] [stderr]    Compiling clap_derive v3.0.0-rc.8
[INFO] [stderr]    Compiling execute-command-macro v0.1.6
[INFO] [stderr]    Compiling execute v0.2.9
[INFO] [stderr]    Compiling clap v3.0.0-rc.8
[INFO] [stderr]    Compiling pru v0.1.0 (/opt/rustwide/workdir)
[INFO] [stderr] warning: unused dependency `tui`
[INFO] [stderr]   --> Cargo.toml:15:15
[INFO] [stderr]    |
[INFO] [stderr] 15 | [dependencies.tui]
[INFO] [stderr]    |               ^^^^
[INFO] [stderr]    |
[INFO] [stderr]    = note: `cargo::unused_dependencies` is set to `warn` by default
[INFO] [stderr] help: consider removing the dependency on `tui`
[INFO] [stderr] warning: `pru` (manifest) generated 1 warning
[INFO] [stderr]     Finished `dev` profile [unoptimized + debuginfo] target(s) in 15.18s
[INFO] running `Command { std: "docker" "inspect" "aaab264625c061b0bd8a45e405e8cd9d6b2dea8cd9c5099f3bd26ed79912f910", kill_on_drop: false }`
[INFO] running `Command { std: "docker" "exec" "-e" "SOURCE_DIR=/opt/rustwide/workdir" "-e" "CARGO_HOME=/opt/rustwide/cargo-home" "-e" "RUSTUP_HOME=/opt/rustwide/rustup-home" "-e" "CARGO_TARGET_DIR=/opt/rustwide/target" "-e" "CARGO_INCREMENTAL=0" "-e" "RUST_BACKTRACE=full" "-e" "RUSTFLAGS=--cap-lints=warn" "-e" "RUSTDOCFLAGS=--cap-lints=warn" "-w" "/opt/rustwide/workdir" "--user" "0:0" "aaab264625c061b0bd8a45e405e8cd9d6b2dea8cd9c5099f3bd26ed79912f910" "/opt/rustwide/cargo-home/bin/cargo" "+1.100.0-beta.1" "test" "--frozen" "--no-run" "--message-format=json", kill_on_drop: false }`
[INFO] [stderr] warning: `package.homepage` is redundant with `package.repository`
[INFO] [stderr]   --> Cargo.toml:34:12
[INFO] [stderr]    |
[INFO] [stderr] 34 | homepage = "https://github.com/frost/pru/"
[INFO] [stderr]    |            ^^^^^^^^^^^^^^^^^^^^^^^^^^^^^^^
[INFO] [stderr] ...
[INFO] [stderr] 38 | repository = "https://github.com/frost/pru/"
[INFO] [stderr]    |              -------------------------------
[INFO] [stderr]    |
[INFO] [stderr]    = note: `cargo::redundant_homepage` is set to `warn` by default
[INFO] [stderr] help: consider removing `package.homepage`
[INFO] [stderr] warning: unused build dependency `clap`
[INFO] [stderr]  --> Cargo.toml:1:21
[INFO] [stderr]   |
[INFO] [stderr] 1 | [build-dependencies.clap]
[INFO] [stderr]   |                     ^^^^^
[INFO] [stderr]   |
[INFO] [stderr]   = note: `cargo::unused_dependencies` is set to `warn` by default
[INFO] [stderr] help: consider removing the dependency on `clap`
[INFO] [stderr] warning: `pru` (manifest) generated 2 warnings
[INFO] [stderr]    Compiling getrandom v0.2.3
[INFO] [stderr]    Compiling predicates-core v1.0.2
[INFO] [stderr]    Compiling regex-syntax v0.6.25
[INFO] [stderr]    Compiling either v1.6.1
[INFO] [stderr]    Compiling aho-corasick v0.7.18
[INFO] [stderr]    Compiling regex-automata v0.1.10
[INFO] [stderr]    Compiling difflib v0.4.0
[INFO] [stderr]    Compiling wait-timeout v0.2.0
[INFO] [stderr]    Compiling itertools v0.10.1
[INFO] [stderr]    Compiling predicates-tree v1.0.2
[INFO] [stderr]    Compiling rand_core v0.6.3
[INFO] [stderr]    Compiling rand_chacha v0.3.1
[INFO] [stderr]    Compiling bstr v0.2.16
[INFO] [stderr]    Compiling rand v0.8.4
[INFO] [stderr]    Compiling tempfile v3.2.0
[INFO] [stderr]    Compiling regex v1.5.4
[INFO] [stderr]    Compiling predicates v2.0.0
[INFO] [stderr]    Compiling assert_cmd v1.0.7
[INFO] [stderr]    Compiling pru v0.1.0 (/opt/rustwide/workdir)
[INFO] [stderr] warning: unused dependency `tui`
[INFO] [stderr]   --> Cargo.toml:15:15
[INFO] [stderr]    |
[INFO] [stderr] 15 | [dependencies.tui]
[INFO] [stderr]    |               ^^^^
[INFO] [stderr]    |
[INFO] [stderr]    = note: `cargo::unused_dependencies` is set to `warn` by default
[INFO] [stderr] help: consider removing the dependency on `tui`
[INFO] [stderr] warning: `pru` (manifest) generated 1 warning
[INFO] [stderr]     Finished `test` profile [unoptimized + debuginfo] target(s) in 8.52s
[INFO] running `Command { std: "docker" "inspect" "aaab264625c061b0bd8a45e405e8cd9d6b2dea8cd9c5099f3bd26ed79912f910", kill_on_drop: false }`
[INFO] running `Command { std: "docker" "exec" "-e" "SOURCE_DIR=/opt/rustwide/workdir" "-e" "CARGO_HOME=/opt/rustwide/cargo-home" "-e" "RUSTUP_HOME=/opt/rustwide/rustup-home" "-e" "CARGO_TARGET_DIR=/opt/rustwide/target" "-e" "CARGO_INCREMENTAL=0" "-e" "RUST_BACKTRACE=full" "-e" "RUSTFLAGS=--cap-lints=warn" "-e" "RUSTDOCFLAGS=--cap-lints=warn" "-w" "/opt/rustwide/workdir" "--user" "0:0" "aaab264625c061b0bd8a45e405e8cd9d6b2dea8cd9c5099f3bd26ed79912f910" "/opt/rustwide/cargo-home/bin/cargo" "+1.100.0-beta.1" "test" "--frozen", kill_on_drop: false }`
[INFO] [stderr] warning: `package.homepage` is redundant with `package.repository`
[INFO] [stderr]   --> Cargo.toml:34:12
[INFO] [stderr]    |
[INFO] [stderr] 34 | homepage = "https://github.com/frost/pru/"
[INFO] [stderr]    |            ^^^^^^^^^^^^^^^^^^^^^^^^^^^^^^^
[INFO] [stderr] ...
[INFO] [stderr] 38 | repository = "https://github.com/frost/pru/"
[INFO] [stderr]    |              -------------------------------
[INFO] [stderr]    |
[INFO] [stderr]    = note: `cargo::redundant_homepage` is set to `warn` by default
[INFO] [stderr] help: consider removing `package.homepage`
[INFO] [stderr] warning: unused build dependency `clap`
[INFO] [stderr]  --> Cargo.toml:1:21
[INFO] [stderr]   |
[INFO] [stderr] 1 | [build-dependencies.clap]
[INFO] [stderr]   |                     ^^^^^
[INFO] [stderr]   |
[INFO] [stderr]   = note: `cargo::unused_dependencies` is set to `warn` by default
[INFO] [stderr] help: consider removing the dependency on `clap`
[INFO] [stderr] warning: `pru` (manifest) generated 2 warnings
[INFO] [stderr] warning: unused dependency `tui`
[INFO] [stderr]   --> Cargo.toml:15:15
[INFO] [stderr]    |
[INFO] [stderr] 15 | [dependencies.tui]
[INFO] [stderr]    |               ^^^^
[INFO] [stderr]    |
[INFO] [stderr]    = note: `cargo::unused_dependencies` is set to `warn` by default
[INFO] [stderr] help: consider removing the dependency on `tui`
[INFO] [stderr] warning: `pru` (manifest) generated 1 warning
[INFO] [stderr]     Finished `test` profile [unoptimized + debuginfo] target(s) in 0.10s
[INFO] [stderr]      Running unittests src/lib.rs (/opt/rustwide/target/debug/build/pru/bc7a3625d287c4fa/out/pru-bc7a3625d287c4fa)
[INFO] [stdout] 
[INFO] [stdout] running 6 tests
[INFO] [stdout] test procfile_struct_tests::parse_a_procfile_from_string ... ok
[INFO] [stderr]      Running unittests src/main.rs (/opt/rustwide/target/debug/build/pru/edf3be319c702c01/out/pru-edf3be319c702c01)
[INFO] [stdout] test procfile_struct_tests::parsing_procfiles_ignores_blank_lines ... ok
[INFO] [stdout] test procfile_struct_tests::parsing_procfiles_ignores_hash_comments ... ok
[INFO] [stdout] test procfile_struct_tests::a_procfile_with_commands_is_valid ... ok
[INFO] [stdout] test procfile_struct_tests::an_empty_procfile_is_not_valid ... ok
[INFO] [stdout] test procfile_struct_tests::parse_a_system_command_from_string ... ok
[INFO] [stdout] 
[INFO] [stdout] test result: ok. 6 passed; 0 failed; 0 ignored; 0 measured; 0 filtered out; finished in 0.00s
[INFO] [stdout] 
[INFO] [stdout] 
[INFO] [stdout] running 3 tests
[INFO] [stdout] test subcommand::check::tests::a_procfile_can_be_parsed ... FAILED
[INFO] [stdout] test subcommand::check::tests::non_existing_proc_files_generate_error ... FAILED
[INFO] [stderr] error: test failed, to rerun pass `--bin pru`
[INFO] [stdout] test subcommand::check::tests::empty_procfile_displays_an_error ... FAILED
[INFO] [stdout] 
[INFO] [stdout] failures:
[INFO] [stdout] 
[INFO] [stdout] ---- subcommand::check::tests::a_procfile_can_be_parsed stdout ----
[INFO] [stdout] Error: CargoError { cause: Some(NotFoundError { path: "/opt/rustwide/target/debug/build/pru/edf3be319c702c01/out/pru" }) }
[INFO] [stdout] 
[INFO] [stdout] ---- subcommand::check::tests::non_existing_proc_files_generate_error stdout ----
[INFO] [stdout] Error: CargoError { cause: Some(NotFoundError { path: "/opt/rustwide/target/debug/build/pru/edf3be319c702c01/out/pru" }) }
[INFO] [stdout] 
[INFO] [stdout] ---- subcommand::check::tests::empty_procfile_displays_an_error stdout ----
[INFO] [stdout] Error: CargoError { cause: Some(NotFoundError { path: "/opt/rustwide/target/debug/build/pru/edf3be319c702c01/out/pru" }) }
[INFO] [stdout] 
[INFO] [stdout] 
[INFO] [stdout] failures:
[INFO] [stdout]     subcommand::check::tests::a_procfile_can_be_parsed
[INFO] [stdout]     subcommand::check::tests::empty_procfile_displays_an_error
[INFO] [stdout]     subcommand::check::tests::non_existing_proc_files_generate_error
[INFO] [stdout] 
[INFO] [stdout] test result: FAILED. 0 passed; 3 failed; 0 ignored; 0 measured; 0 filtered out; finished in 0.00s
[INFO] [stdout] 
[INFO] running `Command { std: "docker" "inspect" "aaab264625c061b0bd8a45e405e8cd9d6b2dea8cd9c5099f3bd26ed79912f910", kill_on_drop: false }`
[INFO] running `Command { std: "docker" "rm" "-f" "aaab264625c061b0bd8a45e405e8cd9d6b2dea8cd9c5099f3bd26ed79912f910", kill_on_drop: false }`
[INFO] [stdout] aaab264625c061b0bd8a45e405e8cd9d6b2dea8cd9c5099f3bd26ed79912f910
