[INFO] fetching crate prompthive 0.2.8...
[INFO] testing prompthive-0.2.8 against 1.100.0-beta.1 for beta-1.100-2
[INFO] extracting crate prompthive 0.2.8 into /workspace/builds/worker-0-tc2/source
[INFO] started tweaking crates.io crate prompthive 0.2.8
[INFO] finished tweaking crates.io crate prompthive 0.2.8
[INFO] tweaked toml for crates.io crate prompthive 0.2.8 written to /workspace/builds/worker-0-tc2/source/Cargo.toml
[INFO] validating manifest of crates.io crate prompthive 0.2.8 on toolchain 1.100.0-beta.1
[INFO] running `Command { std: CARGO_HOME="/workspace/cargo-home" RUSTUP_HOME="/workspace/rustup-home" "/workspace/cargo-home/bin/cargo" "+1.100.0-beta.1" "metadata" "--manifest-path" "Cargo.toml" "--no-deps", kill_on_drop: false }`
[INFO] crate crates.io crate prompthive 0.2.8 already has a lockfile, it will not be regenerated
[INFO] running `Command { std: CARGO_HOME="/workspace/cargo-home" RUSTUP_HOME="/workspace/rustup-home" "/workspace/cargo-home/bin/cargo" "+1.100.0-beta.1" "fetch" "--manifest-path" "Cargo.toml", kill_on_drop: false }`
[INFO] [stderr] warning: `package.homepage` is redundant with `package.documentation`
[INFO] [stderr]    --> Cargo.toml:173:12
[INFO] [stderr]     |
[INFO] [stderr] 171 | documentation = "https://prompthive.sh"
[INFO] [stderr]     |                 -----------------------
[INFO] [stderr] 172 | edition = "2021"
[INFO] [stderr] 173 | homepage = "https://prompthive.sh"
[INFO] [stderr]     |            ^^^^^^^^^^^^^^^^^^^^^^^
[INFO] [stderr]     |
[INFO] [stderr]     = note: `cargo::redundant_homepage` is set to `warn` by default
[INFO] [stderr] help: consider removing `package.homepage`
[INFO] [stderr] warning: `prompthive` (manifest) generated 1 warning
[INFO] running `Command { std: "docker" "create" "-v" "/var/lib/crater-agent-workspace/builds/worker-0-tc2/source:/opt/rustwide/workdir:ro,Z" "-v" "/var/lib/crater-agent-workspace/builds/worker-0-tc2/target:/opt/rustwide/target:rw,Z" "-v" "/var/lib/crater-agent-workspace/cargo-home:/opt/rustwide/cargo-home:ro,Z" "-v" "/var/lib/crater-agent-workspace/rustup-home:/opt/rustwide/rustup-home:ro,Z" "-m" "1610612736" "--network" "none" "ghcr.io/rust-lang/crates-build-env/linux@sha256:3111399a4047eeb3a02b7a90e478d715f38a8c6669b5c4b49d30a17385265909" "sleep" "infinity", kill_on_drop: false }`
[INFO] [stdout] 337ebf33e2a8befb4b81340eafe6aceb1737ab02bad5a8c30960d256d63807d0
[INFO] running `Command { std: "docker" "start" "337ebf33e2a8befb4b81340eafe6aceb1737ab02bad5a8c30960d256d63807d0", kill_on_drop: false }`
[INFO] running `Command { std: "docker" "inspect" "337ebf33e2a8befb4b81340eafe6aceb1737ab02bad5a8c30960d256d63807d0", kill_on_drop: false }`
[INFO] running `Command { std: "docker" "exec" "-e" "SOURCE_DIR=/opt/rustwide/workdir" "-e" "CARGO_HOME=/opt/rustwide/cargo-home" "-e" "RUSTUP_HOME=/opt/rustwide/rustup-home" "-e" "CARGO_TARGET_DIR=/opt/rustwide/target" "-w" "/opt/rustwide/workdir" "--user" "0:0" "337ebf33e2a8befb4b81340eafe6aceb1737ab02bad5a8c30960d256d63807d0" "/opt/rustwide/cargo-home/bin/cargo" "+1.100.0-beta.1" "metadata" "--no-deps" "--format-version=1", kill_on_drop: false }`
[INFO] running `Command { std: "docker" "inspect" "337ebf33e2a8befb4b81340eafe6aceb1737ab02bad5a8c30960d256d63807d0", kill_on_drop: false }`
[INFO] running `Command { std: "docker" "exec" "-e" "SOURCE_DIR=/opt/rustwide/workdir" "-e" "CARGO_HOME=/opt/rustwide/cargo-home" "-e" "RUSTUP_HOME=/opt/rustwide/rustup-home" "-e" "CARGO_TARGET_DIR=/opt/rustwide/target" "-e" "CARGO_INCREMENTAL=0" "-e" "RUST_BACKTRACE=full" "-e" "RUSTFLAGS=--cap-lints=warn" "-e" "RUSTDOCFLAGS=--cap-lints=warn" "-w" "/opt/rustwide/workdir" "--user" "0:0" "337ebf33e2a8befb4b81340eafe6aceb1737ab02bad5a8c30960d256d63807d0" "/opt/rustwide/cargo-home/bin/cargo" "+1.100.0-beta.1" "build" "--frozen" "--message-format=json", kill_on_drop: false }`
[INFO] [stderr] warning: `package.homepage` is redundant with `package.documentation`
[INFO] [stderr]    --> Cargo.toml:173:12
[INFO] [stderr]     |
[INFO] [stderr] 171 | documentation = "https://prompthive.sh"
[INFO] [stderr]     |                 -----------------------
[INFO] [stderr] 172 | edition = "2021"
[INFO] [stderr] 173 | homepage = "https://prompthive.sh"
[INFO] [stderr]     |            ^^^^^^^^^^^^^^^^^^^^^^^
[INFO] [stderr]     |
[INFO] [stderr]     = note: `cargo::redundant_homepage` is set to `warn` by default
[INFO] [stderr] help: consider removing `package.homepage`
[INFO] [stderr] warning: `prompthive` (manifest) generated 1 warning
[INFO] [stderr]    Compiling syn v2.0.102
[INFO] [stderr]    Compiling log v0.4.27
[INFO] [stderr]    Compiling smallvec v1.15.1
[INFO] [stderr]    Compiling jobserver v0.1.33
[INFO] [stderr]    Compiling lock_api v0.4.13
[INFO] [stderr]    Compiling memchr v2.7.4
[INFO] [stderr]    Compiling rustix v0.38.44
[INFO] [stderr]    Compiling linux-raw-sys v0.4.15
[INFO] [stderr]    Compiling mio v1.0.4
[INFO] [stderr]    Compiling cc v1.2.26
[INFO] [stderr]    Compiling parking_lot_core v0.9.11
[INFO] [stderr]    Compiling serde v1.0.219
[INFO] [stderr]    Compiling socket2 v0.5.10
[INFO] [stderr]    Compiling parking_lot v0.12.4
[INFO] [stderr]    Compiling wayland-sys v0.31.6
[INFO] [stderr]    Compiling libloading v0.8.8
[INFO] [stderr]    Compiling futures-task v0.3.31
[INFO] [stderr]    Compiling dlib v0.5.2
[INFO] [stderr]    Compiling futures-util v0.3.31
[INFO] [stderr]    Compiling slab v0.4.9
[INFO] [stderr]    Compiling scoped-tls v1.0.1
[INFO] [stderr]    Compiling downcast-rs v1.2.1
[INFO] [stderr]    Compiling hashbrown v0.15.4
[INFO] [stderr]    Compiling quick-xml v0.37.5
[INFO] [stderr]    Compiling wayland-client v0.31.10
[INFO] [stderr]    Compiling rustix v1.0.7
[INFO] [stderr]    Compiling linux-raw-sys v0.9.4
[INFO] [stderr]    Compiling getrandom v0.3.3
[INFO] [stderr]    Compiling rustversion v1.0.21
[INFO] [stderr]    Compiling zerocopy v0.8.25
[INFO] [stderr]    Compiling indexmap v2.9.0
[INFO] [stderr]    Compiling aho-corasick v1.1.3
[INFO] [stderr]    Compiling wayland-scanner v0.31.6
[INFO] [stderr]    Compiling wayland-backend v0.3.10
[INFO] [stderr]    Compiling openssl-sys v0.9.109
[INFO] [stderr]    Compiling zstd-sys v2.0.15+zstd.1.5.7
[INFO] [stderr]    Compiling openssl v0.10.73
[INFO] [stderr]    Compiling regex-automata v0.4.9
[INFO] [stderr]    Compiling native-tls v0.2.14
[INFO] [stderr]    Compiling rand_core v0.9.3
[INFO] [stderr]    Compiling mio v0.8.11
[INFO] [stderr]    Compiling synstructure v0.13.2
[INFO] [stderr]    Compiling ppv-lite86 v0.2.21
[INFO] [stderr]    Compiling darling_core v0.20.11
[INFO] [stderr]    Compiling futures-channel v0.3.31
[INFO] [stderr]    Compiling regex v1.11.1
[INFO] [stderr]    Compiling cursor-icon v1.2.0
[INFO] [stderr]    Compiling openssl-probe v0.1.6
[INFO] [stderr]    Compiling smithay-client-toolkit v0.19.2
[INFO] [stderr]    Compiling xcursor v0.3.8
[INFO] [stderr]    Compiling tracing v0.1.41
[INFO] [stderr]    Compiling rand_chacha v0.9.0
[INFO] [stderr]    Compiling signal-hook-mio v0.2.4
[INFO] [stderr]    Compiling memmap2 v0.9.5
[INFO] [stderr]    Compiling thread_local v1.1.8
[INFO] [stderr]    Compiling tracing-attributes v0.1.29
[INFO] [stderr]    Compiling zerofrom-derive v0.1.6
[INFO] [stderr]    Compiling yoke-derive v0.8.0
[INFO] [stderr]    Compiling tokio-macros v2.5.0
[INFO] [stderr]    Compiling zerofrom v0.1.6
[INFO] [stderr]    Compiling serde_derive v1.0.219
[INFO] [stderr]    Compiling zerovec-derive v0.11.1
[INFO] [stderr]    Compiling displaydoc v0.2.5
[INFO] [stderr]    Compiling yoke v0.8.0
[INFO] [stderr]    Compiling thiserror-impl v1.0.69
[INFO] [stderr]    Compiling tokio v1.45.1
[INFO] [stderr]    Compiling zerotrie v0.2.2
[INFO] [stderr]    Compiling polling v3.8.0
[INFO] [stderr]    Compiling zerovec v0.11.2
[INFO] [stderr]    Compiling openssl-macros v0.1.1
[INFO] [stderr]    Compiling darling_macro v0.20.11
[INFO] [stderr]    Compiling wayland-csd-frame v0.3.0
[INFO] [stderr]    Compiling thiserror v1.0.69
[INFO] [stderr]    Compiling calloop v0.13.0
[INFO] [stderr]    Compiling derive_more-impl v2.0.1
[INFO] [stderr]    Compiling tinystr v0.8.1
[INFO] [stderr]    Compiling potential_utf v0.1.2
[INFO] [stderr]    Compiling icu_locale_core v2.0.0
[INFO] [stderr]    Compiling icu_collections v2.0.0
[INFO] [stderr]    Compiling wayland-protocols v0.32.8
[INFO] [stderr]    Compiling calloop-wayland-source v0.3.0
[INFO] [stderr]    Compiling wayland-cursor v0.31.10
[INFO] [stderr]    Compiling icu_provider v2.0.0
[INFO] [stderr]    Compiling icu_properties v2.0.1
[INFO] [stderr]    Compiling icu_normalizer v2.0.0
[INFO] [stderr]    Compiling xkeysym v0.2.1
[INFO] [stderr]    Compiling option-ext v0.2.0
[INFO] [stderr]    Compiling anstyle v1.0.11
[INFO] [stderr]    Compiling tokio-util v0.7.15
[INFO] [stderr]    Compiling idna_adapter v1.2.1
[INFO] [stderr]    Compiling idna v1.0.3
[INFO] [stderr]    Compiling actix-rt v2.10.0
[INFO] [stderr]    Compiling url v2.5.4
[INFO] [stderr]    Compiling hyper v1.6.0
[INFO] [stderr]    Compiling anstyle-query v1.1.3
[INFO] [stderr]    Compiling x11rb-protocol v0.13.1
[INFO] [stderr]    Compiling serde_json v1.0.140
[INFO] [stderr]    Compiling tower v0.5.2
[INFO] [stderr]    Compiling anstream v0.6.19
[INFO] [stderr]    Compiling hyper-util v0.1.14
[INFO] [stderr]    Compiling toml_datetime v0.6.11
[INFO] [stderr]    Compiling serde_urlencoded v0.7.1
[INFO] [stderr]    Compiling serde_spanned v0.6.9
[INFO] [stderr]    Compiling tracing-serde v0.2.0
[INFO] [stderr]    Compiling tokio-native-tls v0.3.1
[INFO] [stderr]    Compiling actix-codec v0.5.2
[INFO] [stderr]    Compiling h2 v0.3.26
[INFO] [stderr]    Compiling dirs-sys v0.4.1
[INFO] [stderr]    Compiling derive_more v2.0.1
[INFO] [stderr]    Compiling darling v0.20.11
[INFO] [stderr]    Compiling actix-router v0.5.3
[INFO] [stderr]    Compiling strum_macros v0.26.4
[INFO] [stderr]    Compiling rand v0.9.1
[INFO] [stderr]    Compiling castaway v0.2.3
[INFO] [stderr]    Compiling tracing-log v0.2.0
[INFO] [stderr]    Compiling wayland-protocols-wlr v0.3.8
[INFO] [stderr]    Compiling clap_lex v0.7.5
[INFO] [stderr]    Compiling winnow v0.7.11
[INFO] [stderr]    Compiling anyhow v1.0.98
[INFO] [stderr]    Compiling zeroize v1.8.1
[INFO] [stderr]    Compiling rustls-pki-types v1.12.0
[INFO] [stderr]    Compiling zstd-safe v7.2.4
[INFO] [stderr]    Compiling tower-http v0.6.6
[INFO] [stderr]    Compiling zstd v0.13.3
[INFO] [stderr]    Compiling strum v0.26.3
[INFO] [stderr]    Compiling instability v0.3.7
[INFO] [stderr]    Compiling compact_str v0.8.1
[INFO] [stderr]    Compiling toml_edit v0.22.27
[INFO] [stderr]    Compiling clap_builder v4.5.40
[INFO] [stderr]    Compiling tracing-subscriber v0.3.19
[INFO] [stderr]    Compiling hyper-tls v0.6.0
[INFO] [stderr]    Compiling crossbeam-channel v0.5.15
[INFO] [stderr]    Compiling smithay-clipboard v0.7.2
[INFO] [stderr]    Compiling actix-web-codegen v4.3.0
[INFO] [stderr]    Compiling dirs v5.0.1
[INFO] [stderr]    Compiling actix-server v2.6.0
[INFO] [stderr]    Compiling x11rb v0.13.1
[INFO] [stderr]    Compiling actix-http v3.11.0
[INFO] [stderr]    Compiling x11-clipboard v0.9.3
[INFO] [stderr]    Compiling clap_derive v4.5.40
[INFO] [stderr]    Compiling actix-macros v0.2.4
[INFO] [stderr]    Compiling crossterm v0.28.1
[INFO] [stderr]    Compiling lru v0.12.5
[INFO] [stderr]    Compiling unsafe-libyaml v0.2.11
[INFO] [stderr]    Compiling home v0.5.11
[INFO] [stderr]    Compiling tempfile v3.20.0
[INFO] [stderr]    Compiling webbrowser v1.0.4
[INFO] [stderr]    Compiling ratatui v0.28.1
[INFO] [stderr]    Compiling chrono v0.4.41
[INFO] [stderr]    Compiling serde_yaml v0.9.34+deprecated
[INFO] [stderr]    Compiling copypasta v0.10.2
[INFO] [stderr]    Compiling tracing-appender v0.2.3
[INFO] [stderr]    Compiling toml v0.8.23
[INFO] [stderr]    Compiling shellexpand v3.1.1
[INFO] [stderr]    Compiling reqwest v0.12.20
[INFO] [stderr]    Compiling clap v4.5.40
[INFO] [stderr]    Compiling actix-web v4.11.0
[INFO] [stderr]    Compiling fuzzy-matcher v0.3.7
[INFO] [stderr]    Compiling crossterm v0.27.0
[INFO] [stderr]    Compiling colored v2.2.0
[INFO] [stderr]    Compiling sha2 v0.10.9
[INFO] [stderr]    Compiling uuid v1.17.0
[INFO] [stderr]    Compiling hostname v0.4.1
[INFO] [stderr]    Compiling is-terminal v0.4.16
[INFO] [stderr]    Compiling gethostname v0.4.3
[INFO] [stderr]    Compiling urlencoding v2.1.3
[INFO] [stderr]    Compiling md5 v0.7.0
[INFO] [stderr]    Compiling glob v0.3.2
[INFO] [stderr]    Compiling prompthive v0.2.8 (/opt/rustwide/workdir)
[INFO] [stderr] warning: unused dependency `glob`
[INFO] [stderr]   --> Cargo.toml:51:15
[INFO] [stderr]    |
[INFO] [stderr] 51 | [dependencies.glob]
[INFO] [stderr]    |               ^^^^^
[INFO] [stderr]    |
[INFO] [stderr]    = note: `cargo::unused_dependencies` is set to `warn` by default
[INFO] [stderr] help: consider removing the dependency on `glob`
[INFO] [stderr] warning: unused dependency `hostname`
[INFO] [stderr]   --> Cargo.toml:54:15
[INFO] [stderr]    |
[INFO] [stderr] 54 | [dependencies.hostname]
[INFO] [stderr]    |               ^^^^^^^^^
[INFO] [stderr]    |
[INFO] [stderr] help: consider removing the dependency on `hostname`
[INFO] [stderr] warning: unused dependency `sha2`
[INFO] [stderr]   --> Cargo.toml:92:15
[INFO] [stderr]    |
[INFO] [stderr] 92 | [dependencies.sha2]
[INFO] [stderr]    |               ^^^^^
[INFO] [stderr]    |
[INFO] [stderr] help: consider removing the dependency on `sha2`
[INFO] [stderr] warning: unused dependency `tracing-appender`
[INFO] [stderr]    --> Cargo.toml:119:15
[INFO] [stderr]     |
[INFO] [stderr] 119 | [dependencies.tracing-appender]
[INFO] [stderr]     |               ^^^^^^^^^^^^^^^^^
[INFO] [stderr]     |
[INFO] [stderr] help: consider removing the dependency on `tracing-appender`
[INFO] [stderr] warning: unused dependency `webbrowser`
[INFO] [stderr]    --> Cargo.toml:138:15
[INFO] [stderr]     |
[INFO] [stderr] 138 | [dependencies.webbrowser]
[INFO] [stderr]     |               ^^^^^^^^^^^
[INFO] [stderr]     |
[INFO] [stderr] help: consider removing the dependency on `webbrowser`
[INFO] [stderr] warning: `prompthive` (manifest) generated 5 warnings
[INFO] [stderr]     Finished `dev` profile [unoptimized + debuginfo] target(s) in 3m 18s
[INFO] running `Command { std: "docker" "inspect" "337ebf33e2a8befb4b81340eafe6aceb1737ab02bad5a8c30960d256d63807d0", kill_on_drop: false }`
[INFO] running `Command { std: "docker" "exec" "-e" "SOURCE_DIR=/opt/rustwide/workdir" "-e" "CARGO_HOME=/opt/rustwide/cargo-home" "-e" "RUSTUP_HOME=/opt/rustwide/rustup-home" "-e" "CARGO_TARGET_DIR=/opt/rustwide/target" "-e" "CARGO_INCREMENTAL=0" "-e" "RUST_BACKTRACE=full" "-e" "RUSTFLAGS=--cap-lints=warn" "-e" "RUSTDOCFLAGS=--cap-lints=warn" "-w" "/opt/rustwide/workdir" "--user" "0:0" "337ebf33e2a8befb4b81340eafe6aceb1737ab02bad5a8c30960d256d63807d0" "/opt/rustwide/cargo-home/bin/cargo" "+1.100.0-beta.1" "test" "--frozen" "--no-run" "--message-format=json", kill_on_drop: false }`
[INFO] [stderr] warning: `package.homepage` is redundant with `package.documentation`
[INFO] [stderr]    --> Cargo.toml:173:12
[INFO] [stderr]     |
[INFO] [stderr] 171 | documentation = "https://prompthive.sh"
[INFO] [stderr]     |                 -----------------------
[INFO] [stderr] 172 | edition = "2021"
[INFO] [stderr] 173 | homepage = "https://prompthive.sh"
[INFO] [stderr]     |            ^^^^^^^^^^^^^^^^^^^^^^^
[INFO] [stderr]     |
[INFO] [stderr]     = note: `cargo::redundant_homepage` is set to `warn` by default
[INFO] [stderr] help: consider removing `package.homepage`
[INFO] [stderr] warning: `prompthive` (manifest) generated 1 warning
[INFO] [stderr]    Compiling serde v1.0.219
[INFO] [stderr]    Compiling num-traits v0.2.19
[INFO] [stderr]    Compiling crossbeam-epoch v0.9.18
[INFO] [stderr]    Compiling rayon-core v1.12.1
[INFO] [stderr]    Compiling half v2.6.0
[INFO] [stderr]    Compiling plotters-backend v0.3.7
[INFO] [stderr]    Compiling ciborium-io v0.2.2
[INFO] [stderr]    Compiling itertools v0.10.5
[INFO] [stderr]    Compiling crossbeam-channel v0.5.15
[INFO] [stderr]    Compiling cast v0.3.0
[INFO] [stderr]    Compiling plotters-svg v0.3.7
[INFO] [stderr]    Compiling crossbeam-deque v0.8.6
[INFO] [stderr]    Compiling ciborium-ll v0.2.2
[INFO] [stderr]    Compiling oorandom v11.1.5
[INFO] [stderr]    Compiling anes v0.1.6
[INFO] [stderr]    Compiling rayon v1.10.0
[INFO] [stderr]    Compiling plotters v0.3.7
[INFO] [stderr]    Compiling criterion-plot v0.5.0
[INFO] [stderr]    Compiling serde_json v1.0.140
[INFO] [stderr]    Compiling toml_datetime v0.6.11
[INFO] [stderr]    Compiling tracing-serde v0.2.0
[INFO] [stderr]    Compiling serde_spanned v0.6.9
[INFO] [stderr]    Compiling serde_urlencoded v0.7.1
[INFO] [stderr]    Compiling actix-router v0.5.3
[INFO] [stderr]    Compiling toml_edit v0.22.27
[INFO] [stderr]    Compiling serde_yaml v0.9.34+deprecated
[INFO] [stderr]    Compiling chrono v0.4.41
[INFO] [stderr]    Compiling ciborium v0.2.2
[INFO] [stderr]    Compiling tracing-subscriber v0.3.19
[INFO] [stderr]    Compiling tinytemplate v1.2.1
[INFO] [stderr]    Compiling actix-web v4.11.0
[INFO] [stderr]    Compiling reqwest v0.12.20
[INFO] [stderr]    Compiling criterion v0.5.1
[INFO] [stderr]    Compiling toml v0.8.23
[INFO] [stderr]    Compiling tracing-appender v0.2.3
[INFO] [stderr]    Compiling prompthive v0.2.8 (/opt/rustwide/workdir)
[INFO] [stderr] warning: unused dependency `glob`
[INFO] [stderr]   --> Cargo.toml:51:15
[INFO] [stderr]    |
[INFO] [stderr] 51 | [dependencies.glob]
[INFO] [stderr]    |               ^^^^^
[INFO] [stderr]    |
[INFO] [stderr]    = note: `cargo::unused_dependencies` is set to `warn` by default
[INFO] [stderr] help: consider removing the dependency on `glob`
[INFO] [stderr] warning: unused dependency `hostname`
[INFO] [stderr]   --> Cargo.toml:54:15
[INFO] [stderr]    |
[INFO] [stderr] 54 | [dependencies.hostname]
[INFO] [stderr]    |               ^^^^^^^^^
[INFO] [stderr]    |
[INFO] [stderr] help: consider removing the dependency on `hostname`
[INFO] [stderr] warning: unused dependency `sha2`
[INFO] [stderr]   --> Cargo.toml:92:15
[INFO] [stderr]    |
[INFO] [stderr] 92 | [dependencies.sha2]
[INFO] [stderr]    |               ^^^^^
[INFO] [stderr]    |
[INFO] [stderr] help: consider removing the dependency on `sha2`
[INFO] [stderr] warning: unused dependency `tracing-appender`
[INFO] [stderr]    --> Cargo.toml:119:15
[INFO] [stderr]     |
[INFO] [stderr] 119 | [dependencies.tracing-appender]
[INFO] [stderr]     |               ^^^^^^^^^^^^^^^^^
[INFO] [stderr]     |
[INFO] [stderr] help: consider removing the dependency on `tracing-appender`
[INFO] [stderr] warning: unused dependency `webbrowser`
[INFO] [stderr]    --> Cargo.toml:138:15
[INFO] [stderr]     |
[INFO] [stderr] 138 | [dependencies.webbrowser]
[INFO] [stderr]     |               ^^^^^^^^^^^
[INFO] [stderr]     |
[INFO] [stderr] help: consider removing the dependency on `webbrowser`
[INFO] [stderr] warning: `prompthive` (manifest) generated 5 warnings
[INFO] [stderr]     Finished `test` profile [unoptimized + debuginfo] target(s) in 37.24s
[INFO] running `Command { std: "docker" "inspect" "337ebf33e2a8befb4b81340eafe6aceb1737ab02bad5a8c30960d256d63807d0", kill_on_drop: false }`
[INFO] running `Command { std: "docker" "exec" "-e" "SOURCE_DIR=/opt/rustwide/workdir" "-e" "CARGO_HOME=/opt/rustwide/cargo-home" "-e" "RUSTUP_HOME=/opt/rustwide/rustup-home" "-e" "CARGO_TARGET_DIR=/opt/rustwide/target" "-e" "CARGO_INCREMENTAL=0" "-e" "RUST_BACKTRACE=full" "-e" "RUSTFLAGS=--cap-lints=warn" "-e" "RUSTDOCFLAGS=--cap-lints=warn" "-w" "/opt/rustwide/workdir" "--user" "0:0" "337ebf33e2a8befb4b81340eafe6aceb1737ab02bad5a8c30960d256d63807d0" "/opt/rustwide/cargo-home/bin/cargo" "+1.100.0-beta.1" "test" "--frozen", kill_on_drop: false }`
[INFO] [stderr] warning: `package.homepage` is redundant with `package.documentation`
[INFO] [stderr]    --> Cargo.toml:173:12
[INFO] [stderr]     |
[INFO] [stderr] 171 | documentation = "https://prompthive.sh"
[INFO] [stderr]     |                 -----------------------
[INFO] [stderr] 172 | edition = "2021"
[INFO] [stderr] 173 | homepage = "https://prompthive.sh"
[INFO] [stderr]     |            ^^^^^^^^^^^^^^^^^^^^^^^
[INFO] [stderr]     |
[INFO] [stderr]     = note: `cargo::redundant_homepage` is set to `warn` by default
[INFO] [stderr] help: consider removing `package.homepage`
[INFO] [stderr] warning: `prompthive` (manifest) generated 1 warning
[INFO] [stderr] warning: unused dependency `glob`
[INFO] [stderr]   --> Cargo.toml:51:15
[INFO] [stderr]    |
[INFO] [stderr] 51 | [dependencies.glob]
[INFO] [stderr]    |               ^^^^^
[INFO] [stderr]    |
[INFO] [stderr]    = note: `cargo::unused_dependencies` is set to `warn` by default
[INFO] [stderr] help: consider removing the dependency on `glob`
[INFO] [stderr] warning: unused dependency `hostname`
[INFO] [stderr]   --> Cargo.toml:54:15
[INFO] [stderr]    |
[INFO] [stderr] 54 | [dependencies.hostname]
[INFO] [stderr]    |               ^^^^^^^^^
[INFO] [stderr]    |
[INFO] [stderr] help: consider removing the dependency on `hostname`
[INFO] [stderr] warning: unused dependency `sha2`
[INFO] [stderr]   --> Cargo.toml:92:15
[INFO] [stderr]    |
[INFO] [stderr] 92 | [dependencies.sha2]
[INFO] [stderr]    |               ^^^^^
[INFO] [stderr]    |
[INFO] [stderr] help: consider removing the dependency on `sha2`
[INFO] [stderr] warning: unused dependency `tracing-appender`
[INFO] [stderr]    --> Cargo.toml:119:15
[INFO] [stderr]     |
[INFO] [stderr] 119 | [dependencies.tracing-appender]
[INFO] [stderr]     |               ^^^^^^^^^^^^^^^^^
[INFO] [stderr]     |
[INFO] [stderr] help: consider removing the dependency on `tracing-appender`
[INFO] [stderr] warning: unused dependency `webbrowser`
[INFO] [stderr]    --> Cargo.toml:138:15
[INFO] [stderr]     |
[INFO] [stderr] 138 | [dependencies.webbrowser]
[INFO] [stderr]     |               ^^^^^^^^^^^
[INFO] [stderr]     |
[INFO] [stderr] help: consider removing the dependency on `webbrowser`
[INFO] [stderr] warning: `prompthive` (manifest) generated 5 warnings
[INFO] [stderr]     Finished `test` profile [unoptimized + debuginfo] target(s) in 0.61s
[INFO] [stderr]      Running unittests src/lib.rs (/opt/rustwide/target/debug/build/prompthive/3bf42ade9eab274f/out/prompthive-3bf42ade9eab274f)
[INFO] [stdout] 
[INFO] [stdout] running 87 tests
[INFO] [stdout] test commands::configuration::tests::test_get_registry_url_default ... ok
[INFO] [stdout] test commands::configuration::tests::test_get_registry_url_custom ... ok
[INFO] [stdout] test commands::configuration::tests::test_show_environment_variables ... ok
[INFO] [stdout] test commands::diff_merge::tests::test_generate_brief_diff_different ... ok
[INFO] [stdout] test commands::diff_merge::tests::test_generate_brief_diff_identical ... ok
[INFO] [stdout] test clipboard::tests::test_clipboard_creation ... ok
[INFO] [stdout] test commands::configuration::tests::test_load_config_nonexistent ... ok
[INFO] [stdout] test commands::diff_merge::tests::test_generate_side_by_side_diff ... ok
[INFO] [stdout] test commands::diff_merge::tests::test_generate_unified_diff ... ok
[INFO] [stdout] test commands::statistics::tests::test_handle_ls_performance_many_prompts ... ok
[INFO] [stdout] test commands::statistics::tests::test_handle_search_performance_many_prompts ... ok
[INFO] [stdout] test commands::statistics::tests::test_operations_tracker ... ok
[INFO] [stdout] test commands::statistics::tests::test_handle_use_performance_many_prompts ... ok
[INFO] [stdout] test health::tests::test_component_health ... ok
[INFO] [stdout] test compose::tests::test_parse_prompt_list ... ok
[INFO] [stdout] test compose::tests::test_compose_multiple_prompts ... ok
[INFO] [stdout] test clean::tests::test_clean_box_chars ... ok
[INFO] [stdout] test clean::tests::test_clean_ansi ... ok
[INFO] [stdout] test clean::tests::test_clean_complex ... ok
[INFO] [stdout] test compose::tests::test_compose_single_prompt ... ok
[INFO] [stdout] test health::tests::test_health_status_display ... ok
[INFO] [stdout] test import::tests::test_extract_description ... ok
[INFO] [stdout] test compose::tests::test_placeholder_replacement ... ok
[INFO] [stdout] test io_options::tests::test_has_output_operations ... ok
[INFO] [stdout] test io_options::tests::test_should_copy_to_clipboard ... ok
[INFO] [stdout] test io_options::tests::test_io_options_creation ... ok
[INFO] [stdout] test history::tests::test_history_search ... ok
[INFO] [stdout] test health::tests::test_health_monitor_creation ... ok
[INFO] [stdout] test history::tests::test_history_tracking ... ok
[INFO] [stdout] test logging::tests::test_log_config_from_env ... ok
[INFO] [stdout] test health::tests::test_health_check ... ok
[INFO] [stdout] test matching::tests::test_ambiguous_match ... ok
[INFO] [stdout] test matching::tests::test_exact_match ... ok
[INFO] [stdout] test matching::tests::test_short_code_generation ... ok
[INFO] [stdout] test perf_verify::tests::test_performance_report ... ok
[INFO] [stdout] test registry::tests::test_default_registry_url ... ok
[INFO] [stdout] test registry::tests::test_install_result_display ... ok
[INFO] [stdout] test import::tests::test_clean_prompt_name ... ok
[INFO] [stdout] test registry::tests::test_package_metadata_serialization ... ok
[INFO] [stdout] test registry::tests::test_package_prompt_creation ... ok
[INFO] [stdout] test registry::tests::test_package_size_calculation ... ok
[INFO] [stdout] test registry::tests::test_package_tags_handling ... ok
[INFO] [stderr] 2026-10-06T16:56:22.656959Z  INFO prompthive::logging: Logging initialized level=debug format=Compact colored=false
[INFO] [stdout] test logging::tests::test_storage_operation_logging ... ok
[INFO] [stderr] 2026-10-06T16:56:22.657446Z  INFO command_execution: prompthive::logging: Command completed successfully command="test_command" duration_ms=100 command="test_command" duration_ms=100 success=true
[INFO] [stdout] test logging::tests::test_security_event_logging ... ok
[INFO] [stderr] 2026-10-06T16:56:22.657471Z DEBUG storage_operation: prompthive::logging: Storage operation completed operation="read" prompt_name="test-prompt" duration_ms=50 operation="read" prompt_name="test-prompt" success=true duration_ms=50
[INFO] [stdout] test logging::tests::test_performance_metric_logging ... ok
[INFO] [stderr] 2026-10-06T16:56:22.657546Z  WARN storage_operation: prompthive::logging: Storage operation failed operation="write" prompt_name="test-prompt" duration_ms=100 operation="write" prompt_name="test-prompt" success=false duration_ms=100
[INFO] [stdout] test registry::tests::test_publish_request_creation ... ok
[INFO] [stderr] 2026-10-06T16:56:22.657582Z DEBUG storage_operation: prompthive::logging: Storage operation completed operation="list" duration_ms=25 operation="list" success=true duration_ms=25
[INFO] [stderr] 2026-10-06T16:56:22.657571Z  INFO prompthive::logging: Security event detected event_type="permission_check" severity="low" details="file access granted"
[INFO] [stderr] 2026-10-06T16:56:22.657611Z ERROR prompthive::logging: Security event detected event_type="api_key_validation" severity="high" details="invalid key detected"
[INFO] [stderr] 2026-10-06T16:56:22.658074Z ERROR command_execution: prompthive::logging: Command failed command="test_command" duration_ms=200 error=test error command="test_command" duration_ms=200 success=false
[INFO] [stdout] test registry::tests::test_search_result_pagination ... ok
[INFO] [stdout] test logging::tests::test_command_execution_logging ... ok
[INFO] [stdout] test registry::tests::test_registry_client_with_auth ... ok
[INFO] [stdout] test registry::tests::test_registry_client_creation ... ok
[INFO] [stdout] test registry::tests::test_create_package_from_storage ... ok
[INFO] [stdout] test registry::tests::test_package_content_parsing ... ok
[INFO] [stdout] test registry::tests::test_create_package_with_missing_prompt ... ok
[INFO] [stdout] test signals::tests::test_global_shutdown_request ... ok
[INFO] [stderr] 2026-10-06T16:56:22.785141Z  INFO prompthive::signals: Shutdown requested programmatically
[INFO] [stderr] 2026-10-06T16:56:22.786708Z DEBUG prompthive::security: Starting security scan of file: /tmp/.tmptNUU9C/test.txt
[INFO] [stderr] 2026-10-06T16:56:22.786866Z  INFO prompthive::signals: Shutdown requested programmatically
[INFO] [stderr] 2026-10-06T16:56:22.793139Z  WARN prompthive::logging: Security event detected event_type="file_scan" severity="medium" details="Warnings found in /tmp/.tmptNUU9C/test.txt: 1 issues"
[INFO] [stderr] 2026-10-06T16:56:22.794405Z  INFO prompthive::security: Starting security audit of directory: /tmp/.tmpMK0Wj1
[INFO] [stderr] 2026-10-06T16:56:22.794512Z DEBUG prompthive::security: Starting security scan of file: /tmp/.tmpMK0Wj1/safe.txt
[INFO] [stdout] test security::tests::test_file_scanning ... ok
[INFO] [stderr] 2026-10-06T16:56:22.795835Z  INFO prompthive::logging: Security event detected event_type="file_scan" severity="low" details="Clean scan result for /tmp/.tmpMK0Wj1/safe.txt"
[INFO] [stdout] test signals::tests::test_shutdown_aware_trait ... ok
[INFO] [stderr] 2026-10-06T16:56:22.795929Z DEBUG prompthive::security: Starting security scan of file: /tmp/.tmpMK0Wj1/unsafe.txt
[INFO] [stdout] test signals::tests::test_shutdown_config ... ok
[INFO] [stderr] 2026-10-06T16:56:22.796499Z  WARN prompthive::logging: Security event detected event_type="file_scan" severity="medium" details="Warnings found in /tmp/.tmpMK0Wj1/unsafe.txt: 1 issues"
[INFO] [stderr] 2026-10-06T16:56:22.796562Z  INFO prompthive::logging: Security event detected event_type="directory_audit" severity="low" details="Completed audit of /tmp/.tmpMK0Wj1: 2 files, 1 issues"
[INFO] [stdout] test security::tests::test_directory_audit ... ok
[INFO] [stdout] test storage::tests::test_parse_prompt_with_frontmatter ... ok
[INFO] [stdout] test signals::tests::test_shutdown_handler_creation ... ok
[INFO] [stdout] test telemetry::tests::test_anonymous_id_generation ... ok
[INFO] [stdout] test security::tests::test_api_key_detection ... ok
[INFO] [stdout] test telemetry::tests::test_command_recording ... ok
[INFO] [stdout] test telemetry::tests::test_error_categorization ... ok
[INFO] [stdout] test security::tests::test_clean_content ... ok
[INFO] [stdout] test telemetry::tests::test_data_persistence ... ok
[INFO] [stdout] test telemetry::tests::test_old_data_cleanup ... ok
[INFO] [stdout] test telemetry::tests::test_performance_recording ... ok
[INFO] [stdout] test telemetry::tests::test_telemetry_collector_creation ... ok
[INFO] [stdout] test telemetry::tests::test_streak_calculation ... ok
[INFO] [stdout] test template::tests::test_config_file ... ok
[INFO] [stdout] test template::tests::test_custom_variables ... ok
[INFO] [stdout] test telemetry::tests::test_time_saved_formatting ... ok
[INFO] [stdout] test template::tests::test_input_variables ... ok
[INFO] [stdout] test telemetry::tests::test_telemetry_enable_disable ... ok
[INFO] [stdout] test template::tests::test_environment_variables ... ok
[INFO] [stdout] test template::tests::test_legacy_behavior ... ok
[INFO] [stdout] test telemetry::tests::test_daily_activity_tracking ... ok
[INFO] [stdout] test tui::test_install::tests::test_install_options_behavior ... ok
[INFO] [stdout] test security::tests::test_security_scanner_creation ... ok
[INFO] [stdout] test tui::test_install::tests::test_install_workflow_preview_stage ... ok
[INFO] [stdout] test security::tests::test_malicious_content_detection ... ok
[INFO] [stdout] test template::tests::test_system_variables ... ok
[INFO] [stdout] test tui::test_install::tests::test_install_conflict_handling ... ok
[INFO] [stdout] test tui::test_install::tests::test_install_workflow_installation ... ok
[INFO] [stdout] test telemetry::tests::test_achievement_tracking ... ok
[INFO] [stdout] test signals::tests::test_interruptible_sleep ... FAILED
[INFO] [stdout] 
[INFO] [stdout] failures:
[INFO] [stdout] 
[INFO] [stdout] ---- signals::tests::test_interruptible_sleep stdout ----
[INFO] [stdout] 
[INFO] [stdout] thread 'signals::tests::test_interruptible_sleep' (3286) panicked at src/signals.rs:413:9:
[INFO] [stdout] assertion failed: completed
[INFO] [stdout] stack backtrace:
[INFO] [stdout]    0:     0x5fb42709e681 - std[617be2ca0a6fd877]::backtrace_rs::backtrace::libunwind::trace
[INFO] [stdout]                                at /rustc/e3feeb59cd1bdd011a2bfcc0747b55125d9b8527/library/std/src/../../backtrace/src/backtrace/libunwind.rs:117:9
[INFO] [stdout]    1:     0x5fb42709e681 - std[617be2ca0a6fd877]::backtrace_rs::backtrace::trace_unsynchronized::<std[617be2ca0a6fd877]::sys::backtrace::_print_fmt::{closure#1}>
[INFO] [stdout]                                at /rustc/e3feeb59cd1bdd011a2bfcc0747b55125d9b8527/library/std/src/../../backtrace/src/backtrace/mod.rs:66:14
[INFO] [stdout]    2:     0x5fb42709e681 - std[617be2ca0a6fd877]::sys::backtrace::_print_fmt
[INFO] [stdout]                                at /rustc/e3feeb59cd1bdd011a2bfcc0747b55125d9b8527/library/std/src/sys/backtrace.rs:74:9
[INFO] [stdout]    3:     0x5fb42709e681 - <<std[617be2ca0a6fd877]::sys::backtrace::BacktraceLock>::print::DisplayBacktrace as core[a373ad73a504971]::fmt::Display>::fmt
[INFO] [stdout]                                at /rustc/e3feeb59cd1bdd011a2bfcc0747b55125d9b8527/library/std/src/sys/backtrace.rs:44:26
[INFO] [stdout]    4:     0x5fb4270b73aa - <core[a373ad73a504971]::fmt::rt::Argument>::fmt
[INFO] [stdout]                                at /rustc/e3feeb59cd1bdd011a2bfcc0747b55125d9b8527/library/core/src/fmt/rt.rs:152:76
[INFO] [stdout]    5:     0x5fb4270b73aa - core[a373ad73a504971]::fmt::write
[INFO] [stdout]    6:     0x5fb4270a375c - core[a373ad73a504971]::io::write::default_write_fmt::<alloc[2e1b2a31b91974c5]::vec::Vec<u8>>
[INFO] [stdout]                                at /rustc/e3feeb59cd1bdd011a2bfcc0747b55125d9b8527/library/core/src/io/write.rs:402:11
[INFO] [stdout]    7:     0x5fb4270a375c - <alloc[2e1b2a31b91974c5]::vec::Vec<u8> as core[a373ad73a504971]::io::write::Write>::write_fmt
[INFO] [stdout]                                at /rustc/e3feeb59cd1bdd011a2bfcc0747b55125d9b8527/library/core/src/io/write.rs:335:13
[INFO] [stdout]    8:     0x5fb427076546 - <std[617be2ca0a6fd877]::sys::backtrace::BacktraceLock>::print
[INFO] [stdout]                                at /rustc/e3feeb59cd1bdd011a2bfcc0747b55125d9b8527/library/std/src/sys/backtrace.rs:47:9
[INFO] [stdout]    9:     0x5fb427076546 - std[617be2ca0a6fd877]::panicking::default_hook::{closure#0}
[INFO] [stdout]                                at /rustc/e3feeb59cd1bdd011a2bfcc0747b55125d9b8527/library/std/src/panicking.rs:289:27
[INFO] [stdout]   10:     0x5fb427094ca9 - std[617be2ca0a6fd877]::panicking::default_hook
[INFO] [stdout]                                at /rustc/e3feeb59cd1bdd011a2bfcc0747b55125d9b8527/library/std/src/panicking.rs:313:9
[INFO] [stdout]   11:     0x5fb426a8b0b0 - <alloc[2e1b2a31b91974c5]::boxed::Box<dyn for<'a, 'b> core[a373ad73a504971]::ops::function::Fn<(&'a std[617be2ca0a6fd877]::panic::PanicHookInfo<'b>,), Output = ()> + core[a373ad73a504971]::marker::Sync + core[a373ad73a504971]::marker::Send> as core[a373ad73a504971]::ops::function::Fn<(&std[617be2ca0a6fd877]::panic::PanicHookInfo,)>>::call
[INFO] [stdout]                                at /rustc/e3feeb59cd1bdd011a2bfcc0747b55125d9b8527/library/alloc/src/boxed.rs:2328:9
[INFO] [stdout]   12:     0x5fb426a8b0b0 - test[aada8e7e76ba119b]::test_main_inner::{closure#0}
[INFO] [stdout]                                at /rustc/e3feeb59cd1bdd011a2bfcc0747b55125d9b8527/library/test/src/lib.rs:137:21
[INFO] [stdout]   13:     0x5fb427094fd2 - <alloc[2e1b2a31b91974c5]::boxed::Box<dyn for<'a, 'b> core[a373ad73a504971]::ops::function::Fn<(&'a std[617be2ca0a6fd877]::panic::PanicHookInfo<'b>,), Output = ()> + core[a373ad73a504971]::marker::Sync + core[a373ad73a504971]::marker::Send> as core[a373ad73a504971]::ops::function::Fn<(&std[617be2ca0a6fd877]::panic::PanicHookInfo,)>>::call
[INFO] [stdout]                                at /rustc/e3feeb59cd1bdd011a2bfcc0747b55125d9b8527/library/alloc/src/boxed.rs:2328:9
[INFO] [stdout]   14:     0x5fb427094fd2 - std[617be2ca0a6fd877]::panicking::panic_with_hook
[INFO] [stdout]                                at /rustc/e3feeb59cd1bdd011a2bfcc0747b55125d9b8527/library/std/src/panicking.rs:819:13
[INFO] [stdout]   15:     0x5fb427076624 - std[617be2ca0a6fd877]::panicking::panic_handler::{closure#0}
[INFO] [stdout]                                at /rustc/e3feeb59cd1bdd011a2bfcc0747b55125d9b8527/library/std/src/panicking.rs:678:13
[INFO] [stdout]   16:     0x5fb42706e7b9 - std[617be2ca0a6fd877]::sys::backtrace::__rust_end_short_backtrace::<std[617be2ca0a6fd877]::panicking::panic_handler::{closure#0}, !>
[INFO] [stdout]                                at /rustc/e3feeb59cd1bdd011a2bfcc0747b55125d9b8527/library/std/src/sys/backtrace.rs:182:18
[INFO] [stdout]   17:     0x5fb4270777dd - __rustc[ea4f61d10b84890b]::rust_begin_unwind
[INFO] [stdout]                                at /rustc/e3feeb59cd1bdd011a2bfcc0747b55125d9b8527/library/std/src/panicking.rs:676:5
[INFO] [stdout]   18:     0x5fb4270b7c7c - core[a373ad73a504971]::panicking::panic_fmt
[INFO] [stdout]                                at /rustc/e3feeb59cd1bdd011a2bfcc0747b55125d9b8527/library/core/src/panicking.rs:80:14
[INFO] [stdout]   19:     0x5fb4270b7c42 - core[a373ad73a504971]::panicking::panic
[INFO] [stdout]                                at /rustc/e3feeb59cd1bdd011a2bfcc0747b55125d9b8527/library/core/src/panicking.rs:150:5
[INFO] [stdout]   20:     0x5fb4268c72b8 - prompthive[4ecafca414de0454]::signals::tests::test_interruptible_sleep
[INFO] [stdout]                                at /opt/rustwide/workdir/src/signals.rs:413:9
[INFO] [stdout]   21:     0x5fb4268c3e77 - prompthive[4ecafca414de0454]::signals::tests::test_interruptible_sleep::{closure#0}
[INFO] [stdout]                                at /opt/rustwide/workdir/src/signals.rs:393:34
[INFO] [stdout]   22:     0x5fb42689a016 - <prompthive[4ecafca414de0454]::signals::tests::test_interruptible_sleep::{closure#0} as core[a373ad73a504971]::ops::function::FnOnce<()>>::call_once
[INFO] [stdout]                                at /rustc/e3feeb59cd1bdd011a2bfcc0747b55125d9b8527/library/core/src/ops/function.rs:250:5
[INFO] [stdout]   23:     0x5fb426a7e4fb - <fn() -> core[a373ad73a504971]::result::Result<(), alloc[2e1b2a31b91974c5]::string::String> as core[a373ad73a504971]::ops::function::FnOnce<()>>::call_once
[INFO] [stdout]                                at /rustc/e3feeb59cd1bdd011a2bfcc0747b55125d9b8527/library/core/src/ops/function.rs:250:5
[INFO] [stdout]   24:     0x5fb426a7e4fb - test[aada8e7e76ba119b]::__rust_begin_short_backtrace::<core[a373ad73a504971]::result::Result<(), alloc[2e1b2a31b91974c5]::string::String>, fn() -> core[a373ad73a504971]::result::Result<(), alloc[2e1b2a31b91974c5]::string::String>>
[INFO] [stdout]                                at /rustc/e3feeb59cd1bdd011a2bfcc0747b55125d9b8527/library/test/src/lib.rs:701:18
[INFO] [stdout]   25:     0x5fb426a8b6d5 - test[aada8e7e76ba119b]::run_test_in_process::{closure#0}
[INFO] [stdout]                                at /rustc/e3feeb59cd1bdd011a2bfcc0747b55125d9b8527/library/test/src/lib.rs:724:74
[INFO] [stdout]   26:     0x5fb426a8b6d5 - <core[a373ad73a504971]::panic::unwind_safe::AssertUnwindSafe<test[aada8e7e76ba119b]::run_test_in_process::{closure#0}> as core[a373ad73a504971]::ops::function::FnOnce<()>>::call_once
[INFO] [stdout]                                at /rustc/e3feeb59cd1bdd011a2bfcc0747b55125d9b8527/library/core/src/panic/unwind_safe.rs:275:9
[INFO] [stdout]   27:     0x5fb426a8b6d5 - std[617be2ca0a6fd877]::panicking::catch_unwind::do_call::<core[a373ad73a504971]::panic::unwind_safe::AssertUnwindSafe<test[aada8e7e76ba119b]::run_test_in_process::{closure#0}>, core[a373ad73a504971]::result::Result<(), alloc[2e1b2a31b91974c5]::string::String>>
[INFO] [stdout]                                at /rustc/e3feeb59cd1bdd011a2bfcc0747b55125d9b8527/library/std/src/panicking.rs:573:43
[INFO] [stdout]   28:     0x5fb426a8b6d5 - std[617be2ca0a6fd877]::panicking::catch_unwind::<core[a373ad73a504971]::result::Result<(), alloc[2e1b2a31b91974c5]::string::String>, core[a373ad73a504971]::panic::unwind_safe::AssertUnwindSafe<test[aada8e7e76ba119b]::run_test_in_process::{closure#0}>>
[INFO] [stdout]                                at /rustc/e3feeb59cd1bdd011a2bfcc0747b55125d9b8527/library/std/src/panicking.rs:541:19
[INFO] [stdout]   29:     0x5fb426a8b6d5 - std[617be2ca0a6fd877]::panic::catch_unwind::<core[a373ad73a504971]::panic::unwind_safe::AssertUnwindSafe<test[aada8e7e76ba119b]::run_test_in_process::{closure#0}>, core[a373ad73a504971]::result::Result<(), alloc[2e1b2a31b91974c5]::string::String>>
[INFO] [stdout]                                at /rustc/e3feeb59cd1bdd011a2bfcc0747b55125d9b8527/library/std/src/panic.rs:359:14
[INFO] [stdout]   30:     0x5fb426a8b6d5 - test[aada8e7e76ba119b]::run_test_in_process
[INFO] [stdout]                                at /rustc/e3feeb59cd1bdd011a2bfcc0747b55125d9b8527/library/test/src/lib.rs:724:27
[INFO] [stdout]   31:     0x5fb426a8b6d5 - test[aada8e7e76ba119b]::run_test::{closure#0}
[INFO] [stdout]                                at /rustc/e3feeb59cd1bdd011a2bfcc0747b55125d9b8527/library/test/src/lib.rs:645:43
[INFO] [stdout]   32:     0x5fb426a84fc4 - test[aada8e7e76ba119b]::run_test::{closure#1}
[INFO] [stdout]                                at /rustc/e3feeb59cd1bdd011a2bfcc0747b55125d9b8527/library/test/src/lib.rs:675:41
[INFO] [stdout]   33:     0x5fb426a84fc4 - std[617be2ca0a6fd877]::sys::backtrace::__rust_begin_short_backtrace::<test[aada8e7e76ba119b]::run_test::{closure#1}, ()>
[INFO] [stdout]                                at /rustc/e3feeb59cd1bdd011a2bfcc0747b55125d9b8527/library/std/src/sys/backtrace.rs:166:18
[INFO] [stdout]   34:     0x5fb426a8e762 - std[617be2ca0a6fd877]::thread::lifecycle::spawn_unchecked::<test[aada8e7e76ba119b]::run_test::{closure#1}, ()>::{closure#1}::{closure#0}
[INFO] [stdout]                                at /rustc/e3feeb59cd1bdd011a2bfcc0747b55125d9b8527/library/std/src/thread/lifecycle.rs:70:13
[INFO] [stdout]   35:     0x5fb426a8e762 - <core[a373ad73a504971]::panic::unwind_safe::AssertUnwindSafe<std[617be2ca0a6fd877]::thread::lifecycle::spawn_unchecked<test[aada8e7e76ba119b]::run_test::{closure#1}, ()>::{closure#1}::{closure#0}> as core[a373ad73a504971]::ops::function::FnOnce<()>>::call_once
[INFO] [stdout]                                at /rustc/e3feeb59cd1bdd011a2bfcc0747b55125d9b8527/library/core/src/panic/unwind_safe.rs:275:9
[INFO] [stdout]   36:     0x5fb426a8e762 - std[617be2ca0a6fd877]::panicking::catch_unwind::do_call::<core[a373ad73a504971]::panic::unwind_safe::AssertUnwindSafe<std[617be2ca0a6fd877]::thread::lifecycle::spawn_unchecked<test[aada8e7e76ba119b]::run_test::{closure#1}, ()>::{closure#1}::{closure#0}>, ()>
[INFO] [stdout]                                at /rustc/e3feeb59cd1bdd011a2bfcc0747b55125d9b8527/library/std/src/panicking.rs:573:43
[INFO] [stdout]   37:     0x5fb426a8e762 - std[617be2ca0a6fd877]::panicking::catch_unwind::<(), core[a373ad73a504971]::panic::unwind_safe::AssertUnwindSafe<std[617be2ca0a6fd877]::thread::lifecycle::spawn_unchecked<test[aada8e7e76ba119b]::run_test::{closure#1}, ()>::{closure#1}::{closure#0}>>
[INFO] [stdout]                                at /rustc/e3feeb59cd1bdd011a2bfcc0747b55125d9b8527/library/std/src/panicking.rs:541:19
[INFO] [stdout]   38:     0x5fb426a8e762 - std[617be2ca0a6fd877]::panic::catch_unwind::<core[a373ad73a504971]::panic::unwind_safe::AssertUnwindSafe<std[617be2ca0a6fd877]::thread::lifecycle::spawn_unchecked<test[aada8e7e76ba119b]::run_test::{closure#1}, ()>::{closure#1}::{closure#0}>, ()>
[INFO] [stdout]                                at /rustc/e3feeb59cd1bdd011a2bfcc0747b55125d9b8527/library/std/src/panic.rs:359:14
[INFO] [stdout]   39:     0x5fb426a8e762 - std[617be2ca0a6fd877]::thread::lifecycle::spawn_unchecked::<test[aada8e7e76ba119b]::run_test::{closure#1}, ()>::{closure#1}
[INFO] [stdout]                                at /rustc/e3feeb59cd1bdd011a2bfcc0747b55125d9b8527/library/std/src/thread/lifecycle.rs:68:26
[INFO] [stdout]   40:     0x5fb426a8e762 - <std[617be2ca0a6fd877]::thread::lifecycle::spawn_unchecked<test[aada8e7e76ba119b]::run_test::{closure#1}, ()>::{closure#1} as core[a373ad73a504971]::ops::function::FnOnce<()>>::call_once::{shim:vtable#0}
[INFO] [stdout]                                at /rustc/e3feeb59cd1bdd011a2bfcc0747b55125d9b8527/library/core/src/ops/function.rs:250:5
[INFO] [stdout]   41:     0x5fb42709d12f - <alloc[2e1b2a31b91974c5]::boxed::Box<dyn core[a373ad73a504971]::ops::function::FnOnce<(), Output = ()> + core[a373ad73a504971]::marker::Send> as core[a373ad73a504971]::ops::function::FnOnce<()>>::call_once
[INFO] [stdout]                                at /rustc/e3feeb59cd1bdd011a2bfcc0747b55125d9b8527/library/alloc/src/boxed.rs:2314:9
[INFO] [stdout]   42:     0x5fb42709d12f - <std[617be2ca0a6fd877]::sys::thread::unix::Thread>::new::thread_start
[INFO] [stdout]                                at /rustc/e3feeb59cd1bdd011a2bfcc0747b55125d9b8527/library/std/src/sys/thread/unix.rs:127:17
[INFO] [stdout]   43:     0x7d979aa1adfa - <unknown>
[INFO] [stdout]   44:     0x7d979aaae3d4 - clone
[INFO] [stdout]   45:                0x0 - <unknown>
[INFO] [stdout] 
[INFO] [stdout] 
[INFO] [stdout] failures:
[INFO] [stdout]     signals::tests::test_interruptible_sleep
[INFO] [stdout] 
[INFO] [stdout] test result: FAILED. 86 passed; 1 failed; 0 ignored; 0 measured; 0 filtered out; finished in 0.28s
[INFO] [stdout] 
[INFO] [stderr] error: test failed, to rerun pass `--lib`
[INFO] running `Command { std: "docker" "inspect" "337ebf33e2a8befb4b81340eafe6aceb1737ab02bad5a8c30960d256d63807d0", kill_on_drop: false }`
[INFO] running `Command { std: "docker" "rm" "-f" "337ebf33e2a8befb4b81340eafe6aceb1737ab02bad5a8c30960d256d63807d0", kill_on_drop: false }`
[INFO] [stdout] 337ebf33e2a8befb4b81340eafe6aceb1737ab02bad5a8c30960d256d63807d0
