[INFO] fetching crate kittens 0.1.1...
[INFO] testing kittens-0.1.1 against 1.100.0-beta.1 for beta-1.100-2
[INFO] extracting crate kittens 0.1.1 into /workspace/builds/worker-4-tc2/source
[INFO] started tweaking crates.io crate kittens 0.1.1
[INFO] removed 0 missing examples
[INFO] removed 0 missing tests
[INFO] finished tweaking crates.io crate kittens 0.1.1
[INFO] tweaked toml for crates.io crate kittens 0.1.1 written to /workspace/builds/worker-4-tc2/source/Cargo.toml
[INFO] validating manifest of crates.io crate kittens 0.1.1 on toolchain 1.100.0-beta.1
[INFO] running `Command { std: CARGO_HOME="/workspace/cargo-home" RUSTUP_HOME="/workspace/rustup-home" "/workspace/cargo-home/bin/cargo" "+1.100.0-beta.1" "metadata" "--manifest-path" "Cargo.toml" "--no-deps", kill_on_drop: false }`
[INFO] crate crates.io crate kittens 0.1.1 already has a lockfile, it will not be regenerated
[INFO] running `Command { std: CARGO_HOME="/workspace/cargo-home" RUSTUP_HOME="/workspace/rustup-home" "/workspace/cargo-home/bin/cargo" "+1.100.0-beta.1" "fetch" "--manifest-path" "Cargo.toml", kill_on_drop: false }`
[INFO] running `Command { std: "docker" "create" "-v" "/var/lib/crater-agent-workspace/builds/worker-4-tc2/source:/opt/rustwide/workdir:ro,Z" "-v" "/var/lib/crater-agent-workspace/builds/worker-4-tc2/target:/opt/rustwide/target:rw,Z" "-v" "/var/lib/crater-agent-workspace/cargo-home:/opt/rustwide/cargo-home:ro,Z" "-v" "/var/lib/crater-agent-workspace/rustup-home:/opt/rustwide/rustup-home:ro,Z" "-m" "1610612736" "--network" "none" "ghcr.io/rust-lang/crates-build-env/linux@sha256:3111399a4047eeb3a02b7a90e478d715f38a8c6669b5c4b49d30a17385265909" "sleep" "infinity", kill_on_drop: false }`
[INFO] [stdout] 4800286b878fd82bf64bfe45614998c9bd79ebe44c51a21fcffd86ac3e467e68
[INFO] running `Command { std: "docker" "start" "4800286b878fd82bf64bfe45614998c9bd79ebe44c51a21fcffd86ac3e467e68", kill_on_drop: false }`
[INFO] running `Command { std: "docker" "inspect" "4800286b878fd82bf64bfe45614998c9bd79ebe44c51a21fcffd86ac3e467e68", kill_on_drop: false }`
[INFO] running `Command { std: "docker" "exec" "-e" "SOURCE_DIR=/opt/rustwide/workdir" "-e" "CARGO_HOME=/opt/rustwide/cargo-home" "-e" "RUSTUP_HOME=/opt/rustwide/rustup-home" "-e" "CARGO_TARGET_DIR=/opt/rustwide/target" "-w" "/opt/rustwide/workdir" "--user" "0:0" "4800286b878fd82bf64bfe45614998c9bd79ebe44c51a21fcffd86ac3e467e68" "/opt/rustwide/cargo-home/bin/cargo" "+1.100.0-beta.1" "metadata" "--no-deps" "--format-version=1", kill_on_drop: false }`
[INFO] running `Command { std: "docker" "inspect" "4800286b878fd82bf64bfe45614998c9bd79ebe44c51a21fcffd86ac3e467e68", kill_on_drop: false }`
[INFO] running `Command { std: "docker" "exec" "-e" "SOURCE_DIR=/opt/rustwide/workdir" "-e" "CARGO_HOME=/opt/rustwide/cargo-home" "-e" "RUSTUP_HOME=/opt/rustwide/rustup-home" "-e" "CARGO_TARGET_DIR=/opt/rustwide/target" "-e" "CARGO_INCREMENTAL=0" "-e" "RUST_BACKTRACE=full" "-e" "RUSTFLAGS=--cap-lints=warn" "-e" "RUSTDOCFLAGS=--cap-lints=warn" "-w" "/opt/rustwide/workdir" "--user" "0:0" "4800286b878fd82bf64bfe45614998c9bd79ebe44c51a21fcffd86ac3e467e68" "/opt/rustwide/cargo-home/bin/cargo" "+1.100.0-beta.1" "build" "--frozen" "--message-format=json", kill_on_drop: false }`
[INFO] [stderr]    Compiling proc-macro2 v1.0.107
[INFO] [stderr]    Compiling equivalent v1.0.2
[INFO] [stderr]    Compiling hashbrown v0.17.1
[INFO] [stderr]    Compiling winnow v1.0.4
[INFO] [stderr]    Compiling pin-project-lite v0.2.17
[INFO] [stderr]    Compiling toml_datetime v1.1.1+spec-1.1.0
[INFO] [stderr]    Compiling futures-core v0.3.33
[INFO] [stderr]    Compiling futures-task v0.3.33
[INFO] [stderr]    Compiling slab v0.4.12
[INFO] [stderr]    Compiling bytes v1.12.1
[INFO] [stderr]    Compiling futures-sink v0.3.33
[INFO] [stderr]    Compiling indexmap v2.14.0
[INFO] [stderr]    Compiling quote v1.0.47
[INFO] [stderr]    Compiling syn v2.0.119
[INFO] [stderr]    Compiling syn v3.0.3
[INFO] [stderr]    Compiling toml_parser v1.1.3+spec-1.1.0
[INFO] [stderr]    Compiling toml_edit v0.25.13+spec-1.1.0
[INFO] [stderr]    Compiling proc-macro-crate v3.5.0
[INFO] [stderr]    Compiling tokio-macros v2.7.2
[INFO] [stderr]    Compiling tokio v1.53.1
[INFO] [stderr]    Compiling futures-macro v0.3.33
[INFO] [stderr]    Compiling kittens-macros v0.1.1
[INFO] [stderr]    Compiling futures-util v0.3.33
[INFO] [stderr]    Compiling tokio-util v0.7.19
[INFO] [stderr]    Compiling kittens v0.1.1 (/opt/rustwide/workdir)
[INFO] [stderr]     Finished `dev` profile [unoptimized + debuginfo] target(s) in 26.17s
[INFO] running `Command { std: "docker" "inspect" "4800286b878fd82bf64bfe45614998c9bd79ebe44c51a21fcffd86ac3e467e68", kill_on_drop: false }`
[INFO] running `Command { std: "docker" "exec" "-e" "SOURCE_DIR=/opt/rustwide/workdir" "-e" "CARGO_HOME=/opt/rustwide/cargo-home" "-e" "RUSTUP_HOME=/opt/rustwide/rustup-home" "-e" "CARGO_TARGET_DIR=/opt/rustwide/target" "-e" "CARGO_INCREMENTAL=0" "-e" "RUST_BACKTRACE=full" "-e" "RUSTFLAGS=--cap-lints=warn" "-e" "RUSTDOCFLAGS=--cap-lints=warn" "-w" "/opt/rustwide/workdir" "--user" "0:0" "4800286b878fd82bf64bfe45614998c9bd79ebe44c51a21fcffd86ac3e467e68" "/opt/rustwide/cargo-home/bin/cargo" "+1.100.0-beta.1" "test" "--frozen" "--no-run" "--message-format=json", kill_on_drop: false }`
[INFO] [stderr]    Compiling serde_core v1.0.229
[INFO] [stderr]    Compiling zmij v1.0.23
[INFO] [stderr]    Compiling winnow v1.0.4
[INFO] [stderr]    Compiling serde v1.0.229
[INFO] [stderr]    Compiling target-triple v1.0.1
[INFO] [stderr]    Compiling serde_json v1.0.151
[INFO] [stderr]    Compiling tokio v1.53.1
[INFO] [stderr]    Compiling memchr v2.8.3
[INFO] [stderr]    Compiling itoa v1.0.18
[INFO] [stderr]    Compiling toml_writer v1.1.2+spec-1.1.0
[INFO] [stderr]    Compiling toml_parser v1.1.3+spec-1.1.0
[INFO] [stderr]    Compiling serde_derive v1.0.229
[INFO] [stderr]    Compiling termcolor v1.4.1
[INFO] [stderr]    Compiling glob v0.3.4
[INFO] [stderr]    Compiling tokio-util v0.7.19
[INFO] [stderr]    Compiling serde_spanned v1.1.1
[INFO] [stderr]    Compiling toml_datetime v1.1.1+spec-1.1.0
[INFO] [stderr]    Compiling toml v1.1.4+spec-1.1.0
[INFO] [stderr]    Compiling kittens v0.1.1 (/opt/rustwide/workdir)
[INFO] [stderr]    Compiling trybuild v1.0.120
[INFO] [stderr]     Finished `test` profile [unoptimized + debuginfo] target(s) in 27.25s
[INFO] running `Command { std: "docker" "inspect" "4800286b878fd82bf64bfe45614998c9bd79ebe44c51a21fcffd86ac3e467e68", kill_on_drop: false }`
[INFO] running `Command { std: "docker" "exec" "-e" "SOURCE_DIR=/opt/rustwide/workdir" "-e" "CARGO_HOME=/opt/rustwide/cargo-home" "-e" "RUSTUP_HOME=/opt/rustwide/rustup-home" "-e" "CARGO_TARGET_DIR=/opt/rustwide/target" "-e" "CARGO_INCREMENTAL=0" "-e" "RUST_BACKTRACE=full" "-e" "RUSTFLAGS=--cap-lints=warn" "-e" "RUSTDOCFLAGS=--cap-lints=warn" "-w" "/opt/rustwide/workdir" "--user" "0:0" "4800286b878fd82bf64bfe45614998c9bd79ebe44c51a21fcffd86ac3e467e68" "/opt/rustwide/cargo-home/bin/cargo" "+1.100.0-beta.1" "test" "--frozen", kill_on_drop: false }`
[INFO] [stderr]     Finished `test` profile [unoptimized + debuginfo] target(s) in 0.07s
[INFO] [stderr]      Running unittests src/lib.rs (/opt/rustwide/target/debug/build/kittens/e0b8fde56112eb87/out/kittens-e0b8fde56112eb87)
[INFO] [stdout] 
[INFO] [stdout] running 0 tests
[INFO] [stdout] 
[INFO] [stdout] test result: ok. 0 passed; 0 failed; 0 ignored; 0 measured; 0 filtered out; finished in 0.00s
[INFO] [stdout] 
[INFO] [stderr]      Running tests/embedded_shape.rs (/opt/rustwide/target/debug/build/kittens/770d95f411bb08ef/out/embedded_shape-770d95f411bb08ef)
[INFO] [stdout] 
[INFO] [stdout] running 5 tests
[INFO] [stdout] test dormant_optional_host_source_does_not_self_wake ... ok
[INFO] [stdout] test ownership_returning_completion_reenables_submission_in_after_event ... ok
[INFO] [stdout] test dynamic_absolute_deadline_rearms_after_each_fire ... ok
[INFO] [stdout] test protected_touch_precedes_ready_sensor_and_sensor_remains_buffered ... ok
[INFO] [stdout] test embedded_future_stays_within_predeclared_host_model_budget ... ok
[INFO] [stdout] 
[INFO] [stdout] test result: ok. 5 passed; 0 failed; 0 ignored; 0 measured; 0 filtered out; finished in 0.01s
[INFO] [stdout] 
[INFO] [stdout] 
[INFO] [stderr]      Running tests/grok_shape.rs (/opt/rustwide/target/debug/build/kittens/594070afb476d28f/out/grok_shape-594070afb476d28f)
[INFO] [stdout] running 5 tests
[INFO] [stdout] test raw_tokio_oracle_preserves_the_declared_twenty_three_source_order ... ok
[INFO] [stdout] test grok_dynamic_voice_arm_and_reconnect_replacement_are_persistent ... ok
[INFO] [stdout] test raw_and_kittens_forms_preserve_application_owned_presenter_scenarios ... ok
[INFO] [stdout] test twenty_three_arm_forms_compile_without_custom_type_or_recursion_limits ... ok
[INFO] [stdout] test grok_scripted_thirty_two_item_drain_does_not_reach_a_budget_boundary ... ok
[INFO] [stderr]      Running tests/reactor_runtime.rs (/opt/rustwide/target/debug/build/kittens/27336860b564920d/out/reactor_runtime-27336860b564920d)
[INFO] [stdout] 
[INFO] [stdout] test result: ok. 5 passed; 0 failed; 0 ignored; 0 measured; 0 filtered out; finished in 0.00s
[INFO] [stdout] 
[INFO] [stdout] 
[INFO] [stdout] running 16 tests
[INFO] [stdout] test all_four_retained_expansions_match_on_the_scripted_oracle ... ok
[INFO] [stdout] test emit_close_policy_yields_closed_exactly_once ... ok
[INFO] [stdout] test drain_bound_and_after_event_are_one_service_window ... ok
[INFO] [stdout] test absolute_deadline_survives_a_lost_race_without_relative_reconstruction ... ok
[INFO] [stdout] test handler_error_mid_drain_skips_after_event_after_prior_mutation ... ok
[INFO] [stdout] test before_poll_runs_once_across_pending_executor_repolls ... ok
[INFO] [stdout] test buffered_yield_selects_input_before_a_ready_firehose ... ok
[INFO] [stdout] test closed_optional_mpsc_becomes_dormant_without_self_waking ... ok
[INFO] [stdout] test exhausted_tokio_budget_ends_both_mpsc_drain_windows_early ... ok
[INFO] [stdout] test core_and_tokio_control_match_poll_order_results_and_wake_registration ... ok
[INFO] [stdout] test retained_expansion_future_sizes_are_recorded ... ok
[INFO] [stdout] test optional_deadline_disarms_before_delivering ... ok
[INFO] [stdout] test retained_one_shot_survives_being_polled_before_another_source_wins ... ok
[INFO] [stdout] test wake_only_guard_change_waits_for_the_next_arbitration ... ok
[INFO] [stdout] test latched_event_survives_when_an_earlier_source_wins_before_it_is_polled ... ok
[INFO] [stdout] test handler_panic_mid_drain_unwinds_without_compensation_or_after_event ... ok
[INFO] [stdout] 
[INFO] [stdout] test result: ok. 16 passed; 0 failed; 0 ignored; 0 measured; 0 filtered out; finished in 0.06s
[INFO] [stdout] 
[INFO] [stderr]      Running tests/ui.rs (/opt/rustwide/target/debug/build/kittens/7a16bbbf0485c10a/out/ui-7a16bbbf0485c10a)
[INFO] [stdout] 
[INFO] [stdout] running 1 test
[INFO] [stderr]    Compiling proc-macro2 v1.0.107
[INFO] [stderr]    Compiling unicode-ident v1.0.24
[INFO] [stderr]    Compiling quote v1.0.47
[INFO] [stderr]    Compiling equivalent v1.0.2
[INFO] [stderr]    Compiling hashbrown v0.17.1
[INFO] [stderr]    Compiling winnow v1.0.4
[INFO] [stderr]    Compiling pin-project-lite v0.2.17
[INFO] [stderr]    Compiling toml_datetime v1.1.1+spec-1.1.0
[INFO] [stderr]    Compiling slab v0.4.12
[INFO] [stderr]    Compiling futures-task v0.3.33
[INFO] [stderr]    Compiling futures-core v0.3.33
[INFO] [stderr]    Compiling futures-sink v0.3.33
[INFO] [stderr]    Compiling bytes v1.12.1
[INFO] [stderr]    Compiling indexmap v2.14.0
[INFO] [stderr]    Compiling syn v2.0.119
[INFO] [stderr]    Compiling syn v3.0.3
[INFO] [stderr]    Compiling toml_parser v1.1.3+spec-1.1.0
[INFO] [stderr]    Compiling toml_edit v0.25.13+spec-1.1.0
[INFO] [stderr]    Compiling proc-macro-crate v3.5.0
[INFO] [stderr]    Compiling tokio-macros v2.7.2
[INFO] [stderr]    Compiling futures-macro v0.3.33
[INFO] [stderr]    Compiling kittens-macros v0.1.1
[INFO] [stderr]    Compiling tokio v1.53.1
[INFO] [stderr]    Compiling futures-util v0.3.33
[INFO] [stderr]    Compiling tokio-util v0.7.19
[INFO] [stderr]    Compiling kittens v0.1.1 (/opt/rustwide/workdir)
[INFO] [stderr]    Compiling kittens-tests v0.0.0 (/opt/rustwide/target/tests/trybuild/kittens)
[INFO] [stderr]     Finished `dev` profile [unoptimized + debuginfo] target(s) in 28.57s
[INFO] [stderr] 
[INFO] [stderr] 
[INFO] [stderr] test tests/ui/all_guarded.rs [should fail to compile] ... ok
[INFO] [stderr] test tests/ui/before_cycle.rs [should fail to compile] ... ok
[INFO] [stderr] test tests/ui/drain_nonliteral.rs [should fail to compile] ... ok
[INFO] [stderr] test tests/ui/drain_over_limit.rs [should fail to compile] ... ok
[INFO] [stderr] test tests/ui/drain_zero.rs [should fail to compile] ... ok
[INFO] [stderr] test tests/ui/duplicate_place.rs [should fail to compile] ... ok
[INFO] [stderr] test tests/ui/guard_not_bool.rs [should fail to compile] ... ok
[INFO] [stderr] test tests/ui/last_followed.rs [should fail to compile] ... ok
[INFO] [stderr] test tests/ui/missing_phase.rs [should fail to compile] ... ok
[INFO] [stderr] test tests/ui/missing_yield.rs [should fail to compile] ... ok
[INFO] [stderr] test tests/ui/non_drainable.rs [should fail to compile] ... ok
[INFO] [stderr] test tests/ui/non_kittens_attribute.rs [should fail to compile] ... ok
[INFO] [stderr] test tests/ui/nonadmitted_source.rs [should fail to compile] ... mismatch
[INFO] [stderr] 
[INFO] [stderr] EXPECTED:
[INFO] [stderr] ┈┈┈┈┈┈┈┈┈┈┈┈┈┈┈┈┈┈┈┈┈┈┈┈┈┈┈┈┈┈┈┈┈┈┈┈┈┈┈┈┈┈┈┈┈┈┈┈┈┈┈┈┈┈┈┈┈┈┈┈
[INFO] [stderr] error[E0277]: source type `VendorWaiter` is not admitted for repeated reactor selection
[INFO] [stderr]   --> tests/ui/nonadmitted_source.rs:9:5
[INFO] [stderr]    |
[INFO] [stderr]  9 | /     kittens::reactor! {
[INFO] [stderr] 10 | |         policy { selection: biased; required_phases: []; }
[INFO] [stderr] 11 | |
[INFO] [stderr] 12 | |         #[source(touch_irq)]
[INFO] [stderr] 13 | |         #[readiness(quiescent)]
[INFO] [stderr] 14 | |         _ = sources.touch_irq => { Ok(Control::Continue) }
[INFO] [stderr] 15 | |     }
[INFO] [stderr]    | |_____^ this source does not establish preservation when another source wins
[INFO] [stderr]    |
[INFO] [stderr] help: the trait `ReactorSource` is not implemented for `VendorWaiter`
[INFO] [stderr]   --> tests/ui/nonadmitted_source.rs:3:1
[INFO] [stderr]    |
[INFO] [stderr]  3 | struct VendorWaiter;
[INFO] [stderr]    | ^^^^^^^^^^^^^^^^^^^
[INFO] [stderr]    = note: use a reviewed retained/latching adapter, or isolate the producer behind an explicitly owned signal/channel; cleanup on drop is not the same contract
[INFO] [stderr]    = help: the following other types implement trait `ReactorSource`:
[INFO] [stderr]              Cancellation
[INFO] [stderr]              FixedQueue<T, N>
[INFO] [stderr]              Latched<T>
[INFO] [stderr]              Mpsc<T, C>
[INFO] [stderr]              OneShot<F>
[INFO] [stderr]              OptionalDeadline
[INFO] [stderr]              OptionalMpsc<T, C>
[INFO] [stderr]              OptionalOneShot<F>
[INFO] [stderr] note: required by a bound in `kittens::__private::assert_SRC001_reactor_source_is_admitted__repair_use_retained_or_channel`
[INFO] [stderr]   --> src/lib.rs
[INFO] [stderr]    |
[INFO] [stderr]    |     pub fn assert_SRC001_reactor_source_is_admitted__repair_use_retained_or_channel<
[INFO] [stderr]    |            ------------------------------------------------------------------------ required by a bound in this function
[INFO] [stderr]    |         S: ReactorSource,
[INFO] [stderr]    |            ^^^^^^^^^^^^^ required by this bound in `assert_SRC001_reactor_source_is_admitted__repair_use_retained_or_channel`
[INFO] [stderr]    = note: this error originates in the macro `kittens::reactor` (in Nightly builds, run with -Z macro-backtrace for more info)
[INFO] [stderr] ┈┈┈┈┈┈┈┈┈┈┈┈┈┈┈┈┈┈┈┈┈┈┈┈┈┈┈┈┈┈┈┈┈┈┈┈┈┈┈┈┈┈┈┈┈┈┈┈┈┈┈┈┈┈┈┈┈┈┈┈
[INFO] [stderr] 
[INFO] [stderr] ACTUAL OUTPUT:
[INFO] [stderr] ┈┈┈┈┈┈┈┈┈┈┈┈┈┈┈┈┈┈┈┈┈┈┈┈┈┈┈┈┈┈┈┈┈┈┈┈┈┈┈┈┈┈┈┈┈┈┈┈┈┈┈┈┈┈┈┈┈┈┈┈
[INFO] [stderr] error[E0277]: source type `VendorWaiter` is not admitted for repeated reactor selection
[INFO] [stderr]   --> tests/ui/nonadmitted_source.rs:9:5
[INFO] [stderr]    |
[INFO] [stderr]  9 | /     kittens::reactor! {
[INFO] [stderr] 10 | |         policy { selection: biased; required_phases: []; }
[INFO] [stderr] 11 | |
[INFO] [stderr] 12 | |         #[source(touch_irq)]
[INFO] [stderr] 13 | |         #[readiness(quiescent)]
[INFO] [stderr] 14 | |         _ = sources.touch_irq => { Ok(Control::Continue) }
[INFO] [stderr] 15 | |     }
[INFO] [stderr]    | |_____^ this source does not establish preservation when another source wins
[INFO] [stderr]    |
[INFO] [stderr] help: the trait `ReactorSource` is not implemented for `VendorWaiter`
[INFO] [stderr]   --> tests/ui/nonadmitted_source.rs:3:1
[INFO] [stderr]    |
[INFO] [stderr]  3 | struct VendorWaiter;
[INFO] [stderr]    | ^^^^^^^^^^^^^^^^^^^
[INFO] [stderr]    = note: use a reviewed retained/latching adapter, or isolate the producer behind an explicitly owned signal/channel; cleanup on drop is not the same contract
[INFO] [stderr]    = help: the following other types implement trait `ReactorSource`:
[INFO] [stderr]              Cancellation
[INFO] [stderr]              FixedQueue<T, N>
[INFO] [stderr]              Latched<T>
[INFO] [stderr]              Mpsc<T, C>
[INFO] [stderr]              OneShot<F>
[INFO] [stderr]              OptionalDeadline
[INFO] [stderr]              OptionalMpsc<T, C>
[INFO] [stderr]              OptionalOneShot<F>
[INFO] [stderr] note: required by a bound in `kittens::__private::assert_SRC001_reactor_source_is_admitted__repair_use_retained_or_channel`
[INFO] [stderr]   --> src/lib.rs
[INFO] [stderr]    |
[INFO] [stderr]    |     pub fn assert_SRC001_reactor_source_is_admitted__repair_use_retained_or_channel<
[INFO] [stderr]    |         S: ReactorSource,
[INFO] [stderr]    |            ^^^^^^^^^^^^^ required by this bound in `assert_SRC001_reactor_source_is_admitted__repair_use_retained_or_channel`
[INFO] [stderr]    = note: this error originates in the macro `kittens::reactor` (in Nightly builds, run with -Z macro-backtrace for more info)
[INFO] [stderr] ┈┈┈┈┈┈┈┈┈┈┈┈┈┈┈┈┈┈┈┈┈┈┈┈┈┈┈┈┈┈┈┈┈┈┈┈┈┈┈┈┈┈┈┈┈┈┈┈┈┈┈┈┈┈┈┈┈┈┈┈
[INFO] [stderr] note: If the actual output is the correct output you can bless it by rerunning
[INFO] [stderr]       your test with the environment variable TRYBUILD=overwrite
[INFO] [stderr] 
[INFO] [stderr] test tests/ui/ownership_prevents_second_transfer.rs [should fail to compile] ... ok
[INFO] [stderr] test tests/ui/readiness_mismatch.rs [should fail to compile] ... mismatch
[INFO] [stderr] 
[INFO] [stderr] EXPECTED:
[INFO] [stderr] ┈┈┈┈┈┈┈┈┈┈┈┈┈┈┈┈┈┈┈┈┈┈┈┈┈┈┈┈┈┈┈┈┈┈┈┈┈┈┈┈┈┈┈┈┈┈┈┈┈┈┈┈┈┈┈┈┈┈┈┈
[INFO] [stderr] error[E0271]: type mismatch resolving `<FixedQueue<u8, 4> as ReactorSource>::Readiness == Quiescent`
[INFO] [stderr]   --> tests/ui/readiness_mismatch.rs:9:5
[INFO] [stderr]    |
[INFO] [stderr]  9 | /     kittens::reactor! {
[INFO] [stderr] 10 | |         policy { selection: biased; required_phases: []; }
[INFO] [stderr] 11 | |
[INFO] [stderr] 12 | |         #[source(stream)]
[INFO] [stderr] 13 | |         #[readiness(quiescent)]
[INFO] [stderr] 14 | |         _ = sources.stream => { Ok(Control::Continue) }
[INFO] [stderr] 15 | |     }
[INFO] [stderr]    | |_____^ expected `Quiescent`, found `MayRemainReady`
[INFO] [stderr]    |
[INFO] [stderr]    = note: required for `FixedQueue<u8, 4>` to implement `kittens::source::HasReadiness<Quiescent>`
[INFO] [stderr] note: required by a bound in `kittens::__private::assert_KTR006_declared_readiness_matches`
[INFO] [stderr]   --> src/lib.rs
[INFO] [stderr]    |
[INFO] [stderr]    |     pub fn assert_KTR006_declared_readiness_matches<R, S>(_: &S)
[INFO] [stderr]    |            ---------------------------------------- required by a bound in this function
[INFO] [stderr] ...
[INFO] [stderr]    |         S: HasReadiness<R>,
[INFO] [stderr]    |            ^^^^^^^^^^^^^^^ required by this bound in `assert_KTR006_declared_readiness_matches`
[INFO] [stderr]    = note: this error originates in the macro `kittens::reactor` (in Nightly builds, run with -Z macro-backtrace for more info)
[INFO] [stderr] ┈┈┈┈┈┈┈┈┈┈┈┈┈┈┈┈┈┈┈┈┈┈┈┈┈┈┈┈┈┈┈┈┈┈┈┈┈┈┈┈┈┈┈┈┈┈┈┈┈┈┈┈┈┈┈┈┈┈┈┈
[INFO] [stderr] 
[INFO] [stderr] ACTUAL OUTPUT:
[INFO] [stderr] ┈┈┈┈┈┈┈┈┈┈┈┈┈┈┈┈┈┈┈┈┈┈┈┈┈┈┈┈┈┈┈┈┈┈┈┈┈┈┈┈┈┈┈┈┈┈┈┈┈┈┈┈┈┈┈┈┈┈┈┈
[INFO] [stderr] error[E0271]: type mismatch resolving `<FixedQueue<u8, 4> as ReactorSource>::Readiness == Quiescent`
[INFO] [stderr]   --> tests/ui/readiness_mismatch.rs:9:5
[INFO] [stderr]    |
[INFO] [stderr]  9 | /     kittens::reactor! {
[INFO] [stderr] 10 | |         policy { selection: biased; required_phases: []; }
[INFO] [stderr] 11 | |
[INFO] [stderr] 12 | |         #[source(stream)]
[INFO] [stderr] 13 | |         #[readiness(quiescent)]
[INFO] [stderr] 14 | |         _ = sources.stream => { Ok(Control::Continue) }
[INFO] [stderr] 15 | |     }
[INFO] [stderr]    | |_____^ expected `Quiescent`, found `MayRemainReady`
[INFO] [stderr]    |
[INFO] [stderr]    = note: required for `FixedQueue<u8, 4>` to implement `kittens::source::HasReadiness<Quiescent>`
[INFO] [stderr] note: required by a bound in `kittens::__private::assert_KTR006_declared_readiness_matches`
[INFO] [stderr]   --> src/lib.rs
[INFO] [stderr]    |
[INFO] [stderr]    |     pub fn assert_KTR006_declared_readiness_matches<R, S>(_: &S)
[INFO] [stderr] ...
[INFO] [stderr]    |         S: HasReadiness<R>,
[INFO] [stderr]    |            ^^^^^^^^^^^^^^^ required by this bound in `assert_KTR006_declared_readiness_matches`
[INFO] [stderr]    = note: this error originates in the macro `kittens::reactor` (in Nightly builds, run with -Z macro-backtrace for more info)
[INFO] [stderr] ┈┈┈┈┈┈┈┈┈┈┈┈┈┈┈┈┈┈┈┈┈┈┈┈┈┈┈┈┈┈┈┈┈┈┈┈┈┈┈┈┈┈┈┈┈┈┈┈┈┈┈┈┈┈┈┈┈┈┈┈
[INFO] [stderr] note: If the actual output is the correct output you can bless it by rerunning
[INFO] [stderr]       your test with the environment variable TRYBUILD=overwrite
[INFO] [stderr] 
[INFO] [stderr] test tests/ui/shutdown_below_firehose.rs [should fail to compile] ... ok
[INFO] [stderr] test tests/ui/temporary_source.rs [should fail to compile] ... ok
[INFO] [stderr] test tests/ui/yield_target_not_backlog.rs [should fail to compile] ... ok
[INFO] [stderr] test tests/ui-pass/constraint_erasure_boundaries.rs [should pass] ... ok
[INFO] [stderr] test tests/ui-pass/doc_comment_rationale.rs [should pass] ... ok
[INFO] [stderr] test tests/ui-pass/raw_runtime_bypass.rs [should pass] ... ok
[INFO] [stderr] 
[INFO] [stderr] 
[INFO] [stdout] test reactor_mutations_and_negative_controls ... FAILED
[INFO] [stdout] 
[INFO] [stdout] failures:
[INFO] [stdout] 
[INFO] [stdout] ---- reactor_mutations_and_negative_controls stdout ----
[INFO] [stdout] 
[INFO] [stdout] thread 'reactor_mutations_and_negative_controls' (910) panicked at /opt/rustwide/cargo-home/registry/src/index.crates.io-1949cf8c6b5b557f/trybuild-1.0.120/src/run.rs:103:13:
[INFO] [stdout] 2 of 21 tests failed
[INFO] [stdout] stack backtrace:
[INFO] [stdout]    0:     0x58bd966139f1 - std[617be2ca0a6fd877]::backtrace_rs::backtrace::libunwind::trace
[INFO] [stdout]                                at /rustc/e3feeb59cd1bdd011a2bfcc0747b55125d9b8527/library/std/src/../../backtrace/src/backtrace/libunwind.rs:117:9
[INFO] [stdout]    1:     0x58bd966139f1 - std[617be2ca0a6fd877]::backtrace_rs::backtrace::trace_unsynchronized::<std[617be2ca0a6fd877]::sys::backtrace::_print_fmt::{closure#1}>
[INFO] [stdout]                                at /rustc/e3feeb59cd1bdd011a2bfcc0747b55125d9b8527/library/std/src/../../backtrace/src/backtrace/mod.rs:66:14
[INFO] [stdout]    2:     0x58bd966139f1 - std[617be2ca0a6fd877]::sys::backtrace::_print_fmt
[INFO] [stdout]                                at /rustc/e3feeb59cd1bdd011a2bfcc0747b55125d9b8527/library/std/src/sys/backtrace.rs:74:9
[INFO] [stdout]    3:     0x58bd966139f1 - <<std[617be2ca0a6fd877]::sys::backtrace::BacktraceLock>::print::DisplayBacktrace as core[a373ad73a504971]::fmt::Display>::fmt
[INFO] [stdout]                                at /rustc/e3feeb59cd1bdd011a2bfcc0747b55125d9b8527/library/std/src/sys/backtrace.rs:44:26
[INFO] [stdout]    4:     0x58bd96629e3a - <core[a373ad73a504971]::fmt::rt::Argument>::fmt
[INFO] [stdout]                                at /rustc/e3feeb59cd1bdd011a2bfcc0747b55125d9b8527/library/core/src/fmt/rt.rs:152:76
[INFO] [stdout]    5:     0x58bd96629e3a - core[a373ad73a504971]::fmt::write
[INFO] [stdout]    6:     0x58bd9661823c - core[a373ad73a504971]::io::write::default_write_fmt::<alloc[2e1b2a31b91974c5]::vec::Vec<u8>>
[INFO] [stdout]                                at /rustc/e3feeb59cd1bdd011a2bfcc0747b55125d9b8527/library/core/src/io/write.rs:402:11
[INFO] [stdout]    7:     0x58bd9661823c - <alloc[2e1b2a31b91974c5]::vec::Vec<u8> as core[a373ad73a504971]::io::write::Write>::write_fmt
[INFO] [stdout]                                at /rustc/e3feeb59cd1bdd011a2bfcc0747b55125d9b8527/library/core/src/io/write.rs:335:13
[INFO] [stdout]    8:     0x58bd965ece56 - <std[617be2ca0a6fd877]::sys::backtrace::BacktraceLock>::print
[INFO] [stdout]                                at /rustc/e3feeb59cd1bdd011a2bfcc0747b55125d9b8527/library/std/src/sys/backtrace.rs:47:9
[INFO] [stdout]    9:     0x58bd965ece56 - std[617be2ca0a6fd877]::panicking::default_hook::{closure#0}
[INFO] [stdout]                                at /rustc/e3feeb59cd1bdd011a2bfcc0747b55125d9b8527/library/std/src/panicking.rs:289:27
[INFO] [stdout]   10:     0x58bd9660af99 - std[617be2ca0a6fd877]::panicking::default_hook
[INFO] [stdout]                                at /rustc/e3feeb59cd1bdd011a2bfcc0747b55125d9b8527/library/std/src/panicking.rs:313:9
[INFO] [stdout]   11:     0x58bd965a45a0 - <alloc[2e1b2a31b91974c5]::boxed::Box<dyn for<'a, 'b> core[a373ad73a504971]::ops::function::Fn<(&'a std[617be2ca0a6fd877]::panic::PanicHookInfo<'b>,), Output = ()> + core[a373ad73a504971]::marker::Sync + core[a373ad73a504971]::marker::Send> as core[a373ad73a504971]::ops::function::Fn<(&std[617be2ca0a6fd877]::panic::PanicHookInfo,)>>::call
[INFO] [stdout]                                at /rustc/e3feeb59cd1bdd011a2bfcc0747b55125d9b8527/library/alloc/src/boxed.rs:2328:9
[INFO] [stdout]   12:     0x58bd965a45a0 - test[aada8e7e76ba119b]::test_main_inner::{closure#0}
[INFO] [stdout]                                at /rustc/e3feeb59cd1bdd011a2bfcc0747b55125d9b8527/library/test/src/lib.rs:137:21
[INFO] [stdout]   13:     0x58bd9660b152 - <alloc[2e1b2a31b91974c5]::boxed::Box<dyn for<'a, 'b> core[a373ad73a504971]::ops::function::Fn<(&'a std[617be2ca0a6fd877]::panic::PanicHookInfo<'b>,), Output = ()> + core[a373ad73a504971]::marker::Sync + core[a373ad73a504971]::marker::Send> as core[a373ad73a504971]::ops::function::Fn<(&std[617be2ca0a6fd877]::panic::PanicHookInfo,)>>::call
[INFO] [stdout]                                at /rustc/e3feeb59cd1bdd011a2bfcc0747b55125d9b8527/library/alloc/src/boxed.rs:2328:9
[INFO] [stdout]   14:     0x58bd9660b152 - std[617be2ca0a6fd877]::panicking::panic_with_hook
[INFO] [stdout]                                at /rustc/e3feeb59cd1bdd011a2bfcc0747b55125d9b8527/library/std/src/panicking.rs:819:13
[INFO] [stdout]   15:     0x58bd965ecf02 - std[617be2ca0a6fd877]::panicking::panic_handler::{closure#0}
[INFO] [stdout]                                at /rustc/e3feeb59cd1bdd011a2bfcc0747b55125d9b8527/library/std/src/panicking.rs:685:13
[INFO] [stdout]   16:     0x58bd965e5759 - std[617be2ca0a6fd877]::sys::backtrace::__rust_end_short_backtrace::<std[617be2ca0a6fd877]::panicking::panic_handler::{closure#0}, !>
[INFO] [stdout]                                at /rustc/e3feeb59cd1bdd011a2bfcc0747b55125d9b8527/library/std/src/sys/backtrace.rs:182:18
[INFO] [stdout]   17:     0x58bd965edb0d - __rustc[ea4f61d10b84890b]::rust_begin_unwind
[INFO] [stdout]                                at /rustc/e3feeb59cd1bdd011a2bfcc0747b55125d9b8527/library/std/src/panicking.rs:676:5
[INFO] [stdout]   18:     0x58bd9662a62c - core[a373ad73a504971]::panicking::panic_fmt
[INFO] [stdout]                                at /rustc/e3feeb59cd1bdd011a2bfcc0747b55125d9b8527/library/core/src/panicking.rs:80:14
[INFO] [stdout]   19:     0x58bd964a1bc4 - <trybuild[f65de0d8dfd000ab]::Runner>::run
[INFO] [stdout]                                at /opt/rustwide/cargo-home/registry/src/index.crates.io-1949cf8c6b5b557f/trybuild-1.0.120/src/run.rs:103:13
[INFO] [stdout]   20:     0x58bd964ad0a8 - <trybuild[f65de0d8dfd000ab]::TestCases as core[a373ad73a504971]::ops::drop::Drop>::drop
[INFO] [stdout]                                at /opt/rustwide/cargo-home/registry/src/index.crates.io-1949cf8c6b5b557f/trybuild-1.0.120/src/lib.rs:342:38
[INFO] [stdout]   21:     0x58bd9637e9f7 - core[a373ad73a504971]::ptr::drop_glue::<trybuild[f65de0d8dfd000ab]::TestCases>
[INFO] [stdout]                                at /rustc/e3feeb59cd1bdd011a2bfcc0747b55125d9b8527/library/core/src/ptr/mod.rs:848:1
[INFO] [stdout]   22:     0x58bd9637ec1b - ui[453d6a58d286250b]::reactor_mutations_and_negative_controls
[INFO] [stdout]                                at /opt/rustwide/workdir/tests/ui.rs:8:1
[INFO] [stdout]   23:     0x58bd9637eb57 - ui[453d6a58d286250b]::reactor_mutations_and_negative_controls::{closure#0}
[INFO] [stdout]                                at /opt/rustwide/workdir/tests/ui.rs:4:45
[INFO] [stdout]   24:     0x58bd9637f076 - <ui[453d6a58d286250b]::reactor_mutations_and_negative_controls::{closure#0} as core[a373ad73a504971]::ops::function::FnOnce<()>>::call_once
[INFO] [stdout]                                at /rustc/e3feeb59cd1bdd011a2bfcc0747b55125d9b8527/library/core/src/ops/function.rs:250:5
[INFO] [stdout]   25:     0x58bd965979eb - <fn() -> core[a373ad73a504971]::result::Result<(), alloc[2e1b2a31b91974c5]::string::String> as core[a373ad73a504971]::ops::function::FnOnce<()>>::call_once
[INFO] [stdout]                                at /rustc/e3feeb59cd1bdd011a2bfcc0747b55125d9b8527/library/core/src/ops/function.rs:250:5
[INFO] [stdout]   26:     0x58bd965979eb - test[aada8e7e76ba119b]::__rust_begin_short_backtrace::<core[a373ad73a504971]::result::Result<(), alloc[2e1b2a31b91974c5]::string::String>, fn() -> core[a373ad73a504971]::result::Result<(), alloc[2e1b2a31b91974c5]::string::String>>
[INFO] [stdout]                                at /rustc/e3feeb59cd1bdd011a2bfcc0747b55125d9b8527/library/test/src/lib.rs:701:18
[INFO] [stdout]   27:     0x58bd965a4bc5 - test[aada8e7e76ba119b]::run_test_in_process::{closure#0}
[INFO] [stdout]                                at /rustc/e3feeb59cd1bdd011a2bfcc0747b55125d9b8527/library/test/src/lib.rs:724:74
[INFO] [stdout]   28:     0x58bd965a4bc5 - <core[a373ad73a504971]::panic::unwind_safe::AssertUnwindSafe<test[aada8e7e76ba119b]::run_test_in_process::{closure#0}> as core[a373ad73a504971]::ops::function::FnOnce<()>>::call_once
[INFO] [stdout]                                at /rustc/e3feeb59cd1bdd011a2bfcc0747b55125d9b8527/library/core/src/panic/unwind_safe.rs:275:9
[INFO] [stdout]   29:     0x58bd965a4bc5 - std[617be2ca0a6fd877]::panicking::catch_unwind::do_call::<core[a373ad73a504971]::panic::unwind_safe::AssertUnwindSafe<test[aada8e7e76ba119b]::run_test_in_process::{closure#0}>, core[a373ad73a504971]::result::Result<(), alloc[2e1b2a31b91974c5]::string::String>>
[INFO] [stdout]                                at /rustc/e3feeb59cd1bdd011a2bfcc0747b55125d9b8527/library/std/src/panicking.rs:573:43
[INFO] [stdout]   30:     0x58bd965a4bc5 - std[617be2ca0a6fd877]::panicking::catch_unwind::<core[a373ad73a504971]::result::Result<(), alloc[2e1b2a31b91974c5]::string::String>, core[a373ad73a504971]::panic::unwind_safe::AssertUnwindSafe<test[aada8e7e76ba119b]::run_test_in_process::{closure#0}>>
[INFO] [stdout]                                at /rustc/e3feeb59cd1bdd011a2bfcc0747b55125d9b8527/library/std/src/panicking.rs:541:19
[INFO] [stdout]   31:     0x58bd965a4bc5 - std[617be2ca0a6fd877]::panic::catch_unwind::<core[a373ad73a504971]::panic::unwind_safe::AssertUnwindSafe<test[aada8e7e76ba119b]::run_test_in_process::{closure#0}>, core[a373ad73a504971]::result::Result<(), alloc[2e1b2a31b91974c5]::string::String>>
[INFO] [stdout]                                at /rustc/e3feeb59cd1bdd011a2bfcc0747b55125d9b8527/library/std/src/panic.rs:359:14
[INFO] [stdout]   32:     0x58bd965a4bc5 - test[aada8e7e76ba119b]::run_test_in_process
[INFO] [stdout]                                at /rustc/e3feeb59cd1bdd011a2bfcc0747b55125d9b8527/library/test/src/lib.rs:724:27
[INFO] [stdout]   33:     0x58bd965a4bc5 - test[aada8e7e76ba119b]::run_test::{closure#0}
[INFO] [stdout]                                at /rustc/e3feeb59cd1bdd011a2bfcc0747b55125d9b8527/library/test/src/lib.rs:645:43
[INFO] [stdout]   34:     0x58bd9659e4b4 - test[aada8e7e76ba119b]::run_test::{closure#1}
[INFO] [stdout]                                at /rustc/e3feeb59cd1bdd011a2bfcc0747b55125d9b8527/library/test/src/lib.rs:675:41
[INFO] [stdout]   35:     0x58bd9659e4b4 - std[617be2ca0a6fd877]::sys::backtrace::__rust_begin_short_backtrace::<test[aada8e7e76ba119b]::run_test::{closure#1}, ()>
[INFO] [stdout]                                at /rustc/e3feeb59cd1bdd011a2bfcc0747b55125d9b8527/library/std/src/sys/backtrace.rs:166:18
[INFO] [stdout]   36:     0x58bd965a7c52 - std[617be2ca0a6fd877]::thread::lifecycle::spawn_unchecked::<test[aada8e7e76ba119b]::run_test::{closure#1}, ()>::{closure#1}::{closure#0}
[INFO] [stdout]                                at /rustc/e3feeb59cd1bdd011a2bfcc0747b55125d9b8527/library/std/src/thread/lifecycle.rs:70:13
[INFO] [stdout]   37:     0x58bd965a7c52 - <core[a373ad73a504971]::panic::unwind_safe::AssertUnwindSafe<std[617be2ca0a6fd877]::thread::lifecycle::spawn_unchecked<test[aada8e7e76ba119b]::run_test::{closure#1}, ()>::{closure#1}::{closure#0}> as core[a373ad73a504971]::ops::function::FnOnce<()>>::call_once
[INFO] [stdout]                                at /rustc/e3feeb59cd1bdd011a2bfcc0747b55125d9b8527/library/core/src/panic/unwind_safe.rs:275:9
[INFO] [stdout]   38:     0x58bd965a7c52 - std[617be2ca0a6fd877]::panicking::catch_unwind::do_call::<core[a373ad73a504971]::panic::unwind_safe::AssertUnwindSafe<std[617be2ca0a6fd877]::thread::lifecycle::spawn_unchecked<test[aada8e7e76ba119b]::run_test::{closure#1}, ()>::{closure#1}::{closure#0}>, ()>
[INFO] [stdout]                                at /rustc/e3feeb59cd1bdd011a2bfcc0747b55125d9b8527/library/std/src/panicking.rs:573:43
[INFO] [stdout]   39:     0x58bd965a7c52 - std[617be2ca0a6fd877]::panicking::catch_unwind::<(), core[a373ad73a504971]::panic::unwind_safe::AssertUnwindSafe<std[617be2ca0a6fd877]::thread::lifecycle::spawn_unchecked<test[aada8e7e76ba119b]::run_test::{closure#1}, ()>::{closure#1}::{closure#0}>>
[INFO] [stdout]                                at /rustc/e3feeb59cd1bdd011a2bfcc0747b55125d9b8527/library/std/src/panicking.rs:541:19
[INFO] [stdout]   40:     0x58bd965a7c52 - std[617be2ca0a6fd877]::panic::catch_unwind::<core[a373ad73a504971]::panic::unwind_safe::AssertUnwindSafe<std[617be2ca0a6fd877]::thread::lifecycle::spawn_unchecked<test[aada8e7e76ba119b]::run_test::{closure#1}, ()>::{closure#1}::{closure#0}>, ()>
[INFO] [stdout]                                at /rustc/e3feeb59cd1bdd011a2bfcc0747b55125d9b8527/library/std/src/panic.rs:359:14
[INFO] [stdout]   41:     0x58bd965a7c52 - std[617be2ca0a6fd877]::thread::lifecycle::spawn_unchecked::<test[aada8e7e76ba119b]::run_test::{closure#1}, ()>::{closure#1}
[INFO] [stdout]                                at /rustc/e3feeb59cd1bdd011a2bfcc0747b55125d9b8527/library/std/src/thread/lifecycle.rs:68:26
[INFO] [stdout]   42:     0x58bd965a7c52 - <std[617be2ca0a6fd877]::thread::lifecycle::spawn_unchecked<test[aada8e7e76ba119b]::run_test::{closure#1}, ()>::{closure#1} as core[a373ad73a504971]::ops::function::FnOnce<()>>::call_once::{shim:vtable#0}
[INFO] [stdout]                                at /rustc/e3feeb59cd1bdd011a2bfcc0747b55125d9b8527/library/core/src/ops/function.rs:250:5
[INFO] [stdout]   43:     0x58bd96612c4f - <alloc[2e1b2a31b91974c5]::boxed::Box<dyn core[a373ad73a504971]::ops::function::FnOnce<(), Output = ()> + core[a373ad73a504971]::marker::Send> as core[a373ad73a504971]::ops::function::FnOnce<()>>::call_once
[INFO] [stdout]                                at /rustc/e3feeb59cd1bdd011a2bfcc0747b55125d9b8527/library/alloc/src/boxed.rs:2314:9
[INFO] [stdout]   44:     0x58bd96612c4f - <std[617be2ca0a6fd877]::sys::thread::unix::Thread>::new::thread_start
[INFO] [stdout]                                at /rustc/e3feeb59cd1bdd011a2bfcc0747b55125d9b8527/library/std/src/sys/thread/unix.rs:127:17
[INFO] [stdout]   45:     0x76345462cdfa - <unknown>
[INFO] [stdout]   46:     0x7634546c03d4 - clone
[INFO] [stdout]   47:                0x0 - <unknown>
[INFO] [stdout] 
[INFO] [stdout] 
[INFO] [stdout] failures:
[INFO] [stdout]     reactor_mutations_and_negative_controls
[INFO] [stdout] 
[INFO] [stdout] test result: FAILED. 0 passed; 1 failed; 0 ignored; 0 measured; 0 filtered out; finished in 43.35s
[INFO] [stdout] 
[INFO] [stderr] error: test failed, to rerun pass `--test ui`
[INFO] running `Command { std: "docker" "inspect" "4800286b878fd82bf64bfe45614998c9bd79ebe44c51a21fcffd86ac3e467e68", kill_on_drop: false }`
[INFO] running `Command { std: "docker" "rm" "-f" "4800286b878fd82bf64bfe45614998c9bd79ebe44c51a21fcffd86ac3e467e68", kill_on_drop: false }`
[INFO] [stdout] 4800286b878fd82bf64bfe45614998c9bd79ebe44c51a21fcffd86ac3e467e68
