[INFO] fetching crate hannibal 0.17.3...
[INFO] testing hannibal-0.17.3 against 1.100.0-beta.1 for beta-1.100-2
[INFO] extracting crate hannibal 0.17.3 into /workspace/builds/worker-0-tc2/source
[INFO] started tweaking crates.io crate hannibal 0.17.3
[INFO] removed 0 missing examples
[INFO] removed 0 missing tests
[INFO] finished tweaking crates.io crate hannibal 0.17.3
[INFO] tweaked toml for crates.io crate hannibal 0.17.3 written to /workspace/builds/worker-0-tc2/source/Cargo.toml
[INFO] validating manifest of crates.io crate hannibal 0.17.3 on toolchain 1.100.0-beta.1
[INFO] running `Command { std: CARGO_HOME="/workspace/cargo-home" RUSTUP_HOME="/workspace/rustup-home" "/workspace/cargo-home/bin/cargo" "+1.100.0-beta.1" "metadata" "--manifest-path" "Cargo.toml" "--no-deps", kill_on_drop: false }`
[INFO] crate crates.io crate hannibal 0.17.3 already has a lockfile, it will not be regenerated
[INFO] running `Command { std: CARGO_HOME="/workspace/cargo-home" RUSTUP_HOME="/workspace/rustup-home" "/workspace/cargo-home/bin/cargo" "+1.100.0-beta.1" "fetch" "--manifest-path" "Cargo.toml", kill_on_drop: false }`
[INFO] [stderr]     Blocking waiting for file lock on package cache
[ERROR] error running command: no output for 300 seconds
[INFO] testing hannibal-0.17.3 against 1.100.0-beta.1 for beta-1.100-2
[INFO] extracting crate hannibal 0.17.3 into /workspace/builds/worker-0-tc2/source
[INFO] started tweaking crates.io crate hannibal 0.17.3
[INFO] removed 0 missing examples
[INFO] removed 0 missing tests
[INFO] finished tweaking crates.io crate hannibal 0.17.3
[INFO] tweaked toml for crates.io crate hannibal 0.17.3 written to /workspace/builds/worker-0-tc2/source/Cargo.toml
[INFO] validating manifest of crates.io crate hannibal 0.17.3 on toolchain 1.100.0-beta.1
[INFO] running `Command { std: CARGO_HOME="/workspace/cargo-home" RUSTUP_HOME="/workspace/rustup-home" "/workspace/cargo-home/bin/cargo" "+1.100.0-beta.1" "metadata" "--manifest-path" "Cargo.toml" "--no-deps", kill_on_drop: false }`
[INFO] crate crates.io crate hannibal 0.17.3 already has a lockfile, it will not be regenerated
[INFO] running `Command { std: CARGO_HOME="/workspace/cargo-home" RUSTUP_HOME="/workspace/rustup-home" "/workspace/cargo-home/bin/cargo" "+1.100.0-beta.1" "fetch" "--manifest-path" "Cargo.toml", kill_on_drop: false }`
[INFO] [stderr]     Blocking waiting for file lock on package cache
[INFO] [stderr]     Blocking waiting for file lock on package cache
[INFO] running `Command { std: "docker" "create" "-v" "/var/lib/crater-agent-workspace/builds/worker-0-tc2/source:/opt/rustwide/workdir:ro,Z" "-v" "/var/lib/crater-agent-workspace/builds/worker-0-tc2/target:/opt/rustwide/target:rw,Z" "-v" "/var/lib/crater-agent-workspace/cargo-home:/opt/rustwide/cargo-home:ro,Z" "-v" "/var/lib/crater-agent-workspace/rustup-home:/opt/rustwide/rustup-home:ro,Z" "-m" "1610612736" "--network" "none" "ghcr.io/rust-lang/crates-build-env/linux@sha256:3111399a4047eeb3a02b7a90e478d715f38a8c6669b5c4b49d30a17385265909" "sleep" "infinity", kill_on_drop: false }`
[INFO] [stdout] 4862b7ce8109aa088a1229ff8468309154c5616fcfdc3cc09595104448bed3b7
[INFO] running `Command { std: "docker" "start" "4862b7ce8109aa088a1229ff8468309154c5616fcfdc3cc09595104448bed3b7", kill_on_drop: false }`
[INFO] running `Command { std: "docker" "inspect" "4862b7ce8109aa088a1229ff8468309154c5616fcfdc3cc09595104448bed3b7", kill_on_drop: false }`
[INFO] running `Command { std: "docker" "exec" "-e" "SOURCE_DIR=/opt/rustwide/workdir" "-e" "CARGO_HOME=/opt/rustwide/cargo-home" "-e" "RUSTUP_HOME=/opt/rustwide/rustup-home" "-e" "CARGO_TARGET_DIR=/opt/rustwide/target" "-w" "/opt/rustwide/workdir" "--user" "0:0" "4862b7ce8109aa088a1229ff8468309154c5616fcfdc3cc09595104448bed3b7" "/opt/rustwide/cargo-home/bin/cargo" "+1.100.0-beta.1" "metadata" "--no-deps" "--format-version=1", kill_on_drop: false }`
[INFO] running `Command { std: "docker" "inspect" "4862b7ce8109aa088a1229ff8468309154c5616fcfdc3cc09595104448bed3b7", kill_on_drop: false }`
[INFO] running `Command { std: "docker" "exec" "-e" "SOURCE_DIR=/opt/rustwide/workdir" "-e" "CARGO_HOME=/opt/rustwide/cargo-home" "-e" "RUSTUP_HOME=/opt/rustwide/rustup-home" "-e" "CARGO_TARGET_DIR=/opt/rustwide/target" "-e" "CARGO_INCREMENTAL=0" "-e" "RUST_BACKTRACE=full" "-e" "RUSTFLAGS=--cap-lints=warn" "-e" "RUSTDOCFLAGS=--cap-lints=warn" "-w" "/opt/rustwide/workdir" "--user" "0:0" "4862b7ce8109aa088a1229ff8468309154c5616fcfdc3cc09595104448bed3b7" "/opt/rustwide/cargo-home/bin/cargo" "+1.100.0-beta.1" "build" "--frozen" "--message-format=json", kill_on_drop: false }`
[INFO] [stderr]    Compiling quote v1.0.46
[INFO] [stderr]    Compiling crossbeam-utils v0.8.21
[INFO] [stderr]    Compiling futures-core v0.3.32
[INFO] [stderr]    Compiling futures-io v0.3.32
[INFO] [stderr]    Compiling parking v2.2.1
[INFO] [stderr]    Compiling rustix v1.1.4
[INFO] [stderr]    Compiling smallvec v1.15.2
[INFO] [stderr]    Compiling futures-sink v0.3.32
[INFO] [stderr]    Compiling winnow v1.0.3
[INFO] [stderr]    Compiling futures-lite v2.6.1
[INFO] [stderr]    Compiling linux-raw-sys v0.12.1
[INFO] [stderr]    Compiling hashbrown v0.17.1
[INFO] [stderr]    Compiling equivalent v1.0.2
[INFO] [stderr]    Compiling bitflags v2.13.0
[INFO] [stderr]    Compiling syn v2.0.118
[INFO] [stderr]    Compiling concurrent-queue v2.5.0
[INFO] [stderr]    Compiling parking_lot_core v0.9.12
[INFO] [stderr]    Compiling async-io v2.6.0
[INFO] [stderr]    Compiling event-listener v5.4.1
[INFO] [stderr]    Compiling indexmap v2.14.0
[INFO] [stderr]    Compiling futures-channel v0.3.32
[INFO] [stderr]    Compiling event-listener-strategy v0.5.4
[INFO] [stderr]    Compiling toml_datetime v1.1.1+spec-1.1.0
[INFO] [stderr]    Compiling memchr v2.8.2
[INFO] [stderr]    Compiling piper v0.2.5
[INFO] [stderr]    Compiling async-channel v2.5.0
[INFO] [stderr]    Compiling parking_lot v0.12.5
[INFO] [stderr]    Compiling mio v1.2.1
[INFO] [stderr]    Compiling socket2 v0.6.4
[INFO] [stderr]    Compiling bytes v1.12.0
[INFO] [stderr]    Compiling toml_parser v1.1.2+spec-1.1.0
[INFO] [stderr]    Compiling blocking v1.6.2
[INFO] [stderr]    Compiling async-lock v3.4.2
[INFO] [stderr]    Compiling async-executor v1.14.0
[INFO] [stderr]    Compiling toml_edit v0.25.12+spec-1.1.0
[INFO] [stderr]    Compiling log v0.4.33
[INFO] [stderr]    Compiling dyn-clone v1.0.20
[INFO] [stderr]    Compiling proc-macro-crate v3.5.0
[INFO] [stderr]    Compiling futures-macro v0.3.32
[INFO] [stderr]    Compiling tokio-macros v2.7.0
[INFO] [stderr]    Compiling thiserror-impl v2.0.18
[INFO] [stderr]    Compiling hannibal-derive v0.17.3
[INFO] [stderr]    Compiling tokio v1.52.3
[INFO] [stderr]    Compiling futures-util v0.3.32
[INFO] [stderr]    Compiling thiserror v2.0.18
[INFO] [stderr]    Compiling polling v3.11.0
[INFO] [stderr]    Compiling futures-executor v0.3.32
[INFO] [stderr]    Compiling futures v0.3.32
[INFO] [stderr]    Compiling async-global-executor v3.1.0
[INFO] [stderr]    Compiling hannibal v0.17.3 (/opt/rustwide/workdir)
[INFO] [stderr] warning: unused dependency `async-global-executor`
[INFO] [stderr]  --> Cargo.toml:4:15
[INFO] [stderr]   |
[INFO] [stderr] 4 | [dependencies.async-global-executor]
[INFO] [stderr]   |               ^^^^^^^^^^^^^^^^^^^^^^
[INFO] [stderr]   |
[INFO] [stderr]   = note: `cargo::unused_dependencies` is set to `warn` by default
[INFO] [stderr] help: consider removing the dependency on `async-global-executor`
[INFO] [stderr] warning: `hannibal` (manifest) generated 1 warning
[INFO] [stderr]     Finished `dev` profile [unoptimized + debuginfo] target(s) in 17.12s
[INFO] running `Command { std: "docker" "inspect" "4862b7ce8109aa088a1229ff8468309154c5616fcfdc3cc09595104448bed3b7", kill_on_drop: false }`
[INFO] running `Command { std: "docker" "exec" "-e" "SOURCE_DIR=/opt/rustwide/workdir" "-e" "CARGO_HOME=/opt/rustwide/cargo-home" "-e" "RUSTUP_HOME=/opt/rustwide/rustup-home" "-e" "CARGO_TARGET_DIR=/opt/rustwide/target" "-e" "CARGO_INCREMENTAL=0" "-e" "RUST_BACKTRACE=full" "-e" "RUSTFLAGS=--cap-lints=warn" "-e" "RUSTDOCFLAGS=--cap-lints=warn" "-w" "/opt/rustwide/workdir" "--user" "0:0" "4862b7ce8109aa088a1229ff8468309154c5616fcfdc3cc09595104448bed3b7" "/opt/rustwide/cargo-home/bin/cargo" "+1.100.0-beta.1" "test" "--frozen" "--no-run" "--message-format=json", kill_on_drop: false }`
[INFO] [stderr]    Compiling futures-lite v2.6.1
[INFO] [stderr]    Compiling aho-corasick v1.1.4
[INFO] [stderr]    Compiling futures-channel v0.3.32
[INFO] [stderr]    Compiling object v0.37.3
[INFO] [stderr]    Compiling log v0.4.33
[INFO] [stderr]    Compiling anstyle-parse v1.0.0
[INFO] [stderr]    Compiling async-channel v2.5.0
[INFO] [stderr]    Compiling colorchoice v1.0.5
[INFO] [stderr]    Compiling target-triple v1.0.0
[INFO] [stderr]    Compiling serde_json v1.0.150
[INFO] [stderr]    Compiling gimli v0.32.3
[INFO] [stderr]    Compiling anstyle-query v1.1.5
[INFO] [stderr]    Compiling futures-util v0.3.32
[INFO] [stderr]    Compiling serde v1.0.228
[INFO] [stderr]    Compiling anstream v1.0.0
[INFO] [stderr]    Compiling miniz_oxide v0.8.9
[INFO] [stderr]    Compiling toml_datetime v1.1.1+spec-1.1.0
[INFO] [stderr]    Compiling serde_spanned v1.1.1
[INFO] [stderr]    Compiling test-log-core v0.2.21
[INFO] [stderr]    Compiling rustc-demangle v0.1.27
[INFO] [stderr]    Compiling async-io v2.6.0
[INFO] [stderr]    Compiling async-executor v1.14.0
[INFO] [stderr]    Compiling blocking v1.6.2
[INFO] [stderr]    Compiling jiff v0.2.29
[INFO] [stderr]    Compiling toml v1.1.2+spec-1.1.0
[INFO] [stderr]    Compiling regex-automata v0.4.14
[INFO] [stderr]    Compiling async-global-executor v3.1.0
[INFO] [stderr]    Compiling addr2line v0.25.1
[INFO] [stderr]    Compiling futures-executor v0.3.32
[INFO] [stderr]    Compiling test-log-macros v0.2.21
[INFO] [stderr]    Compiling serde_derive v1.0.228
[INFO] [stderr]    Compiling futures v0.3.32
[INFO] [stderr]    Compiling glob v0.3.3
[INFO] [stderr]    Compiling async-signal v0.2.14
[INFO] [stderr]    Compiling hannibal v0.17.3 (/opt/rustwide/workdir)
[INFO] [stderr]    Compiling regex v1.12.4
[INFO] [stderr]    Compiling backtrace v0.3.76
[INFO] [stderr]    Compiling env_filter v2.0.0
[INFO] [stderr]    Compiling env_logger v0.11.11
[INFO] [stderr]    Compiling color-backtrace v0.7.2
[INFO] [stderr]    Compiling test-log v0.2.21
[INFO] [stderr]    Compiling trybuild v1.0.117
[INFO] [stderr] warning: unused dependency `async-global-executor`
[INFO] [stderr]  --> Cargo.toml:4:15
[INFO] [stderr]   |
[INFO] [stderr] 4 | [dependencies.async-global-executor]
[INFO] [stderr]   |               ^^^^^^^^^^^^^^^^^^^^^^
[INFO] [stderr]   |
[INFO] [stderr]   = note: `cargo::unused_dependencies` is set to `warn` by default
[INFO] [stderr] help: consider removing the dependency on `async-global-executor`
[INFO] [stderr] warning: `hannibal` (manifest) generated 1 warning
[INFO] [stderr]     Finished `test` profile [unoptimized + debuginfo] target(s) in 29.65s
[INFO] running `Command { std: "docker" "inspect" "4862b7ce8109aa088a1229ff8468309154c5616fcfdc3cc09595104448bed3b7", kill_on_drop: false }`
[INFO] running `Command { std: "docker" "exec" "-e" "SOURCE_DIR=/opt/rustwide/workdir" "-e" "CARGO_HOME=/opt/rustwide/cargo-home" "-e" "RUSTUP_HOME=/opt/rustwide/rustup-home" "-e" "CARGO_TARGET_DIR=/opt/rustwide/target" "-e" "CARGO_INCREMENTAL=0" "-e" "RUST_BACKTRACE=full" "-e" "RUSTFLAGS=--cap-lints=warn" "-e" "RUSTDOCFLAGS=--cap-lints=warn" "-w" "/opt/rustwide/workdir" "--user" "0:0" "4862b7ce8109aa088a1229ff8468309154c5616fcfdc3cc09595104448bed3b7" "/opt/rustwide/cargo-home/bin/cargo" "+1.100.0-beta.1" "test" "--frozen", kill_on_drop: false }`
[INFO] [stderr] warning: unused dependency `async-global-executor`
[INFO] [stderr]  --> Cargo.toml:4:15
[INFO] [stderr]   |
[INFO] [stderr] 4 | [dependencies.async-global-executor]
[INFO] [stderr]   |               ^^^^^^^^^^^^^^^^^^^^^^
[INFO] [stderr]   |
[INFO] [stderr]   = note: `cargo::unused_dependencies` is set to `warn` by default
[INFO] [stderr] help: consider removing the dependency on `async-global-executor`
[INFO] [stderr] warning: `hannibal` (manifest) generated 1 warning
[INFO] [stderr]     Finished `test` profile [unoptimized + debuginfo] target(s) in 0.13s
[INFO] [stderr]      Running unittests src/lib.rs (/opt/rustwide/target/debug/build/hannibal/7009f7fa5bd6c275/out/hannibal-7009f7fa5bd6c275)
[INFO] [stdout] 
[INFO] [stdout] running 48 tests
[INFO] [stdout] test actor::service::tests::get_service_from_registry ... ok
[INFO] [stdout] test actor::spawnable::tests::spawned_with_tokio::spawn ... ok
[INFO] [stdout] test actor::spawnable::tests::spawned_with_tokio::spawn_default ... ok
[INFO] [stdout] test actor::service::tests::reregistering_service_only_if_stopped ... ok
[INFO] [stdout] test actor::service::tests::already_running_service ... ok
[INFO] [stdout] test actor::service::tests::replace_service_when_none_exists ... ok
[INFO] [stdout] test addr::tests::addr_stop ... ok
[INFO] [stdout] test addr::tests::addr_send_err ... ok
[INFO] [stdout] test addr::tests::addr_stopped_after_stop ... ok
[INFO] [stdout] test actor::service::tests::unregister_service ... ok
[INFO] [stdout] test actor::service::tests::replace_service ... ok
[INFO] [stdout] test addr::tests::addr_call ... ok
[INFO] [stdout] test addr::tests::addr_send ... ok
[INFO] [stdout] test addr::tests::test_error_variants::actor_dropped_on_weak_addr_try_stop ... ok
[INFO] [stdout] test addr::tests::test_error_variants::actor_already_stopped_from_context ... ok
[INFO] [stdout] test addr::tests::ctx_stop ... ok
[INFO] [stdout] test addr::tests::test_error_variants::actor_dropped_on_weak_addr_try_halt ... ok
[INFO] [stdout] test addr::tests::test_error_variants::actor_already_stopped_on_stop ... ok
[INFO] [stdout] test addr::tests::test_error_variants::actor_dropped_on_weak_sender_upgrade_and_send ... ok
[INFO] [stdout] test addr::tests::test_error_variants::actor_dropped_on_weak_caller_upgrade_and_call ... ok
[INFO] [stdout] test addr::tests::test_error_variants::channel_closed_on_call ... ok
[INFO] [stdout] test addr::tests::test_error_variants::channel_closed_on_ping ... ok
[INFO] [stdout] test addr::tests::test_error_variants::channel_closed_on_send ... ok
[INFO] [stdout] test addr::tests::test_error_variants::channel_closed_on_try_send ... ok
[INFO] [stdout] test addr::tests::test_error_variants::channel_closed_via_caller ... ok
[INFO] [stdout] test addr::tests::test_error_variants::channel_closed_via_sender ... ok
[INFO] [stdout] test addr::tests::weak_addr_does_not_prolong_life ... ok
[INFO] [stdout] test addr::tests::weak_caller_does_not_prolong_life ... ok
[INFO] [stdout] test addr::tests::weak_sender_does_not_prolong_life ... ok
[INFO] [stdout] test addr::weak_addr::tests::does_not_prolong_life ... ok
[INFO] [stdout] test addr::weak_caller::tests::try_call_fails ... ok
[INFO] [stdout] test addr::weak_addr::tests::upgrade ... ok
[INFO] [stdout] test addr::weak_addr::tests::send_fails_after_drop ... ok
[INFO] [stdout] test addr::weak_sender::tests::does_not_prolong_life ... ok
[INFO] [stdout] test addr::weak_caller::tests::does_not_prolong_life ... ok
[INFO] [stdout] test addr::weak_caller::tests::upgrade ... ok
[INFO] [stdout] test addr::weak_sender::tests::upgrade ... ok
[INFO] [stdout] test addr::weak_sender::tests::upgrade_and_send_fails ... ok
[INFO] [stdout] test context::context_id::ids_go_up ... ok
[INFO] [stdout] test broker::subscribe_publish_unsubscribe::external_subscriber_receives_published_messages ... ok
[INFO] [stdout] test context::task_id::ids_go_up ... ok
[INFO] [stdout] test broker::subscribe_publish_unsubscribe::publish_different_ways ... ok
[INFO] [stdout] test event_loop::test_event_loop::finished_streams_notify_the_actor ... ok
[INFO] [stdout] test context::test_interval_cleanup::delayed_send::stopped_when_actor_stopped ... ok
[INFO] [stdout] test context::test_interval_cleanup::stopped_when_actor_stopped ... ok
[INFO] [stdout] test context::test_interval_cleanup::interval_with::stopped_by_task_handle ... ok
[INFO] [stdout] test context::test_interval_cleanup::interval_with::stopped_when_actor_stopped ... ok
[INFO] [stdout] test context::test_interval_cleanup::interval_order::handlers_never_overlap ... ok
[INFO] [stdout] 
[INFO] [stdout] test result: ok. 48 passed; 0 failed; 0 ignored; 0 measured; 0 filtered out; finished in 1.24s
[INFO] [stdout] 
[INFO] [stderr]      Running tests/builder.rs (/opt/rustwide/target/debug/build/hannibal/391541360a48dd86/out/builder-391541360a48dd86)
[INFO] [stdout] 
[INFO] [stdout] running 1 test
[INFO] [stderr]    Compiling proc-macro2 v1.0.106
[INFO] [stderr]    Compiling unicode-ident v1.0.24
[INFO] [stderr]    Compiling quote v1.0.46
[INFO] [stderr]     Checking pin-project-lite v0.2.17
[INFO] [stderr]    Compiling libc v0.2.186
[INFO] [stderr]    Compiling crossbeam-utils v0.8.21
[INFO] [stderr]     Checking memchr v2.8.2
[INFO] [stderr]     Checking futures-core v0.3.32
[INFO] [stderr]     Checking futures-io v0.3.32
[INFO] [stderr]     Checking parking v2.2.1
[INFO] [stderr]     Checking cfg-if v1.0.4
[INFO] [stderr]     Checking slab v0.4.12
[INFO] [stderr]     Checking fastrand v2.4.1
[INFO] [stderr]    Compiling rustix v1.1.4
[INFO] [stderr]     Checking linux-raw-sys v0.12.1
[INFO] [stderr]     Checking futures-lite v2.6.1
[INFO] [stderr]    Compiling parking_lot_core v0.9.12
[INFO] [stderr]     Checking bitflags v2.13.0
[INFO] [stderr]    Compiling autocfg v1.5.1
[INFO] [stderr]     Checking aho-corasick v1.1.4
[INFO] [stderr]     Checking scopeguard v1.2.0
[INFO] [stderr]    Compiling hashbrown v0.17.1
[INFO] [stderr]     Checking smallvec v1.15.2
[INFO] [stderr]     Checking concurrent-queue v2.5.0
[INFO] [stderr]    Compiling equivalent v1.0.2
[INFO] [stderr]     Checking futures-sink v0.3.32
[INFO] [stderr]     Checking event-listener v5.4.1
[INFO] [stderr]    Compiling winnow v1.0.3
[INFO] [stderr]     Checking event-listener-strategy v0.5.4
[INFO] [stderr]    Compiling async-io v2.6.0
[INFO] [stderr]     Checking regex-syntax v0.8.11
[INFO] [stderr]    Compiling syn v2.0.118
[INFO] [stderr]    Compiling indexmap v2.14.0
[INFO] [stderr]     Checking futures-channel v0.3.32
[INFO] [stderr]     Checking lock_api v0.4.14
[INFO] [stderr]     Checking errno v0.3.14
[INFO] [stderr]     Checking signal-hook-registry v1.4.8
[INFO] [stderr]    Compiling object v0.37.3
[INFO] [stderr]     Checking atomic-waker v1.1.2
[INFO] [stderr]    Compiling toml_datetime v1.1.1+spec-1.1.0
[INFO] [stderr]     Checking utf8parse v0.2.2
[INFO] [stderr]     Checking async-task v4.7.1
[INFO] [stderr]     Checking log v0.4.33
[INFO] [stderr]     Checking futures-task v0.3.32
[INFO] [stderr]     Checking anstyle-parse v1.0.0
[INFO] [stderr]     Checking piper v0.2.5
[INFO] [stderr]     Checking regex-automata v0.4.14
[INFO] [stderr]     Checking parking_lot v0.12.5
[INFO] [stderr]    Compiling toml_parser v1.1.2+spec-1.1.0
[INFO] [stderr]     Checking mio v1.2.1
[INFO] [stderr]     Checking socket2 v0.6.4
[INFO] [stderr]     Checking async-channel v2.5.0
[INFO] [stderr]     Checking anstyle-query v1.1.5
[INFO] [stderr]     Checking adler2 v2.0.1
[INFO] [stderr]    Compiling thiserror v2.0.18
[INFO] [stderr]     Checking gimli v0.32.3
[INFO] [stderr]     Checking anstyle v1.0.14
[INFO] [stderr]    Compiling toml_edit v0.25.12+spec-1.1.0
[INFO] [stderr]     Checking colorchoice v1.0.5
[INFO] [stderr]     Checking bytes v1.12.0
[INFO] [stderr]     Checking is_terminal_polyfill v1.70.2
[INFO] [stderr]     Checking anstream v1.0.0
[INFO] [stderr]     Checking miniz_oxide v0.8.9
[INFO] [stderr]     Checking blocking v1.6.2
[INFO] [stderr]     Checking async-executor v1.14.0
[INFO] [stderr]     Checking async-lock v3.4.2
[INFO] [stderr]    Compiling proc-macro-crate v3.5.0
[INFO] [stderr]     Checking regex v1.12.4
[INFO] [stderr]     Checking rustc-demangle v0.1.27
[INFO] [stderr]    Compiling test-log-core v0.2.21
[INFO] [stderr]     Checking env_filter v2.0.0
[INFO] [stderr]     Checking jiff v0.2.29
[INFO] [stderr]     Checking termcolor v1.4.1
[INFO] [stderr]     Checking dyn-clone v1.0.20
[INFO] [stderr]     Checking assert_matches v1.5.0
[INFO] [stderr]     Checking addr2line v0.25.1
[INFO] [stderr]     Checking polling v3.11.0
[INFO] [stderr]    Compiling futures-macro v0.3.32
[INFO] [stderr]    Compiling tokio-macros v2.7.0
[INFO] [stderr]    Compiling thiserror-impl v2.0.18
[INFO] [stderr]    Compiling test-log-macros v0.2.21
[INFO] [stderr]    Compiling hannibal-derive v0.17.3
[INFO] [stderr]     Checking async-signal v0.2.14
[INFO] [stderr]     Checking tokio v1.52.3
[INFO] [stderr]     Checking futures-util v0.3.32
[INFO] [stderr]     Checking backtrace v0.3.76
[INFO] [stderr]     Checking env_logger v0.11.11
[INFO] [stderr]     Checking test-log v0.2.21
[INFO] [stderr]     Checking color-backtrace v0.7.2
[INFO] [stderr]     Checking futures-executor v0.3.32
[INFO] [stderr]     Checking futures v0.3.32
[INFO] [stderr]     Checking async-global-executor v3.1.0
[INFO] [stderr]     Checking hannibal v0.17.3 (/opt/rustwide/workdir)
[INFO] [stderr]     Checking hannibal-tests v0.0.0 (/opt/rustwide/target/tests/trybuild/hannibal)
[INFO] [stderr]     Finished `dev` profile [unoptimized + debuginfo] target(s) in 9.36s
[INFO] [stderr] 
[INFO] [stderr] 
[INFO] [stderr] test tests/fails/builder_cant_recreate_streamhandler.rs ... mismatch
[INFO] [stderr] 
[INFO] [stderr] EXPECTED:
[INFO] [stderr] ┈┈┈┈┈┈┈┈┈┈┈┈┈┈┈┈┈┈┈┈┈┈┈┈┈┈┈┈┈┈┈┈┈┈┈┈┈┈┈┈┈┈┈┈┈┈┈┈┈┈┈┈┈┈┈┈┈┈┈┈
[INFO] [stderr] error[E0599]: no method named `on_stream` found for struct `ActorBuilder<MyActor, hannibal::actor::restart_strategy::RecreateFromDefault>` in the current scope
[INFO] [stderr]   --> tests/fails/builder_cant_recreate_streamhandler.rs:21:10
[INFO] [stderr]    |
[INFO] [stderr] 19 |       let addr = hannibal::setup_actor(MyActor("Caesar"))
[INFO] [stderr]    |  ________________-
[INFO] [stderr] 20 | |         .recreate_from_default()
[INFO] [stderr] 21 | |         .on_stream(stream::iter(vec![17, 19]))
[INFO] [stderr]    | |         -^^^^^^^^^ method not found in `ActorBuilder<MyActor, hannibal::actor::restart_strategy::RecreateFromDefault>`
[INFO] [stderr]    | |_________|
[INFO] [stderr]    |
[INFO] [stderr]    |
[INFO] [stderr]    = note: the method was found for `ActorBuilder<A>`
[INFO] [stderr] ┈┈┈┈┈┈┈┈┈┈┈┈┈┈┈┈┈┈┈┈┈┈┈┈┈┈┈┈┈┈┈┈┈┈┈┈┈┈┈┈┈┈┈┈┈┈┈┈┈┈┈┈┈┈┈┈┈┈┈┈
[INFO] [stderr] 
[INFO] [stderr] ACTUAL OUTPUT:
[INFO] [stderr] ┈┈┈┈┈┈┈┈┈┈┈┈┈┈┈┈┈┈┈┈┈┈┈┈┈┈┈┈┈┈┈┈┈┈┈┈┈┈┈┈┈┈┈┈┈┈┈┈┈┈┈┈┈┈┈┈┈┈┈┈
[INFO] [stderr] error[E0599]: no method named `on_stream` found for struct `ActorBuilder<MyActor, hannibal::actor::restart_strategy::RecreateFromDefault>` in the current scope
[INFO] [stderr]   --> tests/fails/builder_cant_recreate_streamhandler.rs:21:10
[INFO] [stderr]    |
[INFO] [stderr] 19 |     let addr = hannibal::setup_actor(MyActor("Caesar"))
[INFO] [stderr] 20 |         .recreate_from_default()
[INFO] [stderr] 21 |         .on_stream(stream::iter(vec![17, 19]))
[INFO] [stderr]    |          ^^^^^^^^^ method not found in `ActorBuilder<MyActor, hannibal::actor::restart_strategy::RecreateFromDefault>`
[INFO] [stderr]    |
[INFO] [stderr]    = note: the method was found for `ActorBuilder<A>`
[INFO] [stderr] ┈┈┈┈┈┈┈┈┈┈┈┈┈┈┈┈┈┈┈┈┈┈┈┈┈┈┈┈┈┈┈┈┈┈┈┈┈┈┈┈┈┈┈┈┈┈┈┈┈┈┈┈┈┈┈┈┈┈┈┈
[INFO] [stderr] note: If the actual output is the correct output you can bless it by rerunning
[INFO] [stderr]       your test with the environment variable TRYBUILD=overwrite
[INFO] [stderr] 
[INFO] [stderr] 
[INFO] [stderr] 
[INFO] [stdout] test invalid_builder_configurations ... FAILED
[INFO] [stdout] 
[INFO] [stdout] failures:
[INFO] [stdout] 
[INFO] [stdout] ---- invalid_builder_configurations stdout ----
[INFO] [stdout] 
[INFO] [stdout] thread 'invalid_builder_configurations' (1777) panicked at /opt/rustwide/cargo-home/registry/src/index.crates.io-1949cf8c6b5b557f/trybuild-1.0.117/src/run.rs:102:13:
[INFO] [stdout] 1 of 1 tests failed
[INFO] [stdout] stack backtrace:
[INFO] [stdout]    0:     0x650216723ef1 - std[617be2ca0a6fd877]::backtrace_rs::backtrace::libunwind::trace
[INFO] [stdout]                                at /rustc/e3feeb59cd1bdd011a2bfcc0747b55125d9b8527/library/std/src/../../backtrace/src/backtrace/libunwind.rs:117:9
[INFO] [stdout]    1:     0x650216723ef1 - std[617be2ca0a6fd877]::backtrace_rs::backtrace::trace_unsynchronized::<std[617be2ca0a6fd877]::sys::backtrace::_print_fmt::{closure#1}>
[INFO] [stdout]                                at /rustc/e3feeb59cd1bdd011a2bfcc0747b55125d9b8527/library/std/src/../../backtrace/src/backtrace/mod.rs:66:14
[INFO] [stdout]    2:     0x650216723ef1 - std[617be2ca0a6fd877]::sys::backtrace::_print_fmt
[INFO] [stdout]                                at /rustc/e3feeb59cd1bdd011a2bfcc0747b55125d9b8527/library/std/src/sys/backtrace.rs:74:9
[INFO] [stdout]    3:     0x650216723ef1 - <<std[617be2ca0a6fd877]::sys::backtrace::BacktraceLock>::print::DisplayBacktrace as core[a373ad73a504971]::fmt::Display>::fmt
[INFO] [stdout]                                at /rustc/e3feeb59cd1bdd011a2bfcc0747b55125d9b8527/library/std/src/sys/backtrace.rs:44:26
[INFO] [stdout]    4:     0x65021673a3ea - <core[a373ad73a504971]::fmt::rt::Argument>::fmt
[INFO] [stdout]                                at /rustc/e3feeb59cd1bdd011a2bfcc0747b55125d9b8527/library/core/src/fmt/rt.rs:152:76
[INFO] [stdout]    5:     0x65021673a3ea - core[a373ad73a504971]::fmt::write
[INFO] [stdout]    6:     0x6502167287ec - core[a373ad73a504971]::io::write::default_write_fmt::<alloc[2e1b2a31b91974c5]::vec::Vec<u8>>
[INFO] [stdout]                                at /rustc/e3feeb59cd1bdd011a2bfcc0747b55125d9b8527/library/core/src/io/write.rs:402:11
[INFO] [stdout]    7:     0x6502167287ec - <alloc[2e1b2a31b91974c5]::vec::Vec<u8> as core[a373ad73a504971]::io::write::Write>::write_fmt
[INFO] [stdout]                                at /rustc/e3feeb59cd1bdd011a2bfcc0747b55125d9b8527/library/core/src/io/write.rs:335:13
[INFO] [stdout]    8:     0x6502166fd356 - <std[617be2ca0a6fd877]::sys::backtrace::BacktraceLock>::print
[INFO] [stdout]                                at /rustc/e3feeb59cd1bdd011a2bfcc0747b55125d9b8527/library/std/src/sys/backtrace.rs:47:9
[INFO] [stdout]    9:     0x6502166fd356 - std[617be2ca0a6fd877]::panicking::default_hook::{closure#0}
[INFO] [stdout]                                at /rustc/e3feeb59cd1bdd011a2bfcc0747b55125d9b8527/library/std/src/panicking.rs:289:27
[INFO] [stdout]   10:     0x65021671b499 - std[617be2ca0a6fd877]::panicking::default_hook
[INFO] [stdout]                                at /rustc/e3feeb59cd1bdd011a2bfcc0747b55125d9b8527/library/std/src/panicking.rs:313:9
[INFO] [stdout]   11:     0x6502166b4a40 - <alloc[2e1b2a31b91974c5]::boxed::Box<dyn for<'a, 'b> core[a373ad73a504971]::ops::function::Fn<(&'a std[617be2ca0a6fd877]::panic::PanicHookInfo<'b>,), Output = ()> + core[a373ad73a504971]::marker::Sync + core[a373ad73a504971]::marker::Send> as core[a373ad73a504971]::ops::function::Fn<(&std[617be2ca0a6fd877]::panic::PanicHookInfo,)>>::call
[INFO] [stdout]                                at /rustc/e3feeb59cd1bdd011a2bfcc0747b55125d9b8527/library/alloc/src/boxed.rs:2328:9
[INFO] [stdout]   12:     0x6502166b4a40 - test[aada8e7e76ba119b]::test_main_inner::{closure#0}
[INFO] [stdout]                                at /rustc/e3feeb59cd1bdd011a2bfcc0747b55125d9b8527/library/test/src/lib.rs:137:21
[INFO] [stdout]   13:     0x65021671b652 - <alloc[2e1b2a31b91974c5]::boxed::Box<dyn for<'a, 'b> core[a373ad73a504971]::ops::function::Fn<(&'a std[617be2ca0a6fd877]::panic::PanicHookInfo<'b>,), Output = ()> + core[a373ad73a504971]::marker::Sync + core[a373ad73a504971]::marker::Send> as core[a373ad73a504971]::ops::function::Fn<(&std[617be2ca0a6fd877]::panic::PanicHookInfo,)>>::call
[INFO] [stdout]                                at /rustc/e3feeb59cd1bdd011a2bfcc0747b55125d9b8527/library/alloc/src/boxed.rs:2328:9
[INFO] [stdout]   14:     0x65021671b652 - std[617be2ca0a6fd877]::panicking::panic_with_hook
[INFO] [stdout]                                at /rustc/e3feeb59cd1bdd011a2bfcc0747b55125d9b8527/library/std/src/panicking.rs:819:13
[INFO] [stdout]   15:     0x6502166fd402 - std[617be2ca0a6fd877]::panicking::panic_handler::{closure#0}
[INFO] [stdout]                                at /rustc/e3feeb59cd1bdd011a2bfcc0747b55125d9b8527/library/std/src/panicking.rs:685:13
[INFO] [stdout]   16:     0x6502166f5c29 - std[617be2ca0a6fd877]::sys::backtrace::__rust_end_short_backtrace::<std[617be2ca0a6fd877]::panicking::panic_handler::{closure#0}, !>
[INFO] [stdout]                                at /rustc/e3feeb59cd1bdd011a2bfcc0747b55125d9b8527/library/std/src/sys/backtrace.rs:182:18
[INFO] [stdout]   17:     0x6502166fe00d - __rustc[ea4f61d10b84890b]::rust_begin_unwind
[INFO] [stdout]                                at /rustc/e3feeb59cd1bdd011a2bfcc0747b55125d9b8527/library/std/src/panicking.rs:676:5
[INFO] [stdout]   18:     0x65021673abdc - core[a373ad73a504971]::panicking::panic_fmt
[INFO] [stdout]                                at /rustc/e3feeb59cd1bdd011a2bfcc0747b55125d9b8527/library/core/src/panicking.rs:80:14
[INFO] [stdout]   19:     0x6502164fbd14 - <trybuild[1425a73c632816b2]::Runner>::run
[INFO] [stdout]                                at /opt/rustwide/cargo-home/registry/src/index.crates.io-1949cf8c6b5b557f/trybuild-1.0.117/src/run.rs:102:13
[INFO] [stdout]   20:     0x650216508ef8 - <trybuild[1425a73c632816b2]::TestCases as core[a373ad73a504971]::ops::drop::Drop>::drop
[INFO] [stdout]                                at /opt/rustwide/cargo-home/registry/src/index.crates.io-1949cf8c6b5b557f/trybuild-1.0.117/src/lib.rs:342:38
[INFO] [stdout]   21:     0x650216488767 - core[a373ad73a504971]::ptr::drop_glue::<trybuild[1425a73c632816b2]::TestCases>
[INFO] [stdout]                                at /rustc/e3feeb59cd1bdd011a2bfcc0747b55125d9b8527/library/core/src/ptr/mod.rs:848:1
[INFO] [stdout]   22:     0x650216488973 - builder[5ceb0bf81891b789]::invalid_builder_configurations
[INFO] [stdout]                                at /opt/rustwide/workdir/tests/builder.rs:5:1
[INFO] [stdout]   23:     0x6502164888c7 - builder[5ceb0bf81891b789]::invalid_builder_configurations::{closure#0}
[INFO] [stdout]                                at /opt/rustwide/workdir/tests/builder.rs:2:36
[INFO] [stdout]   24:     0x650216488dd6 - <builder[5ceb0bf81891b789]::invalid_builder_configurations::{closure#0} as core[a373ad73a504971]::ops::function::FnOnce<()>>::call_once
[INFO] [stdout]                                at /rustc/e3feeb59cd1bdd011a2bfcc0747b55125d9b8527/library/core/src/ops/function.rs:250:5
[INFO] [stdout]   25:     0x6502166a7e8b - <fn() -> core[a373ad73a504971]::result::Result<(), alloc[2e1b2a31b91974c5]::string::String> as core[a373ad73a504971]::ops::function::FnOnce<()>>::call_once
[INFO] [stdout]                                at /rustc/e3feeb59cd1bdd011a2bfcc0747b55125d9b8527/library/core/src/ops/function.rs:250:5
[INFO] [stdout]   26:     0x6502166a7e8b - test[aada8e7e76ba119b]::__rust_begin_short_backtrace::<core[a373ad73a504971]::result::Result<(), alloc[2e1b2a31b91974c5]::string::String>, fn() -> core[a373ad73a504971]::result::Result<(), alloc[2e1b2a31b91974c5]::string::String>>
[INFO] [stdout]                                at /rustc/e3feeb59cd1bdd011a2bfcc0747b55125d9b8527/library/test/src/lib.rs:701:18
[INFO] [stdout]   27:     0x6502166b5065 - test[aada8e7e76ba119b]::run_test_in_process::{closure#0}
[INFO] [stdout]                                at /rustc/e3feeb59cd1bdd011a2bfcc0747b55125d9b8527/library/test/src/lib.rs:724:74
[INFO] [stdout]   28:     0x6502166b5065 - <core[a373ad73a504971]::panic::unwind_safe::AssertUnwindSafe<test[aada8e7e76ba119b]::run_test_in_process::{closure#0}> as core[a373ad73a504971]::ops::function::FnOnce<()>>::call_once
[INFO] [stdout]                                at /rustc/e3feeb59cd1bdd011a2bfcc0747b55125d9b8527/library/core/src/panic/unwind_safe.rs:275:9
[INFO] [stdout]   29:     0x6502166b5065 - std[617be2ca0a6fd877]::panicking::catch_unwind::do_call::<core[a373ad73a504971]::panic::unwind_safe::AssertUnwindSafe<test[aada8e7e76ba119b]::run_test_in_process::{closure#0}>, core[a373ad73a504971]::result::Result<(), alloc[2e1b2a31b91974c5]::string::String>>
[INFO] [stdout]                                at /rustc/e3feeb59cd1bdd011a2bfcc0747b55125d9b8527/library/std/src/panicking.rs:573:43
[INFO] [stdout]   30:     0x6502166b5065 - std[617be2ca0a6fd877]::panicking::catch_unwind::<core[a373ad73a504971]::result::Result<(), alloc[2e1b2a31b91974c5]::string::String>, core[a373ad73a504971]::panic::unwind_safe::AssertUnwindSafe<test[aada8e7e76ba119b]::run_test_in_process::{closure#0}>>
[INFO] [stdout]                                at /rustc/e3feeb59cd1bdd011a2bfcc0747b55125d9b8527/library/std/src/panicking.rs:541:19
[INFO] [stdout]   31:     0x6502166b5065 - std[617be2ca0a6fd877]::panic::catch_unwind::<core[a373ad73a504971]::panic::unwind_safe::AssertUnwindSafe<test[aada8e7e76ba119b]::run_test_in_process::{closure#0}>, core[a373ad73a504971]::result::Result<(), alloc[2e1b2a31b91974c5]::string::String>>
[INFO] [stdout]                                at /rustc/e3feeb59cd1bdd011a2bfcc0747b55125d9b8527/library/std/src/panic.rs:359:14
[INFO] [stdout]   32:     0x6502166b5065 - test[aada8e7e76ba119b]::run_test_in_process
[INFO] [stdout]                                at /rustc/e3feeb59cd1bdd011a2bfcc0747b55125d9b8527/library/test/src/lib.rs:724:27
[INFO] [stdout]   33:     0x6502166b5065 - test[aada8e7e76ba119b]::run_test::{closure#0}
[INFO] [stdout]                                at /rustc/e3feeb59cd1bdd011a2bfcc0747b55125d9b8527/library/test/src/lib.rs:645:43
[INFO] [stdout]   34:     0x6502166ae954 - test[aada8e7e76ba119b]::run_test::{closure#1}
[INFO] [stdout]                                at /rustc/e3feeb59cd1bdd011a2bfcc0747b55125d9b8527/library/test/src/lib.rs:675:41
[INFO] [stdout]   35:     0x6502166ae954 - std[617be2ca0a6fd877]::sys::backtrace::__rust_begin_short_backtrace::<test[aada8e7e76ba119b]::run_test::{closure#1}, ()>
[INFO] [stdout]                                at /rustc/e3feeb59cd1bdd011a2bfcc0747b55125d9b8527/library/std/src/sys/backtrace.rs:166:18
[INFO] [stdout]   36:     0x6502166b80f2 - std[617be2ca0a6fd877]::thread::lifecycle::spawn_unchecked::<test[aada8e7e76ba119b]::run_test::{closure#1}, ()>::{closure#1}::{closure#0}
[INFO] [stdout]                                at /rustc/e3feeb59cd1bdd011a2bfcc0747b55125d9b8527/library/std/src/thread/lifecycle.rs:70:13
[INFO] [stdout]   37:     0x6502166b80f2 - <core[a373ad73a504971]::panic::unwind_safe::AssertUnwindSafe<std[617be2ca0a6fd877]::thread::lifecycle::spawn_unchecked<test[aada8e7e76ba119b]::run_test::{closure#1}, ()>::{closure#1}::{closure#0}> as core[a373ad73a504971]::ops::function::FnOnce<()>>::call_once
[INFO] [stdout]                                at /rustc/e3feeb59cd1bdd011a2bfcc0747b55125d9b8527/library/core/src/panic/unwind_safe.rs:275:9
[INFO] [stdout]   38:     0x6502166b80f2 - std[617be2ca0a6fd877]::panicking::catch_unwind::do_call::<core[a373ad73a504971]::panic::unwind_safe::AssertUnwindSafe<std[617be2ca0a6fd877]::thread::lifecycle::spawn_unchecked<test[aada8e7e76ba119b]::run_test::{closure#1}, ()>::{closure#1}::{closure#0}>, ()>
[INFO] [stdout]                                at /rustc/e3feeb59cd1bdd011a2bfcc0747b55125d9b8527/library/std/src/panicking.rs:573:43
[INFO] [stdout]   39:     0x6502166b80f2 - std[617be2ca0a6fd877]::panicking::catch_unwind::<(), core[a373ad73a504971]::panic::unwind_safe::AssertUnwindSafe<std[617be2ca0a6fd877]::thread::lifecycle::spawn_unchecked<test[aada8e7e76ba119b]::run_test::{closure#1}, ()>::{closure#1}::{closure#0}>>
[INFO] [stdout]                                at /rustc/e3feeb59cd1bdd011a2bfcc0747b55125d9b8527/library/std/src/panicking.rs:541:19
[INFO] [stdout]   40:     0x6502166b80f2 - std[617be2ca0a6fd877]::panic::catch_unwind::<core[a373ad73a504971]::panic::unwind_safe::AssertUnwindSafe<std[617be2ca0a6fd877]::thread::lifecycle::spawn_unchecked<test[aada8e7e76ba119b]::run_test::{closure#1}, ()>::{closure#1}::{closure#0}>, ()>
[INFO] [stdout]                                at /rustc/e3feeb59cd1bdd011a2bfcc0747b55125d9b8527/library/std/src/panic.rs:359:14
[INFO] [stdout]   41:     0x6502166b80f2 - std[617be2ca0a6fd877]::thread::lifecycle::spawn_unchecked::<test[aada8e7e76ba119b]::run_test::{closure#1}, ()>::{closure#1}
[INFO] [stdout]                                at /rustc/e3feeb59cd1bdd011a2bfcc0747b55125d9b8527/library/std/src/thread/lifecycle.rs:68:26
[INFO] [stdout]   42:     0x6502166b80f2 - <std[617be2ca0a6fd877]::thread::lifecycle::spawn_unchecked<test[aada8e7e76ba119b]::run_test::{closure#1}, ()>::{closure#1} as core[a373ad73a504971]::ops::function::FnOnce<()>>::call_once::{shim:vtable#0}
[INFO] [stdout]                                at /rustc/e3feeb59cd1bdd011a2bfcc0747b55125d9b8527/library/core/src/ops/function.rs:250:5
[INFO] [stdout]   43:     0x65021672314f - <alloc[2e1b2a31b91974c5]::boxed::Box<dyn core[a373ad73a504971]::ops::function::FnOnce<(), Output = ()> + core[a373ad73a504971]::marker::Send> as core[a373ad73a504971]::ops::function::FnOnce<()>>::call_once
[INFO] [stdout]                                at /rustc/e3feeb59cd1bdd011a2bfcc0747b55125d9b8527/library/alloc/src/boxed.rs:2314:9
[INFO] [stdout]   44:     0x65021672314f - <std[617be2ca0a6fd877]::sys::thread::unix::Thread>::new::thread_start
[INFO] [stdout]                                at /rustc/e3feeb59cd1bdd011a2bfcc0747b55125d9b8527/library/std/src/sys/thread/unix.rs:127:17
[INFO] [stdout]   45:     0x76ff12ccddfa - <unknown>
[INFO] [stdout]   46:     0x76ff12d613d4 - clone
[INFO] [stdout]   47:                0x0 - <unknown>
[INFO] [stdout] 
[INFO] [stdout] 
[INFO] [stdout] failures:
[INFO] [stdout]     invalid_builder_configurations
[INFO] [stdout] 
[INFO] [stdout] test result: FAILED. 0 passed; 1 failed; 0 ignored; 0 measured; 0 filtered out; finished in 14.68s
[INFO] [stdout] 
[INFO] [stderr] error: test failed, to rerun pass `--test builder`
[INFO] running `Command { std: "docker" "inspect" "4862b7ce8109aa088a1229ff8468309154c5616fcfdc3cc09595104448bed3b7", kill_on_drop: false }`
[INFO] running `Command { std: "docker" "rm" "-f" "4862b7ce8109aa088a1229ff8468309154c5616fcfdc3cc09595104448bed3b7", kill_on_drop: false }`
[INFO] [stdout] 4862b7ce8109aa088a1229ff8468309154c5616fcfdc3cc09595104448bed3b7
