[INFO] fetching crate fluent_typed_codegen 0.2.1...
[INFO] testing fluent_typed_codegen-0.2.1 against 1.100.0-beta.1 for beta-1.100-2
[INFO] extracting crate fluent_typed_codegen 0.2.1 into /workspace/builds/worker-5-tc2/source
[INFO] started tweaking crates.io crate fluent_typed_codegen 0.2.1
[INFO] removed 0 missing examples
[INFO] finished tweaking crates.io crate fluent_typed_codegen 0.2.1
[INFO] tweaked toml for crates.io crate fluent_typed_codegen 0.2.1 written to /workspace/builds/worker-5-tc2/source/Cargo.toml
[INFO] validating manifest of crates.io crate fluent_typed_codegen 0.2.1 on toolchain 1.100.0-beta.1
[INFO] running `Command { std: CARGO_HOME="/workspace/cargo-home" RUSTUP_HOME="/workspace/rustup-home" "/workspace/cargo-home/bin/cargo" "+1.100.0-beta.1" "metadata" "--manifest-path" "Cargo.toml" "--no-deps", kill_on_drop: false }`
[INFO] crate crates.io crate fluent_typed_codegen 0.2.1 already has a lockfile, it will not be regenerated
[INFO] running `Command { std: CARGO_HOME="/workspace/cargo-home" RUSTUP_HOME="/workspace/rustup-home" "/workspace/cargo-home/bin/cargo" "+1.100.0-beta.1" "fetch" "--manifest-path" "Cargo.toml", kill_on_drop: false }`
[INFO] running `Command { std: "docker" "create" "-v" "/var/lib/crater-agent-workspace/builds/worker-5-tc2/source:/opt/rustwide/workdir:ro,Z" "-v" "/var/lib/crater-agent-workspace/builds/worker-5-tc2/target:/opt/rustwide/target:rw,Z" "-v" "/var/lib/crater-agent-workspace/cargo-home:/opt/rustwide/cargo-home:ro,Z" "-v" "/var/lib/crater-agent-workspace/rustup-home:/opt/rustwide/rustup-home:ro,Z" "-m" "1610612736" "--network" "none" "ghcr.io/rust-lang/crates-build-env/linux@sha256:3111399a4047eeb3a02b7a90e478d715f38a8c6669b5c4b49d30a17385265909" "sleep" "infinity", kill_on_drop: false }`
[INFO] [stdout] a66f81b24826dfc96a95bf534f2082048721b57d9cb396dcf22f0ce4c0ae53a9
[INFO] running `Command { std: "docker" "start" "a66f81b24826dfc96a95bf534f2082048721b57d9cb396dcf22f0ce4c0ae53a9", kill_on_drop: false }`
[INFO] running `Command { std: "docker" "inspect" "a66f81b24826dfc96a95bf534f2082048721b57d9cb396dcf22f0ce4c0ae53a9", kill_on_drop: false }`
[INFO] running `Command { std: "docker" "exec" "-e" "SOURCE_DIR=/opt/rustwide/workdir" "-e" "CARGO_HOME=/opt/rustwide/cargo-home" "-e" "RUSTUP_HOME=/opt/rustwide/rustup-home" "-e" "CARGO_TARGET_DIR=/opt/rustwide/target" "-w" "/opt/rustwide/workdir" "--user" "0:0" "a66f81b24826dfc96a95bf534f2082048721b57d9cb396dcf22f0ce4c0ae53a9" "/opt/rustwide/cargo-home/bin/cargo" "+1.100.0-beta.1" "metadata" "--no-deps" "--format-version=1", kill_on_drop: false }`
[INFO] running `Command { std: "docker" "inspect" "a66f81b24826dfc96a95bf534f2082048721b57d9cb396dcf22f0ce4c0ae53a9", kill_on_drop: false }`
[INFO] running `Command { std: "docker" "exec" "-e" "SOURCE_DIR=/opt/rustwide/workdir" "-e" "CARGO_HOME=/opt/rustwide/cargo-home" "-e" "RUSTUP_HOME=/opt/rustwide/rustup-home" "-e" "CARGO_TARGET_DIR=/opt/rustwide/target" "-e" "CARGO_INCREMENTAL=0" "-e" "RUST_BACKTRACE=full" "-e" "RUSTFLAGS=--cap-lints=warn" "-e" "RUSTDOCFLAGS=--cap-lints=warn" "-w" "/opt/rustwide/workdir" "--user" "0:0" "a66f81b24826dfc96a95bf534f2082048721b57d9cb396dcf22f0ce4c0ae53a9" "/opt/rustwide/cargo-home/bin/cargo" "+1.100.0-beta.1" "build" "--frozen" "--message-format=json", kill_on_drop: false }`
[INFO] [stderr]    Compiling proc-macro2 v1.0.107
[INFO] [stderr]    Compiling quote v1.0.47
[INFO] [stderr]    Compiling unicode-ident v1.0.26
[INFO] [stderr]    Compiling thiserror v2.0.21
[INFO] [stderr]    Compiling rustc-hash v2.1.3
[INFO] [stderr]    Compiling memchr v2.8.3
[INFO] [stderr]    Compiling smallvec v1.16.2
[INFO] [stderr]    Compiling self_cell v1.3.0
[INFO] [stderr]    Compiling hashbrown v0.17.1
[INFO] [stderr]    Compiling type-map v0.5.1
[INFO] [stderr]    Compiling writeable v0.6.4
[INFO] [stderr]    Compiling prettyplease v0.3.0
[INFO] [stderr]    Compiling litemap v0.8.3
[INFO] [stderr]    Compiling winnow v1.0.4
[INFO] [stderr]    Compiling toml_datetime v1.1.1+spec-1.1.0
[INFO] [stderr]    Compiling syn v3.0.6
[INFO] [stderr]    Compiling indexmap v2.14.2
[INFO] [stderr]    Compiling toml_parser v1.1.3+spec-1.1.0
[INFO] [stderr]    Compiling toml_edit v0.25.15+spec-1.1.0
[INFO] [stderr]    Compiling displaydoc v0.2.7
[INFO] [stderr]    Compiling thiserror-impl v2.0.21
[INFO] [stderr]    Compiling tinystr v0.8.4
[INFO] [stderr]    Compiling unic-langid-impl v0.9.6
[INFO] [stderr]    Compiling icu_locale_core v2.3.0
[INFO] [stderr]    Compiling unic-langid v0.9.6
[INFO] [stderr]    Compiling fluent-langneg v0.13.1
[INFO] [stderr]    Compiling intl_pluralrules v7.0.2
[INFO] [stderr]    Compiling intl-memoizer v0.5.3
[INFO] [stderr]    Compiling fluent-syntax v0.12.0
[INFO] [stderr]    Compiling fluent-bundle v0.16.0
[INFO] [stderr]    Compiling fluent-typed v0.9.0
[INFO] [stderr]    Compiling fluent_typed_codegen v0.2.1 (/opt/rustwide/workdir)
[INFO] [stderr]     Finished `dev` profile [unoptimized + debuginfo] target(s) in 27.36s
[INFO] running `Command { std: "docker" "inspect" "a66f81b24826dfc96a95bf534f2082048721b57d9cb396dcf22f0ce4c0ae53a9", kill_on_drop: false }`
[INFO] running `Command { std: "docker" "exec" "-e" "SOURCE_DIR=/opt/rustwide/workdir" "-e" "CARGO_HOME=/opt/rustwide/cargo-home" "-e" "RUSTUP_HOME=/opt/rustwide/rustup-home" "-e" "CARGO_TARGET_DIR=/opt/rustwide/target" "-e" "CARGO_INCREMENTAL=0" "-e" "RUST_BACKTRACE=full" "-e" "RUSTFLAGS=--cap-lints=warn" "-e" "RUSTDOCFLAGS=--cap-lints=warn" "-w" "/opt/rustwide/workdir" "--user" "0:0" "a66f81b24826dfc96a95bf534f2082048721b57d9cb396dcf22f0ce4c0ae53a9" "/opt/rustwide/cargo-home/bin/cargo" "+1.100.0-beta.1" "test" "--frozen" "--no-run" "--message-format=json", kill_on_drop: false }`
[INFO] [stderr]    Compiling fluent_typed_codegen v0.2.1 (/opt/rustwide/workdir)
[INFO] [stderr]     Finished `test` profile [unoptimized + debuginfo] target(s) in 4.71s
[INFO] running `Command { std: "docker" "inspect" "a66f81b24826dfc96a95bf534f2082048721b57d9cb396dcf22f0ce4c0ae53a9", kill_on_drop: false }`
[INFO] running `Command { std: "docker" "exec" "-e" "SOURCE_DIR=/opt/rustwide/workdir" "-e" "CARGO_HOME=/opt/rustwide/cargo-home" "-e" "RUSTUP_HOME=/opt/rustwide/rustup-home" "-e" "CARGO_TARGET_DIR=/opt/rustwide/target" "-e" "CARGO_INCREMENTAL=0" "-e" "RUST_BACKTRACE=full" "-e" "RUSTFLAGS=--cap-lints=warn" "-e" "RUSTDOCFLAGS=--cap-lints=warn" "-w" "/opt/rustwide/workdir" "--user" "0:0" "a66f81b24826dfc96a95bf534f2082048721b57d9cb396dcf22f0ce4c0ae53a9" "/opt/rustwide/cargo-home/bin/cargo" "+1.100.0-beta.1" "test" "--frozen", kill_on_drop: false }`
[INFO] [stderr]     Finished `test` profile [unoptimized + debuginfo] target(s) in 0.07s
[INFO] [stderr]      Running unittests src/lib.rs (/opt/rustwide/target/debug/build/fluent_typed_codegen/502c0393b268bd61/out/fluent_typed_codegen-502c0393b268bd61)
[INFO] [stdout] 
[INFO] [stdout] running 42 tests
[INFO] [stdout] test diagnostics::tests::extra_only_does_not_report_missing_files ... ok
[INFO] [stdout] test diagnostics::tests::build_outcome_preserves_readable_lines_and_failure_status_without_panicking ... ok
[INFO] [stdout] test contracts_tests::catalog_configuration_is_real_strict_toml ... ok
[INFO] [stdout] test diagnostics::tests::missing_only_does_not_report_extra_files ... ok
[INFO] [stdout] test diagnostics::tests::renamed_nested_modules_report_both_sides_in_stable_order ... ok
[INFO] [stdout] test contracts_tests::schema_rejects_changed_variables_and_duplicate_messages ... ok
[INFO] [stdout] test manifest_tests::logical_requests_and_manual_configuration_cannot_escape_their_root ... ok
[INFO] [stdout] test manifest_tests::embedded_contract_borrows_only_explicit_bytes ... ok
[INFO] [stdout] test manifest_tests::embedded_lookup_preserves_entry_and_request_order_without_copying_payloads ... ok
[INFO] [stdout] test source::tests::opaque_syntax_is_a_diagnostic_including_inside_nested_scopes ... ok
[INFO] [stdout] test contracts_tests::catalog_directory_defaults_to_siblings_and_accepts_a_legacy_alias ... ok
[INFO] [stdout] test source::tests::macro_tokens_are_not_mistaken_for_unsupported_rust_syntax ... ok
[INFO] [stdout] test diagnostics::tests::failing_diagnostic_sink_still_returns_failure_without_panicking ... ok
[INFO] [stdout] test tests::configured_language_directory_cannot_bypass_symlink_checks ... ok
[INFO] [stdout] test tests::cross_file_references_are_rejected_instead_of_silently_sharing_a_bundle ... ok
[INFO] [stdout] test tests::detects_missing_languages_modules_and_incompatible_contracts ... ok
[INFO] [stdout] test tests::explicit_settings_reject_invalid_asset_paths_too ... ok
[INFO] [stdout] test tests::accepts_duplicate_keys_across_modules_but_rejects_them_inside_one_file ... ok
[INFO] [stdout] test tests::extension_reservations_and_output_paths_are_checked_before_writing ... ok
[INFO] [stdout] test tests::documentation::generated_facade_and_metadata_keep_public_rustdoc ... ok
[INFO] [stdout] test tests::directories::legacy_and_current_nested_directory_keys_generate_the_same_api ... ok
[INFO] [stdout] test tests::discovers_all_languages_and_nested_modules_in_a_relocated_catalog ... ok
[INFO] [stdout] test tests::directories::omitted_directory_generates_from_locale_folders_beside_the_definition ... ok
[INFO] [stdout] test tests::extension_entrypoint_is_generated_without_changing_raw_outputs ... ok
[INFO] [stdout] test tests::leaf_api::payload_alias_collisions_report_both_source_paths ... ok
[INFO] [stdout] test tests::local_reference_validation_covers_terms_attributes_missing_targets_and_cycles ... ok
[INFO] [stdout] test tests::metadata_has_one_path_source_and_no_language_allowlist ... ok
[INFO] [stdout] test tests::namespace_collisions_reserved_names_and_file_directory_ambiguity_are_actionable ... ok
[INFO] [stdout] test tests::leaf_api::same_payload_alias_is_allowed_in_independent_groups ... ok
[INFO] [stdout] test tests::rejects_missing_invalid_and_empty_configuration_files ... ok
[INFO] [stdout] test tests::renamed_translation_reports_missing_and_extra_paths_without_changing_sources ... ok
[INFO] [stdout] test tests::symlinked_languages_and_modules_cannot_bypass_discovery_or_recurse_forever ... ok
[INFO] [stdout] test tests::leaf_api::structured_outputs_have_leaf_prefixed_public_type_names ... ok
[INFO] [stdout] test tests::raw_generation_neither_creates_nor_touches_an_extension_entrypoint ... ok
[INFO] [stdout] test tests::leaf_api::leaves_export_types_not_modules_and_helpers_cannot_shadow_catalogs ... ok
[INFO] [stdout] test tests::syntax::declaration_hooks_preserve_complete_types_without_changing_plain_output ... ok
[INFO] [stdout] test tests::syntax::extension_receives_typed_paths_and_raw_accessors_in_publication_order ... ok
[INFO] [stdout] test tests::syntax::invalid_verbatim_extension_syntax_is_reported_before_writing_its_entrypoint ... ok
[INFO] [stdout] test tests::embedding::typed_embedding_keeps_unselected_payloads_out_of_unoptimized_binaries has been running for over 60 seconds
[INFO] [stdout] test tests::incremental::cargo_tracks_original_modules_and_recovers_after_removal has been running for over 60 seconds
[INFO] [stdout] test tests::loading::generation_features_stay_in_the_host_dependency_graph has been running for over 60 seconds
[INFO] [stdout] test tests::loading::schema_only_compiles_without_ftl_and_checked_loading_enforces_upstream_contracts has been running for over 60 seconds
[INFO] [stdout] test tests::loading::schema_only_compiles_without_ftl_and_checked_loading_enforces_upstream_contracts ... ok
[INFO] [stdout] test tests::incremental::cargo_tracks_original_modules_and_recovers_after_removal ... FAILED
[INFO] [stdout] test tests::loading::generation_features_stay_in_the_host_dependency_graph ... ok
[INFO] [stdout] test tests::embedding::typed_embedding_keeps_unselected_payloads_out_of_unoptimized_binaries ... ok
[INFO] [stdout] 
[INFO] [stdout] failures:
[INFO] [stdout] 
[INFO] [stdout] ---- tests::incremental::cargo_tracks_original_modules_and_recovers_after_removal stdout ----
[INFO] [stdout] 
[INFO] [stdout] thread 'tests::incremental::cargo_tracks_original_modules_and_recovers_after_removal' (646) panicked at src/tests/incremental.rs:135:10:
[INFO] [stdout] called `Option::unwrap()` on a `None` value
[INFO] [stdout] stack backtrace:
[INFO] [stdout]    0:     0x5e9bee4d62e1 - std[617be2ca0a6fd877]::backtrace_rs::backtrace::libunwind::trace
[INFO] [stdout]                                at /rustc/e3feeb59cd1bdd011a2bfcc0747b55125d9b8527/library/std/src/../../backtrace/src/backtrace/libunwind.rs:117:9
[INFO] [stdout]    1:     0x5e9bee4d62e1 - std[617be2ca0a6fd877]::backtrace_rs::backtrace::trace_unsynchronized::<std[617be2ca0a6fd877]::sys::backtrace::_print_fmt::{closure#1}>
[INFO] [stdout]                                at /rustc/e3feeb59cd1bdd011a2bfcc0747b55125d9b8527/library/std/src/../../backtrace/src/backtrace/mod.rs:66:14
[INFO] [stdout]    2:     0x5e9bee4d62e1 - std[617be2ca0a6fd877]::sys::backtrace::_print_fmt
[INFO] [stdout]                                at /rustc/e3feeb59cd1bdd011a2bfcc0747b55125d9b8527/library/std/src/sys/backtrace.rs:74:9
[INFO] [stdout]    3:     0x5e9bee4d62e1 - <<std[617be2ca0a6fd877]::sys::backtrace::BacktraceLock>::print::DisplayBacktrace as core[a373ad73a504971]::fmt::Display>::fmt
[INFO] [stdout]                                at /rustc/e3feeb59cd1bdd011a2bfcc0747b55125d9b8527/library/std/src/sys/backtrace.rs:44:26
[INFO] [stdout]    4:     0x5e9bee4ebfea - <core[a373ad73a504971]::fmt::rt::Argument>::fmt
[INFO] [stdout]                                at /rustc/e3feeb59cd1bdd011a2bfcc0747b55125d9b8527/library/core/src/fmt/rt.rs:152:76
[INFO] [stdout]    5:     0x5e9bee4ebfea - core[a373ad73a504971]::fmt::write
[INFO] [stdout]    6:     0x5e9bee4da9fc - core[a373ad73a504971]::io::write::default_write_fmt::<alloc[2e1b2a31b91974c5]::vec::Vec<u8>>
[INFO] [stdout]                                at /rustc/e3feeb59cd1bdd011a2bfcc0747b55125d9b8527/library/core/src/io/write.rs:402:11
[INFO] [stdout]    7:     0x5e9bee4da9fc - <alloc[2e1b2a31b91974c5]::vec::Vec<u8> as core[a373ad73a504971]::io::write::Write>::write_fmt
[INFO] [stdout]                                at /rustc/e3feeb59cd1bdd011a2bfcc0747b55125d9b8527/library/core/src/io/write.rs:335:13
[INFO] [stdout]    8:     0x5e9bee4aeee6 - <std[617be2ca0a6fd877]::sys::backtrace::BacktraceLock>::print
[INFO] [stdout]                                at /rustc/e3feeb59cd1bdd011a2bfcc0747b55125d9b8527/library/std/src/sys/backtrace.rs:47:9
[INFO] [stdout]    9:     0x5e9bee4aeee6 - std[617be2ca0a6fd877]::panicking::default_hook::{closure#0}
[INFO] [stdout]                                at /rustc/e3feeb59cd1bdd011a2bfcc0747b55125d9b8527/library/std/src/panicking.rs:289:27
[INFO] [stdout]   10:     0x5e9bee4ccfd9 - std[617be2ca0a6fd877]::panicking::default_hook
[INFO] [stdout]                                at /rustc/e3feeb59cd1bdd011a2bfcc0747b55125d9b8527/library/std/src/panicking.rs:313:9
[INFO] [stdout]   11:     0x5e9bee1eb070 - <alloc[2e1b2a31b91974c5]::boxed::Box<dyn for<'a, 'b> core[a373ad73a504971]::ops::function::Fn<(&'a std[617be2ca0a6fd877]::panic::PanicHookInfo<'b>,), Output = ()> + core[a373ad73a504971]::marker::Sync + core[a373ad73a504971]::marker::Send> as core[a373ad73a504971]::ops::function::Fn<(&std[617be2ca0a6fd877]::panic::PanicHookInfo,)>>::call
[INFO] [stdout]                                at /rustc/e3feeb59cd1bdd011a2bfcc0747b55125d9b8527/library/alloc/src/boxed.rs:2328:9
[INFO] [stdout]   12:     0x5e9bee1eb070 - test[aada8e7e76ba119b]::test_main_inner::{closure#0}
[INFO] [stdout]                                at /rustc/e3feeb59cd1bdd011a2bfcc0747b55125d9b8527/library/test/src/lib.rs:137:21
[INFO] [stdout]   13:     0x5e9bee4cd302 - <alloc[2e1b2a31b91974c5]::boxed::Box<dyn for<'a, 'b> core[a373ad73a504971]::ops::function::Fn<(&'a std[617be2ca0a6fd877]::panic::PanicHookInfo<'b>,), Output = ()> + core[a373ad73a504971]::marker::Sync + core[a373ad73a504971]::marker::Send> as core[a373ad73a504971]::ops::function::Fn<(&std[617be2ca0a6fd877]::panic::PanicHookInfo,)>>::call
[INFO] [stdout]                                at /rustc/e3feeb59cd1bdd011a2bfcc0747b55125d9b8527/library/alloc/src/boxed.rs:2328:9
[INFO] [stdout]   14:     0x5e9bee4cd302 - std[617be2ca0a6fd877]::panicking::panic_with_hook
[INFO] [stdout]                                at /rustc/e3feeb59cd1bdd011a2bfcc0747b55125d9b8527/library/std/src/panicking.rs:819:13
[INFO] [stdout]   15:     0x5e9bee4aefc4 - std[617be2ca0a6fd877]::panicking::panic_handler::{closure#0}
[INFO] [stdout]                                at /rustc/e3feeb59cd1bdd011a2bfcc0747b55125d9b8527/library/std/src/panicking.rs:678:13
[INFO] [stdout]   16:     0x5e9bee4a7899 - std[617be2ca0a6fd877]::sys::backtrace::__rust_end_short_backtrace::<std[617be2ca0a6fd877]::panicking::panic_handler::{closure#0}, !>
[INFO] [stdout]                                at /rustc/e3feeb59cd1bdd011a2bfcc0747b55125d9b8527/library/std/src/sys/backtrace.rs:182:18
[INFO] [stdout]   17:     0x5e9bee4afd7d - __rustc[ea4f61d10b84890b]::rust_begin_unwind
[INFO] [stdout]                                at /rustc/e3feeb59cd1bdd011a2bfcc0747b55125d9b8527/library/std/src/panicking.rs:676:5
[INFO] [stdout]   18:     0x5e9bee4ec88c - core[a373ad73a504971]::panicking::panic_fmt
[INFO] [stdout]                                at /rustc/e3feeb59cd1bdd011a2bfcc0747b55125d9b8527/library/core/src/panicking.rs:80:14
[INFO] [stdout]   19:     0x5e9bee4ec852 - core[a373ad73a504971]::panicking::panic
[INFO] [stdout]                                at /rustc/e3feeb59cd1bdd011a2bfcc0747b55125d9b8527/library/core/src/panicking.rs:150:5
[INFO] [stdout]   20:     0x5e9bee4ec589 - core[a373ad73a504971]::option::unwrap_failed
[INFO] [stdout]                                at /rustc/e3feeb59cd1bdd011a2bfcc0747b55125d9b8527/library/core/src/option.rs:2253:5
[INFO] [stdout]   21:     0x5e9bee14760d - <core[a373ad73a504971]::option::Option<std[617be2ca0a6fd877]::path::PathBuf>>::unwrap
[INFO] [stdout]                                at /rustc/e3feeb59cd1bdd011a2bfcc0747b55125d9b8527/library/core/src/option.rs:1016:21
[INFO] [stdout]   22:     0x5e9bee14760d - fluent_typed_codegen[dce5fa4897da96e1]::tests::incremental::build_output
[INFO] [stdout]                                at /opt/rustwide/workdir/src/tests/incremental.rs:135:4
[INFO] [stdout]   23:     0x5e9bee14803e - fluent_typed_codegen[dce5fa4897da96e1]::tests::incremental::cargo_tracks_original_modules_and_recovers_after_removal
[INFO] [stdout]                                at /opt/rustwide/workdir/src/tests/incremental.rs:45:15
[INFO] [stdout]   24:     0x5e9bee1428b7 - fluent_typed_codegen[dce5fa4897da96e1]::tests::incremental::cargo_tracks_original_modules_and_recovers_after_removal::{closure#0}
[INFO] [stdout]                                at /opt/rustwide/workdir/src/tests/incremental.rs:6:62
[INFO] [stdout]   25:     0x5e9bee181a36 - <fluent_typed_codegen[dce5fa4897da96e1]::tests::incremental::cargo_tracks_original_modules_and_recovers_after_removal::{closure#0} as core[a373ad73a504971]::ops::function::FnOnce<()>>::call_once
[INFO] [stdout]                                at /rustc/e3feeb59cd1bdd011a2bfcc0747b55125d9b8527/library/core/src/ops/function.rs:250:5
[INFO] [stdout]   26:     0x5e9bee1de4bb - <fn() -> core[a373ad73a504971]::result::Result<(), alloc[2e1b2a31b91974c5]::string::String> as core[a373ad73a504971]::ops::function::FnOnce<()>>::call_once
[INFO] [stdout]                                at /rustc/e3feeb59cd1bdd011a2bfcc0747b55125d9b8527/library/core/src/ops/function.rs:250:5
[INFO] [stdout]   27:     0x5e9bee1de4bb - test[aada8e7e76ba119b]::__rust_begin_short_backtrace::<core[a373ad73a504971]::result::Result<(), alloc[2e1b2a31b91974c5]::string::String>, fn() -> core[a373ad73a504971]::result::Result<(), alloc[2e1b2a31b91974c5]::string::String>>
[INFO] [stdout]                                at /rustc/e3feeb59cd1bdd011a2bfcc0747b55125d9b8527/library/test/src/lib.rs:701:18
[INFO] [stdout]   28:     0x5e9bee1eb695 - test[aada8e7e76ba119b]::run_test_in_process::{closure#0}
[INFO] [stdout]                                at /rustc/e3feeb59cd1bdd011a2bfcc0747b55125d9b8527/library/test/src/lib.rs:724:74
[INFO] [stdout]   29:     0x5e9bee1eb695 - <core[a373ad73a504971]::panic::unwind_safe::AssertUnwindSafe<test[aada8e7e76ba119b]::run_test_in_process::{closure#0}> as core[a373ad73a504971]::ops::function::FnOnce<()>>::call_once
[INFO] [stdout]                                at /rustc/e3feeb59cd1bdd011a2bfcc0747b55125d9b8527/library/core/src/panic/unwind_safe.rs:275:9
[INFO] [stdout]   30:     0x5e9bee1eb695 - std[617be2ca0a6fd877]::panicking::catch_unwind::do_call::<core[a373ad73a504971]::panic::unwind_safe::AssertUnwindSafe<test[aada8e7e76ba119b]::run_test_in_process::{closure#0}>, core[a373ad73a504971]::result::Result<(), alloc[2e1b2a31b91974c5]::string::String>>
[INFO] [stdout]                                at /rustc/e3feeb59cd1bdd011a2bfcc0747b55125d9b8527/library/std/src/panicking.rs:573:43
[INFO] [stdout]   31:     0x5e9bee1eb695 - std[617be2ca0a6fd877]::panicking::catch_unwind::<core[a373ad73a504971]::result::Result<(), alloc[2e1b2a31b91974c5]::string::String>, core[a373ad73a504971]::panic::unwind_safe::AssertUnwindSafe<test[aada8e7e76ba119b]::run_test_in_process::{closure#0}>>
[INFO] [stdout]                                at /rustc/e3feeb59cd1bdd011a2bfcc0747b55125d9b8527/library/std/src/panicking.rs:541:19
[INFO] [stdout]   32:     0x5e9bee1eb695 - std[617be2ca0a6fd877]::panic::catch_unwind::<core[a373ad73a504971]::panic::unwind_safe::AssertUnwindSafe<test[aada8e7e76ba119b]::run_test_in_process::{closure#0}>, core[a373ad73a504971]::result::Result<(), alloc[2e1b2a31b91974c5]::string::String>>
[INFO] [stdout]                                at /rustc/e3feeb59cd1bdd011a2bfcc0747b55125d9b8527/library/std/src/panic.rs:359:14
[INFO] [stdout]   33:     0x5e9bee1eb695 - test[aada8e7e76ba119b]::run_test_in_process
[INFO] [stdout]                                at /rustc/e3feeb59cd1bdd011a2bfcc0747b55125d9b8527/library/test/src/lib.rs:724:27
[INFO] [stdout]   34:     0x5e9bee1eb695 - test[aada8e7e76ba119b]::run_test::{closure#0}
[INFO] [stdout]                                at /rustc/e3feeb59cd1bdd011a2bfcc0747b55125d9b8527/library/test/src/lib.rs:645:43
[INFO] [stdout]   35:     0x5e9bee1e4f84 - test[aada8e7e76ba119b]::run_test::{closure#1}
[INFO] [stdout]                                at /rustc/e3feeb59cd1bdd011a2bfcc0747b55125d9b8527/library/test/src/lib.rs:675:41
[INFO] [stdout]   36:     0x5e9bee1e4f84 - std[617be2ca0a6fd877]::sys::backtrace::__rust_begin_short_backtrace::<test[aada8e7e76ba119b]::run_test::{closure#1}, ()>
[INFO] [stdout]                                at /rustc/e3feeb59cd1bdd011a2bfcc0747b55125d9b8527/library/std/src/sys/backtrace.rs:166:18
[INFO] [stdout]   37:     0x5e9bee1ee722 - std[617be2ca0a6fd877]::thread::lifecycle::spawn_unchecked::<test[aada8e7e76ba119b]::run_test::{closure#1}, ()>::{closure#1}::{closure#0}
[INFO] [stdout]                                at /rustc/e3feeb59cd1bdd011a2bfcc0747b55125d9b8527/library/std/src/thread/lifecycle.rs:70:13
[INFO] [stdout]   38:     0x5e9bee1ee722 - <core[a373ad73a504971]::panic::unwind_safe::AssertUnwindSafe<std[617be2ca0a6fd877]::thread::lifecycle::spawn_unchecked<test[aada8e7e76ba119b]::run_test::{closure#1}, ()>::{closure#1}::{closure#0}> as core[a373ad73a504971]::ops::function::FnOnce<()>>::call_once
[INFO] [stdout]                                at /rustc/e3feeb59cd1bdd011a2bfcc0747b55125d9b8527/library/core/src/panic/unwind_safe.rs:275:9
[INFO] [stdout]   39:     0x5e9bee1ee722 - std[617be2ca0a6fd877]::panicking::catch_unwind::do_call::<core[a373ad73a504971]::panic::unwind_safe::AssertUnwindSafe<std[617be2ca0a6fd877]::thread::lifecycle::spawn_unchecked<test[aada8e7e76ba119b]::run_test::{closure#1}, ()>::{closure#1}::{closure#0}>, ()>
[INFO] [stdout]                                at /rustc/e3feeb59cd1bdd011a2bfcc0747b55125d9b8527/library/std/src/panicking.rs:573:43
[INFO] [stdout]   40:     0x5e9bee1ee722 - std[617be2ca0a6fd877]::panicking::catch_unwind::<(), core[a373ad73a504971]::panic::unwind_safe::AssertUnwindSafe<std[617be2ca0a6fd877]::thread::lifecycle::spawn_unchecked<test[aada8e7e76ba119b]::run_test::{closure#1}, ()>::{closure#1}::{closure#0}>>
[INFO] [stdout]                                at /rustc/e3feeb59cd1bdd011a2bfcc0747b55125d9b8527/library/std/src/panicking.rs:541:19
[INFO] [stdout]   41:     0x5e9bee1ee722 - std[617be2ca0a6fd877]::panic::catch_unwind::<core[a373ad73a504971]::panic::unwind_safe::AssertUnwindSafe<std[617be2ca0a6fd877]::thread::lifecycle::spawn_unchecked<test[aada8e7e76ba119b]::run_test::{closure#1}, ()>::{closure#1}::{closure#0}>, ()>
[INFO] [stdout]                                at /rustc/e3feeb59cd1bdd011a2bfcc0747b55125d9b8527/library/std/src/panic.rs:359:14
[INFO] [stdout]   42:     0x5e9bee1ee722 - std[617be2ca0a6fd877]::thread::lifecycle::spawn_unchecked::<test[aada8e7e76ba119b]::run_test::{closure#1}, ()>::{closure#1}
[INFO] [stdout]                                at /rustc/e3feeb59cd1bdd011a2bfcc0747b55125d9b8527/library/std/src/thread/lifecycle.rs:68:26
[INFO] [stdout]   43:     0x5e9bee1ee722 - <std[617be2ca0a6fd877]::thread::lifecycle::spawn_unchecked<test[aada8e7e76ba119b]::run_test::{closure#1}, ()>::{closure#1} as core[a373ad73a504971]::ops::function::FnOnce<()>>::call_once::{shim:vtable#0}
[INFO] [stdout]                                at /rustc/e3feeb59cd1bdd011a2bfcc0747b55125d9b8527/library/core/src/ops/function.rs:250:5
[INFO] [stdout]   44:     0x5e9bee4d52df - <alloc[2e1b2a31b91974c5]::boxed::Box<dyn core[a373ad73a504971]::ops::function::FnOnce<(), Output = ()> + core[a373ad73a504971]::marker::Send> as core[a373ad73a504971]::ops::function::FnOnce<()>>::call_once
[INFO] [stdout]                                at /rustc/e3feeb59cd1bdd011a2bfcc0747b55125d9b8527/library/alloc/src/boxed.rs:2314:9
[INFO] [stdout]   45:     0x5e9bee4d52df - <std[617be2ca0a6fd877]::sys::thread::unix::Thread>::new::thread_start
[INFO] [stdout]                                at /rustc/e3feeb59cd1bdd011a2bfcc0747b55125d9b8527/library/std/src/sys/thread/unix.rs:127:17
[INFO] [stdout]   46:     0x7c07eca05dfa - <unknown>
[INFO] [stdout]   47:     0x7c07eca993d4 - clone
[INFO] [stdout]   48:                0x0 - <unknown>
[INFO] [stdout] 
[INFO] [stdout] 
[INFO] [stdout] failures:
[INFO] [stdout]     tests::incremental::cargo_tracks_original_modules_and_recovers_after_removal
[INFO] [stdout] 
[INFO] [stdout] test result: FAILED. 41 passed; 1 failed; 0 ignored; 0 measured; 0 filtered out; finished in 97.78s
[INFO] [stdout] 
[INFO] [stderr] error: test failed, to rerun pass `--lib`
[INFO] running `Command { std: "docker" "inspect" "a66f81b24826dfc96a95bf534f2082048721b57d9cb396dcf22f0ce4c0ae53a9", kill_on_drop: false }`
[INFO] running `Command { std: "docker" "rm" "-f" "a66f81b24826dfc96a95bf534f2082048721b57d9cb396dcf22f0ce4c0ae53a9", kill_on_drop: false }`
[INFO] [stdout] a66f81b24826dfc96a95bf534f2082048721b57d9cb396dcf22f0ce4c0ae53a9
