[INFO] fetching crate coeus-dist 0.10.0...
[INFO] testing coeus-dist-0.10.0 against 1.100.0-beta.1 for beta-1.100-2
[INFO] extracting crate coeus-dist 0.10.0 into /workspace/builds/worker-2-tc2/source
[INFO] started tweaking crates.io crate coeus-dist 0.10.0
[INFO] removed 0 missing tests
[INFO] finished tweaking crates.io crate coeus-dist 0.10.0
[INFO] tweaked toml for crates.io crate coeus-dist 0.10.0 written to /workspace/builds/worker-2-tc2/source/Cargo.toml
[INFO] validating manifest of crates.io crate coeus-dist 0.10.0 on toolchain 1.100.0-beta.1
[INFO] running `Command { std: CARGO_HOME="/workspace/cargo-home" RUSTUP_HOME="/workspace/rustup-home" "/workspace/cargo-home/bin/cargo" "+1.100.0-beta.1" "metadata" "--manifest-path" "Cargo.toml" "--no-deps", kill_on_drop: false }`
[INFO] crate crates.io crate coeus-dist 0.10.0 already has a lockfile, it will not be regenerated
[INFO] running `Command { std: CARGO_HOME="/workspace/cargo-home" RUSTUP_HOME="/workspace/rustup-home" "/workspace/cargo-home/bin/cargo" "+1.100.0-beta.1" "fetch" "--manifest-path" "Cargo.toml", kill_on_drop: false }`
[INFO] running `Command { std: "docker" "create" "-v" "/var/lib/crater-agent-workspace/builds/worker-2-tc2/source:/opt/rustwide/workdir:ro,Z" "-v" "/var/lib/crater-agent-workspace/builds/worker-2-tc2/target:/opt/rustwide/target:rw,Z" "-v" "/var/lib/crater-agent-workspace/cargo-home:/opt/rustwide/cargo-home:ro,Z" "-v" "/var/lib/crater-agent-workspace/rustup-home:/opt/rustwide/rustup-home:ro,Z" "-m" "1610612736" "--network" "none" "ghcr.io/rust-lang/crates-build-env/linux@sha256:3111399a4047eeb3a02b7a90e478d715f38a8c6669b5c4b49d30a17385265909" "sleep" "infinity", kill_on_drop: false }`
[INFO] [stdout] 3a82b04e488f98983cac671e39a04bfd5064520797a291ebe9cf901e801a2135
[INFO] running `Command { std: "docker" "start" "3a82b04e488f98983cac671e39a04bfd5064520797a291ebe9cf901e801a2135", kill_on_drop: false }`
[INFO] running `Command { std: "docker" "inspect" "3a82b04e488f98983cac671e39a04bfd5064520797a291ebe9cf901e801a2135", kill_on_drop: false }`
[INFO] running `Command { std: "docker" "exec" "-e" "SOURCE_DIR=/opt/rustwide/workdir" "-e" "CARGO_HOME=/opt/rustwide/cargo-home" "-e" "RUSTUP_HOME=/opt/rustwide/rustup-home" "-e" "CARGO_TARGET_DIR=/opt/rustwide/target" "-w" "/opt/rustwide/workdir" "--user" "0:0" "3a82b04e488f98983cac671e39a04bfd5064520797a291ebe9cf901e801a2135" "/opt/rustwide/cargo-home/bin/cargo" "+1.100.0-beta.1" "metadata" "--no-deps" "--format-version=1", kill_on_drop: false }`
[INFO] running `Command { std: "docker" "inspect" "3a82b04e488f98983cac671e39a04bfd5064520797a291ebe9cf901e801a2135", kill_on_drop: false }`
[INFO] running `Command { std: "docker" "exec" "-e" "SOURCE_DIR=/opt/rustwide/workdir" "-e" "CARGO_HOME=/opt/rustwide/cargo-home" "-e" "RUSTUP_HOME=/opt/rustwide/rustup-home" "-e" "CARGO_TARGET_DIR=/opt/rustwide/target" "-e" "CARGO_INCREMENTAL=0" "-e" "RUST_BACKTRACE=full" "-e" "RUSTFLAGS=--cap-lints=warn" "-e" "RUSTDOCFLAGS=--cap-lints=warn" "-w" "/opt/rustwide/workdir" "--user" "0:0" "3a82b04e488f98983cac671e39a04bfd5064520797a291ebe9cf901e801a2135" "/opt/rustwide/cargo-home/bin/cargo" "+1.100.0-beta.1" "build" "--frozen" "--message-format=json", kill_on_drop: false }`
[INFO] [stderr]    Compiling simdutf8 v0.1.5
[INFO] [stderr]    Compiling libm v0.2.16
[INFO] [stderr]    Compiling memchr v2.8.3
[INFO] [stderr]    Compiling melinoe v0.9.0
[INFO] [stderr]    Compiling mnemosyne-build-util v0.2.0
[INFO] [stderr]    Compiling object v0.37.3
[INFO] [stderr]    Compiling mnemosyne-memory-core v0.2.0
[INFO] [stderr]    Compiling themis-topology v0.10.1
[INFO] [stderr]    Compiling gimli v0.32.3
[INFO] [stderr]    Compiling rustc-demangle v0.1.28
[INFO] [stderr]    Compiling miniz_oxide v0.8.9
[INFO] [stderr]    Compiling moirai-utils v0.5.0
[INFO] [stderr]    Compiling futures-sink v0.3.34
[INFO] [stderr]    Compiling moirai-pal v0.5.0
[INFO] [stderr]    Compiling syn v3.0.3
[INFO] [stderr]    Compiling munge_macro v0.4.7
[INFO] [stderr]    Compiling mnemosyne-prof v0.2.0
[INFO] [stderr]    Compiling mnemosyne-local v0.4.0
[INFO] [stderr]    Compiling num_cpus v1.17.0
[INFO] [stderr]    Compiling futures-core v0.3.34
[INFO] [stderr]    Compiling futures-task v0.3.34
[INFO] [stderr]    Compiling futures-channel v0.3.34
[INFO] [stderr]    Compiling moirai-executor v0.5.0
[INFO] [stderr]    Compiling futures-io v0.3.34
[INFO] [stderr]    Compiling slab v0.4.12
[INFO] [stderr]    Compiling serde_core v1.0.229
[INFO] [stderr]    Compiling thiserror v2.0.20
[INFO] [stderr]    Compiling mnemosyne-backend v0.5.0
[INFO] [stderr]    Compiling serde v1.0.229
[INFO] [stderr]    Compiling thiserror-impl v1.0.69
[INFO] [stderr]    Compiling moirai-async-macros v0.5.0
[INFO] [stderr]    Compiling socket2 v0.5.10
[INFO] [stderr]    Compiling hermes-simd-macros v0.6.0
[INFO] [stderr]    Compiling smallvec v1.15.2
[INFO] [stderr]    Compiling getrandom v0.4.3
[INFO] [stderr]    Compiling zerocopy v0.8.56
[INFO] [stderr]    Compiling rand_core v0.10.1
[INFO] [stderr]    Compiling zerocopy-derive v0.8.56
[INFO] [stderr]    Compiling parking_lot_core v0.9.12
[INFO] [stderr]    Compiling munge v0.4.7
[INFO] [stderr]    Compiling apollo-fft-macros v0.2.0
[INFO] [stderr]    Compiling rustc-hash v2.1.3
[INFO] [stderr]    Compiling parking_lot v0.12.5
[INFO] [stderr]    Compiling chacha20 v0.10.1
[INFO] [stderr]    Compiling rand v0.10.2
[INFO] [stderr]    Compiling thiserror v1.0.69
[INFO] [stderr]    Compiling addr2line v0.25.1
[INFO] [stderr]    Compiling ptr_meta_derive v0.3.2
[INFO] [stderr]    Compiling bytecheck_derive v0.8.3
[INFO] [stderr]    Compiling rkyv_derive v0.8.18
[INFO] [stderr]    Compiling bytemuck_derive v1.12.0
[INFO] [stderr]    Compiling futures-macro v0.3.34
[INFO] [stderr]    Compiling thiserror-impl v2.0.20
[INFO] [stderr]    Compiling serde_derive v1.0.229
[INFO] [stderr]    Compiling ptr_meta v0.3.2
[INFO] [stderr]    Compiling rancor v0.1.3
[INFO] [stderr]    Compiling bytecheck v0.8.3
[INFO] [stderr]    Compiling rend v0.5.4
[INFO] [stderr]    Compiling futures-util v0.3.34
[INFO] [stderr]    Compiling bytemuck v1.25.2
[INFO] [stderr]    Compiling backtrace v0.3.76
[INFO] [stderr]    Compiling futures-executor v0.3.34
[INFO] [stderr]    Compiling futures v0.3.34
[INFO] [stderr]    Compiling half v2.7.1
[INFO] [stderr]    Compiling rkyv v0.8.18
[INFO] [stderr]    Compiling eunomia v0.8.0
[INFO] [stderr]    Compiling mnemosyne-arena v0.4.0
[INFO] [stderr]    Compiling aequitas v0.2.0
[INFO] [stderr]    Compiling mnemosyne-decay v0.3.0
[INFO] [stderr]    Compiling mnemosyne-heap v0.4.0
[INFO] [stderr]    Compiling mnemosyne-memory v0.7.0
[INFO] [stderr]    Compiling moirai-core v0.5.0
[INFO] [stderr]    Compiling hermes-simd-core v0.6.0
[INFO] [stderr]    Compiling leto v0.42.0
[INFO] [stderr]    Compiling moirai-scheduler v0.5.0
[INFO] [stderr]    Compiling moirai-sync v0.5.0
[INFO] [stderr]    Compiling moirai-transport v0.5.0
[INFO] [stderr]    Compiling apollo-leto-interop v0.18.0
[INFO] [stderr]    Compiling moirai-parallel v0.5.0
[INFO] [stderr]    Compiling moirai-iter v0.5.0
[INFO] [stderr]    Compiling moirai-async v0.5.0
[INFO] [stderr]    Compiling hermes-simd-intrinsics v0.6.0
[INFO] [stderr]    Compiling moirai-runtime v0.5.0
[INFO] [stderr]    Compiling hermes-simd-types v0.6.0
[INFO] [stderr]    Compiling hermes-simd v0.6.0
[INFO] [stderr]    Compiling leto-ops v0.42.0
[INFO] [stderr]    Compiling coeus-core v0.10.0
[INFO] [stderr]    Compiling apollo-fft v0.26.0
[INFO] [stderr]    Compiling coeus-leto v0.10.0
[INFO] [stderr]    Compiling coeus-tensor v0.10.0
[INFO] [stderr]    Compiling coeus-sparse v0.10.0
[INFO] [stderr]    Compiling coeus-ops v0.10.0
[INFO] [stderr]    Compiling coeus-autograd v0.10.0
[INFO] [stderr]    Compiling coeus-dist v0.10.0 (/opt/rustwide/workdir)
[INFO] [stderr]     Finished `dev` profile [unoptimized + debuginfo] target(s) in 57.12s
[INFO] running `Command { std: "docker" "inspect" "3a82b04e488f98983cac671e39a04bfd5064520797a291ebe9cf901e801a2135", kill_on_drop: false }`
[INFO] running `Command { std: "docker" "exec" "-e" "SOURCE_DIR=/opt/rustwide/workdir" "-e" "CARGO_HOME=/opt/rustwide/cargo-home" "-e" "RUSTUP_HOME=/opt/rustwide/rustup-home" "-e" "CARGO_TARGET_DIR=/opt/rustwide/target" "-e" "CARGO_INCREMENTAL=0" "-e" "RUST_BACKTRACE=full" "-e" "RUSTFLAGS=--cap-lints=warn" "-e" "RUSTDOCFLAGS=--cap-lints=warn" "-w" "/opt/rustwide/workdir" "--user" "0:0" "3a82b04e488f98983cac671e39a04bfd5064520797a291ebe9cf901e801a2135" "/opt/rustwide/cargo-home/bin/cargo" "+1.100.0-beta.1" "test" "--frozen" "--no-run" "--message-format=json", kill_on_drop: false }`
[INFO] [stderr]    Compiling coeus-dist v0.10.0 (/opt/rustwide/workdir)
[INFO] [stderr]     Finished `test` profile [unoptimized + debuginfo] target(s) in 2.83s
[INFO] running `Command { std: "docker" "inspect" "3a82b04e488f98983cac671e39a04bfd5064520797a291ebe9cf901e801a2135", kill_on_drop: false }`
[INFO] running `Command { std: "docker" "exec" "-e" "SOURCE_DIR=/opt/rustwide/workdir" "-e" "CARGO_HOME=/opt/rustwide/cargo-home" "-e" "RUSTUP_HOME=/opt/rustwide/rustup-home" "-e" "CARGO_TARGET_DIR=/opt/rustwide/target" "-e" "CARGO_INCREMENTAL=0" "-e" "RUST_BACKTRACE=full" "-e" "RUSTFLAGS=--cap-lints=warn" "-e" "RUSTDOCFLAGS=--cap-lints=warn" "-w" "/opt/rustwide/workdir" "--user" "0:0" "3a82b04e488f98983cac671e39a04bfd5064520797a291ebe9cf901e801a2135" "/opt/rustwide/cargo-home/bin/cargo" "+1.100.0-beta.1" "test" "--frozen", kill_on_drop: false }`
[INFO] [stderr]     Finished `test` profile [unoptimized + debuginfo] target(s) in 0.18s
[INFO] [stderr]      Running unittests src/lib.rs (/opt/rustwide/target/debug/build/coeus-dist/2c6fd7a16b55f1e2/out/coeus_dist-2c6fd7a16b55f1e2)
[INFO] [stdout] 
[INFO] [stdout] running 0 tests
[INFO] [stdout] 
[INFO] [stdout] test result: ok. 0 passed; 0 failed; 0 ignored; 0 measured; 0 filtered out; finished in 0.00s
[INFO] [stdout] 
[INFO] [stderr]      Running tests/dist_ops.rs (/opt/rustwide/target/debug/build/coeus-dist/7cf9e837545db484/out/dist_ops-7cf9e837545db484)
[INFO] [stdout] 
[INFO] [stdout] running 64 tests
[INFO] [stdout] test local::collectives::test_local_broadcast_sliced ... ok
[INFO] [stdout] test local::collectives::test_local_broadcast ... ok
[INFO] [stdout] test local::collectives::test_gradient_synchronization ... ok
[INFO] [stdout] test local::collectives::test_local_all_reduce ... ok
[INFO] [stdout] test local::collectives::test_local_all_gather ... ok
[INFO] [stdout] test local::collectives::test_local_gather ... ok
[INFO] [stdout] test local::collectives::test_local_all_reduce_sliced ... ok
[INFO] [stdout] test local::collectives::test_local_scatter ... ok
[INFO] [stdout] test local::collectives::test_local_reduce ... ok
[INFO] [stdout] test local::reductions::test_local_all_reduce_min ... ok
[INFO] [stdout] test local::reductions::test_local_all_reduce_max ... ok
[INFO] [stdout] test local::reductions::test_local_all_reduce_product ... ok
[INFO] [stdout] test local::reductions::test_local_reduce_product_to_root ... ok
[INFO] [stdout] test local::errors::test_local_all_gather_zero_numel_output_len_mismatch_panics - should panic ... ok
[INFO] [stdout] test local::errors::test_local_broadcast_root_out_of_bounds_panics - should panic ... ok
[INFO] [stdout] test local::errors::test_local_all_gather_zero_numel_output_numel_mismatch_panics - should panic ... ok
[INFO] [stdout] test local::errors::test_local_reduce_root_out_of_bounds_panics - should panic ... ok
[INFO] [stdout] test local::errors::test_local_all_gather_mismatched_output_numel_panics - should panic ... ok
[INFO] [stdout] test local::errors::test_local_gather_mismatched_output_numel_panics - should panic ... ok
[INFO] [stdout] test local::errors::test_local_gather_zero_numel_output_numel_mismatch_panics - should panic ... ok
[INFO] [stdout] test local::errors::test_local_create_cluster_zero_world_size_panics - should panic ... ok
[INFO] [stdout] test local::errors::test_local_gather_root_out_of_bounds_panics - should panic ... ok
[INFO] [stdout] test local::errors::test_local_gather_zero_numel_output_len_mismatch_panics - should panic ... ok
[INFO] [stdout] test local::errors::test_local_scatter_zero_numel_input_len_mismatch_panics - should panic ... ok
[INFO] [stdout] test local::errors::test_local_scatter_root_out_of_bounds_panics - should panic ... ok
[INFO] [stdout] test local::errors::test_local_scatter_zero_numel_input_numel_mismatch_panics - should panic ... ok
[INFO] [stdout] test local::errors::test_local_scatter_mismatched_input_numel_panics - should panic ... ok
[INFO] [stdout] test tcp::errors::collective::test_tcp_all_gather_mismatched_output_numel_panics - should panic ... ok
[INFO] [stdout] test tcp::errors::collective::test_tcp_all_gather_zero_numel_output_len_mismatch_panics - should panic ... ok
[INFO] [stdout] test tcp::errors::collective::test_tcp_broadcast_root_out_of_bounds_panics - should panic ... ok
[INFO] [stdout] test tcp::errors::collective::test_tcp_all_gather_zero_numel_output_numel_mismatch_panics - should panic ... ok
[INFO] [stdout] test tcp::collectives::test_tcp_all_gather ... ok
[INFO] [stdout] test tcp::errors::collective::test_tcp_all_gather_mismatched_peer_numel_panics ... ok
[INFO] [stdout] test tcp::collectives::test_tcp_reduce ... ok
[INFO] [stdout] test tcp::errors::collective::test_tcp_gather_zero_numel_output_numel_mismatch_panics - should panic ... ok
[INFO] [stdout] test tcp::errors::collective::test_tcp_all_reduce_zero_numel_mismatched_numel_panics ... ok
[INFO] [stdout] test tcp::errors::collective::test_tcp_gather_mismatched_output_numel_panics - should panic ... ok
[INFO] [stdout] test tcp::errors::collective::test_tcp_reduce_root_out_of_bounds_panics - should panic ... ok
[INFO] [stdout] test tcp::errors::collective::test_tcp_gather_zero_numel_output_len_mismatch_panics - should panic ... ok
[INFO] [stdout] test tcp::errors::collective::test_tcp_gather_root_out_of_bounds_panics - should panic ... ok
[INFO] [stdout] test tcp::errors::collective::test_tcp_reduce_mismatched_numel_panics ... ok
[INFO] [stdout] test tcp::collectives::test_tcp_broadcast ... ok
[INFO] [stdout] test tcp::errors::mesh::test_tcp_mesh_new_addresses_len_mismatch_panics - should panic ... ok
[INFO] [stdout] test tcp::errors::mesh::test_tcp_mesh_new_rank_out_of_bounds_panics - should panic ... ok
[INFO] [stdout] test tcp::errors::mesh::test_tcp_mesh_new_zero_world_size_panics - should panic ... ok
[INFO] [stdout] test tcp::errors::collective::test_tcp_scatter_mismatched_input_numel_panics - should panic ... ok
[INFO] [stdout] test tcp::errors::collective::test_tcp_scatter_zero_numel_input_numel_mismatch_panics - should panic ... ok
[INFO] [stdout] test tcp::errors::collective::test_tcp_scatter_zero_numel_input_len_mismatch_panics - should panic ... ok
[INFO] [stdout] test tcp::errors::collective::test_tcp_scatter_mismatched_target_numel_panics ... ok
[INFO] [stdout] test tcp::errors::mesh::test_tcp_mesh_send_self_panics - should panic ... ok
[INFO] [stdout] test tcp::errors::collective::test_tcp_scatter_root_out_of_bounds_panics - should panic ... ok
[INFO] [stdout] test tcp::errors::mesh::test_tcp_mesh_recv_self_panics - should panic ... ok
[INFO] [stdout] test tcp::errors::mesh::test_tcp_mesh_recv_out_of_bounds_panics - should panic ... ok
[INFO] [stdout] test tcp::errors::mesh::test_tcp_mesh_send_out_of_bounds_panics - should panic ... ok
[INFO] [stdout] test tcp::collectives::test_tcp_scatter ... FAILED
[INFO] [stdout] test tcp::errors::collective::test_tcp_all_gather_zero_numel_mismatched_peer_numel_panics ... ok
[INFO] [stdout] test tcp::collectives::test_tcp_barrier ... ok
[INFO] [stdout] test tcp::errors::collective::test_tcp_gather_mismatched_peer_numel_panics ... ok
[INFO] [stdout] test tcp::collectives::test_tcp_all_reduce ... ok
[INFO] [stdout] test tcp::errors::collective::test_tcp_scatter_zero_numel_mismatched_target_numel_panics ... ok
[INFO] [stdout] test tcp::collectives::test_tcp_gather has been running for over 60 seconds
[INFO] [stdout] test tcp::errors::collective::test_tcp_all_reduce_mismatched_numel_panics has been running for over 60 seconds
[INFO] [stdout] test tcp::errors::collective::test_tcp_broadcast_mismatched_numel_panics has been running for over 60 seconds
[INFO] [stdout] test tcp::errors::collective::test_tcp_gather_zero_numel_mismatched_peer_numel_panics has been running for over 60 seconds
[INFO] [stdout] test tcp::errors::collective::test_tcp_broadcast_mismatched_numel_panics ... ok
[INFO] [stdout] test tcp::errors::collective::test_tcp_all_reduce_mismatched_numel_panics ... ok
[INFO] [stdout] test tcp::collectives::test_tcp_gather ... ok
[INFO] [stdout] test tcp::errors::collective::test_tcp_gather_zero_numel_mismatched_peer_numel_panics ... ok
[INFO] [stdout] 
[INFO] [stdout] failures:
[INFO] [stdout] 
[INFO] [stdout] ---- tcp::collectives::test_tcp_scatter stdout ----
[INFO] [stdout] 
[INFO] [stdout] thread '<unnamed>' (1793) panicked at src/tcp/mesh.rs:262:41:
[INFO] [stdout] recv from peer 0 timed out
[INFO] [stdout] stack backtrace:
[INFO] [stdout]    0:     0x563fa735c091 - std[617be2ca0a6fd877]::backtrace_rs::backtrace::libunwind::trace
[INFO] [stdout]                                at /rustc/e3feeb59cd1bdd011a2bfcc0747b55125d9b8527/library/std/src/../../backtrace/src/backtrace/libunwind.rs:117:9
[INFO] [stdout]    1:     0x563fa735c091 - std[617be2ca0a6fd877]::backtrace_rs::backtrace::trace_unsynchronized::<std[617be2ca0a6fd877]::sys::backtrace::_print_fmt::{closure#1}>
[INFO] [stdout]                                at /rustc/e3feeb59cd1bdd011a2bfcc0747b55125d9b8527/library/std/src/../../backtrace/src/backtrace/mod.rs:66:14
[INFO] [stdout]    2:     0x563fa735c091 - std[617be2ca0a6fd877]::sys::backtrace::_print_fmt
[INFO] [stdout]                                at /rustc/e3feeb59cd1bdd011a2bfcc0747b55125d9b8527/library/std/src/sys/backtrace.rs:74:9
[INFO] [stdout]    3:     0x563fa735c091 - <<std[617be2ca0a6fd877]::sys::backtrace::BacktraceLock>::print::DisplayBacktrace as core[a373ad73a504971]::fmt::Display>::fmt
[INFO] [stdout]                                at /rustc/e3feeb59cd1bdd011a2bfcc0747b55125d9b8527/library/std/src/sys/backtrace.rs:44:26
[INFO] [stdout]    4:     0x563fa73727ca - <core[a373ad73a504971]::fmt::rt::Argument>::fmt
[INFO] [stdout]                                at /rustc/e3feeb59cd1bdd011a2bfcc0747b55125d9b8527/library/core/src/fmt/rt.rs:152:76
[INFO] [stdout]    5:     0x563fa73727ca - core[a373ad73a504971]::fmt::write
[INFO] [stdout]    6:     0x563fa73609cc - core[a373ad73a504971]::io::write::default_write_fmt::<alloc[2e1b2a31b91974c5]::vec::Vec<u8>>
[INFO] [stdout]                                at /rustc/e3feeb59cd1bdd011a2bfcc0747b55125d9b8527/library/core/src/io/write.rs:402:11
[INFO] [stdout]    7:     0x563fa73609cc - <alloc[2e1b2a31b91974c5]::vec::Vec<u8> as core[a373ad73a504971]::io::write::Write>::write_fmt
[INFO] [stdout]                                at /rustc/e3feeb59cd1bdd011a2bfcc0747b55125d9b8527/library/core/src/io/write.rs:335:13
[INFO] [stdout]    8:     0x563fa73365e6 - <std[617be2ca0a6fd877]::sys::backtrace::BacktraceLock>::print
[INFO] [stdout]                                at /rustc/e3feeb59cd1bdd011a2bfcc0747b55125d9b8527/library/std/src/sys/backtrace.rs:47:9
[INFO] [stdout]    9:     0x563fa73365e6 - std[617be2ca0a6fd877]::panicking::default_hook::{closure#0}
[INFO] [stdout]                                at /rustc/e3feeb59cd1bdd011a2bfcc0747b55125d9b8527/library/std/src/panicking.rs:289:27
[INFO] [stdout]   10:     0x563fa73535f9 - std[617be2ca0a6fd877]::panicking::default_hook
[INFO] [stdout]                                at /rustc/e3feeb59cd1bdd011a2bfcc0747b55125d9b8527/library/std/src/panicking.rs:313:9
[INFO] [stdout]   11:     0x563fa720e660 - <alloc[2e1b2a31b91974c5]::boxed::Box<dyn for<'a, 'b> core[a373ad73a504971]::ops::function::Fn<(&'a std[617be2ca0a6fd877]::panic::PanicHookInfo<'b>,), Output = ()> + core[a373ad73a504971]::marker::Sync + core[a373ad73a504971]::marker::Send> as core[a373ad73a504971]::ops::function::Fn<(&std[617be2ca0a6fd877]::panic::PanicHookInfo,)>>::call
[INFO] [stdout]                                at /rustc/e3feeb59cd1bdd011a2bfcc0747b55125d9b8527/library/alloc/src/boxed.rs:2328:9
[INFO] [stdout]   12:     0x563fa720e660 - test[aada8e7e76ba119b]::test_main_inner::{closure#0}
[INFO] [stdout]                                at /rustc/e3feeb59cd1bdd011a2bfcc0747b55125d9b8527/library/test/src/lib.rs:137:21
[INFO] [stdout]   13:     0x563fa7353922 - <alloc[2e1b2a31b91974c5]::boxed::Box<dyn for<'a, 'b> core[a373ad73a504971]::ops::function::Fn<(&'a std[617be2ca0a6fd877]::panic::PanicHookInfo<'b>,), Output = ()> + core[a373ad73a504971]::marker::Sync + core[a373ad73a504971]::marker::Send> as core[a373ad73a504971]::ops::function::Fn<(&std[617be2ca0a6fd877]::panic::PanicHookInfo,)>>::call
[INFO] [stdout]                                at /rustc/e3feeb59cd1bdd011a2bfcc0747b55125d9b8527/library/alloc/src/boxed.rs:2328:9
[INFO] [stdout]   14:     0x563fa7353922 - std[617be2ca0a6fd877]::panicking::panic_with_hook
[INFO] [stdout]                                at /rustc/e3feeb59cd1bdd011a2bfcc0747b55125d9b8527/library/std/src/panicking.rs:819:13
[INFO] [stdout]   15:     0x563fa7336692 - std[617be2ca0a6fd877]::panicking::panic_handler::{closure#0}
[INFO] [stdout]                                at /rustc/e3feeb59cd1bdd011a2bfcc0747b55125d9b8527/library/std/src/panicking.rs:685:13
[INFO] [stdout]   16:     0x563fa732f0c9 - std[617be2ca0a6fd877]::sys::backtrace::__rust_end_short_backtrace::<std[617be2ca0a6fd877]::panicking::panic_handler::{closure#0}, !>
[INFO] [stdout]                                at /rustc/e3feeb59cd1bdd011a2bfcc0747b55125d9b8527/library/std/src/sys/backtrace.rs:182:18
[INFO] [stdout]   17:     0x563fa733748d - __rustc[ea4f61d10b84890b]::rust_begin_unwind
[INFO] [stdout]                                at /rustc/e3feeb59cd1bdd011a2bfcc0747b55125d9b8527/library/std/src/panicking.rs:676:5
[INFO] [stdout]   18:     0x563fa7372fbc - core[a373ad73a504971]::panicking::panic_fmt
[INFO] [stdout]                                at /rustc/e3feeb59cd1bdd011a2bfcc0747b55125d9b8527/library/core/src/panicking.rs:80:14
[INFO] [stdout]   19:     0x563fa7246ea2 - <coeus_dist[cb9d51fc62bc6f8b]::tcp::mesh::TcpMesh>::recv::{closure#0}::{closure#0}
[INFO] [stdout]                                at /opt/rustwide/workdir/src/tcp/mesh.rs:262:41
[INFO] [stdout]   20:     0x563fa724233e - <core[a373ad73a504971]::result::Result<core[a373ad73a504971]::result::Result<(), core[a373ad73a504971]::io::error::Error>, moirai_async[d976683308ec85c9]::timer::timeout::TimeoutError>>::unwrap_or_else::<<coeus_dist[cb9d51fc62bc6f8b]::tcp::mesh::TcpMesh>::recv::{closure#0}::{closure#0}>
[INFO] [stdout]                                at /rustc/e3feeb59cd1bdd011a2bfcc0747b55125d9b8527/library/core/src/result.rs:1619:23
[INFO] [stdout]   21:     0x563fa7249a17 - <coeus_dist[cb9d51fc62bc6f8b]::tcp::mesh::TcpMesh>::recv::{closure#0}
[INFO] [stdout]                                at /opt/rustwide/workdir/src/tcp/mesh.rs:262:22
[INFO] [stdout]   22:     0x563fa7250e21 - moirai_executor[b609c620366d97f8]::schedule::wake::block_on_current_thread::<<coeus_dist[cb9d51fc62bc6f8b]::tcp::mesh::TcpMesh>::recv::{closure#0}>
[INFO] [stdout]                                at /opt/rustwide/cargo-home/registry/src/index.crates.io-1949cf8c6b5b557f/moirai-executor-0.5.0/src/schedule/wake/mod.rs:39:31
[INFO] [stdout]   23:     0x563fa7251482 - <moirai_executor[b609c620366d97f8]::hybrid::HybridExecutor as moirai_core[6795d86f7a781de9]::executor::control::ExecutorControl>::block_on::<<coeus_dist[cb9d51fc62bc6f8b]::tcp::mesh::TcpMesh>::recv::{closure#0}>
[INFO] [stdout]                                at /opt/rustwide/cargo-home/registry/src/index.crates.io-1949cf8c6b5b557f/moirai-executor-0.5.0/src/hybrid/control.rs:15:9
[INFO] [stdout]   24:     0x563fa724f5b1 - <moirai[f51399c070f314f6]::runtime::Moirai>::block_on::<<coeus_dist[cb9d51fc62bc6f8b]::tcp::mesh::TcpMesh>::recv::{closure#0}>
[INFO] [stdout]                                at /opt/rustwide/cargo-home/registry/src/index.crates.io-1949cf8c6b5b557f/moirai-runtime-0.5.0/src/runtime.rs:262:23
[INFO] [stdout]   25:     0x563fa71c57c9 - <coeus_dist[cb9d51fc62bc6f8b]::tcp::mesh::TcpMesh>::recv
[INFO] [stdout]                                at /opt/rustwide/workdir/src/tcp/mesh.rs:258:22
[INFO] [stdout]   26:     0x563fa71e4e40 - <coeus_dist[cb9d51fc62bc6f8b]::tcp::collectives::TcpCommunicator>::rooted_numel_handshake
[INFO] [stdout]                                at /opt/rustwide/workdir/src/tcp/collectives.rs:85:23
[INFO] [stdout]   27:     0x563fa71e0dec - <coeus_dist[cb9d51fc62bc6f8b]::tcp::collectives::TcpCommunicator as coeus_dist[cb9d51fc62bc6f8b]::communicator::Communicator>::scatter::<f32, coeus_core[a1fbf3b2d33ff1b8]::backend::sequential::SequentialBackend>
[INFO] [stdout]                                at /opt/rustwide/workdir/src/tcp/collectives.rs:340:14
[INFO] [stdout]   28:     0x563fa71d6922 - dist_ops[1b2f0ebf8316ca2f]::tcp::collectives::test_tcp_scatter::{closure#0}
[INFO] [stdout]                                at /opt/rustwide/workdir/tests/distributed/tcp/collectives.rs:212:18
[INFO] [stdout]   29:     0x563fa71a7596 - std[617be2ca0a6fd877]::sys::backtrace::__rust_begin_short_backtrace::<dist_ops[1b2f0ebf8316ca2f]::tcp::collectives::test_tcp_scatter::{closure#0}, ()>
[INFO] [stdout]                                at /rustc/e3feeb59cd1bdd011a2bfcc0747b55125d9b8527/library/std/src/sys/backtrace.rs:166:18
[INFO] [stdout]   30:     0x563fa71a3882 - std[617be2ca0a6fd877]::thread::lifecycle::spawn_unchecked::<dist_ops[1b2f0ebf8316ca2f]::tcp::collectives::test_tcp_scatter::{closure#0}, ()>::{closure#1}::{closure#0}
[INFO] [stdout]                                at /rustc/e3feeb59cd1bdd011a2bfcc0747b55125d9b8527/library/std/src/thread/lifecycle.rs:70:13
[INFO] [stdout]   31:     0x563fa71afaa0 - <core[a373ad73a504971]::panic::unwind_safe::AssertUnwindSafe<std[617be2ca0a6fd877]::thread::lifecycle::spawn_unchecked<dist_ops[1b2f0ebf8316ca2f]::tcp::collectives::test_tcp_scatter::{closure#0}, ()>::{closure#1}::{closure#0}> as core[a373ad73a504971]::ops::function::FnOnce<()>>::call_once
[INFO] [stdout]                                at /rustc/e3feeb59cd1bdd011a2bfcc0747b55125d9b8527/library/core/src/panic/unwind_safe.rs:275:9
[INFO] [stdout]   32:     0x563fa71ee271 - std[617be2ca0a6fd877]::panicking::catch_unwind::do_call::<core[a373ad73a504971]::panic::unwind_safe::AssertUnwindSafe<std[617be2ca0a6fd877]::thread::lifecycle::spawn_unchecked<dist_ops[1b2f0ebf8316ca2f]::tcp::collectives::test_tcp_scatter::{closure#0}, ()>::{closure#1}::{closure#0}>, ()>
[INFO] [stdout]                                at /rustc/e3feeb59cd1bdd011a2bfcc0747b55125d9b8527/library/std/src/panicking.rs:573:43
[INFO] [stdout]   33:     0x563fa71a645b - __rust_try
[INFO] [stdout]   34:     0x563fa719dedf - std[617be2ca0a6fd877]::panicking::catch_unwind::<(), core[a373ad73a504971]::panic::unwind_safe::AssertUnwindSafe<std[617be2ca0a6fd877]::thread::lifecycle::spawn_unchecked<dist_ops[1b2f0ebf8316ca2f]::tcp::collectives::test_tcp_scatter::{closure#0}, ()>::{closure#1}::{closure#0}>>
[INFO] [stdout]                                at /rustc/e3feeb59cd1bdd011a2bfcc0747b55125d9b8527/library/std/src/panicking.rs:541:19
[INFO] [stdout]   35:     0x563fa719dedf - std[617be2ca0a6fd877]::panic::catch_unwind::<core[a373ad73a504971]::panic::unwind_safe::AssertUnwindSafe<std[617be2ca0a6fd877]::thread::lifecycle::spawn_unchecked<dist_ops[1b2f0ebf8316ca2f]::tcp::collectives::test_tcp_scatter::{closure#0}, ()>::{closure#1}::{closure#0}>, ()>
[INFO] [stdout]                                at /rustc/e3feeb59cd1bdd011a2bfcc0747b55125d9b8527/library/std/src/panic.rs:359:14
[INFO] [stdout]   36:     0x563fa719dedf - std[617be2ca0a6fd877]::thread::lifecycle::spawn_unchecked::<dist_ops[1b2f0ebf8316ca2f]::tcp::collectives::test_tcp_scatter::{closure#0}, ()>::{closure#1}
[INFO] [stdout]                                at /rustc/e3feeb59cd1bdd011a2bfcc0747b55125d9b8527/library/std/src/thread/lifecycle.rs:68:26
[INFO] [stdout]   37:     0x563fa71b8d2e - <std[617be2ca0a6fd877]::thread::lifecycle::spawn_unchecked<dist_ops[1b2f0ebf8316ca2f]::tcp::collectives::test_tcp_scatter::{closure#0}, ()>::{closure#1} as core[a373ad73a504971]::ops::function::FnOnce<()>>::call_once::{shim:vtable#0}
[INFO] [stdout]                                at /rustc/e3feeb59cd1bdd011a2bfcc0747b55125d9b8527/library/core/src/ops/function.rs:250:5
[INFO] [stdout]   38:     0x563fa735addf - <alloc[2e1b2a31b91974c5]::boxed::Box<dyn core[a373ad73a504971]::ops::function::FnOnce<(), Output = ()> + core[a373ad73a504971]::marker::Send> as core[a373ad73a504971]::ops::function::FnOnce<()>>::call_once
[INFO] [stdout]                                at /rustc/e3feeb59cd1bdd011a2bfcc0747b55125d9b8527/library/alloc/src/boxed.rs:2314:9
[INFO] [stdout]   39:     0x563fa735addf - <std[617be2ca0a6fd877]::sys::thread::unix::Thread>::new::thread_start
[INFO] [stdout]                                at /rustc/e3feeb59cd1bdd011a2bfcc0747b55125d9b8527/library/std/src/sys/thread/unix.rs:127:17
[INFO] [stdout]   40:     0x76cb42589dfa - <unknown>
[INFO] [stdout]   41:     0x76cb4261d3d4 - clone
[INFO] [stdout]   42:                0x0 - <unknown>
[INFO] [stdout] 
[INFO] [stdout] thread 'tcp::collectives::test_tcp_scatter' (1730) panicked at tests/distributed/tcp/collectives.rs:220:18:
[INFO] [stdout] called `Result::unwrap()` on an `Err` value: Any { .. }
[INFO] [stdout] stack backtrace:
[INFO] [stdout]    0:     0x563fa735c091 - std[617be2ca0a6fd877]::backtrace_rs::backtrace::libunwind::trace
[INFO] [stdout]                                at /rustc/e3feeb59cd1bdd011a2bfcc0747b55125d9b8527/library/std/src/../../backtrace/src/backtrace/libunwind.rs:117:9
[INFO] [stdout]    1:     0x563fa735c091 - std[617be2ca0a6fd877]::backtrace_rs::backtrace::trace_unsynchronized::<std[617be2ca0a6fd877]::sys::backtrace::_print_fmt::{closure#1}>
[INFO] [stdout]                                at /rustc/e3feeb59cd1bdd011a2bfcc0747b55125d9b8527/library/std/src/../../backtrace/src/backtrace/mod.rs:66:14
[INFO] [stdout]    2:     0x563fa735c091 - std[617be2ca0a6fd877]::sys::backtrace::_print_fmt
[INFO] [stdout]                                at /rustc/e3feeb59cd1bdd011a2bfcc0747b55125d9b8527/library/std/src/sys/backtrace.rs:74:9
[INFO] [stdout]    3:     0x563fa735c091 - <<std[617be2ca0a6fd877]::sys::backtrace::BacktraceLock>::print::DisplayBacktrace as core[a373ad73a504971]::fmt::Display>::fmt
[INFO] [stdout]                                at /rustc/e3feeb59cd1bdd011a2bfcc0747b55125d9b8527/library/std/src/sys/backtrace.rs:44:26
[INFO] [stdout]    4:     0x563fa73727ca - <core[a373ad73a504971]::fmt::rt::Argument>::fmt
[INFO] [stdout]                                at /rustc/e3feeb59cd1bdd011a2bfcc0747b55125d9b8527/library/core/src/fmt/rt.rs:152:76
[INFO] [stdout]    5:     0x563fa73727ca - core[a373ad73a504971]::fmt::write
[INFO] [stdout]    6:     0x563fa73609cc - core[a373ad73a504971]::io::write::default_write_fmt::<alloc[2e1b2a31b91974c5]::vec::Vec<u8>>
[INFO] [stdout]                                at /rustc/e3feeb59cd1bdd011a2bfcc0747b55125d9b8527/library/core/src/io/write.rs:402:11
[INFO] [stdout]    7:     0x563fa73609cc - <alloc[2e1b2a31b91974c5]::vec::Vec<u8> as core[a373ad73a504971]::io::write::Write>::write_fmt
[INFO] [stdout]                                at /rustc/e3feeb59cd1bdd011a2bfcc0747b55125d9b8527/library/core/src/io/write.rs:335:13
[INFO] [stdout]    8:     0x563fa73365e6 - <std[617be2ca0a6fd877]::sys::backtrace::BacktraceLock>::print
[INFO] [stdout]                                at /rustc/e3feeb59cd1bdd011a2bfcc0747b55125d9b8527/library/std/src/sys/backtrace.rs:47:9
[INFO] [stdout]    9:     0x563fa73365e6 - std[617be2ca0a6fd877]::panicking::default_hook::{closure#0}
[INFO] [stdout]                                at /rustc/e3feeb59cd1bdd011a2bfcc0747b55125d9b8527/library/std/src/panicking.rs:289:27
[INFO] [stdout]   10:     0x563fa73535f9 - std[617be2ca0a6fd877]::panicking::default_hook
[INFO] [stdout]                                at /rustc/e3feeb59cd1bdd011a2bfcc0747b55125d9b8527/library/std/src/panicking.rs:313:9
[INFO] [stdout]   11:     0x563fa720e660 - <alloc[2e1b2a31b91974c5]::boxed::Box<dyn for<'a, 'b> core[a373ad73a504971]::ops::function::Fn<(&'a std[617be2ca0a6fd877]::panic::PanicHookInfo<'b>,), Output = ()> + core[a373ad73a504971]::marker::Sync + core[a373ad73a504971]::marker::Send> as core[a373ad73a504971]::ops::function::Fn<(&std[617be2ca0a6fd877]::panic::PanicHookInfo,)>>::call
[INFO] [stdout]                                at /rustc/e3feeb59cd1bdd011a2bfcc0747b55125d9b8527/library/alloc/src/boxed.rs:2328:9
[INFO] [stdout]   12:     0x563fa720e660 - test[aada8e7e76ba119b]::test_main_inner::{closure#0}
[INFO] [stdout]                                at /rustc/e3feeb59cd1bdd011a2bfcc0747b55125d9b8527/library/test/src/lib.rs:137:21
[INFO] [stdout]   13:     0x563fa7353922 - <alloc[2e1b2a31b91974c5]::boxed::Box<dyn for<'a, 'b> core[a373ad73a504971]::ops::function::Fn<(&'a std[617be2ca0a6fd877]::panic::PanicHookInfo<'b>,), Output = ()> + core[a373ad73a504971]::marker::Sync + core[a373ad73a504971]::marker::Send> as core[a373ad73a504971]::ops::function::Fn<(&std[617be2ca0a6fd877]::panic::PanicHookInfo,)>>::call
[INFO] [stdout]                                at /rustc/e3feeb59cd1bdd011a2bfcc0747b55125d9b8527/library/alloc/src/boxed.rs:2328:9
[INFO] [stdout]   14:     0x563fa7353922 - std[617be2ca0a6fd877]::panicking::panic_with_hook
[INFO] [stdout]                                at /rustc/e3feeb59cd1bdd011a2bfcc0747b55125d9b8527/library/std/src/panicking.rs:819:13
[INFO] [stdout]   15:     0x563fa7336692 - std[617be2ca0a6fd877]::panicking::panic_handler::{closure#0}
[INFO] [stdout]                                at /rustc/e3feeb59cd1bdd011a2bfcc0747b55125d9b8527/library/std/src/panicking.rs:685:13
[INFO] [stdout]   16:     0x563fa732f0c9 - std[617be2ca0a6fd877]::sys::backtrace::__rust_end_short_backtrace::<std[617be2ca0a6fd877]::panicking::panic_handler::{closure#0}, !>
[INFO] [stdout]                                at /rustc/e3feeb59cd1bdd011a2bfcc0747b55125d9b8527/library/std/src/sys/backtrace.rs:182:18
[INFO] [stdout]   17:     0x563fa733748d - __rustc[ea4f61d10b84890b]::rust_begin_unwind
[INFO] [stdout]                                at /rustc/e3feeb59cd1bdd011a2bfcc0747b55125d9b8527/library/std/src/panicking.rs:676:5
[INFO] [stdout]   18:     0x563fa7372fbc - core[a373ad73a504971]::panicking::panic_fmt
[INFO] [stdout]                                at /rustc/e3feeb59cd1bdd011a2bfcc0747b55125d9b8527/library/core/src/panicking.rs:80:14
[INFO] [stdout]   19:     0x563fa7372d12 - core[a373ad73a504971]::result::unwrap_failed
[INFO] [stdout]                                at /rustc/e3feeb59cd1bdd011a2bfcc0747b55125d9b8527/library/core/src/result.rs:1870:5
[INFO] [stdout]   20:     0x563fa71da1f7 - <core[a373ad73a504971]::result::Result<(), alloc[2e1b2a31b91974c5]::boxed::Box<dyn core[a373ad73a504971]::any::Any + core[a373ad73a504971]::marker::Send>>>::unwrap
[INFO] [stdout]                                at /rustc/e3feeb59cd1bdd011a2bfcc0747b55125d9b8527/library/core/src/result.rs:1232:23
[INFO] [stdout]   21:     0x563fa71da1f7 - dist_ops[1b2f0ebf8316ca2f]::tcp::collectives::test_tcp_scatter
[INFO] [stdout]                                at /opt/rustwide/workdir/tests/distributed/tcp/collectives.rs:220:18
[INFO] [stdout]   22:     0x563fa71d5ab7 - dist_ops[1b2f0ebf8316ca2f]::tcp::collectives::test_tcp_scatter::{closure#0}
[INFO] [stdout]                                at /opt/rustwide/workdir/tests/distributed/tcp/collectives.rs:191:22
[INFO] [stdout]   23:     0x563fa71be726 - <dist_ops[1b2f0ebf8316ca2f]::tcp::collectives::test_tcp_scatter::{closure#0} as core[a373ad73a504971]::ops::function::FnOnce<()>>::call_once
[INFO] [stdout]                                at /rustc/e3feeb59cd1bdd011a2bfcc0747b55125d9b8527/library/core/src/ops/function.rs:250:5
[INFO] [stdout]   24:     0x563fa7201aab - <fn() -> core[a373ad73a504971]::result::Result<(), alloc[2e1b2a31b91974c5]::string::String> as core[a373ad73a504971]::ops::function::FnOnce<()>>::call_once
[INFO] [stdout]                                at /rustc/e3feeb59cd1bdd011a2bfcc0747b55125d9b8527/library/core/src/ops/function.rs:250:5
[INFO] [stdout]   25:     0x563fa7201aab - test[aada8e7e76ba119b]::__rust_begin_short_backtrace::<core[a373ad73a504971]::result::Result<(), alloc[2e1b2a31b91974c5]::string::String>, fn() -> core[a373ad73a504971]::result::Result<(), alloc[2e1b2a31b91974c5]::string::String>>
[INFO] [stdout]                                at /rustc/e3feeb59cd1bdd011a2bfcc0747b55125d9b8527/library/test/src/lib.rs:701:18
[INFO] [stdout]   26:     0x563fa720ec85 - test[aada8e7e76ba119b]::run_test_in_process::{closure#0}
[INFO] [stdout]                                at /rustc/e3feeb59cd1bdd011a2bfcc0747b55125d9b8527/library/test/src/lib.rs:724:74
[INFO] [stdout]   27:     0x563fa720ec85 - <core[a373ad73a504971]::panic::unwind_safe::AssertUnwindSafe<test[aada8e7e76ba119b]::run_test_in_process::{closure#0}> as core[a373ad73a504971]::ops::function::FnOnce<()>>::call_once
[INFO] [stdout]                                at /rustc/e3feeb59cd1bdd011a2bfcc0747b55125d9b8527/library/core/src/panic/unwind_safe.rs:275:9
[INFO] [stdout]   28:     0x563fa720ec85 - std[617be2ca0a6fd877]::panicking::catch_unwind::do_call::<core[a373ad73a504971]::panic::unwind_safe::AssertUnwindSafe<test[aada8e7e76ba119b]::run_test_in_process::{closure#0}>, core[a373ad73a504971]::result::Result<(), alloc[2e1b2a31b91974c5]::string::String>>
[INFO] [stdout]                                at /rustc/e3feeb59cd1bdd011a2bfcc0747b55125d9b8527/library/std/src/panicking.rs:573:43
[INFO] [stdout]   29:     0x563fa720ec85 - std[617be2ca0a6fd877]::panicking::catch_unwind::<core[a373ad73a504971]::result::Result<(), alloc[2e1b2a31b91974c5]::string::String>, core[a373ad73a504971]::panic::unwind_safe::AssertUnwindSafe<test[aada8e7e76ba119b]::run_test_in_process::{closure#0}>>
[INFO] [stdout]                                at /rustc/e3feeb59cd1bdd011a2bfcc0747b55125d9b8527/library/std/src/panicking.rs:541:19
[INFO] [stdout]   30:     0x563fa720ec85 - std[617be2ca0a6fd877]::panic::catch_unwind::<core[a373ad73a504971]::panic::unwind_safe::AssertUnwindSafe<test[aada8e7e76ba119b]::run_test_in_process::{closure#0}>, core[a373ad73a504971]::result::Result<(), alloc[2e1b2a31b91974c5]::string::String>>
[INFO] [stdout]                                at /rustc/e3feeb59cd1bdd011a2bfcc0747b55125d9b8527/library/std/src/panic.rs:359:14
[INFO] [stdout]   31:     0x563fa720ec85 - test[aada8e7e76ba119b]::run_test_in_process
[INFO] [stdout]                                at /rustc/e3feeb59cd1bdd011a2bfcc0747b55125d9b8527/library/test/src/lib.rs:724:27
[INFO] [stdout]   32:     0x563fa720ec85 - test[aada8e7e76ba119b]::run_test::{closure#0}
[INFO] [stdout]                                at /rustc/e3feeb59cd1bdd011a2bfcc0747b55125d9b8527/library/test/src/lib.rs:645:43
[INFO] [stdout]   33:     0x563fa7208574 - test[aada8e7e76ba119b]::run_test::{closure#1}
[INFO] [stdout]                                at /rustc/e3feeb59cd1bdd011a2bfcc0747b55125d9b8527/library/test/src/lib.rs:675:41
[INFO] [stdout]   34:     0x563fa7208574 - std[617be2ca0a6fd877]::sys::backtrace::__rust_begin_short_backtrace::<test[aada8e7e76ba119b]::run_test::{closure#1}, ()>
[INFO] [stdout]                                at /rustc/e3feeb59cd1bdd011a2bfcc0747b55125d9b8527/library/std/src/sys/backtrace.rs:166:18
[INFO] [stdout]   35:     0x563fa7211d12 - std[617be2ca0a6fd877]::thread::lifecycle::spawn_unchecked::<test[aada8e7e76ba119b]::run_test::{closure#1}, ()>::{closure#1}::{closure#0}
[INFO] [stdout]                                at /rustc/e3feeb59cd1bdd011a2bfcc0747b55125d9b8527/library/std/src/thread/lifecycle.rs:70:13
[INFO] [stdout]   36:     0x563fa7211d12 - <core[a373ad73a504971]::panic::unwind_safe::AssertUnwindSafe<std[617be2ca0a6fd877]::thread::lifecycle::spawn_unchecked<test[aada8e7e76ba119b]::run_test::{closure#1}, ()>::{closure#1}::{closure#0}> as core[a373ad73a504971]::ops::function::FnOnce<()>>::call_once
[INFO] [stdout]                                at /rustc/e3feeb59cd1bdd011a2bfcc0747b55125d9b8527/library/core/src/panic/unwind_safe.rs:275:9
[INFO] [stdout]   37:     0x563fa7211d12 - std[617be2ca0a6fd877]::panicking::catch_unwind::do_call::<core[a373ad73a504971]::panic::unwind_safe::AssertUnwindSafe<std[617be2ca0a6fd877]::thread::lifecycle::spawn_unchecked<test[aada8e7e76ba119b]::run_test::{closure#1}, ()>::{closure#1}::{closure#0}>, ()>
[INFO] [stdout]                                at /rustc/e3feeb59cd1bdd011a2bfcc0747b55125d9b8527/library/std/src/panicking.rs:573:43
[INFO] [stdout]   38:     0x563fa7211d12 - std[617be2ca0a6fd877]::panicking::catch_unwind::<(), core[a373ad73a504971]::panic::unwind_safe::AssertUnwindSafe<std[617be2ca0a6fd877]::thread::lifecycle::spawn_unchecked<test[aada8e7e76ba119b]::run_test::{closure#1}, ()>::{closure#1}::{closure#0}>>
[INFO] [stdout]                                at /rustc/e3feeb59cd1bdd011a2bfcc0747b55125d9b8527/library/std/src/panicking.rs:541:19
[INFO] [stdout]   39:     0x563fa7211d12 - std[617be2ca0a6fd877]::panic::catch_unwind::<core[a373ad73a504971]::panic::unwind_safe::AssertUnwindSafe<std[617be2ca0a6fd877]::thread::lifecycle::spawn_unchecked<test[aada8e7e76ba119b]::run_test::{closure#1}, ()>::{closure#1}::{closure#0}>, ()>
[INFO] [stdout]                                at /rustc/e3feeb59cd1bdd011a2bfcc0747b55125d9b8527/library/std/src/panic.rs:359:14
[INFO] [stdout]   40:     0x563fa7211d12 - std[617be2ca0a6fd877]::thread::lifecycle::spawn_unchecked::<test[aada8e7e76ba119b]::run_test::{closure#1}, ()>::{closure#1}
[INFO] [stdout]                                at /rustc/e3feeb59cd1bdd011a2bfcc0747b55125d9b8527/library/std/src/thread/lifecycle.rs:68:26
[INFO] [stdout]   41:     0x563fa7211d12 - <std[617be2ca0a6fd877]::thread::lifecycle::spawn_unchecked<test[aada8e7e76ba119b]::run_test::{closure#1}, ()>::{closure#1} as core[a373ad73a504971]::ops::function::FnOnce<()>>::call_once::{shim:vtable#0}
[INFO] [stdout]                                at /rustc/e3feeb59cd1bdd011a2bfcc0747b55125d9b8527/library/core/src/ops/function.rs:250:5
[INFO] [stdout]   42:     0x563fa735addf - <alloc[2e1b2a31b91974c5]::boxed::Box<dyn core[a373ad73a504971]::ops::function::FnOnce<(), Output = ()> + core[a373ad73a504971]::marker::Send> as core[a373ad73a504971]::ops::function::FnOnce<()>>::call_once
[INFO] [stdout]                                at /rustc/e3feeb59cd1bdd011a2bfcc0747b55125d9b8527/library/alloc/src/boxed.rs:2314:9
[INFO] [stdout]   43:     0x563fa735addf - <std[617be2ca0a6fd877]::sys::thread::unix::Thread>::new::thread_start
[INFO] [stdout]                                at /rustc/e3feeb59cd1bdd011a2bfcc0747b55125d9b8527/library/std/src/sys/thread/unix.rs:127:17
[INFO] [stdout]   44:     0x76cb42589dfa - <unknown>
[INFO] [stdout]   45:     0x76cb4261d3d4 - clone
[INFO] [stdout]   46:                0x0 - <unknown>
[INFO] [stdout] 
[INFO] [stdout] 
[INFO] [stdout] failures:
[INFO] [stdout]     tcp::collectives::test_tcp_scatter
[INFO] [stdout] 
[INFO] [stdout] test result: FAILED. 63 passed; 1 failed; 0 ignored; 0 measured; 0 filtered out; finished in 96.15s
[INFO] [stdout] 
[INFO] [stderr] error: test failed, to rerun pass `--test dist_ops`
[INFO] running `Command { std: "docker" "inspect" "3a82b04e488f98983cac671e39a04bfd5064520797a291ebe9cf901e801a2135", kill_on_drop: false }`
[INFO] running `Command { std: "docker" "rm" "-f" "3a82b04e488f98983cac671e39a04bfd5064520797a291ebe9cf901e801a2135", kill_on_drop: false }`
[INFO] [stdout] 3a82b04e488f98983cac671e39a04bfd5064520797a291ebe9cf901e801a2135
