[INFO] fetching crate cargo-overstay 0.4.0...
[INFO] testing cargo-overstay-0.4.0 against 1.100.0-beta.1 for beta-1.100-2
[INFO] extracting crate cargo-overstay 0.4.0 into /workspace/builds/worker-3-tc2/source
[INFO] started tweaking crates.io crate cargo-overstay 0.4.0
[INFO] removed 0 missing tests
[INFO] finished tweaking crates.io crate cargo-overstay 0.4.0
[INFO] tweaked toml for crates.io crate cargo-overstay 0.4.0 written to /workspace/builds/worker-3-tc2/source/Cargo.toml
[INFO] validating manifest of crates.io crate cargo-overstay 0.4.0 on toolchain 1.100.0-beta.1
[INFO] running `Command { std: CARGO_HOME="/workspace/cargo-home" RUSTUP_HOME="/workspace/rustup-home" "/workspace/cargo-home/bin/cargo" "+1.100.0-beta.1" "metadata" "--manifest-path" "Cargo.toml" "--no-deps", kill_on_drop: false }`
[INFO] crate crates.io crate cargo-overstay 0.4.0 already has a lockfile, it will not be regenerated
[INFO] running `Command { std: CARGO_HOME="/workspace/cargo-home" RUSTUP_HOME="/workspace/rustup-home" "/workspace/cargo-home/bin/cargo" "+1.100.0-beta.1" "fetch" "--manifest-path" "Cargo.toml", kill_on_drop: false }`
[INFO] [stderr]     Blocking waiting for file lock on package cache
[INFO] running `Command { std: "docker" "create" "-v" "/var/lib/crater-agent-workspace/builds/worker-3-tc2/source:/opt/rustwide/workdir:ro,Z" "-v" "/var/lib/crater-agent-workspace/builds/worker-3-tc2/target:/opt/rustwide/target:rw,Z" "-v" "/var/lib/crater-agent-workspace/cargo-home:/opt/rustwide/cargo-home:ro,Z" "-v" "/var/lib/crater-agent-workspace/rustup-home:/opt/rustwide/rustup-home:ro,Z" "-m" "1610612736" "--network" "none" "ghcr.io/rust-lang/crates-build-env/linux@sha256:3111399a4047eeb3a02b7a90e478d715f38a8c6669b5c4b49d30a17385265909" "sleep" "infinity", kill_on_drop: false }`
[INFO] [stdout] e76d6dc1a5125fb9dfe1b60c38b6a3e414a90f9d44792832441208111517b197
[INFO] running `Command { std: "docker" "start" "e76d6dc1a5125fb9dfe1b60c38b6a3e414a90f9d44792832441208111517b197", kill_on_drop: false }`
[INFO] running `Command { std: "docker" "inspect" "e76d6dc1a5125fb9dfe1b60c38b6a3e414a90f9d44792832441208111517b197", kill_on_drop: false }`
[INFO] running `Command { std: "docker" "exec" "-e" "SOURCE_DIR=/opt/rustwide/workdir" "-e" "CARGO_HOME=/opt/rustwide/cargo-home" "-e" "RUSTUP_HOME=/opt/rustwide/rustup-home" "-e" "CARGO_TARGET_DIR=/opt/rustwide/target" "-w" "/opt/rustwide/workdir" "--user" "0:0" "e76d6dc1a5125fb9dfe1b60c38b6a3e414a90f9d44792832441208111517b197" "/opt/rustwide/cargo-home/bin/cargo" "+1.100.0-beta.1" "metadata" "--no-deps" "--format-version=1", kill_on_drop: false }`
[INFO] running `Command { std: "docker" "inspect" "e76d6dc1a5125fb9dfe1b60c38b6a3e414a90f9d44792832441208111517b197", kill_on_drop: false }`
[INFO] running `Command { std: "docker" "exec" "-e" "SOURCE_DIR=/opt/rustwide/workdir" "-e" "CARGO_HOME=/opt/rustwide/cargo-home" "-e" "RUSTUP_HOME=/opt/rustwide/rustup-home" "-e" "CARGO_TARGET_DIR=/opt/rustwide/target" "-e" "CARGO_INCREMENTAL=0" "-e" "RUST_BACKTRACE=full" "-e" "RUSTFLAGS=--cap-lints=warn" "-e" "RUSTDOCFLAGS=--cap-lints=warn" "-w" "/opt/rustwide/workdir" "--user" "0:0" "e76d6dc1a5125fb9dfe1b60c38b6a3e414a90f9d44792832441208111517b197" "/opt/rustwide/cargo-home/bin/cargo" "+1.100.0-beta.1" "build" "--frozen" "--message-format=json", kill_on_drop: false }`
[INFO] [stderr]    Compiling serde_core v1.0.229
[INFO] [stderr]    Compiling zmij v1.0.23
[INFO] [stderr]    Compiling serde_json v1.0.151
[INFO] [stderr]    Compiling winnow v1.0.4
[INFO] [stderr]    Compiling memchr v2.8.3
[INFO] [stderr]    Compiling toml_parser v1.1.2+spec-1.1.0
[INFO] [stderr]    Compiling serde_spanned v1.1.1
[INFO] [stderr]    Compiling toml_datetime v1.1.1+spec-1.1.0
[INFO] [stderr]    Compiling toml v1.1.3+spec-1.1.0
[INFO] [stderr]    Compiling cargo-overstay v0.4.0 (/opt/rustwide/workdir)
[INFO] [stderr]     Finished `dev` profile [unoptimized + debuginfo] target(s) in 8.87s
[INFO] running `Command { std: "docker" "inspect" "e76d6dc1a5125fb9dfe1b60c38b6a3e414a90f9d44792832441208111517b197", kill_on_drop: false }`
[INFO] running `Command { std: "docker" "exec" "-e" "SOURCE_DIR=/opt/rustwide/workdir" "-e" "CARGO_HOME=/opt/rustwide/cargo-home" "-e" "RUSTUP_HOME=/opt/rustwide/rustup-home" "-e" "CARGO_TARGET_DIR=/opt/rustwide/target" "-e" "CARGO_INCREMENTAL=0" "-e" "RUST_BACKTRACE=full" "-e" "RUSTFLAGS=--cap-lints=warn" "-e" "RUSTDOCFLAGS=--cap-lints=warn" "-w" "/opt/rustwide/workdir" "--user" "0:0" "e76d6dc1a5125fb9dfe1b60c38b6a3e414a90f9d44792832441208111517b197" "/opt/rustwide/cargo-home/bin/cargo" "+1.100.0-beta.1" "test" "--frozen" "--no-run" "--message-format=json", kill_on_drop: false }`
[INFO] [stderr]    Compiling cargo-overstay v0.4.0 (/opt/rustwide/workdir)
[INFO] [stderr]     Finished `test` profile [unoptimized + debuginfo] target(s) in 3.31s
[INFO] running `Command { std: "docker" "inspect" "e76d6dc1a5125fb9dfe1b60c38b6a3e414a90f9d44792832441208111517b197", kill_on_drop: false }`
[INFO] running `Command { std: "docker" "exec" "-e" "SOURCE_DIR=/opt/rustwide/workdir" "-e" "CARGO_HOME=/opt/rustwide/cargo-home" "-e" "RUSTUP_HOME=/opt/rustwide/rustup-home" "-e" "CARGO_TARGET_DIR=/opt/rustwide/target" "-e" "CARGO_INCREMENTAL=0" "-e" "RUST_BACKTRACE=full" "-e" "RUSTFLAGS=--cap-lints=warn" "-e" "RUSTDOCFLAGS=--cap-lints=warn" "-w" "/opt/rustwide/workdir" "--user" "0:0" "e76d6dc1a5125fb9dfe1b60c38b6a3e414a90f9d44792832441208111517b197" "/opt/rustwide/cargo-home/bin/cargo" "+1.100.0-beta.1" "test" "--frozen", kill_on_drop: false }`
[INFO] [stderr]     Finished `test` profile [unoptimized + debuginfo] target(s) in 0.06s
[INFO] [stderr]      Running unittests src/main.rs (/opt/rustwide/target/debug/build/cargo-overstay/e3806dcea43f9594/out/cargo_overstay-e3806dcea43f9594)
[INFO] [stdout] 
[INFO] [stdout] running 125 tests
[INFO] [stdout] test cargo::tests::invocation_target_dir_uses_env_when_arg_is_absent ... ok
[INFO] [stdout] test cargo::tests::target_dir_arg_ignores_args_after_double_dash ... ok
[INFO] [stdout] test cargo::tests::invocation_target_dir_reads_config_arg ... ok
[INFO] [stdout] test cleanup::tests::default_policy_parses ... ok
[INFO] [stdout] test cleanup::tests::current_target_over_cap_gets_partial_trim_eviction ... ok
[INFO] [stdout] test cleanup::tests::budget_counts_over_cap_targets_at_their_post_trim_size ... ok
[INFO] [stdout] test cargo::tests::invocation_target_dir_uses_arg_before_env ... ok
[INFO] [stdout] test cleanup::tests::evicts_over_project_cap ... ok
[INFO] [stdout] test cleanup::tests::idle_gate ... ok
[INFO] [stdout] test cleanup::tests::never_evicts_current ... ok
[INFO] [stdout] test cleanup::tests::evicts_lru_until_under_budget ... ok
[INFO] [stdout] test cleanup::tests::low_disk_throttle_gate ... ok
[INFO] [stdout] test cargo::tests::target_dir_arg_accepts_split_and_equals_forms ... ok
[INFO] [stdout] test cleanup::tests::evictable_respects_missing_and_fresh_target ... ok
[INFO] [stdout] test cargo::tests::run_propagates_exit_code ... ok
[INFO] [stdout] test cleanup::tests::run_gc_never_rms_current_target_even_over_cap ... ok
[INFO] [stdout] test cleanup::tests::run_gc_reclaims_custom_target_dir ... ok
[INFO] [stdout] test cleanup::tests::run_gc_enforces_budget_after_trim_falls_short ... ok
[INFO] [stdout] test cleanup::tests::run_gc_reclaims_inactive_and_removes_stale_rows ... ok
[INFO] [stdout] test cargo::tests::invocation_target_dir_reads_discovered_config_file ... ok
[INFO] [stdout] test cargo::tests::which_finds_executable_and_skips_exclude ... ok
[INFO] [stdout] test cli::tests::ls_rejects_unknown_options_instead_of_swallowing_them ... ok
[INFO] [stdout] test cleanup::tests::throttle_gate ... ok
[INFO] [stdout] test cli::tests::ages_format_coarsely ... ok
[INFO] [stdout] test cleanup::tests::failed_post_delete_probe_stops_more_deletion_and_preserves_retry ... ok
[INFO] [stdout] test cli::tests::unknown_verbs_exit_2 ... ok
[INFO] [stdout] test config::tests::missing_config_uses_default_policy ... ok
[INFO] [stdout] test config::tests::load_policy_reads_config_file ... ok
[INFO] [stdout] test config::tests::parse_policy_overrides_total_and_target_sizes ... ok
[INFO] [stdout] test config::tests::parse_policy_rejects_non_string_sizes ... ok
[INFO] [stdout] test cli::tests::version_is_reported_under_every_spelling ... ok
[INFO] [stdout] test cleanup::tests::disk_pressure_stops_at_observed_recovery_and_leaves_other_volumes ... ok
[INFO] [stdout] test paths::tests::overstay_config_env_overrides_config_path ... ok
[INFO] [stdout] test cleanup::tests::scheduled_gc_retries_unresolved_budget_on_short_interval ... ok
[INFO] [stdout] test paths::tests::overstay_state_env_overrides_state_path ... ok
[INFO] [stdout] test paths::tests::xdg_data_home_overrides_data_dir ... ok
[INFO] [stdout] test cleanup::tests::run_gc_trims_fresh_current_target_over_cap ... ok
[INFO] [stdout] test config::tests::parse_policy_rejects_unknown_settings ... ok
[INFO] [stdout] test cleanup::tests::low_disk_preserves_current_locked_and_recent_targets ... ok
[INFO] [stdout] test paths::tests::xdg_config_home_sets_config_path ... ok
[INFO] [stdout] test config::tests::parse_policy_rejects_zero_sizes ... ok
[INFO] [stdout] test config::tests::parse_policy_uses_defaults_for_missing_settings ... ok
[INFO] [stdout] test cargo::tests::run_propagates_signal_exit_code ... ok
[INFO] [stdout] test cleanup::tests::run_gc_keeps_eviction_until_budget_when_lru_target_is_locked ... ok
[INFO] [stdout] test scan::tests::bare_include_untracked_uses_the_default_roots ... ok
[INFO] [stdout] test purge::tests::include_untracked_purges_tracked_and_scanned_targets ... ok
[INFO] [stdout] test cleanup::tests::scheduled_gc_runs_for_new_overage_inside_normal_throttle ... ok
[INFO] [stdout] test scan::tests::manifest_and_markers_together_are_verified ... ok
[INFO] [stdout] test purge::tests::manifestless_target_dirs_are_invisible ... ok
[INFO] [stdout] test cleanup::tests::unchanged_free_space_with_hardlinks_exhausts_candidates_and_keeps_retry ... ok
[INFO] [stdout] test purge::tests::manifestless_target_with_cargo_markers_is_gated_not_ignored ... ok
[INFO] [stdout] test purge::tests::hidden_dirs_and_symlinks_are_not_entered ... ok
[INFO] [stdout] test purge::tests::scan_does_not_recount_known_targets ... ok
[INFO] [stdout] test purge::tests::tracked_only_purge_leaves_untracked_target_untouched ... ok
[INFO] [stdout] test cleanup::tests::run_gc_does_not_reclaim_current_target_from_another_workspace_row ... ok
[INFO] [stdout] test purge::tests::unsure_targets_are_gated_on_confirmation ... ok
[INFO] [stdout] test purge::tests::store_rows_without_markers_are_gated_on_confirmation ... ok
[INFO] [stdout] test scan::tests::parse_args_accepts_include_untracked_with_root ... ok
[INFO] [stdout] test scan::tests::an_entry_on_another_filesystem_is_skipped ... ok
[INFO] [stdout] test scan::tests::overlapping_roots_report_a_target_once ... ok
[INFO] [stdout] test purge::tests::locked_targets_survive_and_keep_their_row ... ok
[INFO] [stdout] test scan::tests::default_roots_cover_home_and_a_temp_dir ... ok
[INFO] [stdout] test scan::tests::parse_args_rejects_unknown_options ... ok
[INFO] [stdout] test shim::tests::a_real_cargo_earlier_on_path_reads_as_shadowed ... ok
[INFO] [stdout] test shim::tests::invalid_config_disables_automatic_cleanup ... ok
[INFO] [stdout] test scan::tests::seen_targets_are_not_reported_again ... ok
[INFO] [stdout] test scan::tests::parse_args_defaults_to_tracked_only ... ok
[INFO] [stdout] test scan::tests::parse_args_rejects_scan_root_without_opt_in ... ok
[INFO] [stdout] test scan::tests::manifest_without_markers_is_reported_unverified ... ok
[INFO] [stdout] test shim::tests::shim_symlink_first_on_path_reads_as_active ... ok
[INFO] [stdout] test size::tests::formats_sizes_in_binary_units ... ok
[INFO] [stdout] test size::tests::free_space_reports_positive_for_temp_dir ... ok
[INFO] [stdout] test size::tests::free_space_is_none_for_missing_path ... ok
[INFO] [stdout] test scan::tests::usable_roots_drops_missing_and_nested_candidates ... ok
[INFO] [stdout] test size::tests::parses_binary_and_decimal_units ... ok
[INFO] [stdout] test shim::tests::no_cargo_anywhere_on_path_is_its_own_status ... ok
[INFO] [stdout] test scan::tests::target_dirs_with_neither_signal_stay_invisible ... ok
[INFO] [stdout] test size::tests::measures_directory_size ... ok
[INFO] [stdout] test shim::tests::run_detached_gc_is_best_effort_and_returns_zero ... ok
[INFO] [stdout] test store::tests::reads_duplicate_target_rows_as_one_freshest_entry ... ok
[INFO] [stdout] test size::tests::apparent_size_counts_hardlink_names_and_probe_rejects_other_volume ... ok
[INFO] [stdout] test scan::tests::markers_without_a_sibling_manifest_are_reported_unverified ... ok
[INFO] [stdout] test store::tests::finish_maintenance_updates_state_and_removes_targets_atomically ... ok
[INFO] [stdout] test status::tests::status_json_escapes_paths_and_preserves_legacy_state ... ok
[INFO] [stdout] test store::tests::maintenance_lock_coalesces_workers ... ok
[INFO] [stdout] test store::tests::fresh_store_on_nonexistent_path_reads_empty ... ok
[INFO] [stdout] test style::tests::disabled_style_leaves_text_unchanged ... ok
[INFO] [stdout] test store::tests::maintenance_state_and_touch_preserve_each_other ... ok
[INFO] [stdout] test store::tests::reads_legacy_rows_with_default_target_dir ... ok
[INFO] [stdout] test style::tests::enabled_style_wraps_text_in_ansi_codes ... ok
[INFO] [stdout] test style::tests::terminal_policy_disables_color_for_dumb_terminals ... ok
[INFO] [stdout] test store::tests::touch_upserts_by_target_dir ... ok
[INFO] [stdout] test store::tests::touch_tracks_multiple_target_dirs_for_one_workspace ... ok
[INFO] [stdout] test store::tests::touch_upserts_and_updates_last_used ... ok
[INFO] [stdout] test tests::missing_argv0_still_reaches_the_cli ... ok
[INFO] [stdout] test style::tests::terminal_policy_honors_no_color ... ok
[INFO] [stdout] test tests::alias_binaries_strip_their_own_token ... ok
[INFO] [stdout] test tests::cargo_convention_token_is_stripped ... ok
[INFO] [stdout] test tests::direct_cli_invocation_is_not_stripped ... ok
[INFO] [stdout] test store::tests::remove_drops_only_named_targets ... ok
[INFO] [stdout] test tests::gc_verb_outranks_the_name_dispatch ... ok
[INFO] [stdout] test trim::tests::artifact_use_keeps_a_unit_fresh ... ok
[INFO] [stdout] test style::tests::terminal_policy_disables_color_for_redirected_output ... ok
[INFO] [stdout] test style::tests::terminal_policy_enables_color_for_interactive_terminals ... ok
[INFO] [stdout] test tests::cargo_name_is_pure_passthrough_even_for_cli_verbs ... ok
[INFO] [stdout] test store::tests::touch_rides_out_briefly_held_lock ... ok
[INFO] [stdout] test trim::tests::ages_out_incremental_session_dirs ... ok
[INFO] [stdout] test trim::tests::examples_artifacts_are_part_of_the_unit ... ok
[INFO] [stdout] test workspace::tests::promotes_to_workspace_root ... ok
[INFO] [stdout] test trim::tests::under_cap_is_a_no_op ... ok
[INFO] [stdout] test trim::tests::hash_suffix_requires_16_hex_chars ... ok
[INFO] [stdout] test trim::tests::foreign_dirs_under_incremental_survive ... ok
[INFO] [stdout] test trim::tests::finds_cross_compile_profiles ... ok
[INFO] [stdout] test trim::tests::lock_target_reports_running_builds ... ok
[INFO] [stdout] test trim::tests::future_timestamps_count_as_in_use_now ... ok
[INFO] [stdout] test trim::tests::trims_lru_units_and_spares_fresh_and_unmatched ... ok
[INFO] [stdout] test trim::tests::freshness_floor_protects_hot_units ... ok
[INFO] [stdout] test trim::tests::locked_profile_is_skipped ... ok
[INFO] [stdout] test trim::tests::orphans_are_reclaimed_before_live_units ... ok
[INFO] [stdout] test trim::tests::unreachable_cap_only_sheds_stale_units ... ok
[INFO] [stdout] test trim::tests::unrecognized_layout_reclaims_no_orphans ... ok
[INFO] [stdout] test workspace::tests::finds_nearest_manifest ... ok
[INFO] [stdout] test workspace::tests::returns_none_outside_a_project ... ok
[INFO] [stdout] test cleanup::tests::run_gc_skips_targets_a_build_holds_locked ... FAILED
[INFO] [stdout] test cleanup::tests::evicts_inactive ... ok
[INFO] [stdout] 
[INFO] [stdout] failures:
[INFO] [stdout] 
[INFO] [stdout] ---- cleanup::tests::run_gc_skips_targets_a_build_holds_locked stdout ----
[INFO] [stdout] 
[INFO] [stdout] thread 'cleanup::tests::run_gc_skips_targets_a_build_holds_locked' (419) panicked at src/cleanup_tests.rs:551:5:
[INFO] [stdout] assertion failed: report.freed >= 4096
[INFO] [stdout] stack backtrace:
[INFO] [stdout]    0:     0x5ef8d1e55e81 - std[617be2ca0a6fd877]::backtrace_rs::backtrace::libunwind::trace
[INFO] [stdout]                                at /rustc/e3feeb59cd1bdd011a2bfcc0747b55125d9b8527/library/std/src/../../backtrace/src/backtrace/libunwind.rs:117:9
[INFO] [stdout]    1:     0x5ef8d1e55e81 - std[617be2ca0a6fd877]::backtrace_rs::backtrace::trace_unsynchronized::<std[617be2ca0a6fd877]::sys::backtrace::_print_fmt::{closure#1}>
[INFO] [stdout]                                at /rustc/e3feeb59cd1bdd011a2bfcc0747b55125d9b8527/library/std/src/../../backtrace/src/backtrace/mod.rs:66:14
[INFO] [stdout]    2:     0x5ef8d1e55e81 - std[617be2ca0a6fd877]::sys::backtrace::_print_fmt
[INFO] [stdout]                                at /rustc/e3feeb59cd1bdd011a2bfcc0747b55125d9b8527/library/std/src/sys/backtrace.rs:74:9
[INFO] [stdout]    3:     0x5ef8d1e55e81 - <<std[617be2ca0a6fd877]::sys::backtrace::BacktraceLock>::print::DisplayBacktrace as core[a373ad73a504971]::fmt::Display>::fmt
[INFO] [stdout]                                at /rustc/e3feeb59cd1bdd011a2bfcc0747b55125d9b8527/library/std/src/sys/backtrace.rs:44:26
[INFO] [stdout]    4:     0x5ef8d1e6c08a - <core[a373ad73a504971]::fmt::rt::Argument>::fmt
[INFO] [stdout]                                at /rustc/e3feeb59cd1bdd011a2bfcc0747b55125d9b8527/library/core/src/fmt/rt.rs:152:76
[INFO] [stdout]    5:     0x5ef8d1e6c08a - core[a373ad73a504971]::fmt::write
[INFO] [stdout]    6:     0x5ef8d1e5a49c - core[a373ad73a504971]::io::write::default_write_fmt::<alloc[2e1b2a31b91974c5]::vec::Vec<u8>>
[INFO] [stdout]                                at /rustc/e3feeb59cd1bdd011a2bfcc0747b55125d9b8527/library/core/src/io/write.rs:402:11
[INFO] [stdout]    7:     0x5ef8d1e5a49c - <alloc[2e1b2a31b91974c5]::vec::Vec<u8> as core[a373ad73a504971]::io::write::Write>::write_fmt
[INFO] [stdout]                                at /rustc/e3feeb59cd1bdd011a2bfcc0747b55125d9b8527/library/core/src/io/write.rs:335:13
[INFO] [stdout]    8:     0x5ef8d1e2e9e6 - <std[617be2ca0a6fd877]::sys::backtrace::BacktraceLock>::print
[INFO] [stdout]                                at /rustc/e3feeb59cd1bdd011a2bfcc0747b55125d9b8527/library/std/src/sys/backtrace.rs:47:9
[INFO] [stdout]    9:     0x5ef8d1e2e9e6 - std[617be2ca0a6fd877]::panicking::default_hook::{closure#0}
[INFO] [stdout]                                at /rustc/e3feeb59cd1bdd011a2bfcc0747b55125d9b8527/library/std/src/panicking.rs:289:27
[INFO] [stdout]   10:     0x5ef8d1e4cbd9 - std[617be2ca0a6fd877]::panicking::default_hook
[INFO] [stdout]                                at /rustc/e3feeb59cd1bdd011a2bfcc0747b55125d9b8527/library/std/src/panicking.rs:313:9
[INFO] [stdout]   11:     0x5ef8d1de6360 - <alloc[2e1b2a31b91974c5]::boxed::Box<dyn for<'a, 'b> core[a373ad73a504971]::ops::function::Fn<(&'a std[617be2ca0a6fd877]::panic::PanicHookInfo<'b>,), Output = ()> + core[a373ad73a504971]::marker::Sync + core[a373ad73a504971]::marker::Send> as core[a373ad73a504971]::ops::function::Fn<(&std[617be2ca0a6fd877]::panic::PanicHookInfo,)>>::call
[INFO] [stdout]                                at /rustc/e3feeb59cd1bdd011a2bfcc0747b55125d9b8527/library/alloc/src/boxed.rs:2328:9
[INFO] [stdout]   12:     0x5ef8d1de6360 - test[aada8e7e76ba119b]::test_main_inner::{closure#0}
[INFO] [stdout]                                at /rustc/e3feeb59cd1bdd011a2bfcc0747b55125d9b8527/library/test/src/lib.rs:137:21
[INFO] [stdout]   13:     0x5ef8d1e4cd92 - <alloc[2e1b2a31b91974c5]::boxed::Box<dyn for<'a, 'b> core[a373ad73a504971]::ops::function::Fn<(&'a std[617be2ca0a6fd877]::panic::PanicHookInfo<'b>,), Output = ()> + core[a373ad73a504971]::marker::Sync + core[a373ad73a504971]::marker::Send> as core[a373ad73a504971]::ops::function::Fn<(&std[617be2ca0a6fd877]::panic::PanicHookInfo,)>>::call
[INFO] [stdout]                                at /rustc/e3feeb59cd1bdd011a2bfcc0747b55125d9b8527/library/alloc/src/boxed.rs:2328:9
[INFO] [stdout]   14:     0x5ef8d1e4cd92 - std[617be2ca0a6fd877]::panicking::panic_with_hook
[INFO] [stdout]                                at /rustc/e3feeb59cd1bdd011a2bfcc0747b55125d9b8527/library/std/src/panicking.rs:819:13
[INFO] [stdout]   15:     0x5ef8d1e2eac4 - std[617be2ca0a6fd877]::panicking::panic_handler::{closure#0}
[INFO] [stdout]                                at /rustc/e3feeb59cd1bdd011a2bfcc0747b55125d9b8527/library/std/src/panicking.rs:678:13
[INFO] [stdout]   16:     0x5ef8d1e27119 - std[617be2ca0a6fd877]::sys::backtrace::__rust_end_short_backtrace::<std[617be2ca0a6fd877]::panicking::panic_handler::{closure#0}, !>
[INFO] [stdout]                                at /rustc/e3feeb59cd1bdd011a2bfcc0747b55125d9b8527/library/std/src/sys/backtrace.rs:182:18
[INFO] [stdout]   17:     0x5ef8d1e2fccd - __rustc[ea4f61d10b84890b]::rust_begin_unwind
[INFO] [stdout]                                at /rustc/e3feeb59cd1bdd011a2bfcc0747b55125d9b8527/library/std/src/panicking.rs:676:5
[INFO] [stdout]   18:     0x5ef8d1e6c87c - core[a373ad73a504971]::panicking::panic_fmt
[INFO] [stdout]                                at /rustc/e3feeb59cd1bdd011a2bfcc0747b55125d9b8527/library/core/src/panicking.rs:80:14
[INFO] [stdout]   19:     0x5ef8d1e6c842 - core[a373ad73a504971]::panicking::panic
[INFO] [stdout]                                at /rustc/e3feeb59cd1bdd011a2bfcc0747b55125d9b8527/library/core/src/panicking.rs:150:5
[INFO] [stdout]   20:     0x5ef8d1ce5548 - cargo_overstay[e1daf4a746c99d02]::cleanup::tests::run_gc_skips_targets_a_build_holds_locked
[INFO] [stdout]                                at /opt/rustwide/workdir/src/cleanup_tests.rs:551:5
[INFO] [stdout]   21:     0x5ef8d1cdf717 - cargo_overstay[e1daf4a746c99d02]::cleanup::tests::run_gc_skips_targets_a_build_holds_locked::{closure#0}
[INFO] [stdout]                                at /opt/rustwide/workdir/src/cleanup_tests.rs:514:47
[INFO] [stdout]   22:     0x5ef8d1cdd756 - <cargo_overstay[e1daf4a746c99d02]::cleanup::tests::run_gc_skips_targets_a_build_holds_locked::{closure#0} as core[a373ad73a504971]::ops::function::FnOnce<()>>::call_once
[INFO] [stdout]                                at /rustc/e3feeb59cd1bdd011a2bfcc0747b55125d9b8527/library/core/src/ops/function.rs:250:5
[INFO] [stdout]   23:     0x5ef8d1dd97ab - <fn() -> core[a373ad73a504971]::result::Result<(), alloc[2e1b2a31b91974c5]::string::String> as core[a373ad73a504971]::ops::function::FnOnce<()>>::call_once
[INFO] [stdout]                                at /rustc/e3feeb59cd1bdd011a2bfcc0747b55125d9b8527/library/core/src/ops/function.rs:250:5
[INFO] [stdout]   24:     0x5ef8d1dd97ab - test[aada8e7e76ba119b]::__rust_begin_short_backtrace::<core[a373ad73a504971]::result::Result<(), alloc[2e1b2a31b91974c5]::string::String>, fn() -> core[a373ad73a504971]::result::Result<(), alloc[2e1b2a31b91974c5]::string::String>>
[INFO] [stdout]                                at /rustc/e3feeb59cd1bdd011a2bfcc0747b55125d9b8527/library/test/src/lib.rs:701:18
[INFO] [stdout]   25:     0x5ef8d1de6985 - test[aada8e7e76ba119b]::run_test_in_process::{closure#0}
[INFO] [stdout]                                at /rustc/e3feeb59cd1bdd011a2bfcc0747b55125d9b8527/library/test/src/lib.rs:724:74
[INFO] [stdout]   26:     0x5ef8d1de6985 - <core[a373ad73a504971]::panic::unwind_safe::AssertUnwindSafe<test[aada8e7e76ba119b]::run_test_in_process::{closure#0}> as core[a373ad73a504971]::ops::function::FnOnce<()>>::call_once
[INFO] [stdout]                                at /rustc/e3feeb59cd1bdd011a2bfcc0747b55125d9b8527/library/core/src/panic/unwind_safe.rs:275:9
[INFO] [stdout]   27:     0x5ef8d1de6985 - std[617be2ca0a6fd877]::panicking::catch_unwind::do_call::<core[a373ad73a504971]::panic::unwind_safe::AssertUnwindSafe<test[aada8e7e76ba119b]::run_test_in_process::{closure#0}>, core[a373ad73a504971]::result::Result<(), alloc[2e1b2a31b91974c5]::string::String>>
[INFO] [stdout]                                at /rustc/e3feeb59cd1bdd011a2bfcc0747b55125d9b8527/library/std/src/panicking.rs:573:43
[INFO] [stdout]   28:     0x5ef8d1de6985 - std[617be2ca0a6fd877]::panicking::catch_unwind::<core[a373ad73a504971]::result::Result<(), alloc[2e1b2a31b91974c5]::string::String>, core[a373ad73a504971]::panic::unwind_safe::AssertUnwindSafe<test[aada8e7e76ba119b]::run_test_in_process::{closure#0}>>
[INFO] [stdout]                                at /rustc/e3feeb59cd1bdd011a2bfcc0747b55125d9b8527/library/std/src/panicking.rs:541:19
[INFO] [stdout]   29:     0x5ef8d1de6985 - std[617be2ca0a6fd877]::panic::catch_unwind::<core[a373ad73a504971]::panic::unwind_safe::AssertUnwindSafe<test[aada8e7e76ba119b]::run_test_in_process::{closure#0}>, core[a373ad73a504971]::result::Result<(), alloc[2e1b2a31b91974c5]::string::String>>
[INFO] [stdout]                                at /rustc/e3feeb59cd1bdd011a2bfcc0747b55125d9b8527/library/std/src/panic.rs:359:14
[INFO] [stdout]   30:     0x5ef8d1de6985 - test[aada8e7e76ba119b]::run_test_in_process
[INFO] [stdout]                                at /rustc/e3feeb59cd1bdd011a2bfcc0747b55125d9b8527/library/test/src/lib.rs:724:27
[INFO] [stdout]   31:     0x5ef8d1de6985 - test[aada8e7e76ba119b]::run_test::{closure#0}
[INFO] [stdout]                                at /rustc/e3feeb59cd1bdd011a2bfcc0747b55125d9b8527/library/test/src/lib.rs:645:43
[INFO] [stdout]   32:     0x5ef8d1de0274 - test[aada8e7e76ba119b]::run_test::{closure#1}
[INFO] [stdout]                                at /rustc/e3feeb59cd1bdd011a2bfcc0747b55125d9b8527/library/test/src/lib.rs:675:41
[INFO] [stdout]   33:     0x5ef8d1de0274 - std[617be2ca0a6fd877]::sys::backtrace::__rust_begin_short_backtrace::<test[aada8e7e76ba119b]::run_test::{closure#1}, ()>
[INFO] [stdout]                                at /rustc/e3feeb59cd1bdd011a2bfcc0747b55125d9b8527/library/std/src/sys/backtrace.rs:166:18
[INFO] [stdout]   34:     0x5ef8d1de9a12 - std[617be2ca0a6fd877]::thread::lifecycle::spawn_unchecked::<test[aada8e7e76ba119b]::run_test::{closure#1}, ()>::{closure#1}::{closure#0}
[INFO] [stdout]                                at /rustc/e3feeb59cd1bdd011a2bfcc0747b55125d9b8527/library/std/src/thread/lifecycle.rs:70:13
[INFO] [stdout]   35:     0x5ef8d1de9a12 - <core[a373ad73a504971]::panic::unwind_safe::AssertUnwindSafe<std[617be2ca0a6fd877]::thread::lifecycle::spawn_unchecked<test[aada8e7e76ba119b]::run_test::{closure#1}, ()>::{closure#1}::{closure#0}> as core[a373ad73a504971]::ops::function::FnOnce<()>>::call_once
[INFO] [stdout]                                at /rustc/e3feeb59cd1bdd011a2bfcc0747b55125d9b8527/library/core/src/panic/unwind_safe.rs:275:9
[INFO] [stdout]   36:     0x5ef8d1de9a12 - std[617be2ca0a6fd877]::panicking::catch_unwind::do_call::<core[a373ad73a504971]::panic::unwind_safe::AssertUnwindSafe<std[617be2ca0a6fd877]::thread::lifecycle::spawn_unchecked<test[aada8e7e76ba119b]::run_test::{closure#1}, ()>::{closure#1}::{closure#0}>, ()>
[INFO] [stdout]                                at /rustc/e3feeb59cd1bdd011a2bfcc0747b55125d9b8527/library/std/src/panicking.rs:573:43
[INFO] [stdout]   37:     0x5ef8d1de9a12 - std[617be2ca0a6fd877]::panicking::catch_unwind::<(), core[a373ad73a504971]::panic::unwind_safe::AssertUnwindSafe<std[617be2ca0a6fd877]::thread::lifecycle::spawn_unchecked<test[aada8e7e76ba119b]::run_test::{closure#1}, ()>::{closure#1}::{closure#0}>>
[INFO] [stdout]                                at /rustc/e3feeb59cd1bdd011a2bfcc0747b55125d9b8527/library/std/src/panicking.rs:541:19
[INFO] [stdout]   38:     0x5ef8d1de9a12 - std[617be2ca0a6fd877]::panic::catch_unwind::<core[a373ad73a504971]::panic::unwind_safe::AssertUnwindSafe<std[617be2ca0a6fd877]::thread::lifecycle::spawn_unchecked<test[aada8e7e76ba119b]::run_test::{closure#1}, ()>::{closure#1}::{closure#0}>, ()>
[INFO] [stdout]                                at /rustc/e3feeb59cd1bdd011a2bfcc0747b55125d9b8527/library/std/src/panic.rs:359:14
[INFO] [stdout]   39:     0x5ef8d1de9a12 - std[617be2ca0a6fd877]::thread::lifecycle::spawn_unchecked::<test[aada8e7e76ba119b]::run_test::{closure#1}, ()>::{closure#1}
[INFO] [stdout]                                at /rustc/e3feeb59cd1bdd011a2bfcc0747b55125d9b8527/library/std/src/thread/lifecycle.rs:68:26
[INFO] [stdout]   40:     0x5ef8d1de9a12 - <std[617be2ca0a6fd877]::thread::lifecycle::spawn_unchecked<test[aada8e7e76ba119b]::run_test::{closure#1}, ()>::{closure#1} as core[a373ad73a504971]::ops::function::FnOnce<()>>::call_once::{shim:vtable#0}
[INFO] [stdout]                                at /rustc/e3feeb59cd1bdd011a2bfcc0747b55125d9b8527/library/core/src/ops/function.rs:250:5
[INFO] [stdout]   41:     0x5ef8d1e5519f - <alloc[2e1b2a31b91974c5]::boxed::Box<dyn core[a373ad73a504971]::ops::function::FnOnce<(), Output = ()> + core[a373ad73a504971]::marker::Send> as core[a373ad73a504971]::ops::function::FnOnce<()>>::call_once
[INFO] [stdout]                                at /rustc/e3feeb59cd1bdd011a2bfcc0747b55125d9b8527/library/alloc/src/boxed.rs:2314:9
[INFO] [stdout]   42:     0x5ef8d1e5519f - <std[617be2ca0a6fd877]::sys::thread::unix::Thread>::new::thread_start
[INFO] [stdout]                                at /rustc/e3feeb59cd1bdd011a2bfcc0747b55125d9b8527/library/std/src/sys/thread/unix.rs:127:17
[INFO] [stdout]   43:     0x7416bf818dfa - <unknown>
[INFO] [stdout]   44:     0x7416bf8ac3d4 - clone
[INFO] [stdout]   45:                0x0 - <unknown>
[INFO] [stdout] 
[INFO] [stdout] 
[INFO] [stdout] failures:
[INFO] [stdout]     cleanup::tests::run_gc_skips_targets_a_build_holds_locked
[INFO] [stdout] 
[INFO] [stdout] test result: FAILED. 124 passed; 1 failed; 0 ignored; 0 measured; 0 filtered out; finished in 0.10s
[INFO] [stdout] 
[INFO] [stderr] error: test failed, to rerun pass `--bin cargo-overstay`
[INFO] running `Command { std: "docker" "inspect" "e76d6dc1a5125fb9dfe1b60c38b6a3e414a90f9d44792832441208111517b197", kill_on_drop: false }`
[INFO] running `Command { std: "docker" "rm" "-f" "e76d6dc1a5125fb9dfe1b60c38b6a3e414a90f9d44792832441208111517b197", kill_on_drop: false }`
[INFO] [stdout] e76d6dc1a5125fb9dfe1b60c38b6a3e414a90f9d44792832441208111517b197
