[INFO] fetching crate cap-sdk 0.2.4...
[INFO] testing cap-sdk-0.2.4 against 1.100.0-beta.1 for beta-1.100-2
[INFO] extracting crate cap-sdk 0.2.4 into /workspace/builds/worker-5-tc2/source
[INFO] started tweaking crates.io crate cap-sdk 0.2.4
[INFO] finished tweaking crates.io crate cap-sdk 0.2.4
[INFO] tweaked toml for crates.io crate cap-sdk 0.2.4 written to /workspace/builds/worker-5-tc2/source/Cargo.toml
[INFO] validating manifest of crates.io crate cap-sdk 0.2.4 on toolchain 1.100.0-beta.1
[INFO] running `Command { std: CARGO_HOME="/workspace/cargo-home" RUSTUP_HOME="/workspace/rustup-home" "/workspace/cargo-home/bin/cargo" "+1.100.0-beta.1" "metadata" "--manifest-path" "Cargo.toml" "--no-deps", kill_on_drop: false }`
[INFO] running `Command { std: CARGO_HOME="/workspace/cargo-home" RUSTUP_HOME="/workspace/rustup-home" "/workspace/cargo-home/bin/cargo" "+1.100.0-beta.1" "generate-lockfile" "--manifest-path" "Cargo.toml", kill_on_drop: false }`
[INFO] [stderr]     Blocking waiting for file lock on package cache
[INFO] [stderr]     Updating crates.io index
[INFO] [stderr]     Blocking waiting for file lock on package cache
[INFO] [stderr]      Locking 172 packages to highest compatible versions
[INFO] [stderr]       Adding candid v0.7.18 (available: v0.10.37)
[INFO] [stderr]       Adding generic-array v0.14.7 (available: v0.14.9)
[INFO] [stderr]       Adding ic-cdk v0.5.7 (available: v0.20.3)
[INFO] [stderr]       Adding thiserror v1.0.69 (available: v2.0.21)
[INFO] running `Command { std: CARGO_HOME="/workspace/cargo-home" RUSTUP_HOME="/workspace/rustup-home" "/workspace/cargo-home/bin/cargo" "+1.100.0-beta.1" "fetch" "--manifest-path" "Cargo.toml", kill_on_drop: false }`
[INFO] [stderr] warning: `package.homepage` is redundant with `package.repository`
[INFO] [stderr]   --> Cargo.toml:35:12
[INFO] [stderr]    |
[INFO] [stderr] 35 | homepage = "https://github.com/Psychedelic/cap"
[INFO] [stderr]    |            ^^^^^^^^^^^^^^^^^^^^^^^^^^^^^^^^^^^^
[INFO] [stderr] ...
[INFO] [stderr] 39 | repository = "https://github.com/Psychedelic/cap"
[INFO] [stderr]    |              ------------------------------------
[INFO] [stderr]    |
[INFO] [stderr]    = note: `cargo::redundant_homepage` is set to `warn` by default
[INFO] [stderr] help: consider removing `package.homepage`
[INFO] [stderr] warning: `cap-sdk` (manifest) generated 1 warning
[INFO] [stderr]     Blocking waiting for file lock on package cache
[ERROR] error running command: no output for 300 seconds
[INFO] testing cap-sdk-0.2.4 against 1.100.0-beta.1 for beta-1.100-2
[INFO] extracting crate cap-sdk 0.2.4 into /workspace/builds/worker-5-tc2/source
[INFO] started tweaking crates.io crate cap-sdk 0.2.4
[INFO] finished tweaking crates.io crate cap-sdk 0.2.4
[INFO] tweaked toml for crates.io crate cap-sdk 0.2.4 written to /workspace/builds/worker-5-tc2/source/Cargo.toml
[INFO] validating manifest of crates.io crate cap-sdk 0.2.4 on toolchain 1.100.0-beta.1
[INFO] running `Command { std: CARGO_HOME="/workspace/cargo-home" RUSTUP_HOME="/workspace/rustup-home" "/workspace/cargo-home/bin/cargo" "+1.100.0-beta.1" "metadata" "--manifest-path" "Cargo.toml" "--no-deps", kill_on_drop: false }`
[INFO] running `Command { std: CARGO_HOME="/workspace/cargo-home" RUSTUP_HOME="/workspace/rustup-home" "/workspace/cargo-home/bin/cargo" "+1.100.0-beta.1" "generate-lockfile" "--manifest-path" "Cargo.toml", kill_on_drop: false }`
[INFO] [stderr]     Blocking waiting for file lock on package cache
[INFO] [stderr]     Updating crates.io index
[INFO] [stderr]     Blocking waiting for file lock on package cache
[ERROR] error running command: no output for 300 seconds
[INFO] testing cap-sdk-0.2.4 against 1.100.0-beta.1 for beta-1.100-2
[INFO] extracting crate cap-sdk 0.2.4 into /workspace/builds/worker-5-tc2/source
[INFO] started tweaking crates.io crate cap-sdk 0.2.4
[INFO] finished tweaking crates.io crate cap-sdk 0.2.4
[INFO] tweaked toml for crates.io crate cap-sdk 0.2.4 written to /workspace/builds/worker-5-tc2/source/Cargo.toml
[INFO] validating manifest of crates.io crate cap-sdk 0.2.4 on toolchain 1.100.0-beta.1
[INFO] running `Command { std: CARGO_HOME="/workspace/cargo-home" RUSTUP_HOME="/workspace/rustup-home" "/workspace/cargo-home/bin/cargo" "+1.100.0-beta.1" "metadata" "--manifest-path" "Cargo.toml" "--no-deps", kill_on_drop: false }`
[INFO] running `Command { std: CARGO_HOME="/workspace/cargo-home" RUSTUP_HOME="/workspace/rustup-home" "/workspace/cargo-home/bin/cargo" "+1.100.0-beta.1" "generate-lockfile" "--manifest-path" "Cargo.toml", kill_on_drop: false }`
[INFO] [stderr]     Blocking waiting for file lock on package cache
[INFO] [stderr]     Updating crates.io index
[INFO] [stderr]     Blocking waiting for file lock on package cache
[ERROR] error running command: no output for 300 seconds
[INFO] testing cap-sdk-0.2.4 against 1.100.0-beta.1 for beta-1.100-2
[INFO] extracting crate cap-sdk 0.2.4 into /workspace/builds/worker-5-tc2/source
[INFO] started tweaking crates.io crate cap-sdk 0.2.4
[INFO] finished tweaking crates.io crate cap-sdk 0.2.4
[INFO] tweaked toml for crates.io crate cap-sdk 0.2.4 written to /workspace/builds/worker-5-tc2/source/Cargo.toml
[INFO] validating manifest of crates.io crate cap-sdk 0.2.4 on toolchain 1.100.0-beta.1
[INFO] running `Command { std: CARGO_HOME="/workspace/cargo-home" RUSTUP_HOME="/workspace/rustup-home" "/workspace/cargo-home/bin/cargo" "+1.100.0-beta.1" "metadata" "--manifest-path" "Cargo.toml" "--no-deps", kill_on_drop: false }`
[INFO] running `Command { std: CARGO_HOME="/workspace/cargo-home" RUSTUP_HOME="/workspace/rustup-home" "/workspace/cargo-home/bin/cargo" "+1.100.0-beta.1" "generate-lockfile" "--manifest-path" "Cargo.toml", kill_on_drop: false }`
[INFO] [stderr]     Blocking waiting for file lock on package cache
[INFO] [stderr]     Updating crates.io index
[INFO] [stderr]     Blocking waiting for file lock on package cache
[INFO] [stderr]      Locking 172 packages to highest compatible versions
[INFO] [stderr]       Adding candid v0.7.18 (available: v0.10.37)
[INFO] [stderr]       Adding generic-array v0.14.7 (available: v0.14.9)
[INFO] [stderr]       Adding ic-cdk v0.5.7 (available: v0.20.3)
[INFO] [stderr]       Adding thiserror v1.0.69 (available: v2.0.21)
[INFO] running `Command { std: CARGO_HOME="/workspace/cargo-home" RUSTUP_HOME="/workspace/rustup-home" "/workspace/cargo-home/bin/cargo" "+1.100.0-beta.1" "fetch" "--manifest-path" "Cargo.toml", kill_on_drop: false }`
[INFO] [stderr] warning: `package.homepage` is redundant with `package.repository`
[INFO] [stderr]   --> Cargo.toml:35:12
[INFO] [stderr]    |
[INFO] [stderr] 35 | homepage = "https://github.com/Psychedelic/cap"
[INFO] [stderr]    |            ^^^^^^^^^^^^^^^^^^^^^^^^^^^^^^^^^^^^
[INFO] [stderr] ...
[INFO] [stderr] 39 | repository = "https://github.com/Psychedelic/cap"
[INFO] [stderr]    |              ------------------------------------
[INFO] [stderr]    |
[INFO] [stderr]    = note: `cargo::redundant_homepage` is set to `warn` by default
[INFO] [stderr] help: consider removing `package.homepage`
[INFO] [stderr] warning: `cap-sdk` (manifest) generated 1 warning
[INFO] [stderr]     Blocking waiting for file lock on package cache
[INFO] [stderr]     Blocking waiting for file lock on package cache
[INFO] [stderr]  Downloading crates ...
[INFO] [stderr]   Downloaded serde_bytes v0.11.19
[INFO] [stderr]   Downloaded ic-kit v0.4.8
[INFO] [stderr]   Downloaded ic-kit-macros v0.1.0
[INFO] [stderr]   Downloaded serde_tokenstream v0.1.7
[INFO] [stderr]   Downloaded ic-cdk v0.5.7
[INFO] [stderr]   Downloaded blocking v1.7.0
[INFO] [stderr]   Downloaded pretty v0.10.0
[INFO] [stderr]   Downloaded dirs-sys-next v0.1.2
[INFO] [stderr]   Downloaded redox_users v0.4.6
[INFO] [stderr]   Downloaded libredox v0.1.25
[INFO] [stderr]   Downloaded gloo-timers v0.3.0
[INFO] [stderr]   Downloaded logos v0.12.1
[INFO] [stderr]   Downloaded leb128 v0.2.7
[INFO] [stderr]   Downloaded dirs-next v2.0.0
[INFO] [stderr]   Downloaded wasm-bindgen-futures v0.4.79
[INFO] [stderr]   Downloaded lalrpop-util v0.19.12
[INFO] [stderr]   Downloaded cap-sdk-core v0.2.3
[INFO] [stderr]   Downloaded cap-common v0.2.3
[INFO] [stderr]   Downloaded beef v0.5.2
[INFO] [stderr]   Downloaded ascii-canvas v3.0.0
[INFO] [stderr]   Downloaded candid_derive v0.4.5
[INFO] [stderr]   Downloaded ic-types v0.5.0
[INFO] [stderr]   Downloaded data-encoding v2.11.1
[INFO] [stderr]   Downloaded pin-utils v0.1.1
[INFO] [stderr]   Downloaded kv-log-macro v1.0.7
[INFO] [stderr]   Downloaded async-global-executor v2.4.1
[INFO] [stderr]   Downloaded piper v0.2.5
[INFO] [stderr]   Downloaded async-channel v2.5.0
[INFO] [stderr]   Downloaded async-attributes v1.1.2
[INFO] [stderr]   Downloaded ic-certified-map v0.3.4
[INFO] [stderr]   Downloaded typed-arena v2.0.2
[INFO] [stderr]   Downloaded logos-derive v0.12.1
[INFO] [stderr]   Downloaded tiny-keccak v2.0.2
[INFO] [stderr]   Downloaded ena v0.14.4
[INFO] [stderr]   Downloaded diff v0.1.13
[INFO] [stderr]   Downloaded binread v2.2.0
[INFO] [stderr]   Downloaded binread_derive v2.1.0
[INFO] [stderr]   Downloaded async-lock v3.4.2
[INFO] [stderr]   Downloaded async-task v4.7.1
[INFO] [stderr]   Downloaded async-executor v1.14.0
[INFO] [stderr]   Downloaded serde_cbor v0.11.2
[INFO] [stderr]   Downloaded half v1.8.3
[INFO] [stderr]   Downloaded certified-vars v0.1.4
[INFO] [stderr]   Downloaded term v0.7.0
[INFO] [stderr]   Downloaded value-bag v1.14.1
[INFO] [stderr]   Downloaded async-io v2.6.0
[INFO] [stderr]   Downloaded candid v0.7.18
[INFO] [stderr]   Downloaded async-std v1.13.2
[INFO] [stderr]   Downloaded lalrpop v0.19.12
[INFO] running `Command { std: "docker" "create" "-v" "/var/lib/crater-agent-workspace/builds/worker-5-tc2/source:/opt/rustwide/workdir:ro,Z" "-v" "/var/lib/crater-agent-workspace/builds/worker-5-tc2/target:/opt/rustwide/target:rw,Z" "-v" "/var/lib/crater-agent-workspace/cargo-home:/opt/rustwide/cargo-home:ro,Z" "-v" "/var/lib/crater-agent-workspace/rustup-home:/opt/rustwide/rustup-home:ro,Z" "-m" "1610612736" "--network" "none" "ghcr.io/rust-lang/crates-build-env/linux@sha256:3111399a4047eeb3a02b7a90e478d715f38a8c6669b5c4b49d30a17385265909" "sleep" "infinity", kill_on_drop: false }`
[INFO] [stdout] 778540a94d94e911cdcaec6515940049e0bd411542cac3af6aa2d7e86d23c2c1
[INFO] running `Command { std: "docker" "start" "778540a94d94e911cdcaec6515940049e0bd411542cac3af6aa2d7e86d23c2c1", kill_on_drop: false }`
[INFO] running `Command { std: "docker" "inspect" "778540a94d94e911cdcaec6515940049e0bd411542cac3af6aa2d7e86d23c2c1", kill_on_drop: false }`
[INFO] running `Command { std: "docker" "exec" "-e" "SOURCE_DIR=/opt/rustwide/workdir" "-e" "CARGO_HOME=/opt/rustwide/cargo-home" "-e" "RUSTUP_HOME=/opt/rustwide/rustup-home" "-e" "CARGO_TARGET_DIR=/opt/rustwide/target" "-w" "/opt/rustwide/workdir" "--user" "0:0" "778540a94d94e911cdcaec6515940049e0bd411542cac3af6aa2d7e86d23c2c1" "/opt/rustwide/cargo-home/bin/cargo" "+1.100.0-beta.1" "metadata" "--no-deps" "--format-version=1", kill_on_drop: false }`
[INFO] running `Command { std: "docker" "inspect" "778540a94d94e911cdcaec6515940049e0bd411542cac3af6aa2d7e86d23c2c1", kill_on_drop: false }`
[INFO] running `Command { std: "docker" "exec" "-e" "SOURCE_DIR=/opt/rustwide/workdir" "-e" "CARGO_HOME=/opt/rustwide/cargo-home" "-e" "RUSTUP_HOME=/opt/rustwide/rustup-home" "-e" "CARGO_TARGET_DIR=/opt/rustwide/target" "-e" "CARGO_INCREMENTAL=0" "-e" "RUST_BACKTRACE=full" "-e" "RUSTFLAGS=--cap-lints=warn" "-e" "RUSTDOCFLAGS=--cap-lints=warn" "-w" "/opt/rustwide/workdir" "--user" "0:0" "778540a94d94e911cdcaec6515940049e0bd411542cac3af6aa2d7e86d23c2c1" "/opt/rustwide/cargo-home/bin/cargo" "+1.100.0-beta.1" "build" "--frozen" "--message-format=json", kill_on_drop: false }`
[INFO] [stderr] warning: `package.homepage` is redundant with `package.repository`
[INFO] [stderr]   --> Cargo.toml:35:12
[INFO] [stderr]    |
[INFO] [stderr] 35 | homepage = "https://github.com/Psychedelic/cap"
[INFO] [stderr]    |            ^^^^^^^^^^^^^^^^^^^^^^^^^^^^^^^^^^^^
[INFO] [stderr] ...
[INFO] [stderr] 39 | repository = "https://github.com/Psychedelic/cap"
[INFO] [stderr]    |              ------------------------------------
[INFO] [stderr]    |
[INFO] [stderr]    = note: `cargo::redundant_homepage` is set to `warn` by default
[INFO] [stderr] help: consider removing `package.homepage`
[INFO] [stderr] warning: `cap-sdk` (manifest) generated 1 warning
[INFO] [stderr]    Compiling proc-macro2 v1.0.107
[INFO] [stderr]    Compiling unicode-ident v1.0.26
[INFO] [stderr]    Compiling quote v1.0.47
[INFO] [stderr]    Compiling cfg-if v1.0.5
[INFO] [stderr]    Compiling libc v0.2.190
[INFO] [stderr]    Compiling syn v1.0.109
[INFO] [stderr]    Compiling version_check v0.9.5
[INFO] [stderr]    Compiling memchr v2.8.3
[INFO] [stderr]    Compiling pin-project-lite v0.2.17
[INFO] [stderr]    Compiling serde_core v1.0.229
[INFO] [stderr]    Compiling autocfg v1.5.1
[INFO] [stderr]    Compiling futures-core v0.3.34
[INFO] [stderr]    Compiling typenum v1.20.1
[INFO] [stderr]    Compiling serde v1.0.229
[INFO] [stderr]    Compiling hashbrown v0.17.1
[INFO] [stderr]    Compiling equivalent v1.0.2
[INFO] [stderr]    Compiling futures-io v0.3.34
[INFO] [stderr]    Compiling crossbeam-utils v0.8.23
[INFO] [stderr]    Compiling parking_lot_core v0.9.12
[INFO] [stderr]    Compiling parking v2.2.1
[INFO] [stderr]    Compiling value-bag v1.14.1
[INFO] [stderr]    Compiling crunchy v0.2.4
[INFO] [stderr]    Compiling regex-syntax v0.8.11
[INFO] [stderr]    Compiling scopeguard v1.2.0
[INFO] [stderr]    Compiling smallvec v1.16.2
[INFO] [stderr]    Compiling either v1.18.0
[INFO] [stderr]    Compiling log v0.4.34
[INFO] [stderr]    Compiling lock_api v0.4.14
[INFO] [stderr]    Compiling regex-syntax v0.6.29
[INFO] [stderr]    Compiling once_cell v1.21.4
[INFO] [stderr]    Compiling tiny-keccak v2.0.2
[INFO] [stderr]    Compiling siphasher v1.0.4
[INFO] [stderr]    Compiling generic-array v0.14.7
[INFO] [stderr]    Compiling num-traits v0.2.19
[INFO] [stderr]    Compiling slab v0.4.12
[INFO] [stderr]    Compiling new_debug_unreachable v1.0.6
[INFO] [stderr]    Compiling indexmap v2.14.2
[INFO] [stderr]    Compiling precomputed-hash v0.1.1
[INFO] [stderr]    Compiling aho-corasick v1.1.5
[INFO] [stderr]    Compiling phf_shared v0.11.3
[INFO] [stderr]    Compiling fastrand v2.5.0
[INFO] [stderr]    Compiling fixedbitset v0.4.2
[INFO] [stderr]    Compiling winnow v0.5.40
[INFO] [stderr]    Compiling toml_datetime v0.6.11
[INFO] [stderr]    Compiling bit-vec v0.6.3
[INFO] [stderr]    Compiling cpufeatures v0.2.17
[INFO] [stderr]    Compiling syn v3.0.6
[INFO] [stderr]    Compiling syn v2.0.119
[INFO] [stderr]    Compiling bit-set v0.5.3
[INFO] [stderr]    Compiling ena v0.14.4
[INFO] [stderr]    Compiling concurrent-queue v2.5.0
[INFO] [stderr]    Compiling itertools v0.10.5
[INFO] [stderr]    Compiling event-listener v5.4.2
[INFO] [stderr]    Compiling thiserror v1.0.69
[INFO] [stderr]    Compiling rustix v1.1.5
[INFO] [stderr]    Compiling petgraph v0.6.5
[INFO] [stderr]    Compiling unicode-xid v0.2.6
[INFO] [stderr]    Compiling crc32fast v1.5.2
[INFO] [stderr]    Compiling rustversion v1.0.23
[INFO] [stderr]    Compiling lazy_static v1.5.1
[INFO] [stderr]    Compiling diff v0.1.13
[INFO] [stderr]    Compiling event-listener-strategy v0.5.4
[INFO] [stderr]    Compiling block-buffer v0.10.4
[INFO] [stderr]    Compiling crypto-common v0.1.7
[INFO] [stderr]    Compiling futures-lite v2.6.1
[INFO] [stderr]    Compiling digest v0.10.7
[INFO] [stderr]    Compiling fnv v1.0.7
[INFO] [stderr]    Compiling beef v0.5.2
[INFO] [stderr]    Compiling dirs-sys-next v0.1.2
[INFO] [stderr]    Compiling is-terminal v0.4.17
[INFO] [stderr]    Compiling dirs-next v2.0.0
[INFO] [stderr]    Compiling parking_lot v0.12.5
[INFO] [stderr]    Compiling term v0.7.0
[INFO] [stderr]    Compiling sha2 v0.10.9
[INFO] [stderr]    Compiling anyhow v1.0.104
[INFO] [stderr]    Compiling ascii-canvas v3.0.0
[INFO] [stderr]    Compiling string_cache v0.8.9
[INFO] [stderr]    Compiling linux-raw-sys v0.12.1
[INFO] [stderr]    Compiling paste v1.0.15
[INFO] [stderr]    Compiling bitflags v2.13.2
[INFO] [stderr]    Compiling num-integer v0.1.47
[INFO] [stderr]    Compiling toml_edit v0.19.15
[INFO] [stderr]    Compiling async-io v2.6.0
[INFO] [stderr]    Compiling unicode-width v0.1.14
[INFO] [stderr]    Compiling atomic-waker v1.1.2
[INFO] [stderr]    Compiling arrayvec v0.5.2
[INFO] [stderr]    Compiling async-task v4.7.1
[INFO] [stderr]    Compiling data-encoding v2.11.1
[INFO] [stderr]    Compiling futures-sink v0.3.34
[INFO] [stderr]    Compiling typed-arena v2.0.2
[INFO] [stderr]    Compiling termcolor v1.4.1
[INFO] [stderr]    Compiling futures-channel v0.3.34
[INFO] [stderr]    Compiling piper v0.2.5
[INFO] [stderr]    Compiling pretty v0.10.0
[INFO] [stderr]    Compiling regex-automata v0.4.18
[INFO] [stderr]    Compiling codespan-reporting v0.11.1
[INFO] [stderr]    Compiling async-channel v2.5.0
[INFO] [stderr]    Compiling byteorder v1.5.0
[INFO] [stderr]    Compiling futures-task v0.3.34
[INFO] [stderr]    Compiling leb128 v0.2.7
[INFO] [stderr]    Compiling async-executor v1.14.0
[INFO] [stderr]    Compiling async-lock v3.4.2
[INFO] [stderr]    Compiling async-channel v1.9.0
[INFO] [stderr]    Compiling digest v0.9.0
[INFO] [stderr]    Compiling blocking v1.7.0
[INFO] [stderr]    Compiling block-buffer v0.9.0
[INFO] [stderr]    Compiling kv-log-macro v1.0.7
[INFO] [stderr]    Compiling half v1.8.3
[INFO] [stderr]    Compiling pin-utils v0.1.1
[INFO] [stderr]    Compiling opaque-debug v0.3.1
[INFO] [stderr]    Compiling sha2 v0.9.9
[INFO] [stderr]    Compiling serde_bytes v0.11.19
[INFO] [stderr]    Compiling thiserror-impl v1.0.69
[INFO] [stderr]    Compiling async-stream-impl v0.3.6
[INFO] [stderr]    Compiling async-stream v0.3.6
[INFO] [stderr]    Compiling proc-macro-crate v1.3.1
[INFO] [stderr]    Compiling serde_derive v1.0.229
[INFO] [stderr]    Compiling futures-macro v0.3.34
[INFO] [stderr]    Compiling regex v1.13.1
[INFO] [stderr]    Compiling futures-util v0.3.34
[INFO] [stderr]    Compiling lalrpop-util v0.19.12
[INFO] [stderr]    Compiling lalrpop v0.19.12
[INFO] [stderr]    Compiling logos-derive v0.12.1
[INFO] [stderr]    Compiling num_enum_derive v0.5.11
[INFO] [stderr]    Compiling binread_derive v2.1.0
[INFO] [stderr]    Compiling candid_derive v0.4.5
[INFO] [stderr]    Compiling async-attributes v1.1.2
[INFO] [stderr]    Compiling num_enum v0.5.11
[INFO] [stderr]    Compiling logos v0.12.1
[INFO] [stderr]    Compiling binread v2.2.0
[INFO] [stderr]    Compiling num-bigint v0.4.8
[INFO] [stderr]    Compiling ic-types v0.5.0
[INFO] [stderr]    Compiling serde_tokenstream v0.1.7
[INFO] [stderr]    Compiling bincode v1.3.3
[INFO] [stderr]    Compiling serde_cbor v0.11.2
[INFO] [stderr]    Compiling ic-certified-map v0.3.4
[INFO] [stderr]    Compiling futures-executor v0.3.34
[INFO] [stderr]    Compiling futures v0.3.34
[INFO] [stderr]    Compiling ic-kit-macros v0.1.0
[INFO] [stderr]    Compiling polling v3.11.0
[INFO] [stderr]    Compiling async-global-executor v2.4.1
[INFO] [stderr]    Compiling async-std v1.13.2
[INFO] [stderr]    Compiling candid v0.7.18
[INFO] [stderr]    Compiling ic-cdk v0.5.7
[INFO] [stderr]    Compiling certified-vars v0.1.4
[INFO] [stderr]    Compiling ic-kit v0.4.8
[INFO] [stderr]    Compiling cap-common v0.2.3
[INFO] [stderr]    Compiling cap-sdk-core v0.2.3
[INFO] [stdout] error[E0277]: the trait bound `for<'a> !: ArgumentDecoder<'a>` is not satisfied
[INFO] [stdout]    --> /opt/rustwide/cargo-home/registry/src/index.crates.io-1949cf8c6b5b557f/cap-sdk-core-0.2.3/src/router.rs:28:9
[INFO] [stdout]     |
[INFO] [stdout]  28 |         call(self.0, "install_bucket_code", (canister,)).await?;
[INFO] [stdout]     |         ^^^^^^^^^^^^^^^^^^^^^^^^^^^^^^^^^^^^^^^^^^^^^^^^ the trait `for<'a> ArgumentDecoder<'a>` is not implemented for `!`
[INFO] [stdout]     |
[INFO] [stdout]     = help: the following other types implement trait `ArgumentDecoder<'a>`:
[INFO] [stdout]               (T₁, T₂, …, Tₙ) up to tuples of arity 16
[INFO] [stdout]             and 9 others
[INFO] [stdout]     = note: this error might have been caused by changes to Rust's type-inference algorithm (see issue #148922 <https://github.com/rust-lang/rust/issues/148922> for more information)
[INFO] [stdout]     = help: you might have intended to use the type `()` here instead
[INFO] [stdout] note: required by a bound in `ic_kit::ic::call`
[INFO] [stdout]    --> /opt/rustwide/cargo-home/registry/src/index.crates.io-1949cf8c6b5b557f/ic-kit-0.4.8/src/ic.rs:100:36
[INFO] [stdout]     |
[INFO] [stdout] 100 | pub fn call<T: ArgumentEncoder, R: for<'a> ArgumentDecoder<'a>, S: Into<String>>(
[INFO] [stdout]     |                                    ^^^^^^^^^^^^^^^^^^^^^^^^^^^ required by this bound in `call`
[INFO] [stdout] 
[INFO] [stdout] 
[INFO] [stdout] For more information about this error, try `rustc --explain E0277`.
[INFO] [stdout] 
[INFO] [stderr] error: could not compile `cap-sdk-core` (lib) due to 1 previous error
[INFO] [stderr] warning: build failed, waiting for other jobs to finish...
[INFO] running `Command { std: "docker" "inspect" "778540a94d94e911cdcaec6515940049e0bd411542cac3af6aa2d7e86d23c2c1", kill_on_drop: false }`
[INFO] running `Command { std: "docker" "rm" "-f" "778540a94d94e911cdcaec6515940049e0bd411542cac3af6aa2d7e86d23c2c1", kill_on_drop: false }`
[INFO] [stdout] 778540a94d94e911cdcaec6515940049e0bd411542cac3af6aa2d7e86d23c2c1
