[INFO] fetching crate cal-redis 0.1.80...
[INFO] testing cal-redis-0.1.80 against 1.100.0-beta.1 for beta-1.100-2
[INFO] extracting crate cal-redis 0.1.80 into /workspace/builds/worker-1-tc2/source
[INFO] started tweaking crates.io crate cal-redis 0.1.80
[INFO] finished tweaking crates.io crate cal-redis 0.1.80
[INFO] tweaked toml for crates.io crate cal-redis 0.1.80 written to /workspace/builds/worker-1-tc2/source/Cargo.toml
[INFO] validating manifest of crates.io crate cal-redis 0.1.80 on toolchain 1.100.0-beta.1
[INFO] running `Command { std: CARGO_HOME="/workspace/cargo-home" RUSTUP_HOME="/workspace/rustup-home" "/workspace/cargo-home/bin/cargo" "+1.100.0-beta.1" "metadata" "--manifest-path" "Cargo.toml" "--no-deps", kill_on_drop: false }`
[INFO] crate crates.io crate cal-redis 0.1.80 already has a lockfile, it will not be regenerated
[INFO] running `Command { std: CARGO_HOME="/workspace/cargo-home" RUSTUP_HOME="/workspace/rustup-home" "/workspace/cargo-home/bin/cargo" "+1.100.0-beta.1" "fetch" "--manifest-path" "Cargo.toml", kill_on_drop: false }`
[INFO] running `Command { std: "docker" "create" "-v" "/var/lib/crater-agent-workspace/builds/worker-1-tc2/source:/opt/rustwide/workdir:ro,Z" "-v" "/var/lib/crater-agent-workspace/builds/worker-1-tc2/target:/opt/rustwide/target:rw,Z" "-v" "/var/lib/crater-agent-workspace/cargo-home:/opt/rustwide/cargo-home:ro,Z" "-v" "/var/lib/crater-agent-workspace/rustup-home:/opt/rustwide/rustup-home:ro,Z" "-m" "1610612736" "--network" "none" "ghcr.io/rust-lang/crates-build-env/linux@sha256:3111399a4047eeb3a02b7a90e478d715f38a8c6669b5c4b49d30a17385265909" "sleep" "infinity", kill_on_drop: false }`
[INFO] [stdout] 906f250b321d774b4ec4d34cc84bb06bd0cff27e7bc832ef9d01b0a058726c5f
[INFO] running `Command { std: "docker" "start" "906f250b321d774b4ec4d34cc84bb06bd0cff27e7bc832ef9d01b0a058726c5f", kill_on_drop: false }`
[INFO] running `Command { std: "docker" "inspect" "906f250b321d774b4ec4d34cc84bb06bd0cff27e7bc832ef9d01b0a058726c5f", kill_on_drop: false }`
[INFO] running `Command { std: "docker" "exec" "-e" "SOURCE_DIR=/opt/rustwide/workdir" "-e" "CARGO_HOME=/opt/rustwide/cargo-home" "-e" "RUSTUP_HOME=/opt/rustwide/rustup-home" "-e" "CARGO_TARGET_DIR=/opt/rustwide/target" "-w" "/opt/rustwide/workdir" "--user" "0:0" "906f250b321d774b4ec4d34cc84bb06bd0cff27e7bc832ef9d01b0a058726c5f" "/opt/rustwide/cargo-home/bin/cargo" "+1.100.0-beta.1" "metadata" "--no-deps" "--format-version=1", kill_on_drop: false }`
[INFO] running `Command { std: "docker" "inspect" "906f250b321d774b4ec4d34cc84bb06bd0cff27e7bc832ef9d01b0a058726c5f", kill_on_drop: false }`
[INFO] running `Command { std: "docker" "exec" "-e" "SOURCE_DIR=/opt/rustwide/workdir" "-e" "CARGO_HOME=/opt/rustwide/cargo-home" "-e" "RUSTUP_HOME=/opt/rustwide/rustup-home" "-e" "CARGO_TARGET_DIR=/opt/rustwide/target" "-e" "CARGO_INCREMENTAL=0" "-e" "RUST_BACKTRACE=full" "-e" "RUSTFLAGS=--cap-lints=warn" "-e" "RUSTDOCFLAGS=--cap-lints=warn" "-w" "/opt/rustwide/workdir" "--user" "0:0" "906f250b321d774b4ec4d34cc84bb06bd0cff27e7bc832ef9d01b0a058726c5f" "/opt/rustwide/cargo-home/bin/cargo" "+1.100.0-beta.1" "build" "--frozen" "--message-format=json", kill_on_drop: false }`
[INFO] [stderr]    Compiling proc-macro2 v1.0.94
[INFO] [stderr]    Compiling unicode-ident v1.0.18
[INFO] [stderr]    Compiling libc v0.2.171
[INFO] [stderr]    Compiling autocfg v1.4.0
[INFO] [stderr]    Compiling cfg-if v1.0.0
[INFO] [stderr]    Compiling memchr v2.7.4
[INFO] [stderr]    Compiling stable_deref_trait v1.2.0
[INFO] [stderr]    Compiling smallvec v1.14.0
[INFO] [stderr]    Compiling serde v1.0.219
[INFO] [stderr]    Compiling litemap v0.7.5
[INFO] [stderr]    Compiling writeable v0.5.5
[INFO] [stderr]    Compiling icu_locid_transform_data v1.5.1
[INFO] [stderr]    Compiling getrandom v0.3.2
[INFO] [stderr]    Compiling icu_properties_data v1.5.1
[INFO] [stderr]    Compiling once_cell v1.21.2
[INFO] [stderr]    Compiling cc v1.2.17
[INFO] [stderr]    Compiling icu_normalizer_data v1.5.1
[INFO] [stderr]    Compiling regex-syntax v0.8.5
[INFO] [stderr]    Compiling parking_lot_core v0.9.10
[INFO] [stderr]    Compiling zerocopy v0.8.24
[INFO] [stderr]    Compiling utf16_iter v1.0.5
[INFO] [stderr]    Compiling write16 v1.0.0
[INFO] [stderr]    Compiling rustversion v1.0.20
[INFO] [stderr]    Compiling proc-macro-error-attr v1.0.4
[INFO] [stderr]    Compiling strsim v0.11.1
[INFO] [stderr]    Compiling ident_case v1.0.1
[INFO] [stderr]    Compiling syn v1.0.109
[INFO] [stderr]    Compiling hashbrown v0.15.2
[INFO] [stderr]    Compiling serde_json v1.0.140
[INFO] [stderr]    Compiling lock_api v0.4.12
[INFO] [stderr]    Compiling num-traits v0.2.19
[INFO] [stderr]    Compiling proc-macro-error v1.0.4
[INFO] [stderr]    Compiling radium v0.7.0
[INFO] [stderr]    Compiling bytes v1.10.1
[INFO] [stderr]    Compiling crossbeam-utils v0.8.21
[INFO] [stderr]    Compiling openssl v0.10.72
[INFO] [stderr]    Compiling log v0.4.27
[INFO] [stderr]    Compiling percent-encoding v2.3.1
[INFO] [stderr]    Compiling aho-corasick v1.1.3
[INFO] [stderr]    Compiling form_urlencoded v1.2.1
[INFO] [stderr]    Compiling quick-xml v0.37.3
[INFO] [stderr]    Compiling tinyvec v1.9.0
[INFO] [stderr]    Compiling quote v1.0.40
[INFO] [stderr]    Compiling syn v2.0.100
[INFO] [stderr]    Compiling signal-hook-registry v1.4.2
[INFO] [stderr]    Compiling mio v1.0.3
[INFO] [stderr]    Compiling socket2 v0.5.8
[INFO] [stderr]    Compiling rand_core v0.9.3
[INFO] [stderr]    Compiling parking_lot v0.12.3
[INFO] [stderr]    Compiling indexmap v2.9.0
[INFO] [stderr]    Compiling slab v0.4.9
[INFO] [stderr]    Compiling ahash v0.8.11
[INFO] [stderr]    Compiling linked-hash-map v0.5.6
[INFO] [stderr]    Compiling time-core v0.1.4
[INFO] [stderr]    Compiling tap v1.0.1
[INFO] [stderr]    Compiling num-conv v0.1.0
[INFO] [stderr]    Compiling bitflags v2.9.0
[INFO] [stderr]    Compiling powerfmt v0.2.0
[INFO] [stderr]    Compiling wyz v0.5.1
[INFO] [stderr]    Compiling lru-cache v0.1.2
[INFO] [stderr]    Compiling time-macros v0.2.22
[INFO] [stderr]    Compiling getrandom v0.2.15
[INFO] [stderr]    Compiling deranged v0.4.0
[INFO] [stderr]    Compiling unicode-normalization v0.1.24
[INFO] [stderr]    Compiling portable-atomic v1.11.0
[INFO] [stderr]    Compiling regex-syntax v0.6.29
[INFO] [stderr]    Compiling openssl-sys v0.9.107
[INFO] [stderr]    Compiling funty v2.0.0
[INFO] [stderr]    Compiling iana-time-zone v0.1.62
[INFO] [stderr]    Compiling unicode-bidi v0.3.18
[INFO] [stderr]    Compiling oncemutex v0.1.1
[INFO] [stderr]    Compiling zerocopy v0.7.35
[INFO] [stderr]    Compiling netaddr2 v0.7.1
[INFO] [stderr]    Compiling nom v7.1.3
[INFO] [stderr]    Compiling num-integer v0.1.46
[INFO] [stderr]    Compiling regex-automata v0.4.9
[INFO] [stderr]    Compiling ppv-lite86 v0.2.21
[INFO] [stderr]    Compiling native-tls v0.2.14
[INFO] [stderr]    Compiling ip-in-subnet v0.1.4
[INFO] [stderr]    Compiling idna v0.5.0
[INFO] [stderr]    Compiling moka v0.12.10
[INFO] [stderr]    Compiling bitvec v1.0.1
[INFO] [stderr]    Compiling either v1.15.0
[INFO] [stderr]    Compiling base64 v0.22.1
[INFO] [stderr]    Compiling futures-util v0.3.31
[INFO] [stderr]    Compiling num-bigint v0.4.6
[INFO] [stderr]    Compiling time v0.3.41
[INFO] [stderr]    Compiling crossbeam-epoch v0.9.18
[INFO] [stderr]    Compiling rand_chacha v0.9.0
[INFO] [stderr]    Compiling crossbeam-channel v0.5.15
[INFO] [stderr]    Compiling lazy_static v1.5.0
[INFO] [stderr]    Compiling tagptr v0.2.0
[INFO] [stderr]    Compiling sha1_smol v1.0.1
[INFO] [stderr]    Compiling rand v0.9.0
[INFO] [stderr]    Compiling arc-swap v1.7.1
[INFO] [stderr]    Compiling bincode v1.3.3
[INFO] [stderr]    Compiling regex v1.11.1
[INFO] [stderr]    Compiling synstructure v0.13.1
[INFO] [stderr]    Compiling darling_core v0.20.11
[INFO] [stderr]    Compiling regex-cache v0.2.1
[INFO] [stderr]    Compiling zerofrom-derive v0.1.6
[INFO] [stderr]    Compiling yoke-derive v0.7.5
[INFO] [stderr]    Compiling zerovec-derive v0.10.3
[INFO] [stderr]    Compiling serde_derive v1.0.219
[INFO] [stderr]    Compiling displaydoc v0.2.5
[INFO] [stderr]    Compiling icu_provider_macros v1.5.0
[INFO] [stderr]    Compiling thiserror-impl v1.0.69
[INFO] [stderr]    Compiling tokio-macros v2.5.0
[INFO] [stderr]    Compiling strum_macros v0.26.4
[INFO] [stderr]    Compiling openssl-macros v0.1.1
[INFO] [stderr]    Compiling serde_repr v0.1.20
[INFO] [stderr]    Compiling async-trait v0.1.88
[INFO] [stderr]    Compiling tokio v1.44.2
[INFO] [stderr]    Compiling strum v0.26.3
[INFO] [stderr]    Compiling zerofrom v0.1.6
[INFO] [stderr]    Compiling thiserror v1.0.69
[INFO] [stderr]    Compiling yoke v0.7.5
[INFO] [stderr]    Compiling darling_macro v0.20.11
[INFO] [stderr]    Compiling darling v0.20.11
[INFO] [stderr]    Compiling validator_derive v0.18.2
[INFO] [stderr]    Compiling zerovec v0.10.4
[INFO] [stderr]    Compiling tinystr v0.7.6
[INFO] [stderr]    Compiling icu_collections v1.5.0
[INFO] [stderr]    Compiling icu_locid v1.5.0
[INFO] [stderr]    Compiling phonenumber v0.3.7+8.13.52
[INFO] [stderr]    Compiling icu_provider v1.5.0
[INFO] [stderr]    Compiling icu_locid_transform v1.5.0
[INFO] [stderr]    Compiling icu_properties v1.5.1
[INFO] [stderr]    Compiling uuid v1.16.0
[INFO] [stderr]    Compiling chrono v0.4.40
[INFO] [stderr]    Compiling serde_bytes v0.11.17
[INFO] [stderr]    Compiling cal-jambonz v0.1.72
[INFO] [stderr]    Compiling bson v2.14.0
[INFO] [stderr]    Compiling tokio-util v0.7.14
[INFO] [stderr]    Compiling tokio-native-tls v0.3.1
[INFO] [stderr]    Compiling combine v4.6.7
[INFO] [stderr]    Compiling icu_normalizer v1.5.0
[INFO] [stderr]    Compiling idna_adapter v1.2.0
[INFO] [stderr]    Compiling idna v1.0.3
[INFO] [stderr]    Compiling url v2.5.4
[INFO] [stderr]    Compiling validator v0.18.1
[INFO] [stderr]    Compiling redis v0.29.5
[INFO] [stderr]    Compiling cal-core v0.2.144
[INFO] [stderr]    Compiling cal-redis v0.1.80 (/opt/rustwide/workdir)
[INFO] [stdout] warning: unused import: `deserialize_from_json`
[INFO] [stdout]  --> src/account.rs:5:5
[INFO] [stdout]   |
[INFO] [stdout] 5 |     deserialize_from_json, get_hash_item, get_items, insert_items, serialize_to_json,
[INFO] [stdout]   |     ^^^^^^^^^^^^^^^^^^^^^
[INFO] [stdout]   |
[INFO] [stdout]   = note: `#[warn(unused_imports)]` (part of `#[warn(unused)]`) on by default
[INFO] [stdout] 
[INFO] [stdout] 
[INFO] [stdout] warning: unused import: `Serialize`
[INFO] [stdout]   --> src/account.rs:16:35
[INFO] [stdout]    |
[INFO] [stdout] 16 | use serde::{de::DeserializeOwned, Serialize};
[INFO] [stdout]    |                                   ^^^^^^^^^
[INFO] [stdout] 
[INFO] [stdout] 
[INFO] [stdout] warning: unused import: `UserLite`
[INFO] [stdout]  --> src/local_cache.rs:2:81
[INFO] [stdout]   |
[INFO] [stdout] 2 | use cal_core::{AccountLite, Asset, FlowState, Hook, Proxy, Region, Trunk, User, UserLite, DDI};
[INFO] [stdout]   |                                                                                 ^^^^^^^^
[INFO] [stdout] 
[INFO] [stdout] 
[INFO] [stdout] error[E0277]: the trait bound `!: FromRedisValue` is not satisfied
[INFO] [stdout]     --> src/cache/agent.rs:21:13
[INFO] [stdout]      |
[INFO] [stdout]   21 |         con.set(&key, json).await?;
[INFO] [stdout]      |             ^^^ the trait `FromRedisValue` is not implemented for `!`
[INFO] [stdout]      |
[INFO] [stdout]      = help: the following other types implement trait `FromRedisValue`:
[INFO] [stdout]                ()
[INFO] [stdout]                (T12,)
[INFO] [stdout]                (T11, T12)
[INFO] [stdout]                (T10, T11, T12)
[INFO] [stdout]                (T9, T10, T11, T12)
[INFO] [stdout]                (T8, T9, T10, T11, T12)
[INFO] [stdout]                (T7, T8, T9, T10, T11, T12)
[INFO] [stdout]                (T6, T7, T8, T9, T10, T11, T12)
[INFO] [stdout]              and 51 others
[INFO] [stdout]      = note: this error might have been caused by changes to Rust's type-inference algorithm (see issue #148922 <https://github.com/rust-lang/rust/issues/148922> for more information)
[INFO] [stdout]      = help: you might have intended to use the type `()` here instead
[INFO] [stdout] note: required by a bound in `redis::AsyncCommands::set`
[INFO] [stdout]     --> /opt/rustwide/cargo-home/registry/src/index.crates.io-1949cf8c6b5b557f/redis-0.29.5/src/commands/macros.rs:177:25
[INFO] [stdout]      |
[INFO] [stdout]  167 |           pub trait AsyncCommands : crate::aio::ConnectionLike + Send + Sized {
[INFO] [stdout] ...
[INFO] [stdout]  177 |                       RV: FromRedisValue,
[INFO] [stdout]      |                           ^^^^^^^^^^^^^^ required by this bound in `AsyncCommands::set`
[INFO] [stdout]      |
[INFO] [stdout]     ::: /opt/rustwide/cargo-home/registry/src/index.crates.io-1949cf8c6b5b557f/redis-0.29.5/src/commands/mod.rs:138:1
[INFO] [stdout]      |
[INFO] [stdout]  138 | / implement_commands! {
[INFO] [stdout]  139 | |     'a
[INFO] [stdout] ...    |
[INFO] [stdout]  158 | |     fn set<K: ToRedisArgs, V: ToRedisArgs>(key: K, value: V) {
[INFO] [stdout] ...    |
[INFO] [stdout] 2259 | | }
[INFO] [stdout]      | |_- in this macro invocation
[INFO] [stdout]      = note: this error originates in the macro `implement_commands` (in Nightly builds, run with -Z macro-backtrace for more info)
[INFO] [stdout] 
[INFO] [stdout] 
[INFO] [stdout] error[E0277]: the trait bound `!: FromRedisValue` is not satisfied
[INFO] [stdout]     --> src/cache/agent.rs:24:13
[INFO] [stdout]      |
[INFO] [stdout]   24 |         con.hset(
[INFO] [stdout]      |             ^^^^ the trait `FromRedisValue` is not implemented for `!`
[INFO] [stdout]      |
[INFO] [stdout]      = help: the following other types implement trait `FromRedisValue`:
[INFO] [stdout]                ()
[INFO] [stdout]                (T12,)
[INFO] [stdout]                (T11, T12)
[INFO] [stdout]                (T10, T11, T12)
[INFO] [stdout]                (T9, T10, T11, T12)
[INFO] [stdout]                (T8, T9, T10, T11, T12)
[INFO] [stdout]                (T7, T8, T9, T10, T11, T12)
[INFO] [stdout]                (T6, T7, T8, T9, T10, T11, T12)
[INFO] [stdout]              and 51 others
[INFO] [stdout]      = note: this error might have been caused by changes to Rust's type-inference algorithm (see issue #148922 <https://github.com/rust-lang/rust/issues/148922> for more information)
[INFO] [stdout]      = help: you might have intended to use the type `()` here instead
[INFO] [stdout] note: required by a bound in `redis::AsyncCommands::hset`
[INFO] [stdout]     --> /opt/rustwide/cargo-home/registry/src/index.crates.io-1949cf8c6b5b557f/redis-0.29.5/src/commands/macros.rs:177:25
[INFO] [stdout]      |
[INFO] [stdout]  167 |           pub trait AsyncCommands : crate::aio::ConnectionLike + Send + Sized {
[INFO] [stdout] ...
[INFO] [stdout]  177 |                       RV: FromRedisValue,
[INFO] [stdout]      |                           ^^^^^^^^^^^^^^ required by this bound in `AsyncCommands::hset`
[INFO] [stdout]      |
[INFO] [stdout]     ::: /opt/rustwide/cargo-home/registry/src/index.crates.io-1949cf8c6b5b557f/redis-0.29.5/src/commands/mod.rs:138:1
[INFO] [stdout]      |
[INFO] [stdout]  138 | / implement_commands! {
[INFO] [stdout]  139 | |     'a
[INFO] [stdout] ...    |
[INFO] [stdout]  391 | |     fn hset<K: ToRedisArgs, F: ToRedisArgs, V: ToRedisArgs>(key: K, field: F, value: V) {
[INFO] [stdout] ...    |
[INFO] [stdout] 2259 | | }
[INFO] [stdout]      | |_- in this macro invocation
[INFO] [stdout]      = note: this error originates in the macro `implement_commands` (in Nightly builds, run with -Z macro-backtrace for more info)
[INFO] [stdout] 
[INFO] [stdout] 
[INFO] [stdout] error[E0277]: the trait bound `!: FromRedisValue` is not satisfied
[INFO] [stdout]     --> src/cache/agent.rs:34:17
[INFO] [stdout]      |
[INFO] [stdout]   34 |             con.sadd(&AgentKeys::registered(account_id), &status.user_id)
[INFO] [stdout]      |                 ^^^^ the trait `FromRedisValue` is not implemented for `!`
[INFO] [stdout]      |
[INFO] [stdout]      = help: the following other types implement trait `FromRedisValue`:
[INFO] [stdout]                ()
[INFO] [stdout]                (T12,)
[INFO] [stdout]                (T11, T12)
[INFO] [stdout]                (T10, T11, T12)
[INFO] [stdout]                (T9, T10, T11, T12)
[INFO] [stdout]                (T8, T9, T10, T11, T12)
[INFO] [stdout]                (T7, T8, T9, T10, T11, T12)
[INFO] [stdout]                (T6, T7, T8, T9, T10, T11, T12)
[INFO] [stdout]              and 51 others
[INFO] [stdout]      = note: this error might have been caused by changes to Rust's type-inference algorithm (see issue #148922 <https://github.com/rust-lang/rust/issues/148922> for more information)
[INFO] [stdout]      = help: you might have intended to use the type `()` here instead
[INFO] [stdout] note: required by a bound in `redis::AsyncCommands::sadd`
[INFO] [stdout]     --> /opt/rustwide/cargo-home/registry/src/index.crates.io-1949cf8c6b5b557f/redis-0.29.5/src/commands/macros.rs:177:25
[INFO] [stdout]      |
[INFO] [stdout]  167 |           pub trait AsyncCommands : crate::aio::ConnectionLike + Send + Sized {
[INFO] [stdout] ...
[INFO] [stdout]  177 |                       RV: FromRedisValue,
[INFO] [stdout]      |                           ^^^^^^^^^^^^^^ required by this bound in `AsyncCommands::sadd`
[INFO] [stdout]      |
[INFO] [stdout]     ::: /opt/rustwide/cargo-home/registry/src/index.crates.io-1949cf8c6b5b557f/redis-0.29.5/src/commands/mod.rs:138:1
[INFO] [stdout]      |
[INFO] [stdout]  138 | / implement_commands! {
[INFO] [stdout]  139 | |     'a
[INFO] [stdout] ...    |
[INFO] [stdout]  628 | |     fn sadd<K: ToRedisArgs, M: ToRedisArgs>(key: K, member: M) {
[INFO] [stdout] ...    |
[INFO] [stdout] 2259 | | }
[INFO] [stdout]      | |_- in this macro invocation
[INFO] [stdout]      = note: this error originates in the macro `implement_commands` (in Nightly builds, run with -Z macro-backtrace for more info)
[INFO] [stdout] 
[INFO] [stdout] 
[INFO] [stdout] error[E0277]: the trait bound `!: FromRedisValue` is not satisfied
[INFO] [stdout]     --> src/cache/agent.rs:38:17
[INFO] [stdout]      |
[INFO] [stdout]   38 |             con.srem(&AgentKeys::registered(account_id), &status.user_id)
[INFO] [stdout]      |                 ^^^^ the trait `FromRedisValue` is not implemented for `!`
[INFO] [stdout]      |
[INFO] [stdout]      = help: the following other types implement trait `FromRedisValue`:
[INFO] [stdout]                ()
[INFO] [stdout]                (T12,)
[INFO] [stdout]                (T11, T12)
[INFO] [stdout]                (T10, T11, T12)
[INFO] [stdout]                (T9, T10, T11, T12)
[INFO] [stdout]                (T8, T9, T10, T11, T12)
[INFO] [stdout]                (T7, T8, T9, T10, T11, T12)
[INFO] [stdout]                (T6, T7, T8, T9, T10, T11, T12)
[INFO] [stdout]              and 51 others
[INFO] [stdout]      = note: this error might have been caused by changes to Rust's type-inference algorithm (see issue #148922 <https://github.com/rust-lang/rust/issues/148922> for more information)
[INFO] [stdout]      = help: you might have intended to use the type `()` here instead
[INFO] [stdout] note: required by a bound in `redis::AsyncCommands::srem`
[INFO] [stdout]     --> /opt/rustwide/cargo-home/registry/src/index.crates.io-1949cf8c6b5b557f/redis-0.29.5/src/commands/macros.rs:177:25
[INFO] [stdout]      |
[INFO] [stdout]  167 |           pub trait AsyncCommands : crate::aio::ConnectionLike + Send + Sized {
[INFO] [stdout] ...
[INFO] [stdout]  177 |                       RV: FromRedisValue,
[INFO] [stdout]      |                           ^^^^^^^^^^^^^^ required by this bound in `AsyncCommands::srem`
[INFO] [stdout]      |
[INFO] [stdout]     ::: /opt/rustwide/cargo-home/registry/src/index.crates.io-1949cf8c6b5b557f/redis-0.29.5/src/commands/mod.rs:138:1
[INFO] [stdout]      |
[INFO] [stdout]  138 | / implement_commands! {
[INFO] [stdout]  139 | |     'a
[INFO] [stdout] ...    |
[INFO] [stdout]  693 | |     fn srem<K: ToRedisArgs, M: ToRedisArgs>(key: K, member: M) {
[INFO] [stdout] ...    |
[INFO] [stdout] 2259 | | }
[INFO] [stdout]      | |_- in this macro invocation
[INFO] [stdout]      = note: this error originates in the macro `implement_commands` (in Nightly builds, run with -Z macro-backtrace for more info)
[INFO] [stdout] 
[INFO] [stdout] 
[INFO] [stdout] error[E0277]: the trait bound `!: FromRedisValue` is not satisfied
[INFO] [stdout]     --> src/cache/agent.rs:45:17
[INFO] [stdout]      |
[INFO] [stdout]   45 |             con.sadd(&AgentKeys::available(account_id), &status.user_id)
[INFO] [stdout]      |                 ^^^^ the trait `FromRedisValue` is not implemented for `!`
[INFO] [stdout]      |
[INFO] [stdout]      = help: the following other types implement trait `FromRedisValue`:
[INFO] [stdout]                ()
[INFO] [stdout]                (T12,)
[INFO] [stdout]                (T11, T12)
[INFO] [stdout]                (T10, T11, T12)
[INFO] [stdout]                (T9, T10, T11, T12)
[INFO] [stdout]                (T8, T9, T10, T11, T12)
[INFO] [stdout]                (T7, T8, T9, T10, T11, T12)
[INFO] [stdout]                (T6, T7, T8, T9, T10, T11, T12)
[INFO] [stdout]              and 51 others
[INFO] [stdout]      = note: this error might have been caused by changes to Rust's type-inference algorithm (see issue #148922 <https://github.com/rust-lang/rust/issues/148922> for more information)
[INFO] [stdout]      = help: you might have intended to use the type `()` here instead
[INFO] [stdout] note: required by a bound in `redis::AsyncCommands::sadd`
[INFO] [stdout]     --> /opt/rustwide/cargo-home/registry/src/index.crates.io-1949cf8c6b5b557f/redis-0.29.5/src/commands/macros.rs:177:25
[INFO] [stdout]      |
[INFO] [stdout]  167 |           pub trait AsyncCommands : crate::aio::ConnectionLike + Send + Sized {
[INFO] [stdout] ...
[INFO] [stdout]  177 |                       RV: FromRedisValue,
[INFO] [stdout]      |                           ^^^^^^^^^^^^^^ required by this bound in `AsyncCommands::sadd`
[INFO] [stdout]      |
[INFO] [stdout]     ::: /opt/rustwide/cargo-home/registry/src/index.crates.io-1949cf8c6b5b557f/redis-0.29.5/src/commands/mod.rs:138:1
[INFO] [stdout]      |
[INFO] [stdout]  138 | / implement_commands! {
[INFO] [stdout]  139 | |     'a
[INFO] [stdout] ...    |
[INFO] [stdout]  628 | |     fn sadd<K: ToRedisArgs, M: ToRedisArgs>(key: K, member: M) {
[INFO] [stdout] ...    |
[INFO] [stdout] 2259 | | }
[INFO] [stdout]      | |_- in this macro invocation
[INFO] [stdout]      = note: this error originates in the macro `implement_commands` (in Nightly builds, run with -Z macro-backtrace for more info)
[INFO] [stdout] 
[INFO] [stdout] 
[INFO] [stdout] error[E0277]: the trait bound `!: FromRedisValue` is not satisfied
[INFO] [stdout]     --> src/cache/agent.rs:49:17
[INFO] [stdout]      |
[INFO] [stdout]   49 |             con.srem(&AgentKeys::available(account_id), &status.user_id)
[INFO] [stdout]      |                 ^^^^ the trait `FromRedisValue` is not implemented for `!`
[INFO] [stdout]      |
[INFO] [stdout]      = help: the following other types implement trait `FromRedisValue`:
[INFO] [stdout]                ()
[INFO] [stdout]                (T12,)
[INFO] [stdout]                (T11, T12)
[INFO] [stdout]                (T10, T11, T12)
[INFO] [stdout]                (T9, T10, T11, T12)
[INFO] [stdout]                (T8, T9, T10, T11, T12)
[INFO] [stdout]                (T7, T8, T9, T10, T11, T12)
[INFO] [stdout]                (T6, T7, T8, T9, T10, T11, T12)
[INFO] [stdout]              and 51 others
[INFO] [stdout]      = note: this error might have been caused by changes to Rust's type-inference algorithm (see issue #148922 <https://github.com/rust-lang/rust/issues/148922> for more information)
[INFO] [stdout]      = help: you might have intended to use the type `()` here instead
[INFO] [stdout] note: required by a bound in `redis::AsyncCommands::srem`
[INFO] [stdout]     --> /opt/rustwide/cargo-home/registry/src/index.crates.io-1949cf8c6b5b557f/redis-0.29.5/src/commands/macros.rs:177:25
[INFO] [stdout]      |
[INFO] [stdout]  167 |           pub trait AsyncCommands : crate::aio::ConnectionLike + Send + Sized {
[INFO] [stdout] ...
[INFO] [stdout]  177 |                       RV: FromRedisValue,
[INFO] [stdout]      |                           ^^^^^^^^^^^^^^ required by this bound in `AsyncCommands::srem`
[INFO] [stdout]      |
[INFO] [stdout]     ::: /opt/rustwide/cargo-home/registry/src/index.crates.io-1949cf8c6b5b557f/redis-0.29.5/src/commands/mod.rs:138:1
[INFO] [stdout]      |
[INFO] [stdout]  138 | / implement_commands! {
[INFO] [stdout]  139 | |     'a
[INFO] [stdout] ...    |
[INFO] [stdout]  693 | |     fn srem<K: ToRedisArgs, M: ToRedisArgs>(key: K, member: M) {
[INFO] [stdout] ...    |
[INFO] [stdout] 2259 | | }
[INFO] [stdout]      | |_- in this macro invocation
[INFO] [stdout]      = note: this error originates in the macro `implement_commands` (in Nightly builds, run with -Z macro-backtrace for more info)
[INFO] [stdout] 
[INFO] [stdout] 
[INFO] [stdout] error[E0277]: the trait bound `!: FromRedisValue` is not satisfied
[INFO] [stdout]     --> src/cache/agent.rs:100:13
[INFO] [stdout]      |
[INFO] [stdout]  100 |         con.sadd(&AgentKeys::connected(account_id), &member).await?;
[INFO] [stdout]      |             ^^^^ the trait `FromRedisValue` is not implemented for `!`
[INFO] [stdout]      |
[INFO] [stdout]      = help: the following other types implement trait `FromRedisValue`:
[INFO] [stdout]                ()
[INFO] [stdout]                (T12,)
[INFO] [stdout]                (T11, T12)
[INFO] [stdout]                (T10, T11, T12)
[INFO] [stdout]                (T9, T10, T11, T12)
[INFO] [stdout]                (T8, T9, T10, T11, T12)
[INFO] [stdout]                (T7, T8, T9, T10, T11, T12)
[INFO] [stdout]                (T6, T7, T8, T9, T10, T11, T12)
[INFO] [stdout]              and 51 others
[INFO] [stdout]      = note: this error might have been caused by changes to Rust's type-inference algorithm (see issue #148922 <https://github.com/rust-lang/rust/issues/148922> for more information)
[INFO] [stdout]      = help: you might have intended to use the type `()` here instead
[INFO] [stdout] note: required by a bound in `redis::AsyncCommands::sadd`
[INFO] [stdout]     --> /opt/rustwide/cargo-home/registry/src/index.crates.io-1949cf8c6b5b557f/redis-0.29.5/src/commands/macros.rs:177:25
[INFO] [stdout]      |
[INFO] [stdout]  167 |           pub trait AsyncCommands : crate::aio::ConnectionLike + Send + Sized {
[INFO] [stdout] ...
[INFO] [stdout]  177 |                       RV: FromRedisValue,
[INFO] [stdout]      |                           ^^^^^^^^^^^^^^ required by this bound in `AsyncCommands::sadd`
[INFO] [stdout]      |
[INFO] [stdout]     ::: /opt/rustwide/cargo-home/registry/src/index.crates.io-1949cf8c6b5b557f/redis-0.29.5/src/commands/mod.rs:138:1
[INFO] [stdout]      |
[INFO] [stdout]  138 | / implement_commands! {
[INFO] [stdout]  139 | |     'a
[INFO] [stdout] ...    |
[INFO] [stdout]  628 | |     fn sadd<K: ToRedisArgs, M: ToRedisArgs>(key: K, member: M) {
[INFO] [stdout] ...    |
[INFO] [stdout] 2259 | | }
[INFO] [stdout]      | |_- in this macro invocation
[INFO] [stdout]      = note: this error originates in the macro `implement_commands` (in Nightly builds, run with -Z macro-backtrace for more info)
[INFO] [stdout] 
[INFO] [stdout] 
[INFO] [stdout] error[E0277]: the trait bound `!: FromRedisValue` is not satisfied
[INFO] [stdout]     --> src/cache/agent.rs:103:13
[INFO] [stdout]      |
[INFO] [stdout]  103 |         con.hset(WS_CONNECTIONS_KEY, ws_connection_id, account_id)
[INFO] [stdout]      |             ^^^^ the trait `FromRedisValue` is not implemented for `!`
[INFO] [stdout]      |
[INFO] [stdout]      = help: the following other types implement trait `FromRedisValue`:
[INFO] [stdout]                ()
[INFO] [stdout]                (T12,)
[INFO] [stdout]                (T11, T12)
[INFO] [stdout]                (T10, T11, T12)
[INFO] [stdout]                (T9, T10, T11, T12)
[INFO] [stdout]                (T8, T9, T10, T11, T12)
[INFO] [stdout]                (T7, T8, T9, T10, T11, T12)
[INFO] [stdout]                (T6, T7, T8, T9, T10, T11, T12)
[INFO] [stdout]              and 51 others
[INFO] [stdout]      = note: this error might have been caused by changes to Rust's type-inference algorithm (see issue #148922 <https://github.com/rust-lang/rust/issues/148922> for more information)
[INFO] [stdout]      = help: you might have intended to use the type `()` here instead
[INFO] [stdout] note: required by a bound in `redis::AsyncCommands::hset`
[INFO] [stdout]     --> /opt/rustwide/cargo-home/registry/src/index.crates.io-1949cf8c6b5b557f/redis-0.29.5/src/commands/macros.rs:177:25
[INFO] [stdout]      |
[INFO] [stdout]  167 |           pub trait AsyncCommands : crate::aio::ConnectionLike + Send + Sized {
[INFO] [stdout] ...
[INFO] [stdout]  177 |                       RV: FromRedisValue,
[INFO] [stdout]      |                           ^^^^^^^^^^^^^^ required by this bound in `AsyncCommands::hset`
[INFO] [stdout]      |
[INFO] [stdout]     ::: /opt/rustwide/cargo-home/registry/src/index.crates.io-1949cf8c6b5b557f/redis-0.29.5/src/commands/mod.rs:138:1
[INFO] [stdout]      |
[INFO] [stdout]  138 | / implement_commands! {
[INFO] [stdout]  139 | |     'a
[INFO] [stdout] ...    |
[INFO] [stdout]  391 | |     fn hset<K: ToRedisArgs, F: ToRedisArgs, V: ToRedisArgs>(key: K, field: F, value: V) {
[INFO] [stdout] ...    |
[INFO] [stdout] 2259 | | }
[INFO] [stdout]      | |_- in this macro invocation
[INFO] [stdout]      = note: this error originates in the macro `implement_commands` (in Nightly builds, run with -Z macro-backtrace for more info)
[INFO] [stdout] 
[INFO] [stdout] 
[INFO] [stdout] error[E0277]: the trait bound `!: FromRedisValue` is not satisfied
[INFO] [stdout]     --> src/cache/agent.rs:121:13
[INFO] [stdout]      |
[INFO] [stdout]  121 |         con.srem(&AgentKeys::connected(account_id), &member).await?;
[INFO] [stdout]      |             ^^^^ the trait `FromRedisValue` is not implemented for `!`
[INFO] [stdout]      |
[INFO] [stdout]      = help: the following other types implement trait `FromRedisValue`:
[INFO] [stdout]                ()
[INFO] [stdout]                (T12,)
[INFO] [stdout]                (T11, T12)
[INFO] [stdout]                (T10, T11, T12)
[INFO] [stdout]                (T9, T10, T11, T12)
[INFO] [stdout]                (T8, T9, T10, T11, T12)
[INFO] [stdout]                (T7, T8, T9, T10, T11, T12)
[INFO] [stdout]                (T6, T7, T8, T9, T10, T11, T12)
[INFO] [stdout]              and 51 others
[INFO] [stdout]      = note: this error might have been caused by changes to Rust's type-inference algorithm (see issue #148922 <https://github.com/rust-lang/rust/issues/148922> for more information)
[INFO] [stdout]      = help: you might have intended to use the type `()` here instead
[INFO] [stdout] note: required by a bound in `redis::AsyncCommands::srem`
[INFO] [stdout]     --> /opt/rustwide/cargo-home/registry/src/index.crates.io-1949cf8c6b5b557f/redis-0.29.5/src/commands/macros.rs:177:25
[INFO] [stdout]      |
[INFO] [stdout]  167 |           pub trait AsyncCommands : crate::aio::ConnectionLike + Send + Sized {
[INFO] [stdout] ...
[INFO] [stdout]  177 |                       RV: FromRedisValue,
[INFO] [stdout]      |                           ^^^^^^^^^^^^^^ required by this bound in `AsyncCommands::srem`
[INFO] [stdout]      |
[INFO] [stdout]     ::: /opt/rustwide/cargo-home/registry/src/index.crates.io-1949cf8c6b5b557f/redis-0.29.5/src/commands/mod.rs:138:1
[INFO] [stdout]      |
[INFO] [stdout]  138 | / implement_commands! {
[INFO] [stdout]  139 | |     'a
[INFO] [stdout] ...    |
[INFO] [stdout]  693 | |     fn srem<K: ToRedisArgs, M: ToRedisArgs>(key: K, member: M) {
[INFO] [stdout] ...    |
[INFO] [stdout] 2259 | | }
[INFO] [stdout]      | |_- in this macro invocation
[INFO] [stdout]      = note: this error originates in the macro `implement_commands` (in Nightly builds, run with -Z macro-backtrace for more info)
[INFO] [stdout] 
[INFO] [stdout] 
[INFO] [stdout] error[E0277]: the trait bound `!: FromRedisValue` is not satisfied
[INFO] [stdout]     --> src/cache/agent.rs:124:13
[INFO] [stdout]      |
[INFO] [stdout]  124 |         con.hdel(WS_CONNECTIONS_KEY, ws_connection_id).await?;
[INFO] [stdout]      |             ^^^^ the trait `FromRedisValue` is not implemented for `!`
[INFO] [stdout]      |
[INFO] [stdout]      = help: the following other types implement trait `FromRedisValue`:
[INFO] [stdout]                ()
[INFO] [stdout]                (T12,)
[INFO] [stdout]                (T11, T12)
[INFO] [stdout]                (T10, T11, T12)
[INFO] [stdout]                (T9, T10, T11, T12)
[INFO] [stdout]                (T8, T9, T10, T11, T12)
[INFO] [stdout]                (T7, T8, T9, T10, T11, T12)
[INFO] [stdout]                (T6, T7, T8, T9, T10, T11, T12)
[INFO] [stdout]              and 51 others
[INFO] [stdout]      = note: this error might have been caused by changes to Rust's type-inference algorithm (see issue #148922 <https://github.com/rust-lang/rust/issues/148922> for more information)
[INFO] [stdout]      = help: you might have intended to use the type `()` here instead
[INFO] [stdout] note: required by a bound in `redis::AsyncCommands::hdel`
[INFO] [stdout]     --> /opt/rustwide/cargo-home/registry/src/index.crates.io-1949cf8c6b5b557f/redis-0.29.5/src/commands/macros.rs:177:25
[INFO] [stdout]      |
[INFO] [stdout]  167 |           pub trait AsyncCommands : crate::aio::ConnectionLike + Send + Sized {
[INFO] [stdout] ...
[INFO] [stdout]  177 |                       RV: FromRedisValue,
[INFO] [stdout]      |                           ^^^^^^^^^^^^^^ required by this bound in `AsyncCommands::hdel`
[INFO] [stdout]      |
[INFO] [stdout]     ::: /opt/rustwide/cargo-home/registry/src/index.crates.io-1949cf8c6b5b557f/redis-0.29.5/src/commands/mod.rs:138:1
[INFO] [stdout]      |
[INFO] [stdout]  138 | / implement_commands! {
[INFO] [stdout]  139 | |     'a
[INFO] [stdout] ...    |
[INFO] [stdout]  386 | |     fn hdel<K: ToRedisArgs, F: ToRedisArgs>(key: K, field: F) {
[INFO] [stdout] ...    |
[INFO] [stdout] 2259 | | }
[INFO] [stdout]      | |_- in this macro invocation
[INFO] [stdout]      = note: this error originates in the macro `implement_commands` (in Nightly builds, run with -Z macro-backtrace for more info)
[INFO] [stdout] 
[INFO] [stdout] 
[INFO] [stdout] error[E0277]: the trait bound `!: FromRedisValue` is not satisfied
[INFO] [stdout]     --> src/cache/queue.rs:17:13
[INFO] [stdout]      |
[INFO] [stdout]   17 |         con.set(&key, json).await?;
[INFO] [stdout]      |             ^^^ the trait `FromRedisValue` is not implemented for `!`
[INFO] [stdout]      |
[INFO] [stdout]      = help: the following other types implement trait `FromRedisValue`:
[INFO] [stdout]                ()
[INFO] [stdout]                (T12,)
[INFO] [stdout]                (T11, T12)
[INFO] [stdout]                (T10, T11, T12)
[INFO] [stdout]                (T9, T10, T11, T12)
[INFO] [stdout]                (T8, T9, T10, T11, T12)
[INFO] [stdout]                (T7, T8, T9, T10, T11, T12)
[INFO] [stdout]                (T6, T7, T8, T9, T10, T11, T12)
[INFO] [stdout]              and 51 others
[INFO] [stdout]      = note: this error might have been caused by changes to Rust's type-inference algorithm (see issue #148922 <https://github.com/rust-lang/rust/issues/148922> for more information)
[INFO] [stdout]      = help: you might have intended to use the type `()` here instead
[INFO] [stdout] note: required by a bound in `redis::AsyncCommands::set`
[INFO] [stdout]     --> /opt/rustwide/cargo-home/registry/src/index.crates.io-1949cf8c6b5b557f/redis-0.29.5/src/commands/macros.rs:177:25
[INFO] [stdout]      |
[INFO] [stdout]  167 |           pub trait AsyncCommands : crate::aio::ConnectionLike + Send + Sized {
[INFO] [stdout] ...
[INFO] [stdout]  177 |                       RV: FromRedisValue,
[INFO] [stdout]      |                           ^^^^^^^^^^^^^^ required by this bound in `AsyncCommands::set`
[INFO] [stdout]      |
[INFO] [stdout]     ::: /opt/rustwide/cargo-home/registry/src/index.crates.io-1949cf8c6b5b557f/redis-0.29.5/src/commands/mod.rs:138:1
[INFO] [stdout]      |
[INFO] [stdout]  138 | / implement_commands! {
[INFO] [stdout]  139 | |     'a
[INFO] [stdout] ...    |
[INFO] [stdout]  158 | |     fn set<K: ToRedisArgs, V: ToRedisArgs>(key: K, value: V) {
[INFO] [stdout] ...    |
[INFO] [stdout] 2259 | | }
[INFO] [stdout]      | |_- in this macro invocation
[INFO] [stdout]      = note: this error originates in the macro `implement_commands` (in Nightly builds, run with -Z macro-backtrace for more info)
[INFO] [stdout] 
[INFO] [stdout] 
[INFO] [stdout] error[E0277]: the trait bound `!: FromRedisValue` is not satisfied
[INFO] [stdout]     --> src/cache/queue.rs:20:13
[INFO] [stdout]      |
[INFO] [stdout]   20 |         con.sadd(&crate::constants::QueueKeys::active(&queue.account_id), &queue.name).await?;
[INFO] [stdout]      |             ^^^^ the trait `FromRedisValue` is not implemented for `!`
[INFO] [stdout]      |
[INFO] [stdout]      = help: the following other types implement trait `FromRedisValue`:
[INFO] [stdout]                ()
[INFO] [stdout]                (T12,)
[INFO] [stdout]                (T11, T12)
[INFO] [stdout]                (T10, T11, T12)
[INFO] [stdout]                (T9, T10, T11, T12)
[INFO] [stdout]                (T8, T9, T10, T11, T12)
[INFO] [stdout]                (T7, T8, T9, T10, T11, T12)
[INFO] [stdout]                (T6, T7, T8, T9, T10, T11, T12)
[INFO] [stdout]              and 51 others
[INFO] [stdout]      = note: this error might have been caused by changes to Rust's type-inference algorithm (see issue #148922 <https://github.com/rust-lang/rust/issues/148922> for more information)
[INFO] [stdout]      = help: you might have intended to use the type `()` here instead
[INFO] [stdout] note: required by a bound in `redis::AsyncCommands::sadd`
[INFO] [stdout]     --> /opt/rustwide/cargo-home/registry/src/index.crates.io-1949cf8c6b5b557f/redis-0.29.5/src/commands/macros.rs:177:25
[INFO] [stdout]      |
[INFO] [stdout]  167 |           pub trait AsyncCommands : crate::aio::ConnectionLike + Send + Sized {
[INFO] [stdout] ...
[INFO] [stdout]  177 |                       RV: FromRedisValue,
[INFO] [stdout]      |                           ^^^^^^^^^^^^^^ required by this bound in `AsyncCommands::sadd`
[INFO] [stdout]      |
[INFO] [stdout]     ::: /opt/rustwide/cargo-home/registry/src/index.crates.io-1949cf8c6b5b557f/redis-0.29.5/src/commands/mod.rs:138:1
[INFO] [stdout]      |
[INFO] [stdout]  138 | / implement_commands! {
[INFO] [stdout]  139 | |     'a
[INFO] [stdout] ...    |
[INFO] [stdout]  628 | |     fn sadd<K: ToRedisArgs, M: ToRedisArgs>(key: K, member: M) {
[INFO] [stdout] ...    |
[INFO] [stdout] 2259 | | }
[INFO] [stdout]      | |_- in this macro invocation
[INFO] [stdout]      = note: this error originates in the macro `implement_commands` (in Nightly builds, run with -Z macro-backtrace for more info)
[INFO] [stdout] 
[INFO] [stdout] 
[INFO] [stdout] error[E0277]: the trait bound `!: FromRedisValue` is not satisfied
[INFO] [stdout]     --> src/cache/queue.rs:30:13
[INFO] [stdout]      |
[INFO] [stdout]   30 |         con.hset(&meta_key, &queue.name, meta.to_string()).await?;
[INFO] [stdout]      |             ^^^^ the trait `FromRedisValue` is not implemented for `!`
[INFO] [stdout]      |
[INFO] [stdout]      = help: the following other types implement trait `FromRedisValue`:
[INFO] [stdout]                ()
[INFO] [stdout]                (T12,)
[INFO] [stdout]                (T11, T12)
[INFO] [stdout]                (T10, T11, T12)
[INFO] [stdout]                (T9, T10, T11, T12)
[INFO] [stdout]                (T8, T9, T10, T11, T12)
[INFO] [stdout]                (T7, T8, T9, T10, T11, T12)
[INFO] [stdout]                (T6, T7, T8, T9, T10, T11, T12)
[INFO] [stdout]              and 51 others
[INFO] [stdout]      = note: this error might have been caused by changes to Rust's type-inference algorithm (see issue #148922 <https://github.com/rust-lang/rust/issues/148922> for more information)
[INFO] [stdout]      = help: you might have intended to use the type `()` here instead
[INFO] [stdout] note: required by a bound in `redis::AsyncCommands::hset`
[INFO] [stdout]     --> /opt/rustwide/cargo-home/registry/src/index.crates.io-1949cf8c6b5b557f/redis-0.29.5/src/commands/macros.rs:177:25
[INFO] [stdout]      |
[INFO] [stdout]  167 |           pub trait AsyncCommands : crate::aio::ConnectionLike + Send + Sized {
[INFO] [stdout] ...
[INFO] [stdout]  177 |                       RV: FromRedisValue,
[INFO] [stdout]      |                           ^^^^^^^^^^^^^^ required by this bound in `AsyncCommands::hset`
[INFO] [stdout]      |
[INFO] [stdout]     ::: /opt/rustwide/cargo-home/registry/src/index.crates.io-1949cf8c6b5b557f/redis-0.29.5/src/commands/mod.rs:138:1
[INFO] [stdout]      |
[INFO] [stdout]  138 | / implement_commands! {
[INFO] [stdout]  139 | |     'a
[INFO] [stdout] ...    |
[INFO] [stdout]  391 | |     fn hset<K: ToRedisArgs, F: ToRedisArgs, V: ToRedisArgs>(key: K, field: F, value: V) {
[INFO] [stdout] ...    |
[INFO] [stdout] 2259 | | }
[INFO] [stdout]      | |_- in this macro invocation
[INFO] [stdout]      = note: this error originates in the macro `implement_commands` (in Nightly builds, run with -Z macro-backtrace for more info)
[INFO] [stdout] 
[INFO] [stdout] 
[INFO] [stdout] error[E0277]: the trait bound `!: FromRedisValue` is not satisfied
[INFO] [stdout]     --> src/cache/queue.rs:68:13
[INFO] [stdout]      |
[INFO] [stdout]   68 |         con.del(&key).await?;
[INFO] [stdout]      |             ^^^ the trait `FromRedisValue` is not implemented for `!`
[INFO] [stdout]      |
[INFO] [stdout]      = help: the following other types implement trait `FromRedisValue`:
[INFO] [stdout]                ()
[INFO] [stdout]                (T12,)
[INFO] [stdout]                (T11, T12)
[INFO] [stdout]                (T10, T11, T12)
[INFO] [stdout]                (T9, T10, T11, T12)
[INFO] [stdout]                (T8, T9, T10, T11, T12)
[INFO] [stdout]                (T7, T8, T9, T10, T11, T12)
[INFO] [stdout]                (T6, T7, T8, T9, T10, T11, T12)
[INFO] [stdout]              and 51 others
[INFO] [stdout]      = note: this error might have been caused by changes to Rust's type-inference algorithm (see issue #148922 <https://github.com/rust-lang/rust/issues/148922> for more information)
[INFO] [stdout]      = help: you might have intended to use the type `()` here instead
[INFO] [stdout] note: required by a bound in `redis::AsyncCommands::del`
[INFO] [stdout]     --> /opt/rustwide/cargo-home/registry/src/index.crates.io-1949cf8c6b5b557f/redis-0.29.5/src/commands/macros.rs:177:25
[INFO] [stdout]      |
[INFO] [stdout]  167 |           pub trait AsyncCommands : crate::aio::ConnectionLike + Send + Sized {
[INFO] [stdout] ...
[INFO] [stdout]  177 |                       RV: FromRedisValue,
[INFO] [stdout]      |                           ^^^^^^^^^^^^^^ required by this bound in `AsyncCommands::del`
[INFO] [stdout]      |
[INFO] [stdout]     ::: /opt/rustwide/cargo-home/registry/src/index.crates.io-1949cf8c6b5b557f/redis-0.29.5/src/commands/mod.rs:138:1
[INFO] [stdout]      |
[INFO] [stdout]  138 | / implement_commands! {
[INFO] [stdout]  139 | |     'a
[INFO] [stdout] ...    |
[INFO] [stdout]  215 | |     fn del<K: ToRedisArgs>(key: K) {
[INFO] [stdout] ...    |
[INFO] [stdout] 2259 | | }
[INFO] [stdout]      | |_- in this macro invocation
[INFO] [stdout]      = note: this error originates in the macro `implement_commands` (in Nightly builds, run with -Z macro-backtrace for more info)
[INFO] [stdout] 
[INFO] [stdout] 
[INFO] [stdout] error[E0277]: the trait bound `!: FromRedisValue` is not satisfied
[INFO] [stdout]     --> src/cache/queue.rs:71:13
[INFO] [stdout]      |
[INFO] [stdout]   71 |         con.srem(&crate::constants::QueueKeys::active(account_id), queue_name).await?;
[INFO] [stdout]      |             ^^^^ the trait `FromRedisValue` is not implemented for `!`
[INFO] [stdout]      |
[INFO] [stdout]      = help: the following other types implement trait `FromRedisValue`:
[INFO] [stdout]                ()
[INFO] [stdout]                (T12,)
[INFO] [stdout]                (T11, T12)
[INFO] [stdout]                (T10, T11, T12)
[INFO] [stdout]                (T9, T10, T11, T12)
[INFO] [stdout]                (T8, T9, T10, T11, T12)
[INFO] [stdout]                (T7, T8, T9, T10, T11, T12)
[INFO] [stdout]                (T6, T7, T8, T9, T10, T11, T12)
[INFO] [stdout]              and 51 others
[INFO] [stdout]      = note: this error might have been caused by changes to Rust's type-inference algorithm (see issue #148922 <https://github.com/rust-lang/rust/issues/148922> for more information)
[INFO] [stdout]      = help: you might have intended to use the type `()` here instead
[INFO] [stdout] note: required by a bound in `redis::AsyncCommands::srem`
[INFO] [stdout]     --> /opt/rustwide/cargo-home/registry/src/index.crates.io-1949cf8c6b5b557f/redis-0.29.5/src/commands/macros.rs:177:25
[INFO] [stdout]      |
[INFO] [stdout]  167 |           pub trait AsyncCommands : crate::aio::ConnectionLike + Send + Sized {
[INFO] [stdout] ...
[INFO] [stdout]  177 |                       RV: FromRedisValue,
[INFO] [stdout]      |                           ^^^^^^^^^^^^^^ required by this bound in `AsyncCommands::srem`
[INFO] [stdout]      |
[INFO] [stdout]     ::: /opt/rustwide/cargo-home/registry/src/index.crates.io-1949cf8c6b5b557f/redis-0.29.5/src/commands/mod.rs:138:1
[INFO] [stdout]      |
[INFO] [stdout]  138 | / implement_commands! {
[INFO] [stdout]  139 | |     'a
[INFO] [stdout] ...    |
[INFO] [stdout]  693 | |     fn srem<K: ToRedisArgs, M: ToRedisArgs>(key: K, member: M) {
[INFO] [stdout] ...    |
[INFO] [stdout] 2259 | | }
[INFO] [stdout]      | |_- in this macro invocation
[INFO] [stdout]      = note: this error originates in the macro `implement_commands` (in Nightly builds, run with -Z macro-backtrace for more info)
[INFO] [stdout] 
[INFO] [stdout] 
[INFO] [stdout] error[E0277]: the trait bound `!: FromRedisValue` is not satisfied
[INFO] [stdout]     --> src/cache/queue.rs:75:13
[INFO] [stdout]      |
[INFO] [stdout]   75 |         con.hdel(&meta_key, queue_name).await?;
[INFO] [stdout]      |             ^^^^ the trait `FromRedisValue` is not implemented for `!`
[INFO] [stdout]      |
[INFO] [stdout]      = help: the following other types implement trait `FromRedisValue`:
[INFO] [stdout]                ()
[INFO] [stdout]                (T12,)
[INFO] [stdout]                (T11, T12)
[INFO] [stdout]                (T10, T11, T12)
[INFO] [stdout]                (T9, T10, T11, T12)
[INFO] [stdout]                (T8, T9, T10, T11, T12)
[INFO] [stdout]                (T7, T8, T9, T10, T11, T12)
[INFO] [stdout]                (T6, T7, T8, T9, T10, T11, T12)
[INFO] [stdout]              and 51 others
[INFO] [stdout]      = note: this error might have been caused by changes to Rust's type-inference algorithm (see issue #148922 <https://github.com/rust-lang/rust/issues/148922> for more information)
[INFO] [stdout]      = help: you might have intended to use the type `()` here instead
[INFO] [stdout] note: required by a bound in `redis::AsyncCommands::hdel`
[INFO] [stdout]     --> /opt/rustwide/cargo-home/registry/src/index.crates.io-1949cf8c6b5b557f/redis-0.29.5/src/commands/macros.rs:177:25
[INFO] [stdout]      |
[INFO] [stdout]  167 |           pub trait AsyncCommands : crate::aio::ConnectionLike + Send + Sized {
[INFO] [stdout] ...
[INFO] [stdout]  177 |                       RV: FromRedisValue,
[INFO] [stdout]      |                           ^^^^^^^^^^^^^^ required by this bound in `AsyncCommands::hdel`
[INFO] [stdout]      |
[INFO] [stdout]     ::: /opt/rustwide/cargo-home/registry/src/index.crates.io-1949cf8c6b5b557f/redis-0.29.5/src/commands/mod.rs:138:1
[INFO] [stdout]      |
[INFO] [stdout]  138 | / implement_commands! {
[INFO] [stdout]  139 | |     'a
[INFO] [stdout] ...    |
[INFO] [stdout]  386 | |     fn hdel<K: ToRedisArgs, F: ToRedisArgs>(key: K, field: F) {
[INFO] [stdout] ...    |
[INFO] [stdout] 2259 | | }
[INFO] [stdout]      | |_- in this macro invocation
[INFO] [stdout]      = note: this error originates in the macro `implement_commands` (in Nightly builds, run with -Z macro-backtrace for more info)
[INFO] [stdout] 
[INFO] [stdout] 
[INFO] [stdout] error[E0277]: the trait bound `!: FromRedisValue` is not satisfied
[INFO] [stdout]     --> src/cache/session.rs:29:17
[INFO] [stdout]      |
[INFO] [stdout]   29 |             con.set_ex(&key, session_json, ttl).await?;
[INFO] [stdout]      |                 ^^^^^^ the trait `FromRedisValue` is not implemented for `!`
[INFO] [stdout]      |
[INFO] [stdout]      = help: the following other types implement trait `FromRedisValue`:
[INFO] [stdout]                ()
[INFO] [stdout]                (T12,)
[INFO] [stdout]                (T11, T12)
[INFO] [stdout]                (T10, T11, T12)
[INFO] [stdout]                (T9, T10, T11, T12)
[INFO] [stdout]                (T8, T9, T10, T11, T12)
[INFO] [stdout]                (T7, T8, T9, T10, T11, T12)
[INFO] [stdout]                (T6, T7, T8, T9, T10, T11, T12)
[INFO] [stdout]              and 51 others
[INFO] [stdout]      = note: this error might have been caused by changes to Rust's type-inference algorithm (see issue #148922 <https://github.com/rust-lang/rust/issues/148922> for more information)
[INFO] [stdout]      = help: you might have intended to use the type `()` here instead
[INFO] [stdout] note: required by a bound in `redis::AsyncCommands::set_ex`
[INFO] [stdout]     --> /opt/rustwide/cargo-home/registry/src/index.crates.io-1949cf8c6b5b557f/redis-0.29.5/src/commands/macros.rs:177:25
[INFO] [stdout]      |
[INFO] [stdout]  167 |           pub trait AsyncCommands : crate::aio::ConnectionLike + Send + Sized {
[INFO] [stdout] ...
[INFO] [stdout]  177 |                       RV: FromRedisValue,
[INFO] [stdout]      |                           ^^^^^^^^^^^^^^ required by this bound in `AsyncCommands::set_ex`
[INFO] [stdout]      |
[INFO] [stdout]     ::: /opt/rustwide/cargo-home/registry/src/index.crates.io-1949cf8c6b5b557f/redis-0.29.5/src/commands/mod.rs:138:1
[INFO] [stdout]      |
[INFO] [stdout]  138 | / implement_commands! {
[INFO] [stdout]  139 | |     'a
[INFO] [stdout] ...    |
[INFO] [stdout]  180 | |     fn set_ex<K: ToRedisArgs, V: ToRedisArgs>(key: K, value: V, seconds: u64) {
[INFO] [stdout] ...    |
[INFO] [stdout] 2259 | | }
[INFO] [stdout]      | |_- in this macro invocation
[INFO] [stdout]      = note: this error originates in the macro `implement_commands` (in Nightly builds, run with -Z macro-backtrace for more info)
[INFO] [stdout] 
[INFO] [stdout] 
[INFO] [stdout] error[E0277]: the trait bound `!: FromRedisValue` is not satisfied
[INFO] [stdout]     --> src/cache/session.rs:32:17
[INFO] [stdout]      |
[INFO] [stdout]   32 |             con.sadd(&SessionKeys::active(account_id), &session_data.session_id)
[INFO] [stdout]      |                 ^^^^ the trait `FromRedisValue` is not implemented for `!`
[INFO] [stdout]      |
[INFO] [stdout]      = help: the following other types implement trait `FromRedisValue`:
[INFO] [stdout]                ()
[INFO] [stdout]                (T12,)
[INFO] [stdout]                (T11, T12)
[INFO] [stdout]                (T10, T11, T12)
[INFO] [stdout]                (T9, T10, T11, T12)
[INFO] [stdout]                (T8, T9, T10, T11, T12)
[INFO] [stdout]                (T7, T8, T9, T10, T11, T12)
[INFO] [stdout]                (T6, T7, T8, T9, T10, T11, T12)
[INFO] [stdout]              and 51 others
[INFO] [stdout]      = note: this error might have been caused by changes to Rust's type-inference algorithm (see issue #148922 <https://github.com/rust-lang/rust/issues/148922> for more information)
[INFO] [stdout]      = help: you might have intended to use the type `()` here instead
[INFO] [stdout] note: required by a bound in `redis::AsyncCommands::sadd`
[INFO] [stdout]     --> /opt/rustwide/cargo-home/registry/src/index.crates.io-1949cf8c6b5b557f/redis-0.29.5/src/commands/macros.rs:177:25
[INFO] [stdout]      |
[INFO] [stdout]  167 |           pub trait AsyncCommands : crate::aio::ConnectionLike + Send + Sized {
[INFO] [stdout] ...
[INFO] [stdout]  177 |                       RV: FromRedisValue,
[INFO] [stdout]      |                           ^^^^^^^^^^^^^^ required by this bound in `AsyncCommands::sadd`
[INFO] [stdout]      |
[INFO] [stdout]     ::: /opt/rustwide/cargo-home/registry/src/index.crates.io-1949cf8c6b5b557f/redis-0.29.5/src/commands/mod.rs:138:1
[INFO] [stdout]      |
[INFO] [stdout]  138 | / implement_commands! {
[INFO] [stdout]  139 | |     'a
[INFO] [stdout] ...    |
[INFO] [stdout]  628 | |     fn sadd<K: ToRedisArgs, M: ToRedisArgs>(key: K, member: M) {
[INFO] [stdout] ...    |
[INFO] [stdout] 2259 | | }
[INFO] [stdout]      | |_- in this macro invocation
[INFO] [stdout]      = note: this error originates in the macro `implement_commands` (in Nightly builds, run with -Z macro-backtrace for more info)
[INFO] [stdout] 
[INFO] [stdout] 
[INFO] [stdout] error[E0277]: the trait bound `!: FromRedisValue` is not satisfied
[INFO] [stdout]     --> src/cache/session.rs:138:13
[INFO] [stdout]      |
[INFO] [stdout]  138 |         con.del(&key).await?;
[INFO] [stdout]      |             ^^^ the trait `FromRedisValue` is not implemented for `!`
[INFO] [stdout]      |
[INFO] [stdout]      = help: the following other types implement trait `FromRedisValue`:
[INFO] [stdout]                ()
[INFO] [stdout]                (T12,)
[INFO] [stdout]                (T11, T12)
[INFO] [stdout]                (T10, T11, T12)
[INFO] [stdout]                (T9, T10, T11, T12)
[INFO] [stdout]                (T8, T9, T10, T11, T12)
[INFO] [stdout]                (T7, T8, T9, T10, T11, T12)
[INFO] [stdout]                (T6, T7, T8, T9, T10, T11, T12)
[INFO] [stdout]              and 51 others
[INFO] [stdout]      = note: this error might have been caused by changes to Rust's type-inference algorithm (see issue #148922 <https://github.com/rust-lang/rust/issues/148922> for more information)
[INFO] [stdout]      = help: you might have intended to use the type `()` here instead
[INFO] [stdout] note: required by a bound in `redis::AsyncCommands::del`
[INFO] [stdout]     --> /opt/rustwide/cargo-home/registry/src/index.crates.io-1949cf8c6b5b557f/redis-0.29.5/src/commands/macros.rs:177:25
[INFO] [stdout]      |
[INFO] [stdout]  167 |           pub trait AsyncCommands : crate::aio::ConnectionLike + Send + Sized {
[INFO] [stdout] ...
[INFO] [stdout]  177 |                       RV: FromRedisValue,
[INFO] [stdout]      |                           ^^^^^^^^^^^^^^ required by this bound in `AsyncCommands::del`
[INFO] [stdout]      |
[INFO] [stdout]     ::: /opt/rustwide/cargo-home/registry/src/index.crates.io-1949cf8c6b5b557f/redis-0.29.5/src/commands/mod.rs:138:1
[INFO] [stdout]      |
[INFO] [stdout]  138 | / implement_commands! {
[INFO] [stdout]  139 | |     'a
[INFO] [stdout] ...    |
[INFO] [stdout]  215 | |     fn del<K: ToRedisArgs>(key: K) {
[INFO] [stdout] ...    |
[INFO] [stdout] 2259 | | }
[INFO] [stdout]      | |_- in this macro invocation
[INFO] [stdout]      = note: this error originates in the macro `implement_commands` (in Nightly builds, run with -Z macro-backtrace for more info)
[INFO] [stdout] 
[INFO] [stdout] 
[INFO] [stdout] error[E0277]: the trait bound `!: FromRedisValue` is not satisfied
[INFO] [stdout]     --> src/cache/session.rs:139:13
[INFO] [stdout]      |
[INFO] [stdout]  139 |         con.srem(&SessionKeys::active(account_id), session_id)
[INFO] [stdout]      |             ^^^^ the trait `FromRedisValue` is not implemented for `!`
[INFO] [stdout]      |
[INFO] [stdout]      = help: the following other types implement trait `FromRedisValue`:
[INFO] [stdout]                ()
[INFO] [stdout]                (T12,)
[INFO] [stdout]                (T11, T12)
[INFO] [stdout]                (T10, T11, T12)
[INFO] [stdout]                (T9, T10, T11, T12)
[INFO] [stdout]                (T8, T9, T10, T11, T12)
[INFO] [stdout]                (T7, T8, T9, T10, T11, T12)
[INFO] [stdout]                (T6, T7, T8, T9, T10, T11, T12)
[INFO] [stdout]              and 51 others
[INFO] [stdout]      = note: this error might have been caused by changes to Rust's type-inference algorithm (see issue #148922 <https://github.com/rust-lang/rust/issues/148922> for more information)
[INFO] [stdout]      = help: you might have intended to use the type `()` here instead
[INFO] [stdout] note: required by a bound in `redis::AsyncCommands::srem`
[INFO] [stdout]     --> /opt/rustwide/cargo-home/registry/src/index.crates.io-1949cf8c6b5b557f/redis-0.29.5/src/commands/macros.rs:177:25
[INFO] [stdout]      |
[INFO] [stdout]  167 |           pub trait AsyncCommands : crate::aio::ConnectionLike + Send + Sized {
[INFO] [stdout] ...
[INFO] [stdout]  177 |                       RV: FromRedisValue,
[INFO] [stdout]      |                           ^^^^^^^^^^^^^^ required by this bound in `AsyncCommands::srem`
[INFO] [stdout]      |
[INFO] [stdout]     ::: /opt/rustwide/cargo-home/registry/src/index.crates.io-1949cf8c6b5b557f/redis-0.29.5/src/commands/mod.rs:138:1
[INFO] [stdout]      |
[INFO] [stdout]  138 | / implement_commands! {
[INFO] [stdout]  139 | |     'a
[INFO] [stdout] ...    |
[INFO] [stdout]  693 | |     fn srem<K: ToRedisArgs, M: ToRedisArgs>(key: K, member: M) {
[INFO] [stdout] ...    |
[INFO] [stdout] 2259 | | }
[INFO] [stdout]      | |_- in this macro invocation
[INFO] [stdout]      = note: this error originates in the macro `implement_commands` (in Nightly builds, run with -Z macro-backtrace for more info)
[INFO] [stdout] 
[INFO] [stdout] 
[INFO] [stdout] error[E0277]: the trait bound `!: FromRedisValue` is not satisfied
[INFO] [stdout]     --> src/cache/websocket.rs:57:13
[INFO] [stdout]      |
[INFO] [stdout]   57 |         con.publish(&channel, event_json).await?;
[INFO] [stdout]      |             ^^^^^^^ the trait `FromRedisValue` is not implemented for `!`
[INFO] [stdout]      |
[INFO] [stdout]      = help: the following other types implement trait `FromRedisValue`:
[INFO] [stdout]                ()
[INFO] [stdout]                (T12,)
[INFO] [stdout]                (T11, T12)
[INFO] [stdout]                (T10, T11, T12)
[INFO] [stdout]                (T9, T10, T11, T12)
[INFO] [stdout]                (T8, T9, T10, T11, T12)
[INFO] [stdout]                (T7, T8, T9, T10, T11, T12)
[INFO] [stdout]                (T6, T7, T8, T9, T10, T11, T12)
[INFO] [stdout]              and 51 others
[INFO] [stdout]      = note: this error might have been caused by changes to Rust's type-inference algorithm (see issue #148922 <https://github.com/rust-lang/rust/issues/148922> for more information)
[INFO] [stdout]      = help: you might have intended to use the type `()` here instead
[INFO] [stdout] note: required by a bound in `redis::AsyncCommands::publish`
[INFO] [stdout]     --> /opt/rustwide/cargo-home/registry/src/index.crates.io-1949cf8c6b5b557f/redis-0.29.5/src/commands/macros.rs:177:25
[INFO] [stdout]      |
[INFO] [stdout]  167 |           pub trait AsyncCommands : crate::aio::ConnectionLike + Send + Sized {
[INFO] [stdout] ...
[INFO] [stdout]  177 |                       RV: FromRedisValue,
[INFO] [stdout]      |                           ^^^^^^^^^^^^^^ required by this bound in `AsyncCommands::publish`
[INFO] [stdout]      |
[INFO] [stdout]     ::: /opt/rustwide/cargo-home/registry/src/index.crates.io-1949cf8c6b5b557f/redis-0.29.5/src/commands/mod.rs:138:1
[INFO] [stdout]      |
[INFO] [stdout]  138 | / implement_commands! {
[INFO] [stdout]  139 | |     'a
[INFO] [stdout] ...    |
[INFO] [stdout] 1033 | |     fn publish<K: ToRedisArgs, E: ToRedisArgs>(channel: K, message: E) {
[INFO] [stdout] ...    |
[INFO] [stdout] 2259 | | }
[INFO] [stdout]      | |_- in this macro invocation
[INFO] [stdout]      = note: this error originates in the macro `implement_commands` (in Nightly builds, run with -Z macro-backtrace for more info)
[INFO] [stdout] 
[INFO] [stdout] 
[INFO] [stdout] error[E0277]: the trait bound `!: FromRedisValue` is not satisfied
[INFO] [stdout]     --> src/cache/helpers.rs:158:9
[INFO] [stdout]      |
[INFO] [stdout]  158 |     con.publish(GLOBAL_EVENTS_CHANNEL, event_json).await?;
[INFO] [stdout]      |         ^^^^^^^ the trait `FromRedisValue` is not implemented for `!`
[INFO] [stdout]      |
[INFO] [stdout]      = help: the following other types implement trait `FromRedisValue`:
[INFO] [stdout]                ()
[INFO] [stdout]                (T12,)
[INFO] [stdout]                (T11, T12)
[INFO] [stdout]                (T10, T11, T12)
[INFO] [stdout]                (T9, T10, T11, T12)
[INFO] [stdout]                (T8, T9, T10, T11, T12)
[INFO] [stdout]                (T7, T8, T9, T10, T11, T12)
[INFO] [stdout]                (T6, T7, T8, T9, T10, T11, T12)
[INFO] [stdout]              and 51 others
[INFO] [stdout]      = note: this error might have been caused by changes to Rust's type-inference algorithm (see issue #148922 <https://github.com/rust-lang/rust/issues/148922> for more information)
[INFO] [stdout]      = help: you might have intended to use the type `()` here instead
[INFO] [stdout] note: required by a bound in `redis::AsyncCommands::publish`
[INFO] [stdout]     --> /opt/rustwide/cargo-home/registry/src/index.crates.io-1949cf8c6b5b557f/redis-0.29.5/src/commands/macros.rs:177:25
[INFO] [stdout]      |
[INFO] [stdout]  167 |           pub trait AsyncCommands : crate::aio::ConnectionLike + Send + Sized {
[INFO] [stdout] ...
[INFO] [stdout]  177 |                       RV: FromRedisValue,
[INFO] [stdout]      |                           ^^^^^^^^^^^^^^ required by this bound in `AsyncCommands::publish`
[INFO] [stdout]      |
[INFO] [stdout]     ::: /opt/rustwide/cargo-home/registry/src/index.crates.io-1949cf8c6b5b557f/redis-0.29.5/src/commands/mod.rs:138:1
[INFO] [stdout]      |
[INFO] [stdout]  138 | / implement_commands! {
[INFO] [stdout]  139 | |     'a
[INFO] [stdout] ...    |
[INFO] [stdout] 1033 | |     fn publish<K: ToRedisArgs, E: ToRedisArgs>(channel: K, message: E) {
[INFO] [stdout] ...    |
[INFO] [stdout] 2259 | | }
[INFO] [stdout]      | |_- in this macro invocation
[INFO] [stdout]      = note: this error originates in the macro `implement_commands` (in Nightly builds, run with -Z macro-backtrace for more info)
[INFO] [stdout] 
[INFO] [stdout] 
[INFO] [stdout] error[E0277]: the trait bound `!: FromRedisValue` is not satisfied
[INFO] [stdout]     --> src/cache/jambonz.rs:28:13
[INFO] [stdout]      |
[INFO] [stdout]   28 |         con.hset(JAMBONZ_KEY, &entry.sip_realm, value).await?;
[INFO] [stdout]      |             ^^^^ the trait `FromRedisValue` is not implemented for `!`
[INFO] [stdout]      |
[INFO] [stdout]      = help: the following other types implement trait `FromRedisValue`:
[INFO] [stdout]                ()
[INFO] [stdout]                (T12,)
[INFO] [stdout]                (T11, T12)
[INFO] [stdout]                (T10, T11, T12)
[INFO] [stdout]                (T9, T10, T11, T12)
[INFO] [stdout]                (T8, T9, T10, T11, T12)
[INFO] [stdout]                (T7, T8, T9, T10, T11, T12)
[INFO] [stdout]                (T6, T7, T8, T9, T10, T11, T12)
[INFO] [stdout]              and 51 others
[INFO] [stdout]      = note: this error might have been caused by changes to Rust's type-inference algorithm (see issue #148922 <https://github.com/rust-lang/rust/issues/148922> for more information)
[INFO] [stdout]      = help: you might have intended to use the type `()` here instead
[INFO] [stdout] note: required by a bound in `redis::AsyncCommands::hset`
[INFO] [stdout]     --> /opt/rustwide/cargo-home/registry/src/index.crates.io-1949cf8c6b5b557f/redis-0.29.5/src/commands/macros.rs:177:25
[INFO] [stdout]      |
[INFO] [stdout]  167 |           pub trait AsyncCommands : crate::aio::ConnectionLike + Send + Sized {
[INFO] [stdout] ...
[INFO] [stdout]  177 |                       RV: FromRedisValue,
[INFO] [stdout]      |                           ^^^^^^^^^^^^^^ required by this bound in `AsyncCommands::hset`
[INFO] [stdout]      |
[INFO] [stdout]     ::: /opt/rustwide/cargo-home/registry/src/index.crates.io-1949cf8c6b5b557f/redis-0.29.5/src/commands/mod.rs:138:1
[INFO] [stdout]      |
[INFO] [stdout]  138 | / implement_commands! {
[INFO] [stdout]  139 | |     'a
[INFO] [stdout] ...    |
[INFO] [stdout]  391 | |     fn hset<K: ToRedisArgs, F: ToRedisArgs, V: ToRedisArgs>(key: K, field: F, value: V) {
[INFO] [stdout] ...    |
[INFO] [stdout] 2259 | | }
[INFO] [stdout]      | |_- in this macro invocation
[INFO] [stdout]      = note: this error originates in the macro `implement_commands` (in Nightly builds, run with -Z macro-backtrace for more info)
[INFO] [stdout] 
[INFO] [stdout] 
[INFO] [stdout] error[E0277]: the trait bound `!: FromRedisValue` is not satisfied
[INFO] [stdout]    --> src/cache/jambonz.rs:151:14
[INFO] [stdout]     |
[INFO] [stdout] 151 |         pipe.query_async(&mut con).await?;
[INFO] [stdout]     |              ^^^^^^^^^^^ the trait `FromRedisValue` is not implemented for `!`
[INFO] [stdout]     |
[INFO] [stdout]     = help: the following other types implement trait `FromRedisValue`:
[INFO] [stdout]               ()
[INFO] [stdout]               (T12,)
[INFO] [stdout]               (T11, T12)
[INFO] [stdout]               (T10, T11, T12)
[INFO] [stdout]               (T9, T10, T11, T12)
[INFO] [stdout]               (T8, T9, T10, T11, T12)
[INFO] [stdout]               (T7, T8, T9, T10, T11, T12)
[INFO] [stdout]               (T6, T7, T8, T9, T10, T11, T12)
[INFO] [stdout]             and 51 others
[INFO] [stdout]     = note: this error might have been caused by changes to Rust's type-inference algorithm (see issue #148922 <https://github.com/rust-lang/rust/issues/148922> for more information)
[INFO] [stdout]     = help: you might have intended to use the type `()` here instead
[INFO] [stdout] note: required by a bound in `Pipeline::query_async`
[INFO] [stdout]    --> /opt/rustwide/cargo-home/registry/src/index.crates.io-1949cf8c6b5b557f/redis-0.29.5/src/pipeline.rs:196:33
[INFO] [stdout]     |
[INFO] [stdout]  40 | impl Pipeline {
[INFO] [stdout] ...
[INFO] [stdout] 196 |     pub async fn query_async<T: FromRedisValue>(
[INFO] [stdout]     |                                 ^^^^^^^^^^^^^^ required by this bound in `Pipeline::query_async`
[INFO] [stdout] 
[INFO] [stdout] 
[INFO] [stdout] error[E0277]: the trait bound `!: FromRedisValue` is not satisfied
[INFO] [stdout]     --> src/cache/contact.rs:29:13
[INFO] [stdout]      |
[INFO] [stdout]   29 |         con.hset(&hash_key, &contact.id, value).await?;
[INFO] [stdout]      |             ^^^^ the trait `FromRedisValue` is not implemented for `!`
[INFO] [stdout]      |
[INFO] [stdout]      = help: the following other types implement trait `FromRedisValue`:
[INFO] [stdout]                ()
[INFO] [stdout]                (T12,)
[INFO] [stdout]                (T11, T12)
[INFO] [stdout]                (T10, T11, T12)
[INFO] [stdout]                (T9, T10, T11, T12)
[INFO] [stdout]                (T8, T9, T10, T11, T12)
[INFO] [stdout]                (T7, T8, T9, T10, T11, T12)
[INFO] [stdout]                (T6, T7, T8, T9, T10, T11, T12)
[INFO] [stdout]              and 51 others
[INFO] [stdout]      = note: this error might have been caused by changes to Rust's type-inference algorithm (see issue #148922 <https://github.com/rust-lang/rust/issues/148922> for more information)
[INFO] [stdout]      = help: you might have intended to use the type `()` here instead
[INFO] [stdout] note: required by a bound in `redis::AsyncCommands::hset`
[INFO] [stdout]     --> /opt/rustwide/cargo-home/registry/src/index.crates.io-1949cf8c6b5b557f/redis-0.29.5/src/commands/macros.rs:177:25
[INFO] [stdout]      |
[INFO] [stdout]  167 |           pub trait AsyncCommands : crate::aio::ConnectionLike + Send + Sized {
[INFO] [stdout] ...
[INFO] [stdout]  177 |                       RV: FromRedisValue,
[INFO] [stdout]      |                           ^^^^^^^^^^^^^^ required by this bound in `AsyncCommands::hset`
[INFO] [stdout]      |
[INFO] [stdout]     ::: /opt/rustwide/cargo-home/registry/src/index.crates.io-1949cf8c6b5b557f/redis-0.29.5/src/commands/mod.rs:138:1
[INFO] [stdout]      |
[INFO] [stdout]  138 | / implement_commands! {
[INFO] [stdout]  139 | |     'a
[INFO] [stdout] ...    |
[INFO] [stdout]  391 | |     fn hset<K: ToRedisArgs, F: ToRedisArgs, V: ToRedisArgs>(key: K, field: F, value: V) {
[INFO] [stdout] ...    |
[INFO] [stdout] 2259 | | }
[INFO] [stdout]      | |_- in this macro invocation
[INFO] [stdout]      = note: this error originates in the macro `implement_commands` (in Nightly builds, run with -Z macro-backtrace for more info)
[INFO] [stdout] 
[INFO] [stdout] 
[INFO] [stdout] error[E0277]: the trait bound `!: FromRedisValue` is not satisfied
[INFO] [stdout]     --> src/cache/contact.rs:35:13
[INFO] [stdout]      |
[INFO] [stdout]   35 |         con.hset(&idents_key, &contact.primary, &contact.id).await?;
[INFO] [stdout]      |             ^^^^ the trait `FromRedisValue` is not implemented for `!`
[INFO] [stdout]      |
[INFO] [stdout]      = help: the following other types implement trait `FromRedisValue`:
[INFO] [stdout]                ()
[INFO] [stdout]                (T12,)
[INFO] [stdout]                (T11, T12)
[INFO] [stdout]                (T10, T11, T12)
[INFO] [stdout]                (T9, T10, T11, T12)
[INFO] [stdout]                (T8, T9, T10, T11, T12)
[INFO] [stdout]                (T7, T8, T9, T10, T11, T12)
[INFO] [stdout]                (T6, T7, T8, T9, T10, T11, T12)
[INFO] [stdout]              and 51 others
[INFO] [stdout]      = note: this error might have been caused by changes to Rust's type-inference algorithm (see issue #148922 <https://github.com/rust-lang/rust/issues/148922> for more information)
[INFO] [stdout]      = help: you might have intended to use the type `()` here instead
[INFO] [stdout] note: required by a bound in `redis::AsyncCommands::hset`
[INFO] [stdout]     --> /opt/rustwide/cargo-home/registry/src/index.crates.io-1949cf8c6b5b557f/redis-0.29.5/src/commands/macros.rs:177:25
[INFO] [stdout]      |
[INFO] [stdout]  167 |           pub trait AsyncCommands : crate::aio::ConnectionLike + Send + Sized {
[INFO] [stdout] ...
[INFO] [stdout]  177 |                       RV: FromRedisValue,
[INFO] [stdout]      |                           ^^^^^^^^^^^^^^ required by this bound in `AsyncCommands::hset`
[INFO] [stdout]      |
[INFO] [stdout]     ::: /opt/rustwide/cargo-home/registry/src/index.crates.io-1949cf8c6b5b557f/redis-0.29.5/src/commands/mod.rs:138:1
[INFO] [stdout]      |
[INFO] [stdout]  138 | / implement_commands! {
[INFO] [stdout]  139 | |     'a
[INFO] [stdout] ...    |
[INFO] [stdout]  391 | |     fn hset<K: ToRedisArgs, F: ToRedisArgs, V: ToRedisArgs>(key: K, field: F, value: V) {
[INFO] [stdout] ...    |
[INFO] [stdout] 2259 | | }
[INFO] [stdout]      | |_- in this macro invocation
[INFO] [stdout]      = note: this error originates in the macro `implement_commands` (in Nightly builds, run with -Z macro-backtrace for more info)
[INFO] [stdout] 
[INFO] [stdout] 
[INFO] [stdout] error[E0277]: the trait bound `!: FromRedisValue` is not satisfied
[INFO] [stdout]     --> src/cache/contact.rs:39:17
[INFO] [stdout]      |
[INFO] [stdout]   39 |             con.hset(&idents_key, secondary, &contact.id).await?;
[INFO] [stdout]      |                 ^^^^ the trait `FromRedisValue` is not implemented for `!`
[INFO] [stdout]      |
[INFO] [stdout]      = help: the following other types implement trait `FromRedisValue`:
[INFO] [stdout]                ()
[INFO] [stdout]                (T12,)
[INFO] [stdout]                (T11, T12)
[INFO] [stdout]                (T10, T11, T12)
[INFO] [stdout]                (T9, T10, T11, T12)
[INFO] [stdout]                (T8, T9, T10, T11, T12)
[INFO] [stdout]                (T7, T8, T9, T10, T11, T12)
[INFO] [stdout]                (T6, T7, T8, T9, T10, T11, T12)
[INFO] [stdout]              and 51 others
[INFO] [stdout]      = note: this error might have been caused by changes to Rust's type-inference algorithm (see issue #148922 <https://github.com/rust-lang/rust/issues/148922> for more information)
[INFO] [stdout]      = help: you might have intended to use the type `()` here instead
[INFO] [stdout] note: required by a bound in `redis::AsyncCommands::hset`
[INFO] [stdout]     --> /opt/rustwide/cargo-home/registry/src/index.crates.io-1949cf8c6b5b557f/redis-0.29.5/src/commands/macros.rs:177:25
[INFO] [stdout]      |
[INFO] [stdout]  167 |           pub trait AsyncCommands : crate::aio::ConnectionLike + Send + Sized {
[INFO] [stdout] ...
[INFO] [stdout]  177 |                       RV: FromRedisValue,
[INFO] [stdout]      |                           ^^^^^^^^^^^^^^ required by this bound in `AsyncCommands::hset`
[INFO] [stdout]      |
[INFO] [stdout]     ::: /opt/rustwide/cargo-home/registry/src/index.crates.io-1949cf8c6b5b557f/redis-0.29.5/src/commands/mod.rs:138:1
[INFO] [stdout]      |
[INFO] [stdout]  138 | / implement_commands! {
[INFO] [stdout]  139 | |     'a
[INFO] [stdout] ...    |
[INFO] [stdout]  391 | |     fn hset<K: ToRedisArgs, F: ToRedisArgs, V: ToRedisArgs>(key: K, field: F, value: V) {
[INFO] [stdout] ...    |
[INFO] [stdout] 2259 | | }
[INFO] [stdout]      | |_- in this macro invocation
[INFO] [stdout]      = note: this error originates in the macro `implement_commands` (in Nightly builds, run with -Z macro-backtrace for more info)
[INFO] [stdout] 
[INFO] [stdout] 
[INFO] [stdout] error[E0277]: the trait bound `!: FromRedisValue` is not satisfied
[INFO] [stdout]     --> src/cache/contact.rs:44:17
[INFO] [stdout]      |
[INFO] [stdout]   44 |             con.hset(&idents_key, tertiary, &contact.id).await?;
[INFO] [stdout]      |                 ^^^^ the trait `FromRedisValue` is not implemented for `!`
[INFO] [stdout]      |
[INFO] [stdout]      = help: the following other types implement trait `FromRedisValue`:
[INFO] [stdout]                ()
[INFO] [stdout]                (T12,)
[INFO] [stdout]                (T11, T12)
[INFO] [stdout]                (T10, T11, T12)
[INFO] [stdout]                (T9, T10, T11, T12)
[INFO] [stdout]                (T8, T9, T10, T11, T12)
[INFO] [stdout]                (T7, T8, T9, T10, T11, T12)
[INFO] [stdout]                (T6, T7, T8, T9, T10, T11, T12)
[INFO] [stdout]              and 51 others
[INFO] [stdout]      = note: this error might have been caused by changes to Rust's type-inference algorithm (see issue #148922 <https://github.com/rust-lang/rust/issues/148922> for more information)
[INFO] [stdout]      = help: you might have intended to use the type `()` here instead
[INFO] [stdout] note: required by a bound in `redis::AsyncCommands::hset`
[INFO] [stdout]     --> /opt/rustwide/cargo-home/registry/src/index.crates.io-1949cf8c6b5b557f/redis-0.29.5/src/commands/macros.rs:177:25
[INFO] [stdout]      |
[INFO] [stdout]  167 |           pub trait AsyncCommands : crate::aio::ConnectionLike + Send + Sized {
[INFO] [stdout] ...
[INFO] [stdout]  177 |                       RV: FromRedisValue,
[INFO] [stdout]      |                           ^^^^^^^^^^^^^^ required by this bound in `AsyncCommands::hset`
[INFO] [stdout]      |
[INFO] [stdout]     ::: /opt/rustwide/cargo-home/registry/src/index.crates.io-1949cf8c6b5b557f/redis-0.29.5/src/commands/mod.rs:138:1
[INFO] [stdout]      |
[INFO] [stdout]  138 | / implement_commands! {
[INFO] [stdout]  139 | |     'a
[INFO] [stdout] ...    |
[INFO] [stdout]  391 | |     fn hset<K: ToRedisArgs, F: ToRedisArgs, V: ToRedisArgs>(key: K, field: F, value: V) {
[INFO] [stdout] ...    |
[INFO] [stdout] 2259 | | }
[INFO] [stdout]      | |_- in this macro invocation
[INFO] [stdout]      = note: this error originates in the macro `implement_commands` (in Nightly builds, run with -Z macro-backtrace for more info)
[INFO] [stdout] 
[INFO] [stdout] 
[INFO] [stdout] error[E0277]: the trait bound `!: FromRedisValue` is not satisfied
[INFO] [stdout]     --> src/cache/contact.rs:49:17
[INFO] [stdout]      |
[INFO] [stdout]   49 |             con.hset(&idents_key, email, &contact.id).await?;
[INFO] [stdout]      |                 ^^^^ the trait `FromRedisValue` is not implemented for `!`
[INFO] [stdout]      |
[INFO] [stdout]      = help: the following other types implement trait `FromRedisValue`:
[INFO] [stdout]                ()
[INFO] [stdout]                (T12,)
[INFO] [stdout]                (T11, T12)
[INFO] [stdout]                (T10, T11, T12)
[INFO] [stdout]                (T9, T10, T11, T12)
[INFO] [stdout]                (T8, T9, T10, T11, T12)
[INFO] [stdout]                (T7, T8, T9, T10, T11, T12)
[INFO] [stdout]                (T6, T7, T8, T9, T10, T11, T12)
[INFO] [stdout]              and 51 others
[INFO] [stdout]      = note: this error might have been caused by changes to Rust's type-inference algorithm (see issue #148922 <https://github.com/rust-lang/rust/issues/148922> for more information)
[INFO] [stdout]      = help: you might have intended to use the type `()` here instead
[INFO] [stdout] note: required by a bound in `redis::AsyncCommands::hset`
[INFO] [stdout]     --> /opt/rustwide/cargo-home/registry/src/index.crates.io-1949cf8c6b5b557f/redis-0.29.5/src/commands/macros.rs:177:25
[INFO] [stdout]      |
[INFO] [stdout]  167 |           pub trait AsyncCommands : crate::aio::ConnectionLike + Send + Sized {
[INFO] [stdout] ...
[INFO] [stdout]  177 |                       RV: FromRedisValue,
[INFO] [stdout]      |                           ^^^^^^^^^^^^^^ required by this bound in `AsyncCommands::hset`
[INFO] [stdout]      |
[INFO] [stdout]     ::: /opt/rustwide/cargo-home/registry/src/index.crates.io-1949cf8c6b5b557f/redis-0.29.5/src/commands/mod.rs:138:1
[INFO] [stdout]      |
[INFO] [stdout]  138 | / implement_commands! {
[INFO] [stdout]  139 | |     'a
[INFO] [stdout] ...    |
[INFO] [stdout]  391 | |     fn hset<K: ToRedisArgs, F: ToRedisArgs, V: ToRedisArgs>(key: K, field: F, value: V) {
[INFO] [stdout] ...    |
[INFO] [stdout] 2259 | | }
[INFO] [stdout]      | |_- in this macro invocation
[INFO] [stdout]      = note: this error originates in the macro `implement_commands` (in Nightly builds, run with -Z macro-backtrace for more info)
[INFO] [stdout] 
[INFO] [stdout] 
[INFO] [stdout] error[E0277]: the trait bound `!: FromRedisValue` is not satisfied
[INFO] [stdout]     --> src/cache/contact.rs:213:17
[INFO] [stdout]      |
[INFO] [stdout]  213 |             con.hdel(&idents_key, &contact.primary).await?;
[INFO] [stdout]      |                 ^^^^ the trait `FromRedisValue` is not implemented for `!`
[INFO] [stdout]      |
[INFO] [stdout]      = help: the following other types implement trait `FromRedisValue`:
[INFO] [stdout]                ()
[INFO] [stdout]                (T12,)
[INFO] [stdout]                (T11, T12)
[INFO] [stdout]                (T10, T11, T12)
[INFO] [stdout]                (T9, T10, T11, T12)
[INFO] [stdout]                (T8, T9, T10, T11, T12)
[INFO] [stdout]                (T7, T8, T9, T10, T11, T12)
[INFO] [stdout]                (T6, T7, T8, T9, T10, T11, T12)
[INFO] [stdout]              and 51 others
[INFO] [stdout]      = note: this error might have been caused by changes to Rust's type-inference algorithm (see issue #148922 <https://github.com/rust-lang/rust/issues/148922> for more information)
[INFO] [stdout]      = help: you might have intended to use the type `()` here instead
[INFO] [stdout] note: required by a bound in `redis::AsyncCommands::hdel`
[INFO] [stdout]     --> /opt/rustwide/cargo-home/registry/src/index.crates.io-1949cf8c6b5b557f/redis-0.29.5/src/commands/macros.rs:177:25
[INFO] [stdout]      |
[INFO] [stdout]  167 |           pub trait AsyncCommands : crate::aio::ConnectionLike + Send + Sized {
[INFO] [stdout] ...
[INFO] [stdout]  177 |                       RV: FromRedisValue,
[INFO] [stdout]      |                           ^^^^^^^^^^^^^^ required by this bound in `AsyncCommands::hdel`
[INFO] [stdout]      |
[INFO] [stdout]     ::: /opt/rustwide/cargo-home/registry/src/index.crates.io-1949cf8c6b5b557f/redis-0.29.5/src/commands/mod.rs:138:1
[INFO] [stdout]      |
[INFO] [stdout]  138 | / implement_commands! {
[INFO] [stdout]  139 | |     'a
[INFO] [stdout] ...    |
[INFO] [stdout]  386 | |     fn hdel<K: ToRedisArgs, F: ToRedisArgs>(key: K, field: F) {
[INFO] [stdout] ...    |
[INFO] [stdout] 2259 | | }
[INFO] [stdout]      | |_- in this macro invocation
[INFO] [stdout]      = note: this error originates in the macro `implement_commands` (in Nightly builds, run with -Z macro-backtrace for more info)
[INFO] [stdout] 
[INFO] [stdout] 
[INFO] [stdout] error[E0277]: the trait bound `!: FromRedisValue` is not satisfied
[INFO] [stdout]     --> src/cache/contact.rs:216:21
[INFO] [stdout]      |
[INFO] [stdout]  216 |                 con.hdel(&idents_key, secondary).await?;
[INFO] [stdout]      |                     ^^^^ the trait `FromRedisValue` is not implemented for `!`
[INFO] [stdout]      |
[INFO] [stdout]      = help: the following other types implement trait `FromRedisValue`:
[INFO] [stdout]                ()
[INFO] [stdout]                (T12,)
[INFO] [stdout]                (T11, T12)
[INFO] [stdout]                (T10, T11, T12)
[INFO] [stdout]                (T9, T10, T11, T12)
[INFO] [stdout]                (T8, T9, T10, T11, T12)
[INFO] [stdout]                (T7, T8, T9, T10, T11, T12)
[INFO] [stdout]                (T6, T7, T8, T9, T10, T11, T12)
[INFO] [stdout]              and 51 others
[INFO] [stdout]      = note: this error might have been caused by changes to Rust's type-inference algorithm (see issue #148922 <https://github.com/rust-lang/rust/issues/148922> for more information)
[INFO] [stdout]      = help: you might have intended to use the type `()` here instead
[INFO] [stdout] note: required by a bound in `redis::AsyncCommands::hdel`
[INFO] [stdout]     --> /opt/rustwide/cargo-home/registry/src/index.crates.io-1949cf8c6b5b557f/redis-0.29.5/src/commands/macros.rs:177:25
[INFO] [stdout]      |
[INFO] [stdout]  167 |           pub trait AsyncCommands : crate::aio::ConnectionLike + Send + Sized {
[INFO] [stdout] ...
[INFO] [stdout]  177 |                       RV: FromRedisValue,
[INFO] [stdout]      |                           ^^^^^^^^^^^^^^ required by this bound in `AsyncCommands::hdel`
[INFO] [stdout]      |
[INFO] [stdout]     ::: /opt/rustwide/cargo-home/registry/src/index.crates.io-1949cf8c6b5b557f/redis-0.29.5/src/commands/mod.rs:138:1
[INFO] [stdout]      |
[INFO] [stdout]  138 | / implement_commands! {
[INFO] [stdout]  139 | |     'a
[INFO] [stdout] ...    |
[INFO] [stdout]  386 | |     fn hdel<K: ToRedisArgs, F: ToRedisArgs>(key: K, field: F) {
[INFO] [stdout] ...    |
[INFO] [stdout] 2259 | | }
[INFO] [stdout]      | |_- in this macro invocation
[INFO] [stdout]      = note: this error originates in the macro `implement_commands` (in Nightly builds, run with -Z macro-backtrace for more info)
[INFO] [stdout] 
[INFO] [stdout] 
[INFO] [stdout] error[E0277]: the trait bound `!: FromRedisValue` is not satisfied
[INFO] [stdout]     --> src/cache/contact.rs:220:21
[INFO] [stdout]      |
[INFO] [stdout]  220 |                 con.hdel(&idents_key, tertiary).await?;
[INFO] [stdout]      |                     ^^^^ the trait `FromRedisValue` is not implemented for `!`
[INFO] [stdout]      |
[INFO] [stdout]      = help: the following other types implement trait `FromRedisValue`:
[INFO] [stdout]                ()
[INFO] [stdout]                (T12,)
[INFO] [stdout]                (T11, T12)
[INFO] [stdout]                (T10, T11, T12)
[INFO] [stdout]                (T9, T10, T11, T12)
[INFO] [stdout]                (T8, T9, T10, T11, T12)
[INFO] [stdout]                (T7, T8, T9, T10, T11, T12)
[INFO] [stdout]                (T6, T7, T8, T9, T10, T11, T12)
[INFO] [stdout]              and 51 others
[INFO] [stdout]      = note: this error might have been caused by changes to Rust's type-inference algorithm (see issue #148922 <https://github.com/rust-lang/rust/issues/148922> for more information)
[INFO] [stdout]      = help: you might have intended to use the type `()` here instead
[INFO] [stdout] note: required by a bound in `redis::AsyncCommands::hdel`
[INFO] [stdout]     --> /opt/rustwide/cargo-home/registry/src/index.crates.io-1949cf8c6b5b557f/redis-0.29.5/src/commands/macros.rs:177:25
[INFO] [stdout]      |
[INFO] [stdout]  167 |           pub trait AsyncCommands : crate::aio::ConnectionLike + Send + Sized {
[INFO] [stdout] ...
[INFO] [stdout]  177 |                       RV: FromRedisValue,
[INFO] [stdout]      |                           ^^^^^^^^^^^^^^ required by this bound in `AsyncCommands::hdel`
[INFO] [stdout]      |
[INFO] [stdout]     ::: /opt/rustwide/cargo-home/registry/src/index.crates.io-1949cf8c6b5b557f/redis-0.29.5/src/commands/mod.rs:138:1
[INFO] [stdout]      |
[INFO] [stdout]  138 | / implement_commands! {
[INFO] [stdout]  139 | |     'a
[INFO] [stdout] ...    |
[INFO] [stdout]  386 | |     fn hdel<K: ToRedisArgs, F: ToRedisArgs>(key: K, field: F) {
[INFO] [stdout] ...    |
[INFO] [stdout] 2259 | | }
[INFO] [stdout]      | |_- in this macro invocation
[INFO] [stdout]      = note: this error originates in the macro `implement_commands` (in Nightly builds, run with -Z macro-backtrace for more info)
[INFO] [stdout] 
[INFO] [stdout] 
[INFO] [stdout] error[E0277]: the trait bound `!: FromRedisValue` is not satisfied
[INFO] [stdout]     --> src/cache/contact.rs:224:21
[INFO] [stdout]      |
[INFO] [stdout]  224 |                 con.hdel(&idents_key, email).await?;
[INFO] [stdout]      |                     ^^^^ the trait `FromRedisValue` is not implemented for `!`
[INFO] [stdout]      |
[INFO] [stdout]      = help: the following other types implement trait `FromRedisValue`:
[INFO] [stdout]                ()
[INFO] [stdout]                (T12,)
[INFO] [stdout]                (T11, T12)
[INFO] [stdout]                (T10, T11, T12)
[INFO] [stdout]                (T9, T10, T11, T12)
[INFO] [stdout]                (T8, T9, T10, T11, T12)
[INFO] [stdout]                (T7, T8, T9, T10, T11, T12)
[INFO] [stdout]                (T6, T7, T8, T9, T10, T11, T12)
[INFO] [stdout]              and 51 others
[INFO] [stdout]      = note: this error might have been caused by changes to Rust's type-inference algorithm (see issue #148922 <https://github.com/rust-lang/rust/issues/148922> for more information)
[INFO] [stdout]      = help: you might have intended to use the type `()` here instead
[INFO] [stdout] note: required by a bound in `redis::AsyncCommands::hdel`
[INFO] [stdout]     --> /opt/rustwide/cargo-home/registry/src/index.crates.io-1949cf8c6b5b557f/redis-0.29.5/src/commands/macros.rs:177:25
[INFO] [stdout]      |
[INFO] [stdout]  167 |           pub trait AsyncCommands : crate::aio::ConnectionLike + Send + Sized {
[INFO] [stdout] ...
[INFO] [stdout]  177 |                       RV: FromRedisValue,
[INFO] [stdout]      |                           ^^^^^^^^^^^^^^ required by this bound in `AsyncCommands::hdel`
[INFO] [stdout]      |
[INFO] [stdout]     ::: /opt/rustwide/cargo-home/registry/src/index.crates.io-1949cf8c6b5b557f/redis-0.29.5/src/commands/mod.rs:138:1
[INFO] [stdout]      |
[INFO] [stdout]  138 | / implement_commands! {
[INFO] [stdout]  139 | |     'a
[INFO] [stdout] ...    |
[INFO] [stdout]  386 | |     fn hdel<K: ToRedisArgs, F: ToRedisArgs>(key: K, field: F) {
[INFO] [stdout] ...    |
[INFO] [stdout] 2259 | | }
[INFO] [stdout]      | |_- in this macro invocation
[INFO] [stdout]      = note: this error originates in the macro `implement_commands` (in Nightly builds, run with -Z macro-backtrace for more info)
[INFO] [stdout] 
[INFO] [stdout] 
[INFO] [stdout] error[E0277]: the trait bound `!: FromRedisValue` is not satisfied
[INFO] [stdout]    --> src/cache/contact.rs:298:14
[INFO] [stdout]     |
[INFO] [stdout] 298 |         pipe.query_async(&mut con).await?;
[INFO] [stdout]     |              ^^^^^^^^^^^ the trait `FromRedisValue` is not implemented for `!`
[INFO] [stdout]     |
[INFO] [stdout]     = help: the following other types implement trait `FromRedisValue`:
[INFO] [stdout]               ()
[INFO] [stdout]               (T12,)
[INFO] [stdout]               (T11, T12)
[INFO] [stdout]               (T10, T11, T12)
[INFO] [stdout]               (T9, T10, T11, T12)
[INFO] [stdout]               (T8, T9, T10, T11, T12)
[INFO] [stdout]               (T7, T8, T9, T10, T11, T12)
[INFO] [stdout]               (T6, T7, T8, T9, T10, T11, T12)
[INFO] [stdout]             and 51 others
[INFO] [stdout]     = note: this error might have been caused by changes to Rust's type-inference algorithm (see issue #148922 <https://github.com/rust-lang/rust/issues/148922> for more information)
[INFO] [stdout]     = help: you might have intended to use the type `()` here instead
[INFO] [stdout] note: required by a bound in `Pipeline::query_async`
[INFO] [stdout]    --> /opt/rustwide/cargo-home/registry/src/index.crates.io-1949cf8c6b5b557f/redis-0.29.5/src/pipeline.rs:196:33
[INFO] [stdout]     |
[INFO] [stdout]  40 | impl Pipeline {
[INFO] [stdout] ...
[INFO] [stdout] 196 |     pub async fn query_async<T: FromRedisValue>(
[INFO] [stdout]     |                                 ^^^^^^^^^^^^^^ required by this bound in `Pipeline::query_async`
[INFO] [stdout] 
[INFO] [stdout] 
[INFO] [stdout] For more information about this error, try `rustc --explain E0277`.
[INFO] [stdout] 
[INFO] [stderr] error: could not compile `cal-redis` (lib) due to 34 previous errors; 3 warnings emitted
[INFO] running `Command { std: "docker" "inspect" "906f250b321d774b4ec4d34cc84bb06bd0cff27e7bc832ef9d01b0a058726c5f", kill_on_drop: false }`
[INFO] running `Command { std: "docker" "rm" "-f" "906f250b321d774b4ec4d34cc84bb06bd0cff27e7bc832ef9d01b0a058726c5f", kill_on_drop: false }`
[INFO] [stdout] 906f250b321d774b4ec4d34cc84bb06bd0cff27e7bc832ef9d01b0a058726c5f
