[INFO] fetching crate adk-code 2.2.0...
[INFO] testing adk-code-2.2.0 against 1.100.0-beta.1 for beta-1.100-2
[INFO] extracting crate adk-code 2.2.0 into /workspace/builds/worker-0-tc2/source
[INFO] started tweaking crates.io crate adk-code 2.2.0
[INFO] removed 0 missing tests
[INFO] finished tweaking crates.io crate adk-code 2.2.0
[INFO] tweaked toml for crates.io crate adk-code 2.2.0 written to /workspace/builds/worker-0-tc2/source/Cargo.toml
[INFO] validating manifest of crates.io crate adk-code 2.2.0 on toolchain 1.100.0-beta.1
[INFO] running `Command { std: CARGO_HOME="/workspace/cargo-home" RUSTUP_HOME="/workspace/rustup-home" "/workspace/cargo-home/bin/cargo" "+1.100.0-beta.1" "metadata" "--manifest-path" "Cargo.toml" "--no-deps", kill_on_drop: false }`
[INFO] crate crates.io crate adk-code 2.2.0 already has a lockfile, it will not be regenerated
[INFO] running `Command { std: CARGO_HOME="/workspace/cargo-home" RUSTUP_HOME="/workspace/rustup-home" "/workspace/cargo-home/bin/cargo" "+1.100.0-beta.1" "fetch" "--manifest-path" "Cargo.toml", kill_on_drop: false }`
[INFO] running `Command { std: "docker" "create" "-v" "/var/lib/crater-agent-workspace/builds/worker-0-tc2/source:/opt/rustwide/workdir:ro,Z" "-v" "/var/lib/crater-agent-workspace/builds/worker-0-tc2/target:/opt/rustwide/target:rw,Z" "-v" "/var/lib/crater-agent-workspace/cargo-home:/opt/rustwide/cargo-home:ro,Z" "-v" "/var/lib/crater-agent-workspace/rustup-home:/opt/rustwide/rustup-home:ro,Z" "-m" "1610612736" "--network" "none" "ghcr.io/rust-lang/crates-build-env/linux@sha256:3111399a4047eeb3a02b7a90e478d715f38a8c6669b5c4b49d30a17385265909" "sleep" "infinity", kill_on_drop: false }`
[INFO] [stdout] ff00e5413b477759854ebce646a77a87bd3a6b95bb6ee18d79673809e86cac4f
[INFO] running `Command { std: "docker" "start" "ff00e5413b477759854ebce646a77a87bd3a6b95bb6ee18d79673809e86cac4f", kill_on_drop: false }`
[INFO] running `Command { std: "docker" "inspect" "ff00e5413b477759854ebce646a77a87bd3a6b95bb6ee18d79673809e86cac4f", kill_on_drop: false }`
[INFO] running `Command { std: "docker" "exec" "-e" "SOURCE_DIR=/opt/rustwide/workdir" "-e" "CARGO_HOME=/opt/rustwide/cargo-home" "-e" "RUSTUP_HOME=/opt/rustwide/rustup-home" "-e" "CARGO_TARGET_DIR=/opt/rustwide/target" "-w" "/opt/rustwide/workdir" "--user" "0:0" "ff00e5413b477759854ebce646a77a87bd3a6b95bb6ee18d79673809e86cac4f" "/opt/rustwide/cargo-home/bin/cargo" "+1.100.0-beta.1" "metadata" "--no-deps" "--format-version=1", kill_on_drop: false }`
[INFO] running `Command { std: "docker" "inspect" "ff00e5413b477759854ebce646a77a87bd3a6b95bb6ee18d79673809e86cac4f", kill_on_drop: false }`
[INFO] running `Command { std: "docker" "exec" "-e" "SOURCE_DIR=/opt/rustwide/workdir" "-e" "CARGO_HOME=/opt/rustwide/cargo-home" "-e" "RUSTUP_HOME=/opt/rustwide/rustup-home" "-e" "CARGO_TARGET_DIR=/opt/rustwide/target" "-e" "CARGO_INCREMENTAL=0" "-e" "RUST_BACKTRACE=full" "-e" "RUSTFLAGS=--cap-lints=warn" "-e" "RUSTDOCFLAGS=--cap-lints=warn" "-w" "/opt/rustwide/workdir" "--user" "0:0" "ff00e5413b477759854ebce646a77a87bd3a6b95bb6ee18d79673809e86cac4f" "/opt/rustwide/cargo-home/bin/cargo" "+1.100.0-beta.1" "build" "--frozen" "--message-format=json", kill_on_drop: false }`
[INFO] [stderr]    Compiling futures-sink v0.3.34
[INFO] [stderr]    Compiling futures-core v0.3.34
[INFO] [stderr]    Compiling futures-io v0.3.34
[INFO] [stderr]    Compiling libc v0.2.189
[INFO] [stderr]    Compiling num-traits v0.2.19
[INFO] [stderr]    Compiling thiserror v2.0.20
[INFO] [stderr]    Compiling syn v3.0.4
[INFO] [stderr]    Compiling syn v2.0.119
[INFO] [stderr]    Compiling serde_json v1.0.151
[INFO] [stderr]    Compiling futures-channel v0.3.34
[INFO] [stderr]    Compiling getrandom v0.4.3
[INFO] [stderr]    Compiling errno v0.3.14
[INFO] [stderr]    Compiling mio v1.2.2
[INFO] [stderr]    Compiling signal-hook-registry v1.4.8
[INFO] [stderr]    Compiling uuid v1.25.0
[INFO] [stderr]    Compiling tempfile v3.27.0
[INFO] [stderr]    Compiling futures-macro v0.3.34
[INFO] [stderr]    Compiling serde_derive v1.0.229
[INFO] [stderr]    Compiling tokio-macros v2.7.2
[INFO] [stderr]    Compiling thiserror-impl v2.0.20
[INFO] [stderr]    Compiling async-trait v0.1.92
[INFO] [stderr]    Compiling tracing-attributes v0.1.31
[INFO] [stderr]    Compiling tokio v1.53.1
[INFO] [stderr]    Compiling futures-util v0.3.34
[INFO] [stderr]    Compiling tracing v0.1.44
[INFO] [stderr]    Compiling serde v1.0.229
[INFO] [stderr]    Compiling chrono v0.4.45
[INFO] [stderr]    Compiling futures-executor v0.3.34
[INFO] [stderr]    Compiling futures v0.3.34
[INFO] [stderr]    Compiling adk-core v2.2.0
[INFO] [stderr]    Compiling adk-sandbox v2.2.0
[INFO] [stderr]    Compiling adk-code v2.2.0 (/opt/rustwide/workdir)
[INFO] [stderr]     Finished `dev` profile [unoptimized + debuginfo] target(s) in 25.93s
[INFO] running `Command { std: "docker" "inspect" "ff00e5413b477759854ebce646a77a87bd3a6b95bb6ee18d79673809e86cac4f", kill_on_drop: false }`
[INFO] running `Command { std: "docker" "exec" "-e" "SOURCE_DIR=/opt/rustwide/workdir" "-e" "CARGO_HOME=/opt/rustwide/cargo-home" "-e" "RUSTUP_HOME=/opt/rustwide/rustup-home" "-e" "CARGO_TARGET_DIR=/opt/rustwide/target" "-e" "CARGO_INCREMENTAL=0" "-e" "RUST_BACKTRACE=full" "-e" "RUSTFLAGS=--cap-lints=warn" "-e" "RUSTDOCFLAGS=--cap-lints=warn" "-w" "/opt/rustwide/workdir" "--user" "0:0" "ff00e5413b477759854ebce646a77a87bd3a6b95bb6ee18d79673809e86cac4f" "/opt/rustwide/cargo-home/bin/cargo" "+1.100.0-beta.1" "test" "--frozen" "--no-run" "--message-format=json", kill_on_drop: false }`
[INFO] [stderr]    Compiling serde_core v1.0.229
[INFO] [stderr]    Compiling socket2 v0.6.5
[INFO] [stderr]    Compiling futures-channel v0.3.34
[INFO] [stderr]    Compiling http v1.5.0
[INFO] [stderr]    Compiling tracing v0.1.44
[INFO] [stderr]    Compiling getrandom v0.3.4
[INFO] [stderr]    Compiling zerocopy v0.8.56
[INFO] [stderr]    Compiling smallvec v1.15.2
[INFO] [stderr]    Compiling wait-timeout v0.2.1
[INFO] [stderr]    Compiling rand_core v0.9.5
[INFO] [stderr]    Compiling rusty-fork v0.3.1
[INFO] [stderr]    Compiling rand v0.9.5
[INFO] [stderr]    Compiling rand_xorshift v0.4.0
[INFO] [stderr]    Compiling tokio v1.53.1
[INFO] [stderr]    Compiling futures-util v0.3.34
[INFO] [stderr]    Compiling http-body v1.1.0
[INFO] [stderr]    Compiling http-body-util v0.1.5
[INFO] [stderr]    Compiling axum-core v0.5.6
[INFO] [stderr]    Compiling serde v1.0.229
[INFO] [stderr]    Compiling serde_json v1.0.151
[INFO] [stderr]    Compiling uuid v1.25.0
[INFO] [stderr]    Compiling serde_path_to_error v0.1.20
[INFO] [stderr]    Compiling chrono v0.4.45
[INFO] [stderr]    Compiling serde_urlencoded v0.7.1
[INFO] [stderr]    Compiling futures-executor v0.3.34
[INFO] [stderr]    Compiling futures v0.3.34
[INFO] [stderr]    Compiling ppv-lite86 v0.2.21
[INFO] [stderr]    Compiling rand_chacha v0.9.0
[INFO] [stderr]    Compiling proptest v1.11.0
[INFO] [stderr]    Compiling hyper v1.11.0
[INFO] [stderr]    Compiling adk-core v2.2.0
[INFO] [stderr]    Compiling tower v0.5.3
[INFO] [stderr]    Compiling hyper-util v0.1.20
[INFO] [stderr]    Compiling axum v0.8.9
[INFO] [stderr]    Compiling adk-sandbox v2.2.0
[INFO] [stderr]    Compiling adk-code v2.2.0 (/opt/rustwide/workdir)
[INFO] [stderr]     Finished `test` profile [unoptimized + debuginfo] target(s) in 39.73s
[INFO] running `Command { std: "docker" "inspect" "ff00e5413b477759854ebce646a77a87bd3a6b95bb6ee18d79673809e86cac4f", kill_on_drop: false }`
[INFO] running `Command { std: "docker" "exec" "-e" "SOURCE_DIR=/opt/rustwide/workdir" "-e" "CARGO_HOME=/opt/rustwide/cargo-home" "-e" "RUSTUP_HOME=/opt/rustwide/rustup-home" "-e" "CARGO_TARGET_DIR=/opt/rustwide/target" "-e" "CARGO_INCREMENTAL=0" "-e" "RUST_BACKTRACE=full" "-e" "RUSTFLAGS=--cap-lints=warn" "-e" "RUSTDOCFLAGS=--cap-lints=warn" "-w" "/opt/rustwide/workdir" "--user" "0:0" "ff00e5413b477759854ebce646a77a87bd3a6b95bb6ee18d79673809e86cac4f" "/opt/rustwide/cargo-home/bin/cargo" "+1.100.0-beta.1" "test" "--frozen", kill_on_drop: false }`
[INFO] [stderr]     Finished `test` profile [unoptimized + debuginfo] target(s) in 0.31s
[INFO] [stderr]      Running unittests src/lib.rs (/opt/rustwide/target/debug/build/adk-code/634d5e8edc8a3b8e/out/adk_code-634d5e8edc8a3b8e)
[INFO] [stdout] 
[INFO] [stdout] running 105 tests
[INFO] [stdout] test code_tool::tests::test_code_error_to_json_dependency_not_found ... ok
[INFO] [stdout] test a2a_compat::tests::local_transport_preserves_event_fields ... ok
[INFO] [stdout] test a2a_compat::tests::local_transport_publish_with_no_subscribers_succeeds ... ok
[INFO] [stdout] test code_tool::tests::test_required_scopes ... ok
[INFO] [stdout] test a2a_compat::tests::local_transport_event_ordering ... ok
[INFO] [stdout] test a2a_compat::tests::local_transport_multiple_subscribers ... ok
[INFO] [stdout] test code_tool::tests::test_missing_code_field ... ok
[INFO] [stdout] test code_tool::tests::test_name ... ok
[INFO] [stdout] test code_tool::tests::test_code_error_to_json_sandbox_execution_failed ... ok
[INFO] [stdout] test container::tests::build_run_args_basic_python ... ok
[INFO] [stdout] test code_tool::tests::test_code_error_to_json_sandbox_timeout ... ok
[INFO] [stdout] test container::tests::build_run_args_with_network_enabled ... ok
[INFO] [stdout] test code_tool::tests::test_description_is_nonempty ... ok
[INFO] [stdout] test code_tool::tests::test_code_error_to_json_sandbox_memory ... ok
[INFO] [stdout] test container::tests::capabilities_are_container_ephemeral ... ok
[INFO] [stdout] test code_tool::tests::test_unsupported_language ... ok
[INFO] [stdout] test code_tool::tests::test_parameters_schema_is_valid ... ok
[INFO] [stdout] test container::tests::default_config ... ok
[INFO] [stdout] test container::tests::docker_config_builder_methods ... ok
[INFO] [stdout] test harness::tests::extract_structured_output_empty ... ok
[INFO] [stdout] test container::tests::supports_python_js_command ... ok
[INFO] [stdout] test diagnostics::tests::parse_empty_stderr ... ok
[INFO] [stdout] test diagnostics::tests::parse_diagnostic_with_multiple_spans ... ok
[INFO] [stdout] test diagnostics::tests::parse_mixed_json_and_text ... ok
[INFO] [stdout] test code_tool::tests::test_code_error_to_json_invalid_code ... ok
[INFO] [stdout] test harness::tests::truncate_output_no_truncation ... ok
[INFO] [stdout] test diagnostics::tests::parse_non_json_lines_skipped ... ok
[INFO] [stdout] test harness::tests::truncate_output_over_limit ... ok
[INFO] [stdout] test harness::tests::truncate_output_respects_char_boundaries ... ok
[INFO] [stdout] test a2a_compat::tests::local_transport_publish_and_receive ... ok
[INFO] [stdout] test a2a_compat::tests::local_transport_default_capacity ... ok
[INFO] [stdout] test harness::tests::truncate_output_at_limit ... ok
[INFO] [stdout] test container::tests::docker_config_presets ... ok
[INFO] [stdout] test harness::tests::validate_accepts_empty_code ... ok
[INFO] [stdout] test harness::tests::validate_accepts_helper_functions ... ok
[INFO] [stdout] test harness::tests::validate_accepts_valid_run_function ... ok
[INFO] [stdout] test harness::tests::validate_ignores_crate_attr_in_comments ... ok
[INFO] [stdout] test harness::tests::validate_ignores_fn_main_in_block_comments ... ok
[INFO] [stdout] test diagnostics::tests::parse_single_error_diagnostic ... ok
[INFO] [stdout] test code_tool::tests::test_code_error_to_json_compile_error ... ok
[INFO] [stdout] test harness::tests::validate_accepts_item_level_attributes ... ok
[INFO] [stdout] test harness::tests::validate_ignores_fn_main_in_comments ... ok
[INFO] [stdout] test harness::tests::strip_comments_handles_nested_block_comments ... ok
[INFO] [stdout] test harness::tests::validate_rejects_crate_level_attributes ... ok
[INFO] [stdout] test rust_executor::tests::code_error_from_sandbox_error ... ok
[INFO] [stdout] test rust_executor::tests::default_config ... ok
[INFO] [stdout] test harness::tests::validate_rejects_fn_main ... ok
[INFO] [stdout] test rust_executor::tests::validate_rejects_fn_main ... ok
[INFO] [stdout] test rust_sandbox::tests::capabilities_are_honest ... ok
[INFO] [stdout] test harness::tests::strip_comments_removes_block_comment ... ok
[INFO] [stdout] test diagnostics::tests::parse_warning_without_code ... ok
[INFO] [stdout] test rust_sandbox::tests::default_config ... ok
[INFO] [stdout] test wasm_guest::tests::default_config_values ... ok
[INFO] [stdout] test wasm_guest::tests::rejects_invalid_wasm_bytes ... ok
[INFO] [stdout] test rust_executor::tests::validate_accepts_valid_run ... ok
[INFO] [stdout] test wasm_guest::tests::rejects_javascript_language ... ok
[INFO] [stdout] test wasm_guest::tests::rejects_source_payload ... ok
[INFO] [stdout] test rust_executor::tests::serde_json_discovery_config_path_exists ... ok
[INFO] [stdout] test wasm_guest::tests::validate_wasm_bytes_valid ... ok
[INFO] [stdout] test wasm_guest::tests::validate_wasm_bytes_wrong_magic ... ok
[INFO] [stdout] test wasm_guest::tests::validate_wasm_bytes_too_short ... ok
[INFO] [stdout] test workspace::tests::claim_work_publishes_work_claimed_event ... ok
[INFO] [stdout] test workspace::tests::collaboration_event_builder_methods ... ok
[INFO] [stdout] test harness::tests::extract_structured_output_no_json ... ok
[INFO] [stdout] test harness::tests::extract_structured_output_single_json_line ... ok
[INFO] [stdout] test workspace::tests::collaboration_event_kind_copy ... ok
[INFO] [stdout] test workspace::tests::collaboration_event_kind_display ... ok
[INFO] [stdout] test workspace::tests::collaboration_event_new_defaults ... ok
[INFO] [stdout] test harness::tests::extract_structured_output_with_preceding_text ... ok
[INFO] [stdout] test workspace::tests::collaboration_event_serialization_roundtrip ... ok
[INFO] [stdout] test workspace::tests::events_returns_buffered_events ... ok
[INFO] [stdout] test workspace::tests::provide_feedback_publishes_feedback_provided_with_payload ... ok
[INFO] [stdout] test workspace::tests::full_collaboration_flow_via_helpers ... ok
[INFO] [stdout] test wasm_guest::tests::supports_only_wasm ... ok
[INFO] [stdout] test rust_sandbox::tests::supports_only_rust ... ok
[INFO] [stdout] test wasm_guest::tests::accepts_valid_wasm_module ... ok
[INFO] [stdout] test wasm_guest::tests::capabilities_are_in_process ... ok
[INFO] [stdout] test wasm_guest::tests::validate_wasm_bytes_empty ... ok
[INFO] [stdout] test workspace::tests::request_work_publishes_need_work_event ... ok
[INFO] [stdout] test workspace::tests::signal_blocked_publishes_blocked_with_payload ... ok
[INFO] [stdout] test workspace::tests::signal_completed_publishes_completed_event ... ok
[INFO] [stdout] test workspace::tests::subscribe_receives_published_events ... ok
[INFO] [stdout] test workspace::tests::collaboration_event_kind_equality_and_hash ... ok
[INFO] [stdout] test workspace::tests::request_feedback_publishes_feedback_requested_with_payload ... ok
[INFO] [stdout] test workspace::tests::publish_with_subscriber_returns_count ... ok
[INFO] [stdout] test workspace::tests::workspace_builder_defaults_project_name_from_root ... ok
[INFO] [stdout] test harness::tests::strip_comments_removes_single_line ... ok
[INFO] [stdout] test workspace::tests::publish_with_no_subscribers_returns_zero ... ok
[INFO] [stdout] test workspace::tests::publish_work_publishes_work_published_with_payload ... ok
[INFO] [stdout] test workspace::tests::workspace_clone_shares_transport ... ok
[INFO] [stdout] test workspace::tests::workspace_builder_unnamed_fallback ... ok
[INFO] [stdout] test workspace::tests::workspace_builder_with_all_fields ... ok
[INFO] [stdout] test workspace::tests::wait_for_ignores_non_matching_events ... ok
[INFO] [stdout] test workspace::tests::wait_for_kind_filters_by_both_correlation_and_kind ... ok
[INFO] [stdout] test workspace::tests::workspace_metadata_serialization_roundtrip ... ok
[INFO] [stdout] test workspace::tests::wait_for_returns_matching_event ... ok
[INFO] [stdout] test workspace::tests::wait_for_feedback_returns_feedback_provided_event ... ok
[INFO] [stdout] test workspace::tests::wait_for_work_returns_work_published_event ... ok
[INFO] [stdout] test rust_executor::tests::check_invalid_code_returns_compile_error ... ok
[INFO] [stdout] test workspace::tests::wait_for_times_out_when_no_match ... ok
[INFO] [stdout] test rust_executor::tests::serde_json_discovery_config_path_missing ... ok
[INFO] [stdout] test rust_executor::tests::check_warnings_are_returned_without_halting ... ok
[INFO] [stdout] test workspace::tests::wait_for_kind_times_out_when_kind_does_not_match ... ok
[INFO] [stdout] test code_tool::tests::test_missing_language_defaults_to_rust ... ok
[INFO] [stdout] test rust_executor::tests::check_valid_code_produces_no_errors ... ok
[INFO] [stdout] 
[INFO] [stdout] test result: ok. 105 passed; 0 failed; 0 ignored; 0 measured; 0 filtered out; finished in 0.17s
[INFO] [stdout] 
[INFO] [stderr]      Running tests/backend_isolation_property_tests.rs (/opt/rustwide/target/debug/build/adk-code/021b2818108b20be/out/backend_isolation_property_tests-021b2818108b20be)
[INFO] [stdout] 
[INFO] [stdout] running 10 tests
[INFO] [stdout] test host_local_does_not_claim_advanced_features ... ok
[INFO] [stdout] test host_local_claims_timeout_enforcement ... ok
[INFO] [stdout] test backend_supports_only_rust ... ok
[INFO] [stdout] test isolation_class_is_host_local ... ok
[INFO] [stdout] test host_local_claims_structured_output ... ok
[INFO] [stdout] test host_local_does_not_claim_os_level_controls ... ok
[INFO] [stdout] test backend_name_is_descriptive ... ok
[INFO] [stdout] test isolation_classes_are_distinct ... ok
[INFO] [stdout] test prop_enforced_controls_always_accepted ... ok
[INFO] [stdout] test prop_unenforced_controls_always_rejected ... ok
[INFO] [stdout] 
[INFO] [stdout] test result: ok. 10 passed; 0 failed; 0 ignored; 0 measured; 0 filtered out; finished in 0.05s
[INFO] [stdout] 
[INFO] [stderr]      Running tests/code_tool_integration.rs (/opt/rustwide/target/debug/build/adk-code/74509274488dff23/out/code_tool_integration-74509274488dff23)
[INFO] [stdout] 
[INFO] [stdout] running 3 tests
[INFO] [stdout] test code_tool_compile_error_returns_diagnostics ... ignored
[INFO] [stdout] test code_tool_runtime_panic_returns_nonzero_exit_code ... ignored
[INFO] [stdout] test code_tool_valid_rust_returns_success ... ignored
[INFO] [stdout] 
[INFO] [stdout] test result: ok. 0 passed; 0 failed; 3 ignored; 0 measured; 0 filtered out; finished in 0.00s
[INFO] [stdout] 
[INFO] [stderr]      Running tests/collaboration_property_tests.rs (/opt/rustwide/target/debug/build/adk-code/10f40cc2ab201852/out/collaboration_property_tests-10f40cc2ab201852)
[INFO] [stdout] 
[INFO] [stdout] running 2 tests
[INFO] [stdout] test prop_collaboration_correlation_is_preserved ... ok
[INFO] [stdout] test prop_blocked_agents_resume_only_on_matching_work ... ok
[INFO] [stdout] 
[INFO] [stdout] test result: ok. 2 passed; 0 failed; 0 ignored; 0 measured; 0 filtered out; finished in 1.42s
[INFO] [stdout] 
[INFO] [stderr]      Running tests/container_isolation_property_tests.rs (/opt/rustwide/target/debug/build/adk-code/e606512b9ea3ffa6/out/container_isolation_property_tests-e606512b9ea3ffa6)
[INFO] [stdout] 
[INFO] [stdout] running 13 tests
[INFO] [stdout] test container_supports_process_execution ... ok
[INFO] [stdout] test container_isolation_differs_from_in_process ... ok
[INFO] [stdout] test custom_config_is_respected ... ok
[INFO] [stdout] test container_claims_all_policy_enforcement ... ok
[INFO] [stdout] test container_isolation_differs_from_host_local ... ok
[INFO] [stdout] test container_backend_name_is_descriptive ... ok
[INFO] [stdout] test all_three_backends_have_distinct_isolation_classes ... ok
[INFO] [stdout] test prop_container_rejects_unsupported_languages ... ok
[INFO] [stdout] test prop_container_supports_expected_languages ... ok
[INFO] [stdout] test prop_container_enforces_all_strict_policies ... ok
[INFO] [stdout] test container_isolation_is_container_ephemeral ... ok
[INFO] [stdout] test prop_container_rejects_guest_module_payloads ... ok
[INFO] [stdout] test prop_container_rejects_empty_source ... ok
[INFO] [stdout] 
[INFO] [stdout] test result: ok. 13 passed; 0 failed; 0 ignored; 0 measured; 0 filtered out; finished in 1.15s
[INFO] [stdout] 
[INFO] [stderr]      Running tests/embedded_python_property_tests.rs (/opt/rustwide/target/debug/build/adk-code/de2ff6303d7effb5/out/embedded_python_property_tests-de2ff6303d7effb5)
[INFO] [stdout] 
[INFO] [stdout] running 0 tests
[INFO] [stdout] 
[INFO] [stdout] test result: ok. 0 passed; 0 failed; 0 ignored; 0 measured; 0 filtered out; finished in 0.00s
[INFO] [stdout] 
[INFO] [stderr]      Running tests/embedded_python_tests.rs (/opt/rustwide/target/debug/build/adk-code/79d900cbc2464ab2/out/embedded_python_tests-79d900cbc2464ab2)
[INFO] [stdout] 
[INFO] [stderr]      Running tests/executor_tests.rs (/opt/rustwide/target/debug/build/adk-code/3ef06d58485e76a7/out/executor_tests-3ef06d58485e76a7)
[INFO] [stdout] running 0 tests
[INFO] [stdout] 
[INFO] [stdout] test result: ok. 0 passed; 0 failed; 0 ignored; 0 measured; 0 filtered out; finished in 0.00s
[INFO] [stdout] 
[INFO] [stdout] 
[INFO] [stdout] running 14 tests
[INFO] [stdout] test validate_policy_allows_enabled_network_even_when_unenforced ... ok
[INFO] [stdout] test validate_policy_allows_no_filesystem_even_when_unenforced ... ok
[INFO] [stdout] test validate_policy_rejects_filesystem_when_unenforced ... ok
[INFO] [stdout] test validate_policy_rejects_when_timeout_unenforced ... ok
[INFO] [stdout] test validate_request_rejects_unsupported_language ... ok
[INFO] [stdout] test validate_request_rejects_wasm_payload_for_non_wasm_language ... ok
[INFO] [stdout] test validate_policy_rejects_network_restriction_when_unenforced ... ok
[INFO] [stdout] test validate_request_passes_for_supported_rust ... ok
[INFO] [stdout] test validate_request_propagates_policy_failure ... ok
[INFO] [stdout] test validate_policy_passes_with_full_caps_and_strict_policy ... ok
[INFO] [stdout] test validate_request_rejects_source_payload_for_wasm_language ... ok
[INFO] [stdout] test validate_policy_rejects_environment_when_unenforced ... ok
[INFO] [stdout] test validate_policy_rejects_weak_caps_with_strict_policy ... ok
[INFO] [stdout] test validate_request_accepts_wasm_guest_module_for_wasm_language ... ok
[INFO] [stdout] 
[INFO] [stdout] test result: ok. 14 passed; 0 failed; 0 ignored; 0 measured; 0 filtered out; finished in 0.00s
[INFO] [stdout] 
[INFO] [stderr]      Running tests/metadata_property_tests.rs (/opt/rustwide/target/debug/build/adk-code/ee25958cf9bcc51f/out/metadata_property_tests-ee25958cf9bcc51f)
[INFO] [stdout] 
[INFO] [stdout] running 7 tests
[INFO] [stdout] test compile_failure_is_distinct_from_runtime_failure ... ok
[INFO] [stdout] test structured_output_is_distinct_from_stdout ... ok
[INFO] [stdout] test metadata_with_artifact_refs ... ok
[INFO] [stdout] test prop_result_without_metadata_omits_field ... ok
[INFO] [stdout] test prop_artifact_ref_serialization_roundtrip ... ok
[INFO] [stdout] test prop_result_with_metadata_roundtrip ... ok
[INFO] [stdout] test prop_metadata_serialization_roundtrip ... ok
[INFO] [stdout] 
[INFO] [stdout] test result: ok. 7 passed; 0 failed; 0 ignored; 0 measured; 0 filtered out; finished in 0.06s
[INFO] [stdout] 
[INFO] [stderr]      Running tests/property_tests.rs (/opt/rustwide/target/debug/build/adk-code/817080d5c77969b1/out/property_tests-817080d5c77969b1)
[INFO] [stdout] 
[INFO] [stdout] running 3 tests
[INFO] [stdout] test prop_deprecated_alias_compilation ... ok
[INFO] [stdout] test prop_error_as_information ... ok
[INFO] [stdout] test prop_diagnostic_parsing ... ok
[INFO] [stdout] 
[INFO] [stdout] test result: ok. 3 passed; 0 failed; 0 ignored; 0 measured; 0 filtered out; finished in 0.06s
[INFO] [stdout] 
[INFO] [stderr]      Running tests/rust_executor_integration.rs (/opt/rustwide/target/debug/build/adk-code/ff0bb51980ace88c/out/rust_executor_integration-ff0bb51980ace88c)
[INFO] [stdout] 
[INFO] [stdout] running 3 tests
[INFO] [stdout] test compile_error_returns_code_error_with_diagnostics ... ignored
[INFO] [stdout] test full_pipeline_with_valid_code ... ignored
[INFO] [stdout] test serde_json_is_usable_in_user_code ... ignored
[INFO] [stdout] 
[INFO] [stdout] test result: ok. 0 passed; 0 failed; 3 ignored; 0 measured; 0 filtered out; finished in 0.00s
[INFO] [stdout] 
[INFO] [stderr]      Running tests/rust_sandbox_property_tests.rs (/opt/rustwide/target/debug/build/adk-code/4c9c43b69bd714b1/out/rust_sandbox_property_tests-4c9c43b69bd714b1)
[INFO] [stdout] 
[INFO] [stdout] running 7 tests
[INFO] [stdout] test prop_unsupported_sandbox_controls_fail_closed ... ok
[INFO] [stdout] test test_timeout_produces_timeout_failure_short ... ok
[INFO] [stdout] test test_compile_failure_undefined_type ... ok
[INFO] [stdout] test test_compile_failure_missing_run_function ... ok
[INFO] [stdout] test test_compile_failure_syntax_error ... ok
[INFO] [stdout] test test_timeout_during_execution_phase ... FAILED
[INFO] [stdout] test prop_rust_compilation_failure_is_explicit ... ok
[INFO] [stdout] 
[INFO] [stdout] failures:
[INFO] [stdout] 
[INFO] [stdout] ---- test_timeout_during_execution_phase stdout ----
[INFO] [stdout] 
[INFO] [stdout] thread 'test_timeout_during_execution_phase' (4941) panicked at tests/rust_sandbox_property_tests.rs:194:5:
[INFO] [stdout] assertion `left == right` failed: infinite loop must produce Timeout, got: CompileFailed
[INFO] [stdout]   left: CompileFailed
[INFO] [stdout]  right: Timeout
[INFO] [stdout] stack backtrace:
[INFO] [stdout]    0:     0x5b5bb8e32ed1 - std[617be2ca0a6fd877]::backtrace_rs::backtrace::libunwind::trace
[INFO] [stdout]                                at /rustc/e3feeb59cd1bdd011a2bfcc0747b55125d9b8527/library/std/src/../../backtrace/src/backtrace/libunwind.rs:117:9
[INFO] [stdout]    1:     0x5b5bb8e32ed1 - std[617be2ca0a6fd877]::backtrace_rs::backtrace::trace_unsynchronized::<std[617be2ca0a6fd877]::sys::backtrace::_print_fmt::{closure#1}>
[INFO] [stdout]                                at /rustc/e3feeb59cd1bdd011a2bfcc0747b55125d9b8527/library/std/src/../../backtrace/src/backtrace/mod.rs:66:14
[INFO] [stdout]    2:     0x5b5bb8e32ed1 - std[617be2ca0a6fd877]::sys::backtrace::_print_fmt
[INFO] [stdout]                                at /rustc/e3feeb59cd1bdd011a2bfcc0747b55125d9b8527/library/std/src/sys/backtrace.rs:74:9
[INFO] [stdout]    3:     0x5b5bb8e32ed1 - <<std[617be2ca0a6fd877]::sys::backtrace::BacktraceLock>::print::DisplayBacktrace as core[a373ad73a504971]::fmt::Display>::fmt
[INFO] [stdout]                                at /rustc/e3feeb59cd1bdd011a2bfcc0747b55125d9b8527/library/std/src/sys/backtrace.rs:44:26
[INFO] [stdout]    4:     0x5b5bb8e495fa - <core[a373ad73a504971]::fmt::rt::Argument>::fmt
[INFO] [stdout]                                at /rustc/e3feeb59cd1bdd011a2bfcc0747b55125d9b8527/library/core/src/fmt/rt.rs:152:76
[INFO] [stdout]    5:     0x5b5bb8e495fa - core[a373ad73a504971]::fmt::write
[INFO] [stdout]    6:     0x5b5bb8e3791c - core[a373ad73a504971]::io::write::default_write_fmt::<alloc[2e1b2a31b91974c5]::vec::Vec<u8>>
[INFO] [stdout]                                at /rustc/e3feeb59cd1bdd011a2bfcc0747b55125d9b8527/library/core/src/io/write.rs:402:11
[INFO] [stdout]    7:     0x5b5bb8e3791c - <alloc[2e1b2a31b91974c5]::vec::Vec<u8> as core[a373ad73a504971]::io::write::Write>::write_fmt
[INFO] [stdout]                                at /rustc/e3feeb59cd1bdd011a2bfcc0747b55125d9b8527/library/core/src/io/write.rs:335:13
[INFO] [stdout]    8:     0x5b5bb8e0c946 - <std[617be2ca0a6fd877]::sys::backtrace::BacktraceLock>::print
[INFO] [stdout]                                at /rustc/e3feeb59cd1bdd011a2bfcc0747b55125d9b8527/library/std/src/sys/backtrace.rs:47:9
[INFO] [stdout]    9:     0x5b5bb8e0c946 - std[617be2ca0a6fd877]::panicking::default_hook::{closure#0}
[INFO] [stdout]                                at /rustc/e3feeb59cd1bdd011a2bfcc0747b55125d9b8527/library/std/src/panicking.rs:289:27
[INFO] [stdout]   10:     0x5b5bb8e2a619 - std[617be2ca0a6fd877]::panicking::default_hook
[INFO] [stdout]                                at /rustc/e3feeb59cd1bdd011a2bfcc0747b55125d9b8527/library/std/src/panicking.rs:313:9
[INFO] [stdout]   11:     0x5b5bb8bd44d0 - <alloc[2e1b2a31b91974c5]::boxed::Box<dyn for<'a, 'b> core[a373ad73a504971]::ops::function::Fn<(&'a std[617be2ca0a6fd877]::panic::PanicHookInfo<'b>,), Output = ()> + core[a373ad73a504971]::marker::Sync + core[a373ad73a504971]::marker::Send> as core[a373ad73a504971]::ops::function::Fn<(&std[617be2ca0a6fd877]::panic::PanicHookInfo,)>>::call
[INFO] [stdout]                                at /rustc/e3feeb59cd1bdd011a2bfcc0747b55125d9b8527/library/alloc/src/boxed.rs:2328:9
[INFO] [stdout]   12:     0x5b5bb8bd44d0 - test[aada8e7e76ba119b]::test_main_inner::{closure#0}
[INFO] [stdout]                                at /rustc/e3feeb59cd1bdd011a2bfcc0747b55125d9b8527/library/test/src/lib.rs:137:21
[INFO] [stdout]   13:     0x5b5bb8e2a942 - <alloc[2e1b2a31b91974c5]::boxed::Box<dyn for<'a, 'b> core[a373ad73a504971]::ops::function::Fn<(&'a std[617be2ca0a6fd877]::panic::PanicHookInfo<'b>,), Output = ()> + core[a373ad73a504971]::marker::Sync + core[a373ad73a504971]::marker::Send> as core[a373ad73a504971]::ops::function::Fn<(&std[617be2ca0a6fd877]::panic::PanicHookInfo,)>>::call
[INFO] [stdout]                                at /rustc/e3feeb59cd1bdd011a2bfcc0747b55125d9b8527/library/alloc/src/boxed.rs:2328:9
[INFO] [stdout]   14:     0x5b5bb8e2a942 - std[617be2ca0a6fd877]::panicking::panic_with_hook
[INFO] [stdout]                                at /rustc/e3feeb59cd1bdd011a2bfcc0747b55125d9b8527/library/std/src/panicking.rs:819:13
[INFO] [stdout]   15:     0x5b5bb8e0c9f2 - std[617be2ca0a6fd877]::panicking::panic_handler::{closure#0}
[INFO] [stdout]                                at /rustc/e3feeb59cd1bdd011a2bfcc0747b55125d9b8527/library/std/src/panicking.rs:685:13
[INFO] [stdout]   16:     0x5b5bb8e05519 - std[617be2ca0a6fd877]::sys::backtrace::__rust_end_short_backtrace::<std[617be2ca0a6fd877]::panicking::panic_handler::{closure#0}, !>
[INFO] [stdout]                                at /rustc/e3feeb59cd1bdd011a2bfcc0747b55125d9b8527/library/std/src/sys/backtrace.rs:182:18
[INFO] [stdout]   17:     0x5b5bb8e0d5fd - __rustc[ea4f61d10b84890b]::rust_begin_unwind
[INFO] [stdout]                                at /rustc/e3feeb59cd1bdd011a2bfcc0747b55125d9b8527/library/std/src/panicking.rs:676:5
[INFO] [stdout]   18:     0x5b5bb8e49e9c - core[a373ad73a504971]::panicking::panic_fmt
[INFO] [stdout]                                at /rustc/e3feeb59cd1bdd011a2bfcc0747b55125d9b8527/library/core/src/panicking.rs:80:14
[INFO] [stdout]   19:     0x5b5bb8e49d93 - core[a373ad73a504971]::panicking::assert_failed_inner
[INFO] [stdout]                                at /rustc/e3feeb59cd1bdd011a2bfcc0747b55125d9b8527/library/core/src/panicking.rs:447:23
[INFO] [stdout]   20:     0x5b5bb8baa70b - core[a373ad73a504971]::panicking::assert_failed::<adk_code[10af075cf501e23d]::types::ExecutionStatus, adk_code[10af075cf501e23d]::types::ExecutionStatus>
[INFO] [stdout]                                at /rustc/e3feeb59cd1bdd011a2bfcc0747b55125d9b8527/library/core/src/panicking.rs:407:5
[INFO] [stdout]   21:     0x5b5bb8ba49fa - rust_sandbox_property_tests[79759fd474dcc3ef]::test_timeout_during_execution_phase::{closure#0}
[INFO] [stdout]                                at /opt/rustwide/workdir/tests/rust_sandbox_property_tests.rs:194:5
[INFO] [stdout]   22:     0x5b5bb8bafad2 - <core[a373ad73a504971]::pin::Pin<&mut dyn core[a373ad73a504971]::future::future::Future<Output = ()>> as core[a373ad73a504971]::future::future::Future>::poll
[INFO] [stdout]                                at /rustc/e3feeb59cd1bdd011a2bfcc0747b55125d9b8527/library/core/src/future/future.rs:133:9
[INFO] [stdout]   23:     0x5b5bb8bafb4d - <core[a373ad73a504971]::pin::Pin<&mut core[a373ad73a504971]::pin::Pin<&mut dyn core[a373ad73a504971]::future::future::Future<Output = ()>>> as core[a373ad73a504971]::future::future::Future>::poll
[INFO] [stdout]                                at /rustc/e3feeb59cd1bdd011a2bfcc0747b55125d9b8527/library/core/src/future/future.rs:133:9
[INFO] [stdout]   24:     0x5b5bb8bc3ced - <tokio[c6ac1acc52461253]::runtime::scheduler::current_thread::CoreGuard>::block_on::<core[a373ad73a504971]::pin::Pin<&mut core[a373ad73a504971]::pin::Pin<&mut dyn core[a373ad73a504971]::future::future::Future<Output = ()>>>>::{closure#0}::{closure#0}::{closure#0}
[INFO] [stdout]                                at /opt/rustwide/cargo-home/registry/src/index.crates.io-1949cf8c6b5b557f/tokio-1.53.1/src/runtime/scheduler/current_thread/mod.rs:830:70
[INFO] [stdout]   25:     0x5b5bb8bc3c25 - tokio[c6ac1acc52461253]::task::coop::with_budget::<core[a373ad73a504971]::task::poll::Poll<()>, <tokio[c6ac1acc52461253]::runtime::scheduler::current_thread::CoreGuard>::block_on<core[a373ad73a504971]::pin::Pin<&mut core[a373ad73a504971]::pin::Pin<&mut dyn core[a373ad73a504971]::future::future::Future<Output = ()>>>>::{closure#0}::{closure#0}::{closure#0}>
[INFO] [stdout]                                at /opt/rustwide/cargo-home/registry/src/index.crates.io-1949cf8c6b5b557f/tokio-1.53.1/src/task/coop/mod.rs:167:5
[INFO] [stdout]   26:     0x5b5bb8bc3c25 - tokio[c6ac1acc52461253]::task::coop::budget::<core[a373ad73a504971]::task::poll::Poll<()>, <tokio[c6ac1acc52461253]::runtime::scheduler::current_thread::CoreGuard>::block_on<core[a373ad73a504971]::pin::Pin<&mut core[a373ad73a504971]::pin::Pin<&mut dyn core[a373ad73a504971]::future::future::Future<Output = ()>>>>::{closure#0}::{closure#0}::{closure#0}>
[INFO] [stdout]                                at /opt/rustwide/cargo-home/registry/src/index.crates.io-1949cf8c6b5b557f/tokio-1.53.1/src/task/coop/mod.rs:133:5
[INFO] [stdout]   27:     0x5b5bb8bc3c25 - <tokio[c6ac1acc52461253]::runtime::scheduler::current_thread::CoreGuard>::block_on::<core[a373ad73a504971]::pin::Pin<&mut core[a373ad73a504971]::pin::Pin<&mut dyn core[a373ad73a504971]::future::future::Future<Output = ()>>>>::{closure#0}::{closure#0}
[INFO] [stdout]                                at /opt/rustwide/cargo-home/registry/src/index.crates.io-1949cf8c6b5b557f/tokio-1.53.1/src/runtime/scheduler/current_thread/mod.rs:830:25
[INFO] [stdout]   28:     0x5b5bb8bc1132 - <tokio[c6ac1acc52461253]::runtime::scheduler::current_thread::Context>::enter::<core[a373ad73a504971]::task::poll::Poll<()>, <tokio[c6ac1acc52461253]::runtime::scheduler::current_thread::CoreGuard>::block_on<core[a373ad73a504971]::pin::Pin<&mut core[a373ad73a504971]::pin::Pin<&mut dyn core[a373ad73a504971]::future::future::Future<Output = ()>>>>::{closure#0}::{closure#0}>
[INFO] [stdout]                                at /opt/rustwide/cargo-home/registry/src/index.crates.io-1949cf8c6b5b557f/tokio-1.53.1/src/runtime/scheduler/current_thread/mod.rs:488:19
[INFO] [stdout]   29:     0x5b5bb8bc30dd - <tokio[c6ac1acc52461253]::runtime::scheduler::current_thread::CoreGuard>::block_on::<core[a373ad73a504971]::pin::Pin<&mut core[a373ad73a504971]::pin::Pin<&mut dyn core[a373ad73a504971]::future::future::Future<Output = ()>>>>::{closure#0}
[INFO] [stdout]                                at /opt/rustwide/cargo-home/registry/src/index.crates.io-1949cf8c6b5b557f/tokio-1.53.1/src/runtime/scheduler/current_thread/mod.rs:829:44
[INFO] [stdout]   30:     0x5b5bb8bc2374 - <tokio[c6ac1acc52461253]::runtime::scheduler::current_thread::CoreGuard>::enter::<<tokio[c6ac1acc52461253]::runtime::scheduler::current_thread::CoreGuard>::block_on<core[a373ad73a504971]::pin::Pin<&mut core[a373ad73a504971]::pin::Pin<&mut dyn core[a373ad73a504971]::future::future::Future<Output = ()>>>>::{closure#0}, core[a373ad73a504971]::option::Option<()>>::{closure#0}
[INFO] [stdout]                                at /opt/rustwide/cargo-home/registry/src/index.crates.io-1949cf8c6b5b557f/tokio-1.53.1/src/runtime/scheduler/current_thread/mod.rs:906:68
[INFO] [stdout]   31:     0x5b5bb8bb29ab - <tokio[c6ac1acc52461253]::runtime::context::scoped::Scoped<tokio[c6ac1acc52461253]::runtime::scheduler::Context>>::set::<<tokio[c6ac1acc52461253]::runtime::scheduler::current_thread::CoreGuard>::enter<<tokio[c6ac1acc52461253]::runtime::scheduler::current_thread::CoreGuard>::block_on<core[a373ad73a504971]::pin::Pin<&mut core[a373ad73a504971]::pin::Pin<&mut dyn core[a373ad73a504971]::future::future::Future<Output = ()>>>>::{closure#0}, core[a373ad73a504971]::option::Option<()>>::{closure#0}, (alloc[2e1b2a31b91974c5]::boxed::Box<tokio[c6ac1acc52461253]::runtime::scheduler::current_thread::Core>, core[a373ad73a504971]::option::Option<()>)>
[INFO] [stdout]                                at /opt/rustwide/cargo-home/registry/src/index.crates.io-1949cf8c6b5b557f/tokio-1.53.1/src/runtime/context/scoped.rs:40:9
[INFO] [stdout]   32:     0x5b5bb8bab479 - tokio[c6ac1acc52461253]::runtime::context::set_scheduler::<(alloc[2e1b2a31b91974c5]::boxed::Box<tokio[c6ac1acc52461253]::runtime::scheduler::current_thread::Core>, core[a373ad73a504971]::option::Option<()>), <tokio[c6ac1acc52461253]::runtime::scheduler::current_thread::CoreGuard>::enter<<tokio[c6ac1acc52461253]::runtime::scheduler::current_thread::CoreGuard>::block_on<core[a373ad73a504971]::pin::Pin<&mut core[a373ad73a504971]::pin::Pin<&mut dyn core[a373ad73a504971]::future::future::Future<Output = ()>>>>::{closure#0}, core[a373ad73a504971]::option::Option<()>>::{closure#0}>::{closure#0}
[INFO] [stdout]                                at /opt/rustwide/cargo-home/registry/src/index.crates.io-1949cf8c6b5b557f/tokio-1.53.1/src/runtime/context.rs:187:38
[INFO] [stdout]   33:     0x5b5bb8bb313f - <std[617be2ca0a6fd877]::thread::local::LocalKey<tokio[c6ac1acc52461253]::runtime::context::Context>>::try_with::<tokio[c6ac1acc52461253]::runtime::context::set_scheduler<(alloc[2e1b2a31b91974c5]::boxed::Box<tokio[c6ac1acc52461253]::runtime::scheduler::current_thread::Core>, core[a373ad73a504971]::option::Option<()>), <tokio[c6ac1acc52461253]::runtime::scheduler::current_thread::CoreGuard>::enter<<tokio[c6ac1acc52461253]::runtime::scheduler::current_thread::CoreGuard>::block_on<core[a373ad73a504971]::pin::Pin<&mut core[a373ad73a504971]::pin::Pin<&mut dyn core[a373ad73a504971]::future::future::Future<Output = ()>>>>::{closure#0}, core[a373ad73a504971]::option::Option<()>>::{closure#0}>::{closure#0}, (alloc[2e1b2a31b91974c5]::boxed::Box<tokio[c6ac1acc52461253]::runtime::scheduler::current_thread::Core>, core[a373ad73a504971]::option::Option<()>)>
[INFO] [stdout]                                at /rustc/e3feeb59cd1bdd011a2bfcc0747b55125d9b8527/library/std/src/thread/local.rs:463:12
[INFO] [stdout]   34:     0x5b5bb8bb2cee - <std[617be2ca0a6fd877]::thread::local::LocalKey<tokio[c6ac1acc52461253]::runtime::context::Context>>::with::<tokio[c6ac1acc52461253]::runtime::context::set_scheduler<(alloc[2e1b2a31b91974c5]::boxed::Box<tokio[c6ac1acc52461253]::runtime::scheduler::current_thread::Core>, core[a373ad73a504971]::option::Option<()>), <tokio[c6ac1acc52461253]::runtime::scheduler::current_thread::CoreGuard>::enter<<tokio[c6ac1acc52461253]::runtime::scheduler::current_thread::CoreGuard>::block_on<core[a373ad73a504971]::pin::Pin<&mut core[a373ad73a504971]::pin::Pin<&mut dyn core[a373ad73a504971]::future::future::Future<Output = ()>>>>::{closure#0}, core[a373ad73a504971]::option::Option<()>>::{closure#0}>::{closure#0}, (alloc[2e1b2a31b91974c5]::boxed::Box<tokio[c6ac1acc52461253]::runtime::scheduler::current_thread::Core>, core[a373ad73a504971]::option::Option<()>)>
[INFO] [stdout]                                at /rustc/e3feeb59cd1bdd011a2bfcc0747b55125d9b8527/library/std/src/thread/local.rs:427:20
[INFO] [stdout]   35:     0x5b5bb8baab8d - tokio[c6ac1acc52461253]::runtime::context::set_scheduler::<(alloc[2e1b2a31b91974c5]::boxed::Box<tokio[c6ac1acc52461253]::runtime::scheduler::current_thread::Core>, core[a373ad73a504971]::option::Option<()>), <tokio[c6ac1acc52461253]::runtime::scheduler::current_thread::CoreGuard>::enter<<tokio[c6ac1acc52461253]::runtime::scheduler::current_thread::CoreGuard>::block_on<core[a373ad73a504971]::pin::Pin<&mut core[a373ad73a504971]::pin::Pin<&mut dyn core[a373ad73a504971]::future::future::Future<Output = ()>>>>::{closure#0}, core[a373ad73a504971]::option::Option<()>>::{closure#0}>
[INFO] [stdout]                                at /opt/rustwide/cargo-home/registry/src/index.crates.io-1949cf8c6b5b557f/tokio-1.53.1/src/runtime/context.rs:187:17
[INFO] [stdout]   36:     0x5b5bb8bc1880 - <tokio[c6ac1acc52461253]::runtime::scheduler::current_thread::CoreGuard>::enter::<<tokio[c6ac1acc52461253]::runtime::scheduler::current_thread::CoreGuard>::block_on<core[a373ad73a504971]::pin::Pin<&mut core[a373ad73a504971]::pin::Pin<&mut dyn core[a373ad73a504971]::future::future::Future<Output = ()>>>>::{closure#0}, core[a373ad73a504971]::option::Option<()>>
[INFO] [stdout]                                at /opt/rustwide/cargo-home/registry/src/index.crates.io-1949cf8c6b5b557f/tokio-1.53.1/src/runtime/scheduler/current_thread/mod.rs:906:27
[INFO] [stdout]   37:     0x5b5bb8bc1b76 - <tokio[c6ac1acc52461253]::runtime::scheduler::current_thread::CoreGuard>::block_on::<core[a373ad73a504971]::pin::Pin<&mut core[a373ad73a504971]::pin::Pin<&mut dyn core[a373ad73a504971]::future::future::Future<Output = ()>>>>
[INFO] [stdout]                                at /opt/rustwide/cargo-home/registry/src/index.crates.io-1949cf8c6b5b557f/tokio-1.53.1/src/runtime/scheduler/current_thread/mod.rs:817:24
[INFO] [stdout]   38:     0x5b5bb8bc2220 - <tokio[c6ac1acc52461253]::runtime::scheduler::current_thread::CurrentThread>::block_on::<core[a373ad73a504971]::pin::Pin<&mut dyn core[a373ad73a504971]::future::future::Future<Output = ()>>>::{closure#0}
[INFO] [stdout]                                at /opt/rustwide/cargo-home/registry/src/index.crates.io-1949cf8c6b5b557f/tokio-1.53.1/src/runtime/scheduler/current_thread/mod.rs:218:33
[INFO] [stdout]   39:     0x5b5bb8bb4d98 - tokio[c6ac1acc52461253]::runtime::context::runtime::enter_runtime::<<tokio[c6ac1acc52461253]::runtime::scheduler::current_thread::CurrentThread>::block_on<core[a373ad73a504971]::pin::Pin<&mut dyn core[a373ad73a504971]::future::future::Future<Output = ()>>>::{closure#0}, ()>
[INFO] [stdout]                                at /opt/rustwide/cargo-home/registry/src/index.crates.io-1949cf8c6b5b557f/tokio-1.53.1/src/runtime/context/runtime.rs:65:16
[INFO] [stdout]   40:     0x5b5bb8bc0cf4 - <tokio[c6ac1acc52461253]::runtime::scheduler::current_thread::CurrentThread>::block_on::<core[a373ad73a504971]::pin::Pin<&mut dyn core[a373ad73a504971]::future::future::Future<Output = ()>>>
[INFO] [stdout]                                at /opt/rustwide/cargo-home/registry/src/index.crates.io-1949cf8c6b5b557f/tokio-1.53.1/src/runtime/scheduler/current_thread/mod.rs:206:9
[INFO] [stdout]   41:     0x5b5bb8bb25bf - <tokio[c6ac1acc52461253]::runtime::runtime::Runtime>::block_on_inner::<core[a373ad73a504971]::pin::Pin<&mut dyn core[a373ad73a504971]::future::future::Future<Output = ()>>>
[INFO] [stdout]                                at /opt/rustwide/cargo-home/registry/src/index.crates.io-1949cf8c6b5b557f/tokio-1.53.1/src/runtime/runtime.rs:374:52
[INFO] [stdout]   42:     0x5b5bb8bb270b - <tokio[c6ac1acc52461253]::runtime::runtime::Runtime>::block_on::<core[a373ad73a504971]::pin::Pin<&mut dyn core[a373ad73a504971]::future::future::Future<Output = ()>>>
[INFO] [stdout]                                at /opt/rustwide/cargo-home/registry/src/index.crates.io-1949cf8c6b5b557f/tokio-1.53.1/src/runtime/runtime.rs:343:18
[INFO] [stdout]   43:     0x5b5bb8ba72cf - rust_sandbox_property_tests[79759fd474dcc3ef]::test_timeout_during_execution_phase
[INFO] [stdout]                                at /opt/rustwide/workdir/tests/rust_sandbox_property_tests.rs:199:6
[INFO] [stdout]   44:     0x5b5bb8ba3bd7 - rust_sandbox_property_tests[79759fd474dcc3ef]::test_timeout_during_execution_phase::{closure#0}
[INFO] [stdout]                                at /opt/rustwide/workdir/tests/rust_sandbox_property_tests.rs:177:47
[INFO] [stdout]   45:     0x5b5bb8ba7e96 - <rust_sandbox_property_tests[79759fd474dcc3ef]::test_timeout_during_execution_phase::{closure#0} as core[a373ad73a504971]::ops::function::FnOnce<()>>::call_once
[INFO] [stdout]                                at /rustc/e3feeb59cd1bdd011a2bfcc0747b55125d9b8527/library/core/src/ops/function.rs:250:5
[INFO] [stdout]   46:     0x5b5bb8bc791b - <fn() -> core[a373ad73a504971]::result::Result<(), alloc[2e1b2a31b91974c5]::string::String> as core[a373ad73a504971]::ops::function::FnOnce<()>>::call_once
[INFO] [stdout]                                at /rustc/e3feeb59cd1bdd011a2bfcc0747b55125d9b8527/library/core/src/ops/function.rs:250:5
[INFO] [stdout]   47:     0x5b5bb8bc791b - test[aada8e7e76ba119b]::__rust_begin_short_backtrace::<core[a373ad73a504971]::result::Result<(), alloc[2e1b2a31b91974c5]::string::String>, fn() -> core[a373ad73a504971]::result::Result<(), alloc[2e1b2a31b91974c5]::string::String>>
[INFO] [stdout]                                at /rustc/e3feeb59cd1bdd011a2bfcc0747b55125d9b8527/library/test/src/lib.rs:701:18
[INFO] [stdout]   48:     0x5b5bb8bd4af5 - test[aada8e7e76ba119b]::run_test_in_process::{closure#0}
[INFO] [stdout]                                at /rustc/e3feeb59cd1bdd011a2bfcc0747b55125d9b8527/library/test/src/lib.rs:724:74
[INFO] [stdout]   49:     0x5b5bb8bd4af5 - <core[a373ad73a504971]::panic::unwind_safe::AssertUnwindSafe<test[aada8e7e76ba119b]::run_test_in_process::{closure#0}> as core[a373ad73a504971]::ops::function::FnOnce<()>>::call_once
[INFO] [stdout]                                at /rustc/e3feeb59cd1bdd011a2bfcc0747b55125d9b8527/library/core/src/panic/unwind_safe.rs:275:9
[INFO] [stdout]   50:     0x5b5bb8bd4af5 - std[617be2ca0a6fd877]::panicking::catch_unwind::do_call::<core[a373ad73a504971]::panic::unwind_safe::AssertUnwindSafe<test[aada8e7e76ba119b]::run_test_in_process::{closure#0}>, core[a373ad73a504971]::result::Result<(), alloc[2e1b2a31b91974c5]::string::String>>
[INFO] [stdout]                                at /rustc/e3feeb59cd1bdd011a2bfcc0747b55125d9b8527/library/std/src/panicking.rs:573:43
[INFO] [stdout]   51:     0x5b5bb8bd4af5 - std[617be2ca0a6fd877]::panicking::catch_unwind::<core[a373ad73a504971]::result::Result<(), alloc[2e1b2a31b91974c5]::string::String>, core[a373ad73a504971]::panic::unwind_safe::AssertUnwindSafe<test[aada8e7e76ba119b]::run_test_in_process::{closure#0}>>
[INFO] [stdout]                                at /rustc/e3feeb59cd1bdd011a2bfcc0747b55125d9b8527/library/std/src/panicking.rs:541:19
[INFO] [stdout]   52:     0x5b5bb8bd4af5 - std[617be2ca0a6fd877]::panic::catch_unwind::<core[a373ad73a504971]::panic::unwind_safe::AssertUnwindSafe<test[aada8e7e76ba119b]::run_test_in_process::{closure#0}>, core[a373ad73a504971]::result::Result<(), alloc[2e1b2a31b91974c5]::string::String>>
[INFO] [stdout]                                at /rustc/e3feeb59cd1bdd011a2bfcc0747b55125d9b8527/library/std/src/panic.rs:359:14
[INFO] [stdout]   53:     0x5b5bb8bd4af5 - test[aada8e7e76ba119b]::run_test_in_process
[INFO] [stdout]                                at /rustc/e3feeb59cd1bdd011a2bfcc0747b55125d9b8527/library/test/src/lib.rs:724:27
[INFO] [stdout]   54:     0x5b5bb8bd4af5 - test[aada8e7e76ba119b]::run_test::{closure#0}
[INFO] [stdout]                                at /rustc/e3feeb59cd1bdd011a2bfcc0747b55125d9b8527/library/test/src/lib.rs:645:43
[INFO] [stdout]   55:     0x5b5bb8bce3e4 - test[aada8e7e76ba119b]::run_test::{closure#1}
[INFO] [stdout]                                at /rustc/e3feeb59cd1bdd011a2bfcc0747b55125d9b8527/library/test/src/lib.rs:675:41
[INFO] [stdout]   56:     0x5b5bb8bce3e4 - std[617be2ca0a6fd877]::sys::backtrace::__rust_begin_short_backtrace::<test[aada8e7e76ba119b]::run_test::{closure#1}, ()>
[INFO] [stdout]                                at /rustc/e3feeb59cd1bdd011a2bfcc0747b55125d9b8527/library/std/src/sys/backtrace.rs:166:18
[INFO] [stdout]   57:     0x5b5bb8bd7b82 - std[617be2ca0a6fd877]::thread::lifecycle::spawn_unchecked::<test[aada8e7e76ba119b]::run_test::{closure#1}, ()>::{closure#1}::{closure#0}
[INFO] [stdout]                                at /rustc/e3feeb59cd1bdd011a2bfcc0747b55125d9b8527/library/std/src/thread/lifecycle.rs:70:13
[INFO] [stdout]   58:     0x5b5bb8bd7b82 - <core[a373ad73a504971]::panic::unwind_safe::AssertUnwindSafe<std[617be2ca0a6fd877]::thread::lifecycle::spawn_unchecked<test[aada8e7e76ba119b]::run_test::{closure#1}, ()>::{closure#1}::{closure#0}> as core[a373ad73a504971]::ops::function::FnOnce<()>>::call_once
[INFO] [stdout]                                at /rustc/e3feeb59cd1bdd011a2bfcc0747b55125d9b8527/library/core/src/panic/unwind_safe.rs:275:9
[INFO] [stdout]   59:     0x5b5bb8bd7b82 - std[617be2ca0a6fd877]::panicking::catch_unwind::do_call::<core[a373ad73a504971]::panic::unwind_safe::AssertUnwindSafe<std[617be2ca0a6fd877]::thread::lifecycle::spawn_unchecked<test[aada8e7e76ba119b]::run_test::{closure#1}, ()>::{closure#1}::{closure#0}>, ()>
[INFO] [stdout]                                at /rustc/e3feeb59cd1bdd011a2bfcc0747b55125d9b8527/library/std/src/panicking.rs:573:43
[INFO] [stdout]   60:     0x5b5bb8bd7b82 - std[617be2ca0a6fd877]::panicking::catch_unwind::<(), core[a373ad73a504971]::panic::unwind_safe::AssertUnwindSafe<std[617be2ca0a6fd877]::thread::lifecycle::spawn_unchecked<test[aada8e7e76ba119b]::run_test::{closure#1}, ()>::{closure#1}::{closure#0}>>
[INFO] [stdout]                                at /rustc/e3feeb59cd1bdd011a2bfcc0747b55125d9b8527/library/std/src/panicking.rs:541:19
[INFO] [stdout]   61:     0x5b5bb8bd7b82 - std[617be2ca0a6fd877]::panic::catch_unwind::<core[a373ad73a504971]::panic::unwind_safe::AssertUnwindSafe<std[617be2ca0a6fd877]::thread::lifecycle::spawn_unchecked<test[aada8e7e76ba119b]::run_test::{closure#1}, ()>::{closure#1}::{closure#0}>, ()>
[INFO] [stdout]                                at /rustc/e3feeb59cd1bdd011a2bfcc0747b55125d9b8527/library/std/src/panic.rs:359:14
[INFO] [stdout]   62:     0x5b5bb8bd7b82 - std[617be2ca0a6fd877]::thread::lifecycle::spawn_unchecked::<test[aada8e7e76ba119b]::run_test::{closure#1}, ()>::{closure#1}
[INFO] [stdout]                                at /rustc/e3feeb59cd1bdd011a2bfcc0747b55125d9b8527/library/std/src/thread/lifecycle.rs:68:26
[INFO] [stdout]   63:     0x5b5bb8bd7b82 - <std[617be2ca0a6fd877]::thread::lifecycle::spawn_unchecked<test[aada8e7e76ba119b]::run_test::{closure#1}, ()>::{closure#1} as core[a373ad73a504971]::ops::function::FnOnce<()>>::call_once::{shim:vtable#0}
[INFO] [stdout]                                at /rustc/e3feeb59cd1bdd011a2bfcc0747b55125d9b8527/library/core/src/ops/function.rs:250:5
[INFO] [stdout]   64:     0x5b5bb8e3250f - <alloc[2e1b2a31b91974c5]::boxed::Box<dyn core[a373ad73a504971]::ops::function::FnOnce<(), Output = ()> + core[a373ad73a504971]::marker::Send> as core[a373ad73a504971]::ops::function::FnOnce<()>>::call_once
[INFO] [stdout]                                at /rustc/e3feeb59cd1bdd011a2bfcc0747b55125d9b8527/library/alloc/src/boxed.rs:2314:9
[INFO] [stdout]   65:     0x5b5bb8e3250f - <std[617be2ca0a6fd877]::sys::thread::unix::Thread>::new::thread_start
[INFO] [stdout]                                at /rustc/e3feeb59cd1bdd011a2bfcc0747b55125d9b8527/library/std/src/sys/thread/unix.rs:127:17
[INFO] [stdout]   66:     0x7101410b7dfa - <unknown>
[INFO] [stdout]   67:     0x71014114b3d4 - clone
[INFO] [stdout]   68:                0x0 - <unknown>
[INFO] [stdout] 
[INFO] [stdout] 
[INFO] [stdout] failures:
[INFO] [stdout]     test_timeout_during_execution_phase
[INFO] [stdout] 
[INFO] [stdout] test result: FAILED. 6 passed; 1 failed; 0 ignored; 0 measured; 0 filtered out; finished in 2.32s
[INFO] [stdout] 
[INFO] [stderr] error: test failed, to rerun pass `--test rust_sandbox_property_tests`
[INFO] running `Command { std: "docker" "inspect" "ff00e5413b477759854ebce646a77a87bd3a6b95bb6ee18d79673809e86cac4f", kill_on_drop: false }`
[INFO] running `Command { std: "docker" "rm" "-f" "ff00e5413b477759854ebce646a77a87bd3a6b95bb6ee18d79673809e86cac4f", kill_on_drop: false }`
[INFO] [stdout] ff00e5413b477759854ebce646a77a87bd3a6b95bb6ee18d79673809e86cac4f
