[INFO] cloning repository https://github.com/yellowred/tokio-task-queue
[INFO] running `Command { std: "git" "-c" "credential.helper=" "-c" "credential.helper=/workspace/cargo-home/bin/git-credential-null" "clone" "--bare" "https://github.com/yellowred/tokio-task-queue" "/workspace/cache/git-repos/https%3A%2F%2Fgithub.com%2Fyellowred%2Ftokio-task-queue", kill_on_drop: false }`
[INFO] [stderr] Cloning into bare repository '/workspace/cache/git-repos/https%3A%2F%2Fgithub.com%2Fyellowred%2Ftokio-task-queue'...
[INFO] running `Command { std: "git" "rev-parse" "HEAD", kill_on_drop: false }`
[INFO] [stdout] 8a99f11dd92b1efafebee482bc163eb121811c30
[INFO] testing yellowred/tokio-task-queue against 1.100.0-beta.1 for beta-1.100-2
[INFO] running `Command { std: "git" "clone" "/workspace/cache/git-repos/https%3A%2F%2Fgithub.com%2Fyellowred%2Ftokio-task-queue" "/workspace/builds/worker-6-tc2/source", kill_on_drop: false }`
[INFO] [stderr] Cloning into '/workspace/builds/worker-6-tc2/source'...
[INFO] [stderr] done.
[INFO] started tweaking git repo https://github.com/yellowred/tokio-task-queue
[INFO] finished tweaking git repo https://github.com/yellowred/tokio-task-queue
[INFO] tweaked toml for git repo https://github.com/yellowred/tokio-task-queue written to /workspace/builds/worker-6-tc2/source/Cargo.toml
[INFO] validating manifest of git repo https://github.com/yellowred/tokio-task-queue on toolchain 1.100.0-beta.1
[INFO] running `Command { std: CARGO_HOME="/workspace/cargo-home" RUSTUP_HOME="/workspace/rustup-home" "/workspace/cargo-home/bin/cargo" "+1.100.0-beta.1" "metadata" "--manifest-path" "Cargo.toml" "--no-deps", kill_on_drop: false }`
[INFO] crate git repo https://github.com/yellowred/tokio-task-queue already has a lockfile, it will not be regenerated
[INFO] running `Command { std: CARGO_HOME="/workspace/cargo-home" RUSTUP_HOME="/workspace/rustup-home" "/workspace/cargo-home/bin/cargo" "+1.100.0-beta.1" "fetch" "--manifest-path" "Cargo.toml", kill_on_drop: false }`
[INFO] running `Command { std: "docker" "create" "-v" "/var/lib/crater-agent-workspace/builds/worker-6-tc2/source:/opt/rustwide/workdir:ro,Z" "-v" "/var/lib/crater-agent-workspace/builds/worker-6-tc2/target:/opt/rustwide/target:rw,Z" "-v" "/var/lib/crater-agent-workspace/cargo-home:/opt/rustwide/cargo-home:ro,Z" "-v" "/var/lib/crater-agent-workspace/rustup-home:/opt/rustwide/rustup-home:ro,Z" "-m" "1610612736" "--network" "none" "ghcr.io/rust-lang/crates-build-env/linux@sha256:3111399a4047eeb3a02b7a90e478d715f38a8c6669b5c4b49d30a17385265909" "sleep" "infinity", kill_on_drop: false }`
[INFO] [stdout] fc66f52b3f72281bac23462ae8014fc882d91cb0a530e45814a28dded46f0fb4
[INFO] running `Command { std: "docker" "start" "fc66f52b3f72281bac23462ae8014fc882d91cb0a530e45814a28dded46f0fb4", kill_on_drop: false }`
[INFO] running `Command { std: "docker" "inspect" "fc66f52b3f72281bac23462ae8014fc882d91cb0a530e45814a28dded46f0fb4", kill_on_drop: false }`
[INFO] running `Command { std: "docker" "exec" "-e" "SOURCE_DIR=/opt/rustwide/workdir" "-e" "CARGO_HOME=/opt/rustwide/cargo-home" "-e" "RUSTUP_HOME=/opt/rustwide/rustup-home" "-e" "CARGO_TARGET_DIR=/opt/rustwide/target" "-w" "/opt/rustwide/workdir" "--user" "0:0" "fc66f52b3f72281bac23462ae8014fc882d91cb0a530e45814a28dded46f0fb4" "/opt/rustwide/cargo-home/bin/cargo" "+1.100.0-beta.1" "metadata" "--no-deps" "--format-version=1", kill_on_drop: false }`
[INFO] running `Command { std: "docker" "inspect" "fc66f52b3f72281bac23462ae8014fc882d91cb0a530e45814a28dded46f0fb4", kill_on_drop: false }`
[INFO] running `Command { std: "docker" "exec" "-e" "SOURCE_DIR=/opt/rustwide/workdir" "-e" "CARGO_HOME=/opt/rustwide/cargo-home" "-e" "RUSTUP_HOME=/opt/rustwide/rustup-home" "-e" "CARGO_TARGET_DIR=/opt/rustwide/target" "-e" "CARGO_INCREMENTAL=0" "-e" "RUST_BACKTRACE=full" "-e" "RUSTFLAGS=--cap-lints=warn" "-e" "RUSTDOCFLAGS=--cap-lints=warn" "-w" "/opt/rustwide/workdir" "--user" "0:0" "fc66f52b3f72281bac23462ae8014fc882d91cb0a530e45814a28dded46f0fb4" "/opt/rustwide/cargo-home/bin/cargo" "+1.100.0-beta.1" "build" "--frozen" "--message-format=json", kill_on_drop: false }`
[INFO] [stderr]    Compiling syn v1.0.103
[INFO] [stderr]    Compiling libc v0.2.137
[INFO] [stderr]    Compiling log v0.4.14
[INFO] [stderr]    Compiling pin-project-lite v0.2.7
[INFO] [stderr]    Compiling memchr v2.4.1
[INFO] [stderr]    Compiling futures-core v0.3.18
[INFO] [stderr]    Compiling serde_derive v1.0.131
[INFO] [stderr]    Compiling cc v1.0.72
[INFO] [stderr]    Compiling ppv-lite86 v0.2.15
[INFO] [stderr]    Compiling tokio v1.22.0
[INFO] [stderr]    Compiling tracing-core v0.1.21
[INFO] [stderr]    Compiling serde v1.0.131
[INFO] [stderr]    Compiling futures-task v0.3.18
[INFO] [stderr]    Compiling indexmap v1.7.0
[INFO] [stderr]    Compiling futures-util v0.3.18
[INFO] [stderr]    Compiling quote v1.0.10
[INFO] [stderr]    Compiling anyhow v1.0.51
[INFO] [stderr]    Compiling futures-sink v0.3.18
[INFO] [stderr]    Compiling itoa v1.0.4
[INFO] [stderr]    Compiling either v1.6.1
[INFO] [stderr]    Compiling pkg-config v0.3.24
[INFO] [stderr]    Compiling once_cell v1.8.0
[INFO] [stderr]    Compiling http v0.2.8
[INFO] [stderr]    Compiling slab v0.4.5
[INFO] [stderr]    Compiling futures-channel v0.3.18
[INFO] [stderr]    Compiling itertools v0.10.3
[INFO] [stderr]    Compiling httparse v1.5.1
[INFO] [stderr]    Compiling mio v0.8.5
[INFO] [stderr]    Compiling num_cpus v1.13.0
[INFO] [stderr]    Compiling socket2 v0.4.7
[INFO] [stderr]    Compiling getrandom v0.2.3
[INFO] [stderr]    Compiling want v0.3.0
[INFO] [stderr]    Compiling bytes v1.1.0
[INFO] [stderr]    Compiling prettyplease v0.1.21
[INFO] [stderr]    Compiling rand_core v0.6.3
[INFO] [stderr]    Compiling openssl v0.10.38
[INFO] [stderr]    Compiling num-traits v0.2.14
[INFO] [stderr]    Compiling rand_chacha v0.3.1
[INFO] [stderr]    Compiling smallvec v1.7.0
[INFO] [stderr]    Compiling ryu v1.0.8
[INFO] [stderr]    Compiling fixedbitset v0.4.0
[INFO] [stderr]    Compiling native-tls v0.2.8
[INFO] [stderr]    Compiling regex-syntax v0.6.28
[INFO] [stderr]    Compiling tower-layer v0.3.1
[INFO] [stderr]    Compiling platforms v1.1.0
[INFO] [stderr]    Compiling async-trait v0.1.52
[INFO] [stderr]    Compiling rand v0.8.4
[INFO] [stderr]    Compiling remove_dir_all v0.5.3
[INFO] [stderr]    Compiling petgraph v0.6.0
[INFO] [stderr]    Compiling tinyvec v1.5.1
[INFO] [stderr]    Compiling which v4.2.2
[INFO] [stderr]    Compiling num-integer v0.1.44
[INFO] [stderr]    Compiling openssl-probe v0.1.4
[INFO] [stderr]    Compiling multimap v0.8.3
[INFO] [stderr]    Compiling serde_json v1.0.72
[INFO] [stderr]    Compiling openssl-sys v0.9.72
[INFO] [stderr]    Compiling heck v0.4.0
[INFO] [stderr]    Compiling thread_local v1.1.3
[INFO] [stderr]    Compiling miniz_oxide v0.4.4
[INFO] [stderr]    Compiling http-body v0.4.5
[INFO] [stderr]    Compiling encoding_rs v0.8.30
[INFO] [stderr]    Compiling http-range-header v0.3.0
[INFO] [stderr]    Compiling unicode-bidi v0.3.7
[INFO] [stderr]    Compiling regex v1.7.0
[INFO] [stderr]    Compiling tempfile v3.2.0
[INFO] [stderr]    Compiling versionisator v1.1.0
[INFO] [stderr]    Compiling backtrace v0.3.64
[INFO] [stderr]    Compiling time v0.1.43
[INFO] [stderr]    Compiling signal-hook v0.3.12
[INFO] [stderr]    Compiling linked-hash-map v0.5.4
[INFO] [stderr]    Compiling matchit v0.5.0
[INFO] [stderr]    Compiling sync_wrapper v0.1.1
[INFO] [stderr]    Compiling unicode-normalization v0.1.19
[INFO] [stderr]    Compiling lock_api v0.4.5
[INFO] [stderr]    Compiling parking_lot_core v0.8.5
[INFO] [stderr]    Compiling yaml-rust v0.4.5
[INFO] [stderr]    Compiling tracing-subscriber v0.3.5
[INFO] [stderr]    Compiling chrono v0.4.19
[INFO] [stderr]    Compiling object v0.27.1
[INFO] [stderr]    Compiling tracing-log v0.1.2
[INFO] [stderr]    Compiling signal-hook-registry v1.4.0
[INFO] [stderr]    Compiling ipnet v2.3.1
[INFO] [stderr]    Compiling parking_lot v0.11.2
[INFO] [stderr]    Compiling humantime v2.1.0
[INFO] [stderr]    Compiling idna v0.2.3
[INFO] [stderr]    Compiling regex-automata v0.1.10
[INFO] [stderr]    Compiling matchers v0.0.1
[INFO] [stderr]    Compiling tokio-macros v1.8.0
[INFO] [stderr]    Compiling tracing-attributes v0.1.18
[INFO] [stderr]    Compiling prost-derive v0.11.2
[INFO] [stderr]    Compiling pin-project-internal v1.0.8
[INFO] [stderr]    Compiling async-stream-impl v0.3.2
[INFO] [stderr]    Compiling thiserror-impl v1.0.30
[INFO] [stderr]    Compiling async-stream v0.3.2
[INFO] [stderr]    Compiling thiserror v1.0.30
[INFO] [stderr]    Compiling axum-core v0.2.9
[INFO] [stderr]    Compiling pin-project v1.0.8
[INFO] [stderr]    Compiling tracing v0.1.29
[INFO] [stderr]    Compiling tracing-futures v0.2.5
[INFO] [stderr]    Compiling tracing-flame v0.2.0
[INFO] [stderr]    Compiling prost v0.11.2
[INFO] [stderr]    Compiling prost-types v0.11.2
[INFO] [stderr]    Compiling prost-build v0.11.2
[INFO] [stderr]    Compiling tonic-build v0.8.2
[INFO] [stderr]    Compiling taskqueue v0.2.0 (/opt/rustwide/workdir)
[INFO] [stderr]    Compiling tokio-util v0.6.9
[INFO] [stderr]    Compiling tokio-util v0.7.4
[INFO] [stderr]    Compiling tokio-native-tls v0.3.0
[INFO] [stderr]    Compiling tokio-io-timeout v1.1.1
[INFO] [stderr]    Compiling tokio-stream v0.1.8
[INFO] [stderr]    Compiling tokio-retry v0.3.0
[INFO] [stderr]    Compiling h2 v0.3.9
[INFO] [stderr]    Compiling tower v0.4.13
[INFO] [stderr]    Compiling tower-http v0.3.4
[INFO] [stderr]    Compiling tracing-serde v0.1.2
[INFO] [stderr]    Compiling url v2.2.2
[INFO] [stderr]    Compiling serde_urlencoded v0.7.0
[INFO] [stderr]    Compiling toml v0.5.8
[INFO] [stderr]    Compiling uuid v1.2.2
[INFO] [stderr]    Compiling serde_yaml v0.8.23
[INFO] [stderr]    Compiling tracing-subscriber v0.2.25
[INFO] [stderr]    Compiling hyper v0.14.16
[INFO] [stderr]    Compiling hyper-timeout v0.4.1
[INFO] [stderr]    Compiling hyper-tls v0.5.0
[INFO] [stderr]    Compiling axum v0.5.17
[INFO] [stderr]    Compiling reqwest v0.11.7
[INFO] [stderr]    Compiling tonic v0.8.2
[INFO] [stdout] warning: named argument `crash_info` is not used by name
[INFO] [stdout]   --> src/crash_handler.rs:34:18
[INFO] [stdout]    |
[INFO] [stdout] 34 |     error!("{}", crash_info = toml::to_string_pretty(&info).unwrap());
[INFO] [stdout]    |             --   ^^^^^^^^^^ this named argument is referred to by position in formatting string
[INFO] [stdout]    |             |
[INFO] [stdout]    |             this formatting argument uses named argument `crash_info` by position
[INFO] [stdout]    |
[INFO] [stdout]    = note: `#[warn(named_arguments_used_positionally)]` on by default
[INFO] [stdout] help: use the named argument by name to avoid ambiguity
[INFO] [stdout]    |
[INFO] [stdout] 34 |     error!("{crash_info}", crash_info = toml::to_string_pretty(&info).unwrap());
[INFO] [stdout]    |              ++++++++++
[INFO] [stdout] 
[INFO] [stdout] 
[INFO] [stdout] warning: unused imports: `HashMapStorage` and `MemoryTaskStorage`
[INFO] [stdout]  --> src/controller/api.rs:2:36
[INFO] [stdout]   |
[INFO] [stdout] 2 | pub use crate::datastore::{Filter, HashMapStorage, MemoryTaskStorage};
[INFO] [stdout]   |                                    ^^^^^^^^^^^^^^  ^^^^^^^^^^^^^^^^^
[INFO] [stdout]   |
[INFO] [stdout]   = note: `#[warn(unused_imports)]` (part of `#[warn(unused)]`) on by default
[INFO] [stdout] 
[INFO] [stdout] 
[INFO] [stdout] warning: unused import: `error::DataStoreError`
[INFO] [stdout]  --> src/datastore/mod.rs:8:9
[INFO] [stdout]   |
[INFO] [stdout] 8 | pub use error::DataStoreError;
[INFO] [stdout]   |         ^^^^^^^^^^^^^^^^^^^^^
[INFO] [stdout] 
[INFO] [stdout] 
[INFO] [stdout] warning: unused import: `Priority as TaskPriority`
[INFO] [stdout]  --> src/model/mod.rs:8:16
[INFO] [stdout]   |
[INFO] [stdout] 8 | pub use task::{Priority as TaskPriority, State as TaskState, Task};
[INFO] [stdout]   |                ^^^^^^^^^^^^^^^^^^^^^^^^
[INFO] [stdout] 
[INFO] [stdout] 
[INFO] [stdout] warning: use of deprecated type alias `std::panic::PanicInfo`: use `PanicHookInfo` instead
[INFO] [stdout]  --> src/crash_handler.rs:4:19
[INFO] [stdout]   |
[INFO] [stdout] 4 |     panic::{self, PanicInfo},
[INFO] [stdout]   |                   ^^^^^^^^^
[INFO] [stdout]   |
[INFO] [stdout]   = note: `#[warn(deprecated)]` on by default
[INFO] [stdout] 
[INFO] [stdout] 
[INFO] [stdout] warning: use of deprecated type alias `std::panic::PanicInfo`: use `PanicHookInfo` instead
[INFO] [stdout]   --> src/crash_handler.rs:22:41
[INFO] [stdout]    |
[INFO] [stdout] 22 |     panic::set_hook(Box::new(move |pi: &PanicInfo<'_>| {
[INFO] [stdout]    |                                         ^^^^^^^^^
[INFO] [stdout] 
[INFO] [stdout] 
[INFO] [stdout] warning: use of deprecated type alias `std::panic::PanicInfo`: use `PanicHookInfo` instead
[INFO] [stdout]   --> src/crash_handler.rs:28:30
[INFO] [stdout]    |
[INFO] [stdout] 28 | fn handle_panic(panic_info: &PanicInfo<'_>) {
[INFO] [stdout]    |                              ^^^^^^^^^
[INFO] [stdout] 
[INFO] [stdout] 
[INFO] [stdout] error[E0271]: type mismatch resolving `<! as TryFrom<StorageServiceResponse>>::Error == ControllerError`
[INFO] [stdout]    --> src/controller/callback.rs:94:13
[INFO] [stdout]     |
[INFO] [stdout]  94 | /             super::storage::send(
[INFO] [stdout]  95 | |                 tx_storage.clone(),
[INFO] [stdout]  96 | |                 StorageServiceRequest::UpdateState(task.as_new_state()),
[INFO] [stdout]  97 | |             )
[INFO] [stdout]     | |_____________^ expected `ControllerError`, found `!`
[INFO] [stdout]     |
[INFO] [stdout]     = note: expected enum `ControllerError`
[INFO] [stdout]                found type `!`
[INFO] [stdout] note: required by a bound in `send`
[INFO] [stdout]    --> src/controller/storage.rs:174:40
[INFO] [stdout]     |
[INFO] [stdout] 169 | pub async fn send<T>(
[INFO] [stdout] ...
[INFO] [stdout] 174 |     T: TryFrom<StorageServiceResponse, Error = ControllerError>,
[INFO] [stdout]     |                                        ^^^^^^^^^^^^^^^^^^^^^^^ required by this bound in `send`
[INFO] [stdout] 
[INFO] [stdout] 
[INFO] [stdout] error[E0271]: type mismatch resolving `<! as TryFrom<StorageServiceResponse>>::Error == ControllerError`
[INFO] [stdout]    --> src/controller/callback.rs:109:13
[INFO] [stdout]     |
[INFO] [stdout] 109 | /             super::storage::send(
[INFO] [stdout] 110 | |                 tx_storage.clone(),
[INFO] [stdout] 111 | |                 StorageServiceRequest::UpdateState(task.as_new_state()),
[INFO] [stdout] 112 | |             )
[INFO] [stdout]     | |_____________^ expected `ControllerError`, found `!`
[INFO] [stdout]     |
[INFO] [stdout]     = note: expected enum `ControllerError`
[INFO] [stdout]                found type `!`
[INFO] [stdout] note: required by a bound in `send`
[INFO] [stdout]    --> src/controller/storage.rs:174:40
[INFO] [stdout]     |
[INFO] [stdout] 169 | pub async fn send<T>(
[INFO] [stdout] ...
[INFO] [stdout] 174 |     T: TryFrom<StorageServiceResponse, Error = ControllerError>,
[INFO] [stdout]     |                                        ^^^^^^^^^^^^^^^^^^^^^^^ required by this bound in `send`
[INFO] [stdout] 
[INFO] [stdout] 
[INFO] [stdout] error[E0277]: the trait bound `!: TryFrom<StorageServiceResponse>` is not satisfied
[INFO] [stdout]    --> src/controller/callback.rs:94:13
[INFO] [stdout]     |
[INFO] [stdout]  94 | /             super::storage::send(
[INFO] [stdout]  95 | |                 tx_storage.clone(),
[INFO] [stdout]  96 | |                 StorageServiceRequest::UpdateState(task.as_new_state()),
[INFO] [stdout]  97 | |             )
[INFO] [stdout]     | |_____________^ the trait `From<StorageServiceResponse>` is not implemented for `!`
[INFO] [stdout]     |
[INFO] [stdout]     = note: required for `StorageServiceResponse` to implement `Into<!>`
[INFO] [stdout]     = note: required for `!` to implement `TryFrom<StorageServiceResponse>`
[INFO] [stdout] note: required by a bound in `send`
[INFO] [stdout]    --> src/controller/storage.rs:174:8
[INFO] [stdout]     |
[INFO] [stdout] 169 | pub async fn send<T>(
[INFO] [stdout] ...
[INFO] [stdout] 174 |     T: TryFrom<StorageServiceResponse, Error = ControllerError>,
[INFO] [stdout]     |        ^^^^^^^^^^^^^^^^^^^^^^^^^^^^^^^^^^^^^^^^^^^^^^^^^^^^^^^^ required by this bound in `send`
[INFO] [stdout] 
[INFO] [stdout] 
[INFO] [stdout] error[E0271]: type mismatch resolving `<! as TryFrom<StorageServiceResponse>>::Error == ControllerError`
[INFO] [stdout]    --> src/controller/callback.rs:151:13
[INFO] [stdout]     |
[INFO] [stdout] 151 |       let _ = super::storage::send(
[INFO] [stdout]     |  _____________^
[INFO] [stdout] 152 | |         tx_storage,
[INFO] [stdout] 153 | |         StorageServiceRequest::UpdateState(task.as_new_state()),
[INFO] [stdout] 154 | |     )
[INFO] [stdout]     | |_____^ expected `ControllerError`, found `!`
[INFO] [stdout]     |
[INFO] [stdout]     = note: expected enum `ControllerError`
[INFO] [stdout]                found type `!`
[INFO] [stdout] note: required by a bound in `send`
[INFO] [stdout]    --> src/controller/storage.rs:174:40
[INFO] [stdout]     |
[INFO] [stdout] 169 | pub async fn send<T>(
[INFO] [stdout] ...
[INFO] [stdout] 174 |     T: TryFrom<StorageServiceResponse, Error = ControllerError>,
[INFO] [stdout]     |                                        ^^^^^^^^^^^^^^^^^^^^^^^ required by this bound in `send`
[INFO] [stdout] 
[INFO] [stdout] 
[INFO] [stdout] error[E0277]: the trait bound `!: TryFrom<StorageServiceResponse>` is not satisfied
[INFO] [stdout]    --> src/controller/callback.rs:151:13
[INFO] [stdout]     |
[INFO] [stdout] 151 |       let _ = super::storage::send(
[INFO] [stdout]     |  _____________^
[INFO] [stdout] 152 | |         tx_storage,
[INFO] [stdout] 153 | |         StorageServiceRequest::UpdateState(task.as_new_state()),
[INFO] [stdout] 154 | |     )
[INFO] [stdout]     | |_____^ the trait `From<StorageServiceResponse>` is not implemented for `!`
[INFO] [stdout]     |
[INFO] [stdout]     = note: required for `StorageServiceResponse` to implement `Into<!>`
[INFO] [stdout]     = note: required for `!` to implement `TryFrom<StorageServiceResponse>`
[INFO] [stdout] note: required by a bound in `send`
[INFO] [stdout]    --> src/controller/storage.rs:174:8
[INFO] [stdout]     |
[INFO] [stdout] 169 | pub async fn send<T>(
[INFO] [stdout] ...
[INFO] [stdout] 174 |     T: TryFrom<StorageServiceResponse, Error = ControllerError>,
[INFO] [stdout]     |        ^^^^^^^^^^^^^^^^^^^^^^^^^^^^^^^^^^^^^^^^^^^^^^^^^^^^^^^^ required by this bound in `send`
[INFO] [stdout] 
[INFO] [stdout] 
[INFO] [stdout] error[E0271]: type mismatch resolving `<! as TryFrom<StorageServiceResponse>>::Error == ControllerError`
[INFO] [stdout]    --> src/controller/callback.rs:166:5
[INFO] [stdout]     |
[INFO] [stdout] 166 | /     super::storage::send(
[INFO] [stdout] 167 | |         tx_storage.clone(),
[INFO] [stdout] 168 | |         StorageServiceRequest::UpdateState(task.as_new_state()),
[INFO] [stdout] 169 | |     )
[INFO] [stdout]     | |_____^ expected `ControllerError`, found `!`
[INFO] [stdout]     |
[INFO] [stdout]     = note: expected enum `ControllerError`
[INFO] [stdout]                found type `!`
[INFO] [stdout] note: required by a bound in `send`
[INFO] [stdout]    --> src/controller/storage.rs:174:40
[INFO] [stdout]     |
[INFO] [stdout] 169 | pub async fn send<T>(
[INFO] [stdout] ...
[INFO] [stdout] 174 |     T: TryFrom<StorageServiceResponse, Error = ControllerError>,
[INFO] [stdout]     |                                        ^^^^^^^^^^^^^^^^^^^^^^^ required by this bound in `send`
[INFO] [stdout] 
[INFO] [stdout] 
[INFO] [stdout] error[E0277]: the trait bound `!: TryFrom<StorageServiceResponse>` is not satisfied
[INFO] [stdout]    --> src/controller/callback.rs:166:5
[INFO] [stdout]     |
[INFO] [stdout] 166 | /     super::storage::send(
[INFO] [stdout] 167 | |         tx_storage.clone(),
[INFO] [stdout] 168 | |         StorageServiceRequest::UpdateState(task.as_new_state()),
[INFO] [stdout] 169 | |     )
[INFO] [stdout]     | |_____^ the trait `From<StorageServiceResponse>` is not implemented for `!`
[INFO] [stdout]     |
[INFO] [stdout]     = note: required for `StorageServiceResponse` to implement `Into<!>`
[INFO] [stdout]     = note: required for `!` to implement `TryFrom<StorageServiceResponse>`
[INFO] [stdout] note: required by a bound in `send`
[INFO] [stdout]    --> src/controller/storage.rs:174:8
[INFO] [stdout]     |
[INFO] [stdout] 169 | pub async fn send<T>(
[INFO] [stdout] ...
[INFO] [stdout] 174 |     T: TryFrom<StorageServiceResponse, Error = ControllerError>,
[INFO] [stdout]     |        ^^^^^^^^^^^^^^^^^^^^^^^^^^^^^^^^^^^^^^^^^^^^^^^^^^^^^^^^ required by this bound in `send`
[INFO] [stdout] 
[INFO] [stdout] 
[INFO] [stdout] error[E0271]: type mismatch resolving `<! as TryFrom<StorageServiceResponse>>::Error == ControllerError`
[INFO] [stdout]    --> src/controller/dispatcher.rs:116:9
[INFO] [stdout]     |
[INFO] [stdout] 116 | /         storage::send(
[INFO] [stdout] 117 | |             tx_storage.clone(),
[INFO] [stdout] 118 | |             StorageServiceRequest::Create(task.clone()),
[INFO] [stdout] 119 | |         )
[INFO] [stdout]     | |_________^ expected `ControllerError`, found `!`
[INFO] [stdout]     |
[INFO] [stdout]     = note: expected enum `ControllerError`
[INFO] [stdout]                found type `!`
[INFO] [stdout] note: required by a bound in `send`
[INFO] [stdout]    --> src/controller/storage.rs:174:40
[INFO] [stdout]     |
[INFO] [stdout] 169 | pub async fn send<T>(
[INFO] [stdout] ...
[INFO] [stdout] 174 |     T: TryFrom<StorageServiceResponse, Error = ControllerError>,
[INFO] [stdout]     |                                        ^^^^^^^^^^^^^^^^^^^^^^^ required by this bound in `send`
[INFO] [stdout] 
[INFO] [stdout] 
[INFO] [stdout] error[E0271]: type mismatch resolving `<! as TryFrom<StorageServiceResponse>>::Error == ControllerError`
[INFO] [stdout]    --> src/controller/dispatcher.rs:128:5
[INFO] [stdout]     |
[INFO] [stdout] 128 | /     storage::send(
[INFO] [stdout] 129 | |         tx_storage.clone(),
[INFO] [stdout] 130 | |         StorageServiceRequest::UpdateState(task.as_new_state()),
[INFO] [stdout] 131 | |     )
[INFO] [stdout]     | |_____^ expected `ControllerError`, found `!`
[INFO] [stdout]     |
[INFO] [stdout]     = note: expected enum `ControllerError`
[INFO] [stdout]                found type `!`
[INFO] [stdout] note: required by a bound in `send`
[INFO] [stdout]    --> src/controller/storage.rs:174:40
[INFO] [stdout]     |
[INFO] [stdout] 169 | pub async fn send<T>(
[INFO] [stdout] ...
[INFO] [stdout] 174 |     T: TryFrom<StorageServiceResponse, Error = ControllerError>,
[INFO] [stdout]     |                                        ^^^^^^^^^^^^^^^^^^^^^^^ required by this bound in `send`
[INFO] [stdout] 
[INFO] [stdout] 
[INFO] [stdout] error[E0277]: the trait bound `!: TryFrom<StorageServiceResponse>` is not satisfied
[INFO] [stdout]    --> src/controller/dispatcher.rs:116:9
[INFO] [stdout]     |
[INFO] [stdout] 116 | /         storage::send(
[INFO] [stdout] 117 | |             tx_storage.clone(),
[INFO] [stdout] 118 | |             StorageServiceRequest::Create(task.clone()),
[INFO] [stdout] 119 | |         )
[INFO] [stdout]     | |_________^ the trait `From<StorageServiceResponse>` is not implemented for `!`
[INFO] [stdout]     |
[INFO] [stdout]     = note: required for `StorageServiceResponse` to implement `Into<!>`
[INFO] [stdout]     = note: required for `!` to implement `TryFrom<StorageServiceResponse>`
[INFO] [stdout] note: required by a bound in `send`
[INFO] [stdout]    --> src/controller/storage.rs:174:8
[INFO] [stdout]     |
[INFO] [stdout] 169 | pub async fn send<T>(
[INFO] [stdout] ...
[INFO] [stdout] 174 |     T: TryFrom<StorageServiceResponse, Error = ControllerError>,
[INFO] [stdout]     |        ^^^^^^^^^^^^^^^^^^^^^^^^^^^^^^^^^^^^^^^^^^^^^^^^^^^^^^^^ required by this bound in `send`
[INFO] [stdout] 
[INFO] [stdout] 
[INFO] [stdout] error[E0271]: type mismatch resolving `<! as TryFrom<StorageServiceResponse>>::Error == ControllerError`
[INFO] [stdout]    --> src/controller/dispatcher.rs:163:5
[INFO] [stdout]     |
[INFO] [stdout] 163 | /     storage::send(
[INFO] [stdout] 164 | |         tx_storage.clone(),
[INFO] [stdout] 165 | |         StorageServiceRequest::UpdateState(task.as_new_state()),
[INFO] [stdout] 166 | |     )
[INFO] [stdout]     | |_____^ expected `ControllerError`, found `!`
[INFO] [stdout]     |
[INFO] [stdout]     = note: expected enum `ControllerError`
[INFO] [stdout]                found type `!`
[INFO] [stdout] note: required by a bound in `send`
[INFO] [stdout]    --> src/controller/storage.rs:174:40
[INFO] [stdout]     |
[INFO] [stdout] 169 | pub async fn send<T>(
[INFO] [stdout] ...
[INFO] [stdout] 174 |     T: TryFrom<StorageServiceResponse, Error = ControllerError>,
[INFO] [stdout]     |                                        ^^^^^^^^^^^^^^^^^^^^^^^ required by this bound in `send`
[INFO] [stdout] 
[INFO] [stdout] 
[INFO] [stdout] error[E0277]: the trait bound `!: TryFrom<StorageServiceResponse>` is not satisfied
[INFO] [stdout]    --> src/controller/dispatcher.rs:163:5
[INFO] [stdout]     |
[INFO] [stdout] 163 | /     storage::send(
[INFO] [stdout] 164 | |         tx_storage.clone(),
[INFO] [stdout] 165 | |         StorageServiceRequest::UpdateState(task.as_new_state()),
[INFO] [stdout] 166 | |     )
[INFO] [stdout]     | |_____^ the trait `From<StorageServiceResponse>` is not implemented for `!`
[INFO] [stdout]     |
[INFO] [stdout]     = note: required for `StorageServiceResponse` to implement `Into<!>`
[INFO] [stdout]     = note: required for `!` to implement `TryFrom<StorageServiceResponse>`
[INFO] [stdout] note: required by a bound in `send`
[INFO] [stdout]    --> src/controller/storage.rs:174:8
[INFO] [stdout]     |
[INFO] [stdout] 169 | pub async fn send<T>(
[INFO] [stdout] ...
[INFO] [stdout] 174 |     T: TryFrom<StorageServiceResponse, Error = ControllerError>,
[INFO] [stdout]     |        ^^^^^^^^^^^^^^^^^^^^^^^^^^^^^^^^^^^^^^^^^^^^^^^^^^^^^^^^ required by this bound in `send`
[INFO] [stdout] 
[INFO] [stdout] 
[INFO] [stdout] warning: use of deprecated associated function `tonic::metadata::MetadataValue::<tonic::metadata::Ascii>::from_str`: Use TryFrom or FromStr instead
[INFO] [stdout]    --> src/model/correlation_id.rs:128:45
[INFO] [stdout]     |
[INFO] [stdout] 128 |             tonic::metadata::MetadataValue::from_str(&format!("{}", self.0)).unwrap(),
[INFO] [stdout]     |                                             ^^^^^^^^
[INFO] [stdout] 
[INFO] [stdout] 
[INFO] [stdout] warning: unused import: `Executor`
[INFO] [stdout]   --> src/main.rs:21:32
[INFO] [stdout]    |
[INFO] [stdout] 21 | use executor::{ActionExecutor, Executor};
[INFO] [stdout]    |                                ^^^^^^^^
[INFO] [stdout] 
[INFO] [stdout] 
[INFO] [stdout] warning: variable does not need to be mutable
[INFO] [stdout]   --> src/main.rs:37:9
[INFO] [stdout]    |
[INFO] [stdout] 37 |     let mut executor = ActionExecutor::new();
[INFO] [stdout]    |         ----^^^^^^^^
[INFO] [stdout]    |         |
[INFO] [stdout]    |         help: remove this `mut`
[INFO] [stdout]    |
[INFO] [stdout]    = note: `#[warn(unused_mut)]` (part of `#[warn(unused)]`) on by default
[INFO] [stdout] 
[INFO] [stdout] 
[INFO] [stdout] warning: variable does not need to be mutable
[INFO] [stdout]   --> src/main.rs:43:9
[INFO] [stdout]    |
[INFO] [stdout] 43 |     let mut controller = controller::TaskController::start(
[INFO] [stdout]    |         ----^^^^^^^^^^
[INFO] [stdout]    |         |
[INFO] [stdout]    |         help: remove this `mut`
[INFO] [stdout] 
[INFO] [stdout] 
[INFO] [stdout] Some errors have detailed explanations: E0271, E0277.
[INFO] [stdout] 
[INFO] [stdout] For more information about an error, try `rustc --explain E0271`.
[INFO] [stdout] 
[INFO] [stderr] error: could not compile `taskqueue` (bin "taskqueue") due to 12 previous errors; 11 warnings emitted
[INFO] [stderr] warning: unused dependency `humantime`
[INFO] [stderr]   --> Cargo.toml:12:1
[INFO] [stderr]    |
[INFO] [stderr] 12 | humantime = "2"
[INFO] [stderr]    | ^^^^^^^^^^^^^^^
[INFO] [stderr]    |
[INFO] [stderr]    = note: `cargo::unused_dependencies` is set to `warn` by default
[INFO] [stderr] help: consider removing the dependency on `humantime`
[INFO] [stderr] warning: unused dependency `parking_lot`
[INFO] [stderr]   --> Cargo.toml:13:1
[INFO] [stderr]    |
[INFO] [stderr] 13 | parking_lot = "0.11"
[INFO] [stderr]    | ^^^^^^^^^^^^^^^^^^^^
[INFO] [stderr]    |
[INFO] [stderr] help: consider removing the dependency on `parking_lot`
[INFO] [stderr] warning: unused dependency `serde_yaml`
[INFO] [stderr]   --> Cargo.toml:17:1
[INFO] [stderr]    |
[INFO] [stderr] 17 | serde_yaml = "0.8"
[INFO] [stderr]    | ^^^^^^^^^^^^^^^^^^
[INFO] [stderr]    |
[INFO] [stderr] help: consider removing the dependency on `serde_yaml`
[INFO] [stderr] warning: unused dependency `tracing-flame`
[INFO] [stderr]   --> Cargo.toml:23:1
[INFO] [stderr]    |
[INFO] [stderr] 23 | tracing-flame = "0.2"
[INFO] [stderr]    | ^^^^^^^^^^^^^^^^^^^^^
[INFO] [stderr]    |
[INFO] [stderr] help: consider removing the dependency on `tracing-flame`
[INFO] [stderr] warning: `taskqueue` (manifest) generated 4 warnings
[INFO] running `Command { std: "docker" "inspect" "fc66f52b3f72281bac23462ae8014fc882d91cb0a530e45814a28dded46f0fb4", kill_on_drop: false }`
[INFO] running `Command { std: "docker" "rm" "-f" "fc66f52b3f72281bac23462ae8014fc882d91cb0a530e45814a28dded46f0fb4", kill_on_drop: false }`
[INFO] [stdout] fc66f52b3f72281bac23462ae8014fc882d91cb0a530e45814a28dded46f0fb4
