[INFO] cloning repository https://github.com/wulymammoth/grass
[INFO] running `Command { std: "git" "-c" "credential.helper=" "-c" "credential.helper=/workspace/cargo-home/bin/git-credential-null" "clone" "--bare" "https://github.com/wulymammoth/grass" "/workspace/cache/git-repos/https%3A%2F%2Fgithub.com%2Fwulymammoth%2Fgrass", kill_on_drop: false }`
[INFO] [stderr] Cloning into bare repository '/workspace/cache/git-repos/https%3A%2F%2Fgithub.com%2Fwulymammoth%2Fgrass'...
[INFO] running `Command { std: "git" "rev-parse" "HEAD", kill_on_drop: false }`
[INFO] [stdout] 3e1677c1098cffa8f1a0bb066ea9cc75d5019fd1
[INFO] testing wulymammoth/grass against 1.100.0-beta.1 for beta-1.100-2
[INFO] running `Command { std: "git" "clone" "/workspace/cache/git-repos/https%3A%2F%2Fgithub.com%2Fwulymammoth%2Fgrass" "/workspace/builds/worker-7-tc2/source", kill_on_drop: false }`
[INFO] [stderr] Cloning into '/workspace/builds/worker-7-tc2/source'...
[INFO] [stderr] done.
[INFO] started tweaking git repo https://github.com/wulymammoth/grass
[INFO] finished tweaking git repo https://github.com/wulymammoth/grass
[INFO] tweaked toml for git repo https://github.com/wulymammoth/grass written to /workspace/builds/worker-7-tc2/source/Cargo.toml
[INFO] validating manifest of git repo https://github.com/wulymammoth/grass on toolchain 1.100.0-beta.1
[INFO] running `Command { std: CARGO_HOME="/workspace/cargo-home" RUSTUP_HOME="/workspace/rustup-home" "/workspace/cargo-home/bin/cargo" "+1.100.0-beta.1" "metadata" "--manifest-path" "Cargo.toml" "--no-deps", kill_on_drop: false }`
[INFO] crate git repo https://github.com/wulymammoth/grass already has a lockfile, it will not be regenerated
[INFO] running `Command { std: CARGO_HOME="/workspace/cargo-home" RUSTUP_HOME="/workspace/rustup-home" "/workspace/cargo-home/bin/cargo" "+1.100.0-beta.1" "fetch" "--manifest-path" "Cargo.toml", kill_on_drop: false }`
[INFO] running `Command { std: "docker" "create" "-v" "/var/lib/crater-agent-workspace/builds/worker-7-tc2/source:/opt/rustwide/workdir:ro,Z" "-v" "/var/lib/crater-agent-workspace/builds/worker-7-tc2/target:/opt/rustwide/target:rw,Z" "-v" "/var/lib/crater-agent-workspace/cargo-home:/opt/rustwide/cargo-home:ro,Z" "-v" "/var/lib/crater-agent-workspace/rustup-home:/opt/rustwide/rustup-home:ro,Z" "-m" "1610612736" "--network" "none" "ghcr.io/rust-lang/crates-build-env/linux@sha256:3111399a4047eeb3a02b7a90e478d715f38a8c6669b5c4b49d30a17385265909" "sleep" "infinity", kill_on_drop: false }`
[INFO] [stdout] a9cc4110fccdc78b15a1322429cccab76b46f331fc30302db0c3c9791cd4455b
[INFO] running `Command { std: "docker" "start" "a9cc4110fccdc78b15a1322429cccab76b46f331fc30302db0c3c9791cd4455b", kill_on_drop: false }`
[INFO] running `Command { std: "docker" "inspect" "a9cc4110fccdc78b15a1322429cccab76b46f331fc30302db0c3c9791cd4455b", kill_on_drop: false }`
[INFO] running `Command { std: "docker" "exec" "-e" "SOURCE_DIR=/opt/rustwide/workdir" "-e" "CARGO_HOME=/opt/rustwide/cargo-home" "-e" "RUSTUP_HOME=/opt/rustwide/rustup-home" "-e" "CARGO_TARGET_DIR=/opt/rustwide/target" "-w" "/opt/rustwide/workdir" "--user" "0:0" "a9cc4110fccdc78b15a1322429cccab76b46f331fc30302db0c3c9791cd4455b" "/opt/rustwide/cargo-home/bin/cargo" "+1.100.0-beta.1" "metadata" "--no-deps" "--format-version=1", kill_on_drop: false }`
[INFO] running `Command { std: "docker" "inspect" "a9cc4110fccdc78b15a1322429cccab76b46f331fc30302db0c3c9791cd4455b", kill_on_drop: false }`
[INFO] running `Command { std: "docker" "exec" "-e" "SOURCE_DIR=/opt/rustwide/workdir" "-e" "CARGO_HOME=/opt/rustwide/cargo-home" "-e" "RUSTUP_HOME=/opt/rustwide/rustup-home" "-e" "CARGO_TARGET_DIR=/opt/rustwide/target" "-e" "CARGO_INCREMENTAL=0" "-e" "RUST_BACKTRACE=full" "-e" "RUSTFLAGS=--cap-lints=warn" "-e" "RUSTDOCFLAGS=--cap-lints=warn" "-w" "/opt/rustwide/workdir" "--user" "0:0" "a9cc4110fccdc78b15a1322429cccab76b46f331fc30302db0c3c9791cd4455b" "/opt/rustwide/cargo-home/bin/cargo" "+1.100.0-beta.1" "build" "--frozen" "--message-format=json", kill_on_drop: false }`
[INFO] [stderr]    Compiling version_check v0.9.2
[INFO] [stderr]    Compiling proc-macro2 v1.0.24
[INFO] [stderr]    Compiling unicode-xid v0.2.1
[INFO] [stderr]    Compiling libc v0.2.80
[INFO] [stderr]    Compiling memchr v2.5.0
[INFO] [stderr]    Compiling syn v1.0.48
[INFO] [stderr]    Compiling bitflags v1.2.1
[INFO] [stderr]    Compiling unicode-width v0.1.8
[INFO] [stderr]    Compiling log v0.4.11
[INFO] [stderr]    Compiling unicode-segmentation v1.6.0
[INFO] [stderr]    Compiling cfg-if v0.1.10
[INFO] [stderr]    Compiling regex-syntax v0.6.26
[INFO] [stderr]    Compiling ansi_term v0.11.0
[INFO] [stderr]    Compiling strsim v0.8.0
[INFO] [stderr]    Compiling vec_map v0.8.2
[INFO] [stderr]    Compiling anyhow v1.0.34
[INFO] [stderr]    Compiling termcolor v1.1.0
[INFO] [stderr]    Compiling lazy_static v1.4.0
[INFO] [stderr]    Compiling textwrap v0.11.0
[INFO] [stderr]    Compiling humantime v2.0.1
[INFO] [stderr]    Compiling proc-macro-error-attr v1.0.4
[INFO] [stderr]    Compiling proc-macro-error v1.0.4
[INFO] [stderr]    Compiling quote v1.0.7
[INFO] [stderr]    Compiling atty v0.2.14
[INFO] [stderr]    Compiling aho-corasick v0.7.18
[INFO] [stderr]    Compiling clap v2.33.3
[INFO] [stderr]    Compiling heck v0.3.1
[INFO] [stderr]    Compiling regex v1.5.6
[INFO] [stderr]    Compiling env_logger v0.8.1
[INFO] [stderr]    Compiling structopt-derive v0.4.13
[INFO] [stderr]    Compiling structopt v0.3.20
[INFO] [stderr]    Compiling grass v0.1.0 (/opt/rustwide/workdir)
[INFO] [stdout] warning: panic message is not a string literal
[INFO] [stdout]  --> src/lib.rs:8:36
[INFO] [stdout]   |
[INFO] [stdout] 8 |                 Err(err) => panic!(err),
[INFO] [stdout]   |                                    ^^^
[INFO] [stdout]   |
[INFO] [stdout]   = note: this usage of `panic!()` is deprecated; it will be a hard error in Rust 2021
[INFO] [stdout]   = note: for more information, see <https://doc.rust-lang.org/edition-guide/rust-2021/panic-macro-consistency.html>
[INFO] [stdout]   = note: for more information, see <https://doc.rust-lang.org/edition-guide/rust-2021/panic-macro-consistency.html>
[INFO] [stdout]   = note: `#[warn(non_fmt_panics)]` (part of `#[warn(rust_2021_compatibility)]`) on by default
[INFO] [stdout] help: add a "{}" format string to `Display` the message
[INFO] [stdout]   |
[INFO] [stdout] 8 |                 Err(err) => panic!("{}", err),
[INFO] [stdout]   |                                    +++++
[INFO] [stdout] help: or use std::panic::panic_any instead
[INFO] [stdout]   |
[INFO] [stdout] 8 -                 Err(err) => panic!(err),
[INFO] [stdout] 8 +                 Err(err) => std::panic::panic_any(err),
[INFO] [stdout]   |
[INFO] [stdout] 
[INFO] [stdout] 
[INFO] [stderr]     Finished `dev` profile [unoptimized + debuginfo] target(s) in 13.64s
[INFO] running `Command { std: "docker" "inspect" "a9cc4110fccdc78b15a1322429cccab76b46f331fc30302db0c3c9791cd4455b", kill_on_drop: false }`
[INFO] running `Command { std: "docker" "exec" "-e" "SOURCE_DIR=/opt/rustwide/workdir" "-e" "CARGO_HOME=/opt/rustwide/cargo-home" "-e" "RUSTUP_HOME=/opt/rustwide/rustup-home" "-e" "CARGO_TARGET_DIR=/opt/rustwide/target" "-e" "CARGO_INCREMENTAL=0" "-e" "RUST_BACKTRACE=full" "-e" "RUSTFLAGS=--cap-lints=warn" "-e" "RUSTDOCFLAGS=--cap-lints=warn" "-w" "/opt/rustwide/workdir" "--user" "0:0" "a9cc4110fccdc78b15a1322429cccab76b46f331fc30302db0c3c9791cd4455b" "/opt/rustwide/cargo-home/bin/cargo" "+1.100.0-beta.1" "test" "--frozen" "--no-run" "--message-format=json", kill_on_drop: false }`
[INFO] [stderr]    Compiling autocfg v1.0.1
[INFO] [stderr]    Compiling getrandom v0.1.15
[INFO] [stderr]    Compiling ppv-lite86 v0.2.10
[INFO] [stderr]    Compiling predicates-core v1.0.0
[INFO] [stderr]    Compiling doc-comment v0.3.3
[INFO] [stderr]    Compiling difference v2.0.0
[INFO] [stderr]    Compiling treeline v0.1.0
[INFO] [stderr]    Compiling normalize-line-endings v0.3.0
[INFO] [stderr]    Compiling wait-timeout v0.2.0
[INFO] [stderr]    Compiling remove_dir_all v0.5.3
[INFO] [stdout] warning: panic message is not a string literal
[INFO] [stdout]  --> src/lib.rs:8:36
[INFO] [stdout]   |
[INFO] [stdout] 8 |                 Err(err) => panic!(err),
[INFO] [stdout]   |                                    ^^^
[INFO] [stdout]   |
[INFO] [stdout]   = note: this usage of `panic!()` is deprecated; it will be a hard error in Rust 2021
[INFO] [stdout]   = note: for more information, see <https://doc.rust-lang.org/edition-guide/rust-2021/panic-macro-consistency.html>
[INFO] [stdout]   = note: for more information, see <https://doc.rust-lang.org/edition-guide/rust-2021/panic-macro-consistency.html>
[INFO] [stdout]   = note: `#[warn(non_fmt_panics)]` (part of `#[warn(rust_2021_compatibility)]`) on by default
[INFO] [stdout] help: add a "{}" format string to `Display` the message
[INFO] [stdout]   |
[INFO] [stdout] 8 |                 Err(err) => panic!("{}", err),
[INFO] [stdout]   |                                    +++++
[INFO] [stdout] help: or use std::panic::panic_any instead
[INFO] [stdout]   |
[INFO] [stdout] 8 -                 Err(err) => panic!(err),
[INFO] [stdout] 8 +                 Err(err) => std::panic::panic_any(err),
[INFO] [stdout]   |
[INFO] [stdout] 
[INFO] [stdout] 
[INFO] [stderr]    Compiling predicates-tree v1.0.0
[INFO] [stderr]    Compiling num-traits v0.2.14
[INFO] [stderr]    Compiling rand_core v0.5.1
[INFO] [stderr]    Compiling rand_chacha v0.2.2
[INFO] [stderr]    Compiling rand v0.7.3
[INFO] [stderr]    Compiling float-cmp v0.8.0
[INFO] [stderr]    Compiling predicates v1.0.5
[INFO] [stderr]    Compiling tempfile v3.1.0
[INFO] [stderr]    Compiling assert_cmd v1.0.1
[INFO] [stderr]    Compiling grass v0.1.0 (/opt/rustwide/workdir)
[INFO] [stdout] warning: panic message is not a string literal
[INFO] [stdout]  --> src/lib.rs:8:36
[INFO] [stdout]   |
[INFO] [stdout] 8 |                 Err(err) => panic!(err),
[INFO] [stdout]   |                                    ^^^
[INFO] [stdout]   |
[INFO] [stdout]   = note: this usage of `panic!()` is deprecated; it will be a hard error in Rust 2021
[INFO] [stdout]   = note: for more information, see <https://doc.rust-lang.org/edition-guide/rust-2021/panic-macro-consistency.html>
[INFO] [stdout]   = note: for more information, see <https://doc.rust-lang.org/edition-guide/rust-2021/panic-macro-consistency.html>
[INFO] [stdout]   = note: `#[warn(non_fmt_panics)]` (part of `#[warn(rust_2021_compatibility)]`) on by default
[INFO] [stdout] help: add a "{}" format string to `Display` the message
[INFO] [stdout]   |
[INFO] [stdout] 8 |                 Err(err) => panic!("{}", err),
[INFO] [stdout]   |                                    +++++
[INFO] [stdout] help: or use std::panic::panic_any instead
[INFO] [stdout]   |
[INFO] [stdout] 8 -                 Err(err) => panic!(err),
[INFO] [stdout] 8 +                 Err(err) => std::panic::panic_any(err),
[INFO] [stdout]   |
[INFO] [stdout] 
[INFO] [stdout] 
[INFO] [stderr]     Finished `test` profile [unoptimized + debuginfo] target(s) in 3.50s
[INFO] running `Command { std: "docker" "inspect" "a9cc4110fccdc78b15a1322429cccab76b46f331fc30302db0c3c9791cd4455b", kill_on_drop: false }`
[INFO] running `Command { std: "docker" "exec" "-e" "SOURCE_DIR=/opt/rustwide/workdir" "-e" "CARGO_HOME=/opt/rustwide/cargo-home" "-e" "RUSTUP_HOME=/opt/rustwide/rustup-home" "-e" "CARGO_TARGET_DIR=/opt/rustwide/target" "-e" "CARGO_INCREMENTAL=0" "-e" "RUST_BACKTRACE=full" "-e" "RUSTFLAGS=--cap-lints=warn" "-e" "RUSTDOCFLAGS=--cap-lints=warn" "-w" "/opt/rustwide/workdir" "--user" "0:0" "a9cc4110fccdc78b15a1322429cccab76b46f331fc30302db0c3c9791cd4455b" "/opt/rustwide/cargo-home/bin/cargo" "+1.100.0-beta.1" "test" "--frozen", kill_on_drop: false }`
[INFO] [stderr] warning: panic message is not a string literal
[INFO] [stderr]  --> src/lib.rs:8:36
[INFO] [stderr]   |
[INFO] [stderr] 8 |                 Err(err) => panic!(err),
[INFO] [stderr]   |                                    ^^^
[INFO] [stderr]   |
[INFO] [stderr]   = note: this usage of `panic!()` is deprecated; it will be a hard error in Rust 2021
[INFO] [stderr]   = note: for more information, see <https://doc.rust-lang.org/edition-guide/rust-2021/panic-macro-consistency.html>
[INFO] [stderr]   = note: for more information, see <https://doc.rust-lang.org/edition-guide/rust-2021/panic-macro-consistency.html>
[INFO] [stderr]   = note: `#[warn(non_fmt_panics)]` (part of `#[warn(rust_2021_compatibility)]`) on by default
[INFO] [stderr] help: add a "{}" format string to `Display` the message
[INFO] [stderr]   |
[INFO] [stderr] 8 |                 Err(err) => panic!("{}", err),
[INFO] [stderr]   |                                    +++++
[INFO] [stderr] help: or use std::panic::panic_any instead
[INFO] [stderr]   |
[INFO] [stderr] 8 -                 Err(err) => panic!(err),
[INFO] [stderr] 8 +                 Err(err) => std::panic::panic_any(err),
[INFO] [stderr]   |
[INFO] [stderr] 
[INFO] [stderr] warning: `grass` (lib) generated 1 warning (run `cargo fix --lib -p grass` to apply 1 suggestion)
[INFO] [stderr] warning: `grass` (lib test) generated 1 warning (1 duplicate)
[INFO] [stderr]     Finished `test` profile [unoptimized + debuginfo] target(s) in 0.06s
[INFO] [stderr]      Running unittests src/lib.rs (/opt/rustwide/target/debug/build/grass/de3419898887fae9/out/grass-de3419898887fae9)
[INFO] [stdout] 
[INFO] [stdout] running 3 tests
[INFO] [stdout] test find_a_match ... ok
[INFO] [stdout] test unfound_pattern ... ok
[INFO] [stderr]      Running unittests src/main.rs (/opt/rustwide/target/debug/build/grass/d665e7144cb6d470/out/grass-d665e7144cb6d470)
[INFO] [stdout] test empty_string_pattern ... ok
[INFO] [stdout] 
[INFO] [stdout] test result: ok. 3 passed; 0 failed; 0 ignored; 0 measured; 0 filtered out; finished in 0.00s
[INFO] [stdout] 
[INFO] [stdout] 
[INFO] [stdout] running 0 tests
[INFO] [stdout] 
[INFO] [stdout] test result: ok. 0 passed; 0 failed; 0 ignored; 0 measured; 0 filtered out; finished in 0.00s
[INFO] [stdout] 
[INFO] [stderr]      Running tests/cli.rs (/opt/rustwide/target/debug/build/grass/d97af43bf7e06f07/out/cli-d97af43bf7e06f07)
[INFO] [stdout] 
[INFO] [stdout] running 3 tests
[INFO] [stdout] test find_content_in_file ... FAILED
[INFO] [stdout] test test_empty_string_pattern ... FAILED
[INFO] [stdout] test file_doesnt_exist ... FAILED
[INFO] [stdout] 
[INFO] [stdout] failures:
[INFO] [stdout] 
[INFO] [stdout] ---- find_content_in_file stdout ----
[INFO] [stdout] Error: CargoError { cause: Some(NotFoundError { path: "/opt/rustwide/target/debug/build/grass/d97af43bf7e06f07/out/grass" }) }
[INFO] [stdout] 
[INFO] [stdout] ---- test_empty_string_pattern stdout ----
[INFO] [stdout] Error: CargoError { cause: Some(NotFoundError { path: "/opt/rustwide/target/debug/build/grass/d97af43bf7e06f07/out/grass" }) }
[INFO] [stdout] 
[INFO] [stdout] ---- file_doesnt_exist stdout ----
[INFO] [stdout] Error: CargoError { cause: Some(NotFoundError { path: "/opt/rustwide/target/debug/build/grass/d97af43bf7e06f07/out/grass" }) }
[INFO] [stdout] 
[INFO] [stdout] 
[INFO] [stdout] failures:
[INFO] [stdout]     file_doesnt_exist
[INFO] [stdout]     find_content_in_file
[INFO] [stdout]     test_empty_string_pattern
[INFO] [stdout] 
[INFO] [stdout] test result: FAILED. 0 passed; 3 failed; 0 ignored; 0 measured; 0 filtered out; finished in 0.00s
[INFO] [stdout] 
[INFO] [stderr] error: test failed, to rerun pass `--test cli`
[INFO] running `Command { std: "docker" "inspect" "a9cc4110fccdc78b15a1322429cccab76b46f331fc30302db0c3c9791cd4455b", kill_on_drop: false }`
[INFO] running `Command { std: "docker" "rm" "-f" "a9cc4110fccdc78b15a1322429cccab76b46f331fc30302db0c3c9791cd4455b", kill_on_drop: false }`
[INFO] [stdout] a9cc4110fccdc78b15a1322429cccab76b46f331fc30302db0c3c9791cd4455b
