[INFO] cloning repository https://github.com/velesnitski/gl-mcp
[INFO] running `Command { std: "git" "-c" "credential.helper=" "-c" "credential.helper=/workspace/cargo-home/bin/git-credential-null" "clone" "--bare" "https://github.com/velesnitski/gl-mcp" "/workspace/cache/git-repos/https%3A%2F%2Fgithub.com%2Fvelesnitski%2Fgl-mcp", kill_on_drop: false }`
[INFO] [stderr] Cloning into bare repository '/workspace/cache/git-repos/https%3A%2F%2Fgithub.com%2Fvelesnitski%2Fgl-mcp'...
[INFO] running `Command { std: "git" "rev-parse" "HEAD", kill_on_drop: false }`
[INFO] [stdout] 1ef559575169126ab601f27ac8a5ea6870a6fe55
[INFO] testing velesnitski/gl-mcp against 1.100.0-beta.1 for beta-1.100-2
[INFO] running `Command { std: "git" "clone" "/workspace/cache/git-repos/https%3A%2F%2Fgithub.com%2Fvelesnitski%2Fgl-mcp" "/workspace/builds/worker-3-tc2/source", kill_on_drop: false }`
[INFO] [stderr] Cloning into '/workspace/builds/worker-3-tc2/source'...
[INFO] [stderr] done.
[INFO] started tweaking git repo https://github.com/velesnitski/gl-mcp
[INFO] finished tweaking git repo https://github.com/velesnitski/gl-mcp
[INFO] tweaked toml for git repo https://github.com/velesnitski/gl-mcp written to /workspace/builds/worker-3-tc2/source/Cargo.toml
[INFO] validating manifest of git repo https://github.com/velesnitski/gl-mcp on toolchain 1.100.0-beta.1
[INFO] running `Command { std: CARGO_HOME="/workspace/cargo-home" RUSTUP_HOME="/workspace/rustup-home" "/workspace/cargo-home/bin/cargo" "+1.100.0-beta.1" "metadata" "--manifest-path" "Cargo.toml" "--no-deps", kill_on_drop: false }`
[INFO] crate git repo https://github.com/velesnitski/gl-mcp already has a lockfile, it will not be regenerated
[INFO] running `Command { std: CARGO_HOME="/workspace/cargo-home" RUSTUP_HOME="/workspace/rustup-home" "/workspace/cargo-home/bin/cargo" "+1.100.0-beta.1" "fetch" "--manifest-path" "Cargo.toml", kill_on_drop: false }`
[INFO] [stderr] warning: `package.homepage` is redundant with `package.repository`
[INFO] [stderr]   --> Cargo.toml:70:12
[INFO] [stderr]    |
[INFO] [stderr] 70 | homepage = "https://github.com/velesnitski/gl-mcp"
[INFO] [stderr]    |            ^^^^^^^^^^^^^^^^^^^^^^^^^^^^^^^^^^^^^^^
[INFO] [stderr] ...
[INFO] [stderr] 75 | repository = "https://github.com/velesnitski/gl-mcp"
[INFO] [stderr]    |              ---------------------------------------
[INFO] [stderr]    |
[INFO] [stderr]    = note: `cargo::redundant_homepage` is set to `warn` by default
[INFO] [stderr] help: consider removing `package.homepage`
[INFO] [stderr] warning: `gl-mcp` (manifest) generated 1 warning
[INFO] running `Command { std: "docker" "create" "-v" "/var/lib/crater-agent-workspace/builds/worker-3-tc2/source:/opt/rustwide/workdir:ro,Z" "-v" "/var/lib/crater-agent-workspace/builds/worker-3-tc2/target:/opt/rustwide/target:rw,Z" "-v" "/var/lib/crater-agent-workspace/cargo-home:/opt/rustwide/cargo-home:ro,Z" "-v" "/var/lib/crater-agent-workspace/rustup-home:/opt/rustwide/rustup-home:ro,Z" "-m" "1610612736" "--network" "none" "ghcr.io/rust-lang/crates-build-env/linux@sha256:3111399a4047eeb3a02b7a90e478d715f38a8c6669b5c4b49d30a17385265909" "sleep" "infinity", kill_on_drop: false }`
[INFO] [stdout] 6ac78c2c3524bafb3fd8948069f183c8cde87f00d9f446cf1ecfda7700bfd763
[INFO] running `Command { std: "docker" "start" "6ac78c2c3524bafb3fd8948069f183c8cde87f00d9f446cf1ecfda7700bfd763", kill_on_drop: false }`
[INFO] running `Command { std: "docker" "inspect" "6ac78c2c3524bafb3fd8948069f183c8cde87f00d9f446cf1ecfda7700bfd763", kill_on_drop: false }`
[INFO] running `Command { std: "docker" "exec" "-e" "SOURCE_DIR=/opt/rustwide/workdir" "-e" "CARGO_HOME=/opt/rustwide/cargo-home" "-e" "RUSTUP_HOME=/opt/rustwide/rustup-home" "-e" "CARGO_TARGET_DIR=/opt/rustwide/target" "-w" "/opt/rustwide/workdir" "--user" "0:0" "6ac78c2c3524bafb3fd8948069f183c8cde87f00d9f446cf1ecfda7700bfd763" "/opt/rustwide/cargo-home/bin/cargo" "+1.100.0-beta.1" "metadata" "--no-deps" "--format-version=1", kill_on_drop: false }`
[INFO] running `Command { std: "docker" "inspect" "6ac78c2c3524bafb3fd8948069f183c8cde87f00d9f446cf1ecfda7700bfd763", kill_on_drop: false }`
[INFO] running `Command { std: "docker" "exec" "-e" "SOURCE_DIR=/opt/rustwide/workdir" "-e" "CARGO_HOME=/opt/rustwide/cargo-home" "-e" "RUSTUP_HOME=/opt/rustwide/rustup-home" "-e" "CARGO_TARGET_DIR=/opt/rustwide/target" "-e" "CARGO_INCREMENTAL=0" "-e" "RUST_BACKTRACE=full" "-e" "RUSTFLAGS=--cap-lints=warn" "-e" "RUSTDOCFLAGS=--cap-lints=warn" "-w" "/opt/rustwide/workdir" "--user" "0:0" "6ac78c2c3524bafb3fd8948069f183c8cde87f00d9f446cf1ecfda7700bfd763" "/opt/rustwide/cargo-home/bin/cargo" "+1.100.0-beta.1" "build" "--frozen" "--message-format=json", kill_on_drop: false }`
[INFO] [stderr] warning: `package.homepage` is redundant with `package.repository`
[INFO] [stderr]   --> Cargo.toml:70:12
[INFO] [stderr]    |
[INFO] [stderr] 70 | homepage = "https://github.com/velesnitski/gl-mcp"
[INFO] [stderr]    |            ^^^^^^^^^^^^^^^^^^^^^^^^^^^^^^^^^^^^^^^
[INFO] [stderr] ...
[INFO] [stderr] 75 | repository = "https://github.com/velesnitski/gl-mcp"
[INFO] [stderr]    |              ---------------------------------------
[INFO] [stderr]    |
[INFO] [stderr]    = note: `cargo::redundant_homepage` is set to `warn` by default
[INFO] [stderr] help: consider removing `package.homepage`
[INFO] [stderr] warning: `gl-mcp` (manifest) generated 1 warning
[INFO] [stderr]    Compiling libc v0.2.183
[INFO] [stderr]    Compiling cfg-if v1.0.4
[INFO] [stderr]    Compiling itoa v1.0.18
[INFO] [stderr]    Compiling pin-project-lite v0.2.17
[INFO] [stderr]    Compiling once_cell v1.21.4
[INFO] [stderr]    Compiling serde_core v1.0.228
[INFO] [stderr]    Compiling memchr v2.8.0
[INFO] [stderr]    Compiling futures-core v0.3.32
[INFO] [stderr]    Compiling bytes v1.11.1
[INFO] [stderr]    Compiling cc v1.2.58
[INFO] [stderr]    Compiling serde v1.0.228
[INFO] [stderr]    Compiling zerofrom-derive v0.1.6
[INFO] [stderr]    Compiling yoke-derive v0.8.1
[INFO] [stderr]    Compiling stable_deref_trait v1.2.1
[INFO] [stderr]    Compiling log v0.4.29
[INFO] [stderr]    Compiling futures-sink v0.3.32
[INFO] [stderr]    Compiling tracing-core v0.1.36
[INFO] [stderr]    Compiling tokio-macros v2.6.1
[INFO] [stderr]    Compiling zerovec-derive v0.11.2
[INFO] [stderr]    Compiling slab v0.4.12
[INFO] [stderr]    Compiling http v1.4.0
[INFO] [stderr]    Compiling futures-channel v0.3.32
[INFO] [stderr]    Compiling smallvec v1.15.1
[INFO] [stderr]    Compiling zerofrom v0.1.6
[INFO] [stderr]    Compiling mio v1.2.0
[INFO] [stderr]    Compiling socket2 v0.6.3
[INFO] [stderr]    Compiling tracing v0.1.44
[INFO] [stderr]    Compiling yoke v0.8.1
[INFO] [stderr]    Compiling futures-macro v0.3.32
[INFO] [stderr]    Compiling futures-task v0.3.32
[INFO] [stderr]    Compiling fnv v1.0.7
[INFO] [stderr]    Compiling tokio v1.50.0
[INFO] [stderr]    Compiling zerovec v0.11.5
[INFO] [stderr]    Compiling futures-io v0.3.32
[INFO] [stderr]    Compiling zmij v1.0.21
[INFO] [stderr]    Compiling getrandom v0.2.17
[INFO] [stderr]    Compiling http-body v1.0.1
[INFO] [stderr]    Compiling percent-encoding v2.3.2
[INFO] [stderr]    Compiling equivalent v1.0.2
[INFO] [stderr]    Compiling litemap v0.8.1
[INFO] [stderr]    Compiling hashbrown v0.16.1
[INFO] [stderr]    Compiling writeable v0.6.2
[INFO] [stderr]    Compiling zerocopy v0.8.48
[INFO] [stderr]    Compiling openssl-sys v0.9.112
[INFO] [stderr]    Compiling zerotrie v0.2.3
[INFO] [stderr]    Compiling icu_properties_data v2.1.2
[INFO] [stderr]    Compiling tinystr v0.8.2
[INFO] [stderr]    Compiling futures-util v0.3.32
[INFO] [stderr]    Compiling potential_utf v0.1.4
[INFO] [stderr]    Compiling tower-service v0.3.3
[INFO] [stderr]    Compiling serde_json v1.0.149
[INFO] [stderr]    Compiling icu_locale_core v2.1.1
[INFO] [stderr]    Compiling icu_normalizer_data v2.1.1
[INFO] [stderr]    Compiling icu_collections v2.1.1
[INFO] [stderr]    Compiling ring v0.17.14
[INFO] [stderr]    Compiling indexmap v2.13.0
[INFO] [stderr]    Compiling zeroize v1.8.2
[INFO] [stderr]    Compiling httparse v1.10.1
[INFO] [stderr]    Compiling rustls-pki-types v1.14.0
[INFO] [stderr]    Compiling icu_provider v2.1.1
[INFO] [stderr]    Compiling try-lock v0.2.5
[INFO] [stderr]    Compiling atomic-waker v1.1.2
[INFO] [stderr]    Compiling getrandom v0.4.2
[INFO] [stderr]    Compiling want v0.3.1
[INFO] [stderr]    Compiling icu_properties v2.1.2
[INFO] [stderr]    Compiling icu_normalizer v2.1.1
[INFO] [stderr]    Compiling http-body-util v0.1.3
[INFO] [stderr]    Compiling form_urlencoded v1.2.2
[INFO] [stderr]    Compiling pin-utils v0.1.0
[INFO] [stderr]    Compiling httpdate v1.0.3
[INFO] [stderr]    Compiling bitflags v2.11.0
[INFO] [stderr]    Compiling openssl v0.10.76
[INFO] [stderr]    Compiling base64 v0.22.1
[INFO] [stderr]    Compiling foreign-types-shared v0.1.1
[INFO] [stderr]    Compiling untrusted v0.9.0
[INFO] [stderr]    Compiling foreign-types v0.3.2
[INFO] [stderr]    Compiling sync_wrapper v1.0.2
[INFO] [stderr]    Compiling openssl-macros v0.1.1
[INFO] [stderr]    Compiling tower-layer v0.3.3
[INFO] [stderr]    Compiling ipnet v2.12.0
[INFO] [stderr]    Compiling native-tls v0.2.18
[INFO] [stderr]    Compiling idna_adapter v1.2.1
[INFO] [stderr]    Compiling utf8_iter v1.0.4
[INFO] [stderr]    Compiling num-traits v0.2.19
[INFO] [stderr]    Compiling idna v1.1.0
[INFO] [stderr]    Compiling getrandom v0.3.4
[INFO] [stderr]    Compiling uuid v1.23.0
[INFO] [stderr]    Compiling rand_core v0.6.4
[INFO] [stderr]    Compiling powerfmt v0.2.0
[INFO] [stderr]    Compiling subtle v2.6.1
[INFO] [stderr]    Compiling openssl-probe v0.2.1
[INFO] [stderr]    Compiling strsim v0.11.1
[INFO] [stderr]    Compiling darling_core v0.21.3
[INFO] [stderr]    Compiling thiserror v1.0.69
[INFO] [stderr]    Compiling deranged v0.5.8
[INFO] [stderr]    Compiling url v2.5.8
[INFO] [stderr]    Compiling webpki-roots v1.0.6
[INFO] [stderr]    Compiling rustls v0.23.37
[INFO] [stderr]    Compiling aho-corasick v1.1.4
[INFO] [stderr]    Compiling thiserror-impl v1.0.69
[INFO] [stderr]    Compiling ppv-lite86 v0.2.21
[INFO] [stderr]    Compiling ref-cast v1.0.25
[INFO] [stderr]    Compiling time-core v0.1.8
[INFO] [stderr]    Compiling rand_chacha v0.3.1
[INFO] [stderr]    Compiling num-conv v0.2.1
[INFO] [stderr]    Compiling tokio-util v0.7.18
[INFO] [stderr]    Compiling tower v0.5.3
[INFO] [stderr]    Compiling rustls-webpki v0.103.10
[INFO] [stderr]    Compiling h2 v0.4.13
[INFO] [stderr]    Compiling mime v0.3.17
[INFO] [stderr]    Compiling regex-syntax v0.8.10
[INFO] [stderr]    Compiling ryu v1.0.23
[INFO] [stderr]    Compiling serde_urlencoded v0.7.1
[INFO] [stderr]    Compiling time v0.3.47
[INFO] [stderr]    Compiling rand v0.8.5
[INFO] [stderr]    Compiling darling_macro v0.21.3
[INFO] [stderr]    Compiling rand_core v0.9.5
[INFO] [stderr]    Compiling tokio-native-tls v0.3.1
[INFO] [stderr]    Compiling debugid v0.8.0
[INFO] [stderr]    Compiling serde_derive_internals v0.29.1
[INFO] [stderr]    Compiling ref-cast-impl v1.0.25
[INFO] [stderr]    Compiling iana-time-zone v0.1.65
[INFO] [stderr]    Compiling regex-automata v0.4.14
[INFO] [stderr]    Compiling hex v0.4.3
[INFO] [stderr]    Compiling iri-string v0.7.12
[INFO] [stderr]    Compiling thiserror v2.0.18
[INFO] [stderr]    Compiling schemars_derive v1.2.1
[INFO] [stderr]    Compiling sentry-types v0.37.0
[INFO] [stderr]    Compiling chrono v0.4.44
[INFO] [stderr]    Compiling tokio-rustls v0.26.4
[INFO] [stderr]    Compiling hyper v1.8.1
[INFO] [stderr]    Compiling tower-http v0.6.8
[INFO] [stderr]    Compiling rand_chacha v0.9.0
[INFO] [stderr]    Compiling darling v0.21.3
[INFO] [stderr]    Compiling futures-executor v0.3.32
[INFO] [stderr]    Compiling toml_datetime v0.6.11
[INFO] [stderr]    Compiling serde_spanned v0.6.9
[INFO] [stderr]    Compiling encoding_rs v0.8.35
[INFO] [stderr]    Compiling toml_write v0.1.2
[INFO] [stderr]    Compiling lazy_static v1.5.0
[INFO] [stderr]    Compiling winnow v0.7.15
[INFO] [stderr]    Compiling dyn-clone v1.0.20
[INFO] [stderr]    Compiling anyhow v1.0.102
[INFO] [stderr]    Compiling schemars v1.2.1
[INFO] [stderr]    Compiling matchers v0.2.0
[INFO] [stderr]    Compiling hyper-util v0.1.20
[INFO] [stderr]    Compiling sentry-core v0.37.0
[INFO] [stderr]    Compiling sharded-slab v0.1.7
[INFO] [stderr]    Compiling rmcp-macros v0.11.0
[INFO] [stderr]    Compiling futures v0.3.32
[INFO] [stderr]    Compiling rand v0.9.2
[INFO] [stderr]    Compiling axum-core v0.5.6
[INFO] [stderr]    Compiling tokio-stream v0.1.18
[INFO] [stderr]    Compiling hyper-rustls v0.27.7
[INFO] [stderr]    Compiling hyper-tls v0.6.0
[INFO] [stderr]    Compiling toml_edit v0.22.27
[INFO] [stderr]    Compiling webpki-roots v0.26.11
[INFO] [stderr]    Compiling sse-stream v0.2.1
[INFO] [stderr]    Compiling reqwest v0.12.28
[INFO] [stderr]    Compiling tracing-serde v0.2.0
[INFO] [stderr]    Compiling serde_path_to_error v0.1.20
[INFO] [stderr]    Compiling tracing-log v0.2.0
[INFO] [stderr]    Compiling thread_local v1.1.9
[INFO] [stderr]    Compiling async-trait v0.1.89
[INFO] [stderr]    Compiling nu-ansi-term v0.50.3
[INFO] [stderr]    Compiling pastey v0.2.1
[INFO] [stderr]    Compiling matchit v0.8.4
[INFO] [stderr]    Compiling tracing-subscriber v0.3.23
[INFO] [stderr]    Compiling regex v1.12.3
[INFO] [stderr]    Compiling urlencoding v2.1.3
[INFO] [stderr]    Compiling rmcp v0.11.0
[INFO] [stderr]    Compiling axum v0.8.8
[INFO] [stderr]    Compiling toml v0.8.23
[INFO] [stderr]    Compiling sentry v0.37.0
[INFO] [stderr]    Compiling gl-mcp v1.12.1 (/opt/rustwide/workdir)
[INFO] [stderr]     Finished `dev` profile [unoptimized + debuginfo] target(s) in 3m 13s
[INFO] running `Command { std: "docker" "inspect" "6ac78c2c3524bafb3fd8948069f183c8cde87f00d9f446cf1ecfda7700bfd763", kill_on_drop: false }`
[INFO] running `Command { std: "docker" "exec" "-e" "SOURCE_DIR=/opt/rustwide/workdir" "-e" "CARGO_HOME=/opt/rustwide/cargo-home" "-e" "RUSTUP_HOME=/opt/rustwide/rustup-home" "-e" "CARGO_TARGET_DIR=/opt/rustwide/target" "-e" "CARGO_INCREMENTAL=0" "-e" "RUST_BACKTRACE=full" "-e" "RUSTFLAGS=--cap-lints=warn" "-e" "RUSTDOCFLAGS=--cap-lints=warn" "-w" "/opt/rustwide/workdir" "--user" "0:0" "6ac78c2c3524bafb3fd8948069f183c8cde87f00d9f446cf1ecfda7700bfd763" "/opt/rustwide/cargo-home/bin/cargo" "+1.100.0-beta.1" "test" "--frozen" "--no-run" "--message-format=json", kill_on_drop: false }`
[INFO] [stderr] warning: `package.homepage` is redundant with `package.repository`
[INFO] [stderr]   --> Cargo.toml:70:12
[INFO] [stderr]    |
[INFO] [stderr] 70 | homepage = "https://github.com/velesnitski/gl-mcp"
[INFO] [stderr]    |            ^^^^^^^^^^^^^^^^^^^^^^^^^^^^^^^^^^^^^^^
[INFO] [stderr] ...
[INFO] [stderr] 75 | repository = "https://github.com/velesnitski/gl-mcp"
[INFO] [stderr]    |              ---------------------------------------
[INFO] [stderr]    |
[INFO] [stderr]    = note: `cargo::redundant_homepage` is set to `warn` by default
[INFO] [stderr] help: consider removing `package.homepage`
[INFO] [stderr] warning: `gl-mcp` (manifest) generated 1 warning
[INFO] [stderr]    Compiling gl-mcp v1.12.1 (/opt/rustwide/workdir)
[INFO] [stderr]     Finished `test` profile [unoptimized + debuginfo] target(s) in 37.89s
[INFO] running `Command { std: "docker" "inspect" "6ac78c2c3524bafb3fd8948069f183c8cde87f00d9f446cf1ecfda7700bfd763", kill_on_drop: false }`
[INFO] running `Command { std: "docker" "exec" "-e" "SOURCE_DIR=/opt/rustwide/workdir" "-e" "CARGO_HOME=/opt/rustwide/cargo-home" "-e" "RUSTUP_HOME=/opt/rustwide/rustup-home" "-e" "CARGO_TARGET_DIR=/opt/rustwide/target" "-e" "CARGO_INCREMENTAL=0" "-e" "RUST_BACKTRACE=full" "-e" "RUSTFLAGS=--cap-lints=warn" "-e" "RUSTDOCFLAGS=--cap-lints=warn" "-w" "/opt/rustwide/workdir" "--user" "0:0" "6ac78c2c3524bafb3fd8948069f183c8cde87f00d9f446cf1ecfda7700bfd763" "/opt/rustwide/cargo-home/bin/cargo" "+1.100.0-beta.1" "test" "--frozen", kill_on_drop: false }`
[INFO] [stderr] warning: `package.homepage` is redundant with `package.repository`
[INFO] [stderr]   --> Cargo.toml:70:12
[INFO] [stderr]    |
[INFO] [stderr] 70 | homepage = "https://github.com/velesnitski/gl-mcp"
[INFO] [stderr]    |            ^^^^^^^^^^^^^^^^^^^^^^^^^^^^^^^^^^^^^^^
[INFO] [stderr] ...
[INFO] [stderr] 75 | repository = "https://github.com/velesnitski/gl-mcp"
[INFO] [stderr]    |              ---------------------------------------
[INFO] [stderr]    |
[INFO] [stderr]    = note: `cargo::redundant_homepage` is set to `warn` by default
[INFO] [stderr] help: consider removing `package.homepage`
[INFO] [stderr] warning: `gl-mcp` (manifest) generated 1 warning
[INFO] [stderr]     Finished `test` profile [unoptimized + debuginfo] target(s) in 0.45s
[INFO] [stderr]      Running unittests src/lib.rs (/opt/rustwide/target/debug/build/gl-mcp/e8228258e17389a6/out/gl_mcp-e8228258e17389a6)
[INFO] [stdout] 
[INFO] [stdout] running 208 tests
[INFO] [stdout] test error::tests::user_error_classification ... ok
[INFO] [stdout] test error::tests::or_default_logged_keeps_values_and_defaults_errors ... ok
[INFO] [stdout] test logging::tests::test_is_actionable_error ... ok
[INFO] [stdout] test params::param_alias_tests::ref_name_is_accepted_as_an_alias_for_branch ... ok
[INFO] [stdout] test server::tests::test_parse_period_days ... ok
[INFO] [stdout] test server::shrink_hint_tests::a_tool_is_never_told_to_use_a_parameter_it_lacks ... ok
[INFO] [stdout] test server::tests::test_parse_period_defaults ... ok
[INFO] [stdout] test server::tests::test_parse_period_hour_suffix ... ok
[INFO] [stdout] test server::shrink_hint_tests::a_tool_that_has_summary_only_is_told_about_it_first ... ok
[INFO] [stdout] test server::tests::test_strip_markdown ... ok
[INFO] [stdout] test server::tests::test_strip_markdown_preserves_code_fences ... ok
[INFO] [stdout] test server::tests::toolset_allowlist_resolution ... ok
[INFO] [stdout] test tools::adoption::tests::benchmark_rendered_by_both_paths ... ok
[INFO] [stdout] test tools::adoption::tests::benchmark_coverage_and_invisible_suggestion ... ok
[INFO] [stdout] test tools::adoption::tests::codebase_memory_counts_as_a_marker ... ok
[INFO] [stdout] test tools::adoption::tests::coverage_band_thresholds ... ok
[INFO] [stdout] test tools::adoption::tests::dormant_helpers_sort_oldest_first_with_unknown_last_and_count_per_team ... ok
[INFO] [stdout] test tools::adoption::tests::empty_and_all_dormant_groups_say_why_nothing_was_scanned ... ok
[INFO] [stdout] test tools::adoption::tests::jetbrains_and_other_assistants_count ... ok
[INFO] [stdout] test tools::adoption::tests::llms_txt_and_claude_depth_count ... ok
[INFO] [stdout] test tools::adoption::tests::marker_list_shows_new_markers ... ok
[INFO] [stdout] test tools::adoption::tests::maturity_tier_bands ... ok
[INFO] [stdout] test tools::adoption::tests::non_claude_tool_counts_as_a_marker ... ok
[INFO] [stdout] test server::tests::test_parse_period_hours ... ok
[INFO] [stdout] test tools::adoption::tests::test_active_counts_usage_without_config ... ok
[INFO] [stdout] test tools::adoption::tests::push_other_dedupes_and_caps ... ok
[INFO] [stdout] test tools::adoption::tests::test_ai_pct ... ok
[INFO] [stdout] test tools::adoption::tests::golden_adoption_reports ... ok
[INFO] [stdout] test tools::adoption::tests::test_ai_who_format ... ok
[INFO] [stdout] test logging::tests::test_scrub_tokens ... ok
[INFO] [stdout] test tools::adoption::tests::test_bot_author_detection ... ok
[INFO] [stdout] test logging::tests::test_scrub_tokens_bearer ... ok
[INFO] [stdout] test tools::adoption::tests::test_ai_usage_details_authors_tools_sample ... ok
[INFO] [stdout] test tools::adoption::tests::test_attribution_rate ... ok
[INFO] [stdout] test tools::adoption::tests::test_collect_author_sets_empty_and_missing_author ... ok
[INFO] [stdout] test tools::adoption::tests::test_collect_author_sets_people_rate ... ok
[INFO] [stdout] test tools::adoption::tests::test_dormant_team_mapping ... ok
[INFO] [stdout] test tools::adoption::tests::test_flag_setup_unused ... ok
[INFO] [stdout] test tools::adoption::tests::test_flag_squash_hidden_usage ... ok
[INFO] [stdout] test tools::adoption::tests::test_flag_usage_without_config ... ok
[INFO] [stdout] test tools::adoption::tests::test_healthy_claude_md_no_flags ... ok
[INFO] [stdout] test tools::adoption::tests::test_in_flight_branch_only ... ok
[INFO] [stdout] test tools::adoption::tests::test_flag_bloated_claude_md ... ok
[INFO] [stdout] test tools::adoption::tests::test_level_0_commits_only ... ok
[INFO] [stdout] test logging::tests::test_scrub_tokens_private_token_header ... ok
[INFO] [stdout] test tools::adoption::tests::test_flag_stale_config ... ok
[INFO] [stdout] test tools::adoption::tests::test_flag_stub_claude_md ... ok
[INFO] [stdout] test tools::adoption::tests::test_level_0_no_markers ... ok
[INFO] [stdout] test tools::adoption::tests::test_level_1_other_config_markers ... ok
[INFO] [stdout] test tools::adoption::tests::test_level_2_tasks_dir_without_recent_commits ... ok
[INFO] [stdout] test tools::adoption::tests::test_level_2_claude_md_plus_adr ... ok
[INFO] [stdout] test tools::adoption::tests::test_level_3_agents_with_ai_pct_no_skills ... ok
[INFO] [stdout] test tools::adoption::tests::test_level_2_claude_md_plus_commands ... ok
[INFO] [stdout] test tools::adoption::tests::test_level_3_full_agentic_workflow ... ok
[INFO] [stdout] test tools::adoption::tests::test_link_helper ... ok
[INFO] [stdout] test tools::adoption::tests::test_no_attribution_not_flagged_when_ai_commits_present ... ok
[INFO] [stdout] test tools::adoption::tests::test_level_3_via_ai_mr_descriptions ... ok
[INFO] [stdout] test tools::adoption::tests::test_no_setup_unused_when_claude_dir_active ... ok
[INFO] [stdout] test tools::adoption::tests::test_level_3_via_recent_task_commits ... ok
[INFO] [stdout] test tools::adoption::tests::test_top_author_suffix ... ok
[INFO] [stdout] test tools::adoption::tests::test_sorted_dormant_oldest_first ... ok
[INFO] [stdout] test tools::adoption::tests::test_team_of ... ok
[INFO] [stdout] test tools::adoption::tests::test_trailer_tool_ignores_humans ... ok
[INFO] [stdout] test tools::adoption::tests::test_trailer_tool_parses_name ... ok
[INFO] [stdout] test tools::adoption::tests::test_trajectory_decaying ... ok
[INFO] [stdout] test tools::adoption::tests::test_trajectory_steady ... ok
[INFO] [stdout] test tools::adoption::tests::test_trajectory_up_wins_over_down ... ok
[INFO] [stdout] test tools::adoption::tests::test_truncate_chars ... ok
[INFO] [stdout] test tools::adoption::tests::test_level_1_only_claude_md ... ok
[INFO] [stdout] test tools::adoption::tests::test_level_2_agents_without_ai_commits ... ok
[INFO] [stdout] test tools::adoption::tests::the_markdown_scorecard_rolls_up_teams_and_names_adopters ... ok
[INFO] [stdout] test tools::adoption::tests::the_summary_is_short_and_still_states_the_headline ... ok
[INFO] [stdout] test tools::adoption::tests::test_trajectory_up_via_maintenance ... ok
[INFO] [stdout] test tools::commits::file_window_tests::inverted_and_zero_windows_are_refused ... ok
[INFO] [stdout] test tools::adoption::tests::the_html_report_is_a_complete_escaped_document ... ok
[INFO] [stdout] test tools::commits::file_window_tests::a_window_keeps_original_line_numbers_and_reports_the_true_total ... ok
[INFO] [stdout] test tools::docs::tests::cyrillic_detection ... ok
[INFO] [stdout] test tools::adoption::tests::test_trajectory_empty_for_no_signals ... ok
[INFO] [stdout] test tools::encoding::tests::decodes_padded_unpadded_and_line_wrapped_input ... ok
[INFO] [stdout] test tools::encoding::tests::file_text_honours_the_encoding_field ... ok
[INFO] [stdout] test tools::encoding::tests::malformed_input_is_an_error_not_a_silent_partial ... ok
[INFO] [stdout] test tools::lint::tests::a_clean_file_scores_a_hundred ... ok
[INFO] [stdout] test tools::commits::file_window_tests::an_end_past_the_file_clamps_but_a_start_past_it_is_an_error ... ok
[INFO] [stdout] test tools::commits::file_window_tests::no_window_returns_everything_with_true_numbering ... ok
[INFO] [stdout] test tools::adoption::tests::test_ai_branch_regex ... ok
[INFO] [stdout] test tools::lint::tests::commit_message_conventions ... ok
[INFO] [stdout] test tools::lint::tests::a_rule_without_a_pattern_never_matches_and_negatives_exclude ... ok
[INFO] [stdout] test tools::lint::tests::every_other_threshold_sits_exactly_where_documented ... ok
[INFO] [stdout] test tools::lint::tests::function_lengths_run_to_the_next_start_and_the_last_to_eof ... ok
[INFO] [stdout] test server::tests::core_toolset_names_all_exist ... ok
[INFO] [stdout] test server::tests::build_router_prunes_by_toolset_and_flags ... ok
[INFO] [stdout] test tools::lint::tests::function_patterns_all_compile ... ok
[INFO] [stdout] test tools::lint::tests::import_prefix_per_language ... ok
[INFO] [stdout] test tools::lint::tests::each_language_detects_its_own_declarations_only ... ok
[INFO] [stdout] test tools::lint::tests::length_penalty_is_tiered_not_cumulative ... ok
[INFO] [stdout] test tools::lint::tests::nesting_counts_a_tab_as_one_level ... ok
[INFO] [stdout] test tools::lint::tests::every_rule_file_parses_and_every_pattern_compiles ... ok
[INFO] [stdout] test tools::lint::tests::rule_ids_are_unique_across_all_files ... ok
[INFO] [stdout] test tools::lint::tests::test_should_skip_lint_file ... ok
[INFO] [stdout] test tools::lint::tests::the_score_floors_at_zero_and_grades_break_where_stated ... ok
[INFO] [stdout] test tools::lint::tests::ticket_reference_needs_two_to_ten_capitals ... ok
[INFO] [stdout] test tools::merge_requests::tests::assignee_display_falls_back_to_the_single_field ... ok
[INFO] [stdout] test tools::merge_requests::tests::assignee_display_joins_multiple_assignees ... ok
[INFO] [stdout] test tools::merge_requests::tests::assignee_display_prefers_the_assignees_array ... ok
[INFO] [stdout] test tools::merge_requests::tests::assignee_display_shows_unassigned_explicitly ... ok
[INFO] [stdout] test tools::merge_requests::tests::mr_project_path_extracts_correctly_across_url_shapes ... ok
[INFO] [stdout] test tools::merge_requests::tests::mr_reference_does_not_duplicate_the_iid ... ok
[INFO] [stdout] test tools::merge_requests::tests::mr_reference_falls_back_when_missing ... ok
[INFO] [stdout] test tools::pipelines::tests::classifies_by_http_status ... ok
[INFO] [stdout] test tools::pipelines::tests::curl_style_error_codes_are_classified ... ok
[INFO] [stdout] test tools::pipelines::tests::generic_trailer_is_only_a_fallback ... ok
[INFO] [stdout] test tools::pipelines::tests::grep_lines_numbers_matches_and_keeps_the_last_ones ... ok
[INFO] [stdout] test tools::pipelines::tests::http_status_needs_context_not_a_bare_number ... ok
[INFO] [stdout] test tools::pipelines::tests::identifier_values_are_shown ... ok
[INFO] [stdout] test tools::pipelines::tests::leaves_plain_text_untouched ... ok
[INFO] [stdout] test tools::pipelines::tests::numeric_codes_survive_signature_masking ... ok
[INFO] [stdout] test tools::pipelines::tests::numeric_heavy_messages_keep_their_text ... ok
[INFO] [stdout] test tools::pipelines::tests::pipeline_end_falls_back_to_updated_at_when_terminal ... ok
[INFO] [stdout] test tools::pipelines::tests::real_world_config_errors_are_recognized ... ok
[INFO] [stdout] test tools::pipelines::tests::redact_log_keeps_short_and_empty_values_visible ... ok
[INFO] [stdout] test tools::pipelines::tests::redact_log_masks_key_material ... ok
[INFO] [stdout] test tools::pipelines::tests::runner_check_tells_queued_from_unrunnable_and_unknown ... ok
[INFO] [stdout] test tools::pipelines::tests::schedules_that_cannot_run_are_called_out ... ok
[INFO] [stdout] test tools::pipelines::tests::secretish_keys_are_always_redacted ... ok
[INFO] [stdout] test tools::pipelines::tests::signatures_cluster_across_runs ... ok
[INFO] [stdout] test tools::pipelines::tests::source_classification_splits_production_from_dev_ci ... ok
[INFO] [stdout] test tools::pipelines::tests::state_drift_is_distinguished_from_config ... ok
[INFO] [stdout] test tools::pipelines::tests::state_drift_outranks_a_404_status ... ok
[INFO] [stdout] test tools::pipelines::tests::strips_csi_color_and_erase_codes ... ok
[INFO] [stdout] test tools::pipelines::tests::terraform_config_error_is_extracted_and_not_retryable ... ok
[INFO] [stdout] test tools::pipelines::tests::transient_failures_are_classified_retryable ... ok
[INFO] [stdout] test tools::pipelines::tests::unknown_or_odd_shaped_values_are_redacted ... ok
[INFO] [stdout] test tools::pipelines::tests::unrecognized_failures_are_not_advertised_as_retryable ... ok
[INFO] [stdout] test tools::pipelines::tests::wall_clock_and_human_duration ... ok
[INFO] [stdout] test tools::projects::pat_tests::a_revealed_credential_says_it_is_disclosed ... ok
[INFO] [stdout] test tools::projects::pat_tests::a_stored_credential_never_appears_in_the_response ... ok
[INFO] [stdout] test tools::projects::pat_tests::access_tokens_sort_active_by_expiry_and_flag_the_imminent ... ok
[INFO] [stdout] test tools::projects::pat_tests::delivery_must_be_chosen_before_a_token_exists ... ok
[INFO] [stdout] test tools::projects::pat_tests::runner_facts_read_tags_and_status_forms ... ok
[INFO] [stdout] test tools::projects::pat_tests::runner_states_that_look_identical_are_told_apart ... ok
[INFO] [stdout] test tools::projects::pat_tests::scope_and_level_are_validated_up_front ... ok
[INFO] [stdout] test tools::projects::pat_tests::variable_key_shape_is_checked_before_creation ... ok
[INFO] [stdout] test tools::reports::tests::an_empty_analysis_does_not_divide_by_zero ... ok
[INFO] [stdout] test tools::reports::tests::dev_observations_count_each_signal_once ... ok
[INFO] [stdout] test tools::reports::tests::dev_report_escapes_names_titles_and_branches ... ok
[INFO] [stdout] test tools::reports::tests::files_are_listed_worst_first_and_violations_are_ranked_by_frequency ... ok
[INFO] [stdout] test tools::reports::tests::golden_dev_report ... ok
[INFO] [stdout] test tools::reports::tests::golden_project_report ... ok
[INFO] [stdout] test tools::reports::tests::hostile_branch_and_language_names_are_escaped ... ok
[INFO] [stdout] test tools::reports::tests::hostile_text_in_gathered_data_is_escaped ... ok
[INFO] [stdout] test tools::reports::tests::tail_ellipsis_cuts_on_characters_not_bytes ... ok
[INFO] [stdout] test tools::reports::tests::the_project_report_is_a_complete_document_with_the_gathered_facts ... ok
[INFO] [stdout] test tools::repository::tests::alternation_is_recognised_only_when_it_is_really_alternation ... ok
[INFO] [stdout] test tools::repository::tests::binary_detection_by_extension_and_content ... ok
[INFO] [stdout] test tools::repository::tests::blob_search_passes_ref_through_only_when_given ... ok
[INFO] [stdout] test tools::repository::tests::body_goes_to_description_not_title ... ok
[INFO] [stdout] test tools::repository::tests::empty_subject_yields_empty_title_for_caller_to_backfill ... ok
[INFO] [stdout] test tools::repository::tests::overlong_cyrillic_subject_truncates_on_a_char_boundary ... ok
[INFO] [stdout] test tools::repository::tests::overlong_subject_is_truncated_to_gitlab_limit ... ok
[INFO] [stdout] test tools::repository::tests::search_code_params_accept_ref_name ... ok
[INFO] [stdout] test tools::repository::tests::search_hits_put_source_first_and_collapse_binaries_and_lockfiles ... ok
[INFO] [stdout] test tools::repository::tests::subject_only_message_has_no_description ... ok
[INFO] [stdout] test tools::security::tests::a_partial_sweep_warns_and_a_complete_one_does_not ... ok
[INFO] [stdout] test tools::security::tests::an_ordinary_secret_is_told_to_mask_and_a_safe_one_is_left_alone ... ok
[INFO] [stdout] test tools::security::tests::an_unmaskable_key_is_told_to_use_file_type_not_masking ... ok
[INFO] [stdout] test tools::security::tests::ci_debug_trace_counts_only_when_actually_on ... ok
[INFO] [stdout] test tools::security::tests::every_pipe_to_shell_spelling_is_caught_individually ... ok
[INFO] [stdout] test tools::security::tests::floating_detection_names_the_exact_lines_not_just_a_count ... ok
[INFO] [stdout] test tools::security::tests::floating_image_tags_are_caught_and_pinned_ones_are_not ... ok
[INFO] [stdout] test tools::security::tests::the_report_orders_by_severity_and_counts_each_class ... ok
[INFO] [stdout] test tools::security::tests::unpinned_remote_execution_is_high ... ok
[INFO] [stdout] test tools::spec::tests::safe_component_allowlist ... ok
[INFO] [stdout] test tools::spec::tests::snapshot_path_is_traversal_proof ... ok
[INFO] [stdout] test tools::spec::tests::test_classify_matrix ... ok
[INFO] [stdout] test tools::spec::tests::test_compare_versions ... ok
[INFO] [stdout] test tools::spec::tests::test_compare_versions_tag_prefix ... ok
[INFO] [stdout] test tools::spec::tests::test_diff_snapshots ... ok
[INFO] [stdout] test tools::spec::tests::test_extract_secrets ... ok
[INFO] [stdout] test tools::spec::tests::test_extract_secrets_ignores_route_paths ... ok
[INFO] [stdout] test tools::spec::tests::test_harvest_fragment_assembled_routes ... ok
[INFO] [stdout] test tools::spec::tests::test_harvest_multi_dedup_and_attribution ... ok
[INFO] [stdout] test tools::spec::tests::test_harvest_path_literals ... ok
[INFO] [stdout] test tools::spec::tests::test_harvest_seeds_cover_both_quote_styles ... ok
[INFO] [stdout] test tools::spec::tests::test_harvest_single_quoted_routes ... ok
[INFO] [stdout] test tools::spec::tests::test_is_code_file ... ok
[INFO] [stdout] test tools::spec::tests::test_map_path_discriminator ... ok
[INFO] [stdout] test tools::spec::tests::test_mask_secret_never_reveals_full_value ... ok
[INFO] [stdout] test tools::spec::tests::test_normalize_code_path ... ok
[INFO] [stdout] test tools::spec::tests::test_normalize_path_skips_urls_and_prose ... ok
[INFO] [stdout] test tools::spec::tests::test_normalize_path_strips_template_and_query ... ok
[INFO] [stdout] test tools::spec::tests::test_parse_spec_sections_and_status ... ok
[INFO] [stdout] test tools::spec::tests::test_parse_spec_splits_multi_path_cell ... ok
[INFO] [stdout] test tools::spec::tests::test_path_key_matching ... ok
[INFO] [stdout] test tools::spec::tests::test_render_html_smoke ... ok
[INFO] [stdout] test tools::spec::tests::test_render_sweep ... ok
[INFO] [stdout] test tools::spec::tests::test_render_sweep_html_smoke ... ok
[INFO] [stdout] test tools::spec::tests::test_route_search_query_distinctiveness ... ok
[INFO] [stdout] test tools::stats::tests::median_of_odd_even_and_empty_sets ... ok
[INFO] [stdout] test tools::users::tests::access_level_names_round_trip ... ok
[INFO] [stdout] test tools::users::tests::parse_access_level_names_and_numbers ... ok
[INFO] [stdout] test tools::users::tests::protection_levels_have_their_own_names ... ok
[INFO] [stdout] test tools::lint::tests::language_sets_include_the_global_rules_and_aliases_resolve ... ok
[INFO] [stdout] test tools::lint::tests::list_rules_groups_by_severity_and_dedups_across_languages ... ok
[INFO] [stdout] test tools::lint::tests::file_facts_boundaries ... ok
[INFO] [stdout] test tools::lint::tests::rewritten_rules_fire_where_they_should_and_not_where_they_should_not ... ok
[INFO] [stdout] test tools::lint::tests::analyze_content_reports_metrics_violations_and_the_empty_case ... ok
[INFO] [stdout] test tools::lint::tests::golden_analysis_output_is_unchanged ... ok
[INFO] [stdout] test tools::lint::tests::analyze_file_and_analyze_project_score_the_same_file_identically ... ok
[INFO] [stdout] 
[INFO] [stdout] test result: ok. 208 passed; 0 failed; 0 ignored; 0 measured; 0 filtered out; finished in 1.99s
[INFO] [stdout] 
[INFO] [stderr]      Running unittests src/main.rs (/opt/rustwide/target/debug/build/gl-mcp/6b316f12547c486d/out/gl_mcp-6b316f12547c486d)
[INFO] [stdout] 
[INFO] [stdout] running 0 tests
[INFO] [stdout] 
[INFO] [stdout] test result: ok. 0 passed; 0 failed; 0 ignored; 0 measured; 0 filtered out; finished in 0.00s
[INFO] [stdout] 
[INFO] [stderr]      Running tests/test_config.rs (/opt/rustwide/target/debug/build/gl-mcp/8883eb37c89eb5ed/out/test_config-8883eb37c89eb5ed)
[INFO] [stdout] 
[INFO] [stdout] running 10 tests
[INFO] [stdout] test test_compact ... ok
[INFO] [stdout] test test_disabled_tools ... ok
[INFO] [stdout] test test_domain_map ... ok
[INFO] [stdout] test test_http_rejected ... ok
[INFO] [stdout] test test_localhost_http_ok ... ok
[INFO] [stdout] test test_missing_url ... ok
[INFO] [stdout] test test_multi_instance ... ok
[INFO] [stdout] test test_single_instance ... ok
[INFO] [stdout] test test_trailing_slash ... ok
[INFO] [stdout] test test_read_only ... FAILED
[INFO] [stdout] 
[INFO] [stdout] failures:
[INFO] [stdout] 
[INFO] [stdout] ---- test_read_only stdout ----
[INFO] [stdout] 
[INFO] [stdout] thread 'test_read_only' (2738) panicked at tests/test_config.rs:61:5:
[INFO] [stdout] assertion failed: gl_mcp::config::Config::from_env().unwrap().read_only
[INFO] [stdout] stack backtrace:
[INFO] [stdout]    0:     0x5fd973f4fe01 - std[617be2ca0a6fd877]::backtrace_rs::backtrace::libunwind::trace
[INFO] [stdout]                                at /rustc/e3feeb59cd1bdd011a2bfcc0747b55125d9b8527/library/std/src/../../backtrace/src/backtrace/libunwind.rs:117:9
[INFO] [stdout]    1:     0x5fd973f4fe01 - std[617be2ca0a6fd877]::backtrace_rs::backtrace::trace_unsynchronized::<std[617be2ca0a6fd877]::sys::backtrace::_print_fmt::{closure#1}>
[INFO] [stdout]                                at /rustc/e3feeb59cd1bdd011a2bfcc0747b55125d9b8527/library/std/src/../../backtrace/src/backtrace/mod.rs:66:14
[INFO] [stdout]    2:     0x5fd973f4fe01 - std[617be2ca0a6fd877]::sys::backtrace::_print_fmt
[INFO] [stdout]                                at /rustc/e3feeb59cd1bdd011a2bfcc0747b55125d9b8527/library/std/src/sys/backtrace.rs:74:9
[INFO] [stdout]    3:     0x5fd973f4fe01 - <<std[617be2ca0a6fd877]::sys::backtrace::BacktraceLock>::print::DisplayBacktrace as core[a373ad73a504971]::fmt::Display>::fmt
[INFO] [stdout]                                at /rustc/e3feeb59cd1bdd011a2bfcc0747b55125d9b8527/library/std/src/sys/backtrace.rs:44:26
[INFO] [stdout]    4:     0x5fd973f653aa - <core[a373ad73a504971]::fmt::rt::Argument>::fmt
[INFO] [stdout]                                at /rustc/e3feeb59cd1bdd011a2bfcc0747b55125d9b8527/library/core/src/fmt/rt.rs:152:76
[INFO] [stdout]    5:     0x5fd973f653aa - core[a373ad73a504971]::fmt::write
[INFO] [stdout]    6:     0x5fd973f5401c - core[a373ad73a504971]::io::write::default_write_fmt::<alloc[2e1b2a31b91974c5]::vec::Vec<u8>>
[INFO] [stdout]                                at /rustc/e3feeb59cd1bdd011a2bfcc0747b55125d9b8527/library/core/src/io/write.rs:402:11
[INFO] [stdout]    7:     0x5fd973f5401c - <alloc[2e1b2a31b91974c5]::vec::Vec<u8> as core[a373ad73a504971]::io::write::Write>::write_fmt
[INFO] [stdout]                                at /rustc/e3feeb59cd1bdd011a2bfcc0747b55125d9b8527/library/core/src/io/write.rs:335:13
[INFO] [stdout]    8:     0x5fd973f2be96 - <std[617be2ca0a6fd877]::sys::backtrace::BacktraceLock>::print
[INFO] [stdout]                                at /rustc/e3feeb59cd1bdd011a2bfcc0747b55125d9b8527/library/std/src/sys/backtrace.rs:47:9
[INFO] [stdout]    9:     0x5fd973f2be96 - std[617be2ca0a6fd877]::panicking::default_hook::{closure#0}
[INFO] [stdout]                                at /rustc/e3feeb59cd1bdd011a2bfcc0747b55125d9b8527/library/std/src/panicking.rs:289:27
[INFO] [stdout]   10:     0x5fd973f482e9 - std[617be2ca0a6fd877]::panicking::default_hook
[INFO] [stdout]                                at /rustc/e3feeb59cd1bdd011a2bfcc0747b55125d9b8527/library/std/src/panicking.rs:313:9
[INFO] [stdout]   11:     0x5fd973ee44c0 - <alloc[2e1b2a31b91974c5]::boxed::Box<dyn for<'a, 'b> core[a373ad73a504971]::ops::function::Fn<(&'a std[617be2ca0a6fd877]::panic::PanicHookInfo<'b>,), Output = ()> + core[a373ad73a504971]::marker::Sync + core[a373ad73a504971]::marker::Send> as core[a373ad73a504971]::ops::function::Fn<(&std[617be2ca0a6fd877]::panic::PanicHookInfo,)>>::call
[INFO] [stdout]                                at /rustc/e3feeb59cd1bdd011a2bfcc0747b55125d9b8527/library/alloc/src/boxed.rs:2328:9
[INFO] [stdout]   12:     0x5fd973ee44c0 - test[aada8e7e76ba119b]::test_main_inner::{closure#0}
[INFO] [stdout]                                at /rustc/e3feeb59cd1bdd011a2bfcc0747b55125d9b8527/library/test/src/lib.rs:137:21
[INFO] [stdout]   13:     0x5fd973f484a2 - <alloc[2e1b2a31b91974c5]::boxed::Box<dyn for<'a, 'b> core[a373ad73a504971]::ops::function::Fn<(&'a std[617be2ca0a6fd877]::panic::PanicHookInfo<'b>,), Output = ()> + core[a373ad73a504971]::marker::Sync + core[a373ad73a504971]::marker::Send> as core[a373ad73a504971]::ops::function::Fn<(&std[617be2ca0a6fd877]::panic::PanicHookInfo,)>>::call
[INFO] [stdout]                                at /rustc/e3feeb59cd1bdd011a2bfcc0747b55125d9b8527/library/alloc/src/boxed.rs:2328:9
[INFO] [stdout]   14:     0x5fd973f484a2 - std[617be2ca0a6fd877]::panicking::panic_with_hook
[INFO] [stdout]                                at /rustc/e3feeb59cd1bdd011a2bfcc0747b55125d9b8527/library/std/src/panicking.rs:819:13
[INFO] [stdout]   15:     0x5fd973f2bf74 - std[617be2ca0a6fd877]::panicking::panic_handler::{closure#0}
[INFO] [stdout]                                at /rustc/e3feeb59cd1bdd011a2bfcc0747b55125d9b8527/library/std/src/panicking.rs:678:13
[INFO] [stdout]   16:     0x5fd973f24a19 - std[617be2ca0a6fd877]::sys::backtrace::__rust_end_short_backtrace::<std[617be2ca0a6fd877]::panicking::panic_handler::{closure#0}, !>
[INFO] [stdout]                                at /rustc/e3feeb59cd1bdd011a2bfcc0747b55125d9b8527/library/std/src/sys/backtrace.rs:182:18
[INFO] [stdout]   17:     0x5fd973f2cd6d - __rustc[ea4f61d10b84890b]::rust_begin_unwind
[INFO] [stdout]                                at /rustc/e3feeb59cd1bdd011a2bfcc0747b55125d9b8527/library/std/src/panicking.rs:676:5
[INFO] [stdout]   18:     0x5fd973f65b9c - core[a373ad73a504971]::panicking::panic_fmt
[INFO] [stdout]                                at /rustc/e3feeb59cd1bdd011a2bfcc0747b55125d9b8527/library/core/src/panicking.rs:80:14
[INFO] [stdout]   19:     0x5fd973f65b62 - core[a373ad73a504971]::panicking::panic
[INFO] [stdout]                                at /rustc/e3feeb59cd1bdd011a2bfcc0747b55125d9b8527/library/core/src/panicking.rs:150:5
[INFO] [stdout]   20:     0x5fd973e70f59 - test_read_only
[INFO] [stdout]                                at /opt/rustwide/workdir/tests/test_config.rs:61:5
[INFO] [stdout]   21:     0x5fd973e709a3 - test_config[ae40abc19d0f6294]::test_read_only::{closure#0}
[INFO] [stdout]                                at /opt/rustwide/workdir/tests/test_config.rs:55:20
[INFO] [stdout]   22:     0x5fd973e72c86 - <test_config[ae40abc19d0f6294]::test_read_only::{closure#0} as core[a373ad73a504971]::ops::function::FnOnce<()>>::call_once
[INFO] [stdout]                                at /rustc/e3feeb59cd1bdd011a2bfcc0747b55125d9b8527/library/core/src/ops/function.rs:250:5
[INFO] [stdout]   23:     0x5fd973ed790b - <fn() -> core[a373ad73a504971]::result::Result<(), alloc[2e1b2a31b91974c5]::string::String> as core[a373ad73a504971]::ops::function::FnOnce<()>>::call_once
[INFO] [stdout]                                at /rustc/e3feeb59cd1bdd011a2bfcc0747b55125d9b8527/library/core/src/ops/function.rs:250:5
[INFO] [stdout]   24:     0x5fd973ed790b - test[aada8e7e76ba119b]::__rust_begin_short_backtrace::<core[a373ad73a504971]::result::Result<(), alloc[2e1b2a31b91974c5]::string::String>, fn() -> core[a373ad73a504971]::result::Result<(), alloc[2e1b2a31b91974c5]::string::String>>
[INFO] [stdout]                                at /rustc/e3feeb59cd1bdd011a2bfcc0747b55125d9b8527/library/test/src/lib.rs:701:18
[INFO] [stdout]   25:     0x5fd973ee4ae5 - test[aada8e7e76ba119b]::run_test_in_process::{closure#0}
[INFO] [stdout]                                at /rustc/e3feeb59cd1bdd011a2bfcc0747b55125d9b8527/library/test/src/lib.rs:724:74
[INFO] [stdout]   26:     0x5fd973ee4ae5 - <core[a373ad73a504971]::panic::unwind_safe::AssertUnwindSafe<test[aada8e7e76ba119b]::run_test_in_process::{closure#0}> as core[a373ad73a504971]::ops::function::FnOnce<()>>::call_once
[INFO] [stdout]                                at /rustc/e3feeb59cd1bdd011a2bfcc0747b55125d9b8527/library/core/src/panic/unwind_safe.rs:275:9
[INFO] [stdout]   27:     0x5fd973ee4ae5 - std[617be2ca0a6fd877]::panicking::catch_unwind::do_call::<core[a373ad73a504971]::panic::unwind_safe::AssertUnwindSafe<test[aada8e7e76ba119b]::run_test_in_process::{closure#0}>, core[a373ad73a504971]::result::Result<(), alloc[2e1b2a31b91974c5]::string::String>>
[INFO] [stdout]                                at /rustc/e3feeb59cd1bdd011a2bfcc0747b55125d9b8527/library/std/src/panicking.rs:573:43
[INFO] [stdout]   28:     0x5fd973ee4ae5 - std[617be2ca0a6fd877]::panicking::catch_unwind::<core[a373ad73a504971]::result::Result<(), alloc[2e1b2a31b91974c5]::string::String>, core[a373ad73a504971]::panic::unwind_safe::AssertUnwindSafe<test[aada8e7e76ba119b]::run_test_in_process::{closure#0}>>
[INFO] [stdout]                                at /rustc/e3feeb59cd1bdd011a2bfcc0747b55125d9b8527/library/std/src/panicking.rs:541:19
[INFO] [stdout]   29:     0x5fd973ee4ae5 - std[617be2ca0a6fd877]::panic::catch_unwind::<core[a373ad73a504971]::panic::unwind_safe::AssertUnwindSafe<test[aada8e7e76ba119b]::run_test_in_process::{closure#0}>, core[a373ad73a504971]::result::Result<(), alloc[2e1b2a31b91974c5]::string::String>>
[INFO] [stdout]                                at /rustc/e3feeb59cd1bdd011a2bfcc0747b55125d9b8527/library/std/src/panic.rs:359:14
[INFO] [stdout]   30:     0x5fd973ee4ae5 - test[aada8e7e76ba119b]::run_test_in_process
[INFO] [stdout]                                at /rustc/e3feeb59cd1bdd011a2bfcc0747b55125d9b8527/library/test/src/lib.rs:724:27
[INFO] [stdout]   31:     0x5fd973ee4ae5 - test[aada8e7e76ba119b]::run_test::{closure#0}
[INFO] [stdout]                                at /rustc/e3feeb59cd1bdd011a2bfcc0747b55125d9b8527/library/test/src/lib.rs:645:43
[INFO] [stdout]   32:     0x5fd973ede3d4 - test[aada8e7e76ba119b]::run_test::{closure#1}
[INFO] [stdout]                                at /rustc/e3feeb59cd1bdd011a2bfcc0747b55125d9b8527/library/test/src/lib.rs:675:41
[INFO] [stdout]   33:     0x5fd973ede3d4 - std[617be2ca0a6fd877]::sys::backtrace::__rust_begin_short_backtrace::<test[aada8e7e76ba119b]::run_test::{closure#1}, ()>
[INFO] [stdout]                                at /rustc/e3feeb59cd1bdd011a2bfcc0747b55125d9b8527/library/std/src/sys/backtrace.rs:166:18
[INFO] [stdout]   34:     0x5fd973ee7b72 - std[617be2ca0a6fd877]::thread::lifecycle::spawn_unchecked::<test[aada8e7e76ba119b]::run_test::{closure#1}, ()>::{closure#1}::{closure#0}
[INFO] [stdout]                                at /rustc/e3feeb59cd1bdd011a2bfcc0747b55125d9b8527/library/std/src/thread/lifecycle.rs:70:13
[INFO] [stdout]   35:     0x5fd973ee7b72 - <core[a373ad73a504971]::panic::unwind_safe::AssertUnwindSafe<std[617be2ca0a6fd877]::thread::lifecycle::spawn_unchecked<test[aada8e7e76ba119b]::run_test::{closure#1}, ()>::{closure#1}::{closure#0}> as core[a373ad73a504971]::ops::function::FnOnce<()>>::call_once
[INFO] [stdout]                                at /rustc/e3feeb59cd1bdd011a2bfcc0747b55125d9b8527/library/core/src/panic/unwind_safe.rs:275:9
[INFO] [stdout]   36:     0x5fd973ee7b72 - std[617be2ca0a6fd877]::panicking::catch_unwind::do_call::<core[a373ad73a504971]::panic::unwind_safe::AssertUnwindSafe<std[617be2ca0a6fd877]::thread::lifecycle::spawn_unchecked<test[aada8e7e76ba119b]::run_test::{closure#1}, ()>::{closure#1}::{closure#0}>, ()>
[INFO] [stdout]                                at /rustc/e3feeb59cd1bdd011a2bfcc0747b55125d9b8527/library/std/src/panicking.rs:573:43
[INFO] [stdout]   37:     0x5fd973ee7b72 - std[617be2ca0a6fd877]::panicking::catch_unwind::<(), core[a373ad73a504971]::panic::unwind_safe::AssertUnwindSafe<std[617be2ca0a6fd877]::thread::lifecycle::spawn_unchecked<test[aada8e7e76ba119b]::run_test::{closure#1}, ()>::{closure#1}::{closure#0}>>
[INFO] [stdout]                                at /rustc/e3feeb59cd1bdd011a2bfcc0747b55125d9b8527/library/std/src/panicking.rs:541:19
[INFO] [stdout]   38:     0x5fd973ee7b72 - std[617be2ca0a6fd877]::panic::catch_unwind::<core[a373ad73a504971]::panic::unwind_safe::AssertUnwindSafe<std[617be2ca0a6fd877]::thread::lifecycle::spawn_unchecked<test[aada8e7e76ba119b]::run_test::{closure#1}, ()>::{closure#1}::{closure#0}>, ()>
[INFO] [stdout]                                at /rustc/e3feeb59cd1bdd011a2bfcc0747b55125d9b8527/library/std/src/panic.rs:359:14
[INFO] [stdout]   39:     0x5fd973ee7b72 - std[617be2ca0a6fd877]::thread::lifecycle::spawn_unchecked::<test[aada8e7e76ba119b]::run_test::{closure#1}, ()>::{closure#1}
[INFO] [stdout]                                at /rustc/e3feeb59cd1bdd011a2bfcc0747b55125d9b8527/library/std/src/thread/lifecycle.rs:68:26
[INFO] [stdout]   40:     0x5fd973ee7b72 - <std[617be2ca0a6fd877]::thread::lifecycle::spawn_unchecked<test[aada8e7e76ba119b]::run_test::{closure#1}, ()>::{closure#1} as core[a373ad73a504971]::ops::function::FnOnce<()>>::call_once::{shim:vtable#0}
[INFO] [stdout]                                at /rustc/e3feeb59cd1bdd011a2bfcc0747b55125d9b8527/library/core/src/ops/function.rs:250:5
[INFO] [stdout]   41:     0x5fd973f4f65f - <alloc[2e1b2a31b91974c5]::boxed::Box<dyn core[a373ad73a504971]::ops::function::FnOnce<(), Output = ()> + core[a373ad73a504971]::marker::Send> as core[a373ad73a504971]::ops::function::FnOnce<()>>::call_once
[INFO] [stdout]                                at /rustc/e3feeb59cd1bdd011a2bfcc0747b55125d9b8527/library/alloc/src/boxed.rs:2314:9
[INFO] [stdout]   42:     0x5fd973f4f65f - <std[617be2ca0a6fd877]::sys::thread::unix::Thread>::new::thread_start
[INFO] [stdout]                                at /rustc/e3feeb59cd1bdd011a2bfcc0747b55125d9b8527/library/std/src/sys/thread/unix.rs:127:17
[INFO] [stdout]   43:     0x71ad5cbcedfa - <unknown>
[INFO] [stdout]   44:     0x71ad5cc623d4 - clone
[INFO] [stdout]   45:                0x0 - <unknown>
[INFO] [stdout] 
[INFO] [stdout] 
[INFO] [stdout] failures:
[INFO] [stdout]     test_read_only
[INFO] [stdout] 
[INFO] [stdout] test result: FAILED. 9 passed; 1 failed; 0 ignored; 0 measured; 0 filtered out; finished in 0.21s
[INFO] [stdout] 
[INFO] [stderr] error: test failed, to rerun pass `--test test_config`
[INFO] running `Command { std: "docker" "inspect" "6ac78c2c3524bafb3fd8948069f183c8cde87f00d9f446cf1ecfda7700bfd763", kill_on_drop: false }`
[INFO] running `Command { std: "docker" "rm" "-f" "6ac78c2c3524bafb3fd8948069f183c8cde87f00d9f446cf1ecfda7700bfd763", kill_on_drop: false }`
[INFO] [stdout] 6ac78c2c3524bafb3fd8948069f183c8cde87f00d9f446cf1ecfda7700bfd763
