[INFO] cloning repository https://github.com/szegedidani/password-manager
[INFO] running `Command { std: "git" "-c" "credential.helper=" "-c" "credential.helper=/workspace/cargo-home/bin/git-credential-null" "clone" "--bare" "https://github.com/szegedidani/password-manager" "/workspace/cache/git-repos/https%3A%2F%2Fgithub.com%2Fszegedidani%2Fpassword-manager", kill_on_drop: false }`
[INFO] [stderr] Cloning into bare repository '/workspace/cache/git-repos/https%3A%2F%2Fgithub.com%2Fszegedidani%2Fpassword-manager'...
[INFO] running `Command { std: "git" "rev-parse" "HEAD", kill_on_drop: false }`
[INFO] [stdout] dd4970d86249b6955bd73b34108115310b9fe6de
[INFO] testing szegedidani/password-manager against 1.100.0-beta.1 for beta-1.100-2
[INFO] running `Command { std: "git" "clone" "/workspace/cache/git-repos/https%3A%2F%2Fgithub.com%2Fszegedidani%2Fpassword-manager" "/workspace/builds/worker-5-tc2/source", kill_on_drop: false }`
[INFO] [stderr] Cloning into '/workspace/builds/worker-5-tc2/source'...
[INFO] [stderr] done.
[INFO] started tweaking git repo https://github.com/szegedidani/password-manager
[INFO] finished tweaking git repo https://github.com/szegedidani/password-manager
[INFO] tweaked toml for git repo https://github.com/szegedidani/password-manager written to /workspace/builds/worker-5-tc2/source/Cargo.toml
[INFO] validating manifest of git repo https://github.com/szegedidani/password-manager on toolchain 1.100.0-beta.1
[INFO] running `Command { std: CARGO_HOME="/workspace/cargo-home" RUSTUP_HOME="/workspace/rustup-home" "/workspace/cargo-home/bin/cargo" "+1.100.0-beta.1" "metadata" "--manifest-path" "Cargo.toml" "--no-deps", kill_on_drop: false }`
[INFO] crate git repo https://github.com/szegedidani/password-manager already has a lockfile, it will not be regenerated
[INFO] running `Command { std: CARGO_HOME="/workspace/cargo-home" RUSTUP_HOME="/workspace/rustup-home" "/workspace/cargo-home/bin/cargo" "+1.100.0-beta.1" "fetch" "--manifest-path" "Cargo.toml", kill_on_drop: false }`
[INFO] [stderr]     Blocking waiting for file lock on package cache
[ERROR] error running command: no output for 300 seconds
[INFO] testing szegedidani/password-manager against 1.100.0-beta.1 for beta-1.100-2
[INFO] running `Command { std: "git" "clone" "/workspace/cache/git-repos/https%3A%2F%2Fgithub.com%2Fszegedidani%2Fpassword-manager" "/workspace/builds/worker-5-tc2/source", kill_on_drop: false }`
[INFO] [stderr] Cloning into '/workspace/builds/worker-5-tc2/source'...
[INFO] [stderr] done.
[INFO] started tweaking git repo https://github.com/szegedidani/password-manager
[INFO] finished tweaking git repo https://github.com/szegedidani/password-manager
[INFO] tweaked toml for git repo https://github.com/szegedidani/password-manager written to /workspace/builds/worker-5-tc2/source/Cargo.toml
[INFO] validating manifest of git repo https://github.com/szegedidani/password-manager on toolchain 1.100.0-beta.1
[INFO] running `Command { std: CARGO_HOME="/workspace/cargo-home" RUSTUP_HOME="/workspace/rustup-home" "/workspace/cargo-home/bin/cargo" "+1.100.0-beta.1" "metadata" "--manifest-path" "Cargo.toml" "--no-deps", kill_on_drop: false }`
[INFO] crate git repo https://github.com/szegedidani/password-manager already has a lockfile, it will not be regenerated
[INFO] running `Command { std: CARGO_HOME="/workspace/cargo-home" RUSTUP_HOME="/workspace/rustup-home" "/workspace/cargo-home/bin/cargo" "+1.100.0-beta.1" "fetch" "--manifest-path" "Cargo.toml", kill_on_drop: false }`
[INFO] [stderr]     Blocking waiting for file lock on package cache
[ERROR] error running command: no output for 300 seconds
[INFO] testing szegedidani/password-manager against 1.100.0-beta.1 for beta-1.100-2
[INFO] running `Command { std: "git" "clone" "/workspace/cache/git-repos/https%3A%2F%2Fgithub.com%2Fszegedidani%2Fpassword-manager" "/workspace/builds/worker-5-tc2/source", kill_on_drop: false }`
[INFO] [stderr] Cloning into '/workspace/builds/worker-5-tc2/source'...
[INFO] [stderr] done.
[INFO] started tweaking git repo https://github.com/szegedidani/password-manager
[INFO] finished tweaking git repo https://github.com/szegedidani/password-manager
[INFO] tweaked toml for git repo https://github.com/szegedidani/password-manager written to /workspace/builds/worker-5-tc2/source/Cargo.toml
[INFO] validating manifest of git repo https://github.com/szegedidani/password-manager on toolchain 1.100.0-beta.1
[INFO] running `Command { std: CARGO_HOME="/workspace/cargo-home" RUSTUP_HOME="/workspace/rustup-home" "/workspace/cargo-home/bin/cargo" "+1.100.0-beta.1" "metadata" "--manifest-path" "Cargo.toml" "--no-deps", kill_on_drop: false }`
[INFO] crate git repo https://github.com/szegedidani/password-manager already has a lockfile, it will not be regenerated
[INFO] running `Command { std: CARGO_HOME="/workspace/cargo-home" RUSTUP_HOME="/workspace/rustup-home" "/workspace/cargo-home/bin/cargo" "+1.100.0-beta.1" "fetch" "--manifest-path" "Cargo.toml", kill_on_drop: false }`
[INFO] [stderr]     Blocking waiting for file lock on package cache
[INFO] [stderr]     Updating crates.io index
[INFO] [stderr]     Blocking waiting for file lock on package cache
[ERROR] error running command: no output for 300 seconds
[INFO] testing szegedidani/password-manager against 1.100.0-beta.1 for beta-1.100-2
[INFO] running `Command { std: "git" "clone" "/workspace/cache/git-repos/https%3A%2F%2Fgithub.com%2Fszegedidani%2Fpassword-manager" "/workspace/builds/worker-5-tc2/source", kill_on_drop: false }`
[INFO] [stderr] Cloning into '/workspace/builds/worker-5-tc2/source'...
[INFO] [stderr] done.
[INFO] started tweaking git repo https://github.com/szegedidani/password-manager
[INFO] finished tweaking git repo https://github.com/szegedidani/password-manager
[INFO] tweaked toml for git repo https://github.com/szegedidani/password-manager written to /workspace/builds/worker-5-tc2/source/Cargo.toml
[INFO] validating manifest of git repo https://github.com/szegedidani/password-manager on toolchain 1.100.0-beta.1
[INFO] running `Command { std: CARGO_HOME="/workspace/cargo-home" RUSTUP_HOME="/workspace/rustup-home" "/workspace/cargo-home/bin/cargo" "+1.100.0-beta.1" "metadata" "--manifest-path" "Cargo.toml" "--no-deps", kill_on_drop: false }`
[INFO] crate git repo https://github.com/szegedidani/password-manager already has a lockfile, it will not be regenerated
[INFO] running `Command { std: CARGO_HOME="/workspace/cargo-home" RUSTUP_HOME="/workspace/rustup-home" "/workspace/cargo-home/bin/cargo" "+1.100.0-beta.1" "fetch" "--manifest-path" "Cargo.toml", kill_on_drop: false }`
[INFO] [stderr]     Blocking waiting for file lock on package cache
[ERROR] error running command: no output for 300 seconds
[INFO] testing szegedidani/password-manager against 1.100.0-beta.1 for beta-1.100-2
[INFO] running `Command { std: "git" "clone" "/workspace/cache/git-repos/https%3A%2F%2Fgithub.com%2Fszegedidani%2Fpassword-manager" "/workspace/builds/worker-5-tc2/source", kill_on_drop: false }`
[INFO] [stderr] Cloning into '/workspace/builds/worker-5-tc2/source'...
[INFO] [stderr] done.
[INFO] started tweaking git repo https://github.com/szegedidani/password-manager
[INFO] finished tweaking git repo https://github.com/szegedidani/password-manager
[INFO] tweaked toml for git repo https://github.com/szegedidani/password-manager written to /workspace/builds/worker-5-tc2/source/Cargo.toml
[INFO] validating manifest of git repo https://github.com/szegedidani/password-manager on toolchain 1.100.0-beta.1
[INFO] running `Command { std: CARGO_HOME="/workspace/cargo-home" RUSTUP_HOME="/workspace/rustup-home" "/workspace/cargo-home/bin/cargo" "+1.100.0-beta.1" "metadata" "--manifest-path" "Cargo.toml" "--no-deps", kill_on_drop: false }`
[INFO] crate git repo https://github.com/szegedidani/password-manager already has a lockfile, it will not be regenerated
[INFO] running `Command { std: CARGO_HOME="/workspace/cargo-home" RUSTUP_HOME="/workspace/rustup-home" "/workspace/cargo-home/bin/cargo" "+1.100.0-beta.1" "fetch" "--manifest-path" "Cargo.toml", kill_on_drop: false }`
[INFO] [stderr]     Blocking waiting for file lock on package cache
[INFO] [stderr]     Blocking waiting for file lock on package cache
[INFO] [stderr]  Downloading crates ...
[INFO] [stderr]   Downloaded tiger v0.1.0
[INFO] [stderr]   Downloaded magic-crypt v3.1.12
[INFO] [stderr]   Downloaded des v0.7.0
[INFO] [stderr]   Downloaded debug-helper v0.3.13
[INFO] [stderr]   Downloaded crc-any v2.4.3
[INFO] [stderr]   Downloaded tree_magic_mini v3.0.3
[INFO] [stderr]   Downloaded block-modes v0.8.1
[INFO] [stderr]   Downloaded os_pipe v1.1.3
[INFO] running `Command { std: "docker" "create" "-v" "/var/lib/crater-agent-workspace/builds/worker-5-tc2/source:/opt/rustwide/workdir:ro,Z" "-v" "/var/lib/crater-agent-workspace/builds/worker-5-tc2/target:/opt/rustwide/target:rw,Z" "-v" "/var/lib/crater-agent-workspace/cargo-home:/opt/rustwide/cargo-home:ro,Z" "-v" "/var/lib/crater-agent-workspace/rustup-home:/opt/rustwide/rustup-home:ro,Z" "-m" "1610612736" "--network" "none" "ghcr.io/rust-lang/crates-build-env/linux@sha256:3111399a4047eeb3a02b7a90e478d715f38a8c6669b5c4b49d30a17385265909" "sleep" "infinity", kill_on_drop: false }`
[INFO] [stdout] 7328b7db2297cd6e9e0b0c2a4bd24f463c4670a727ea3b22e916c3c1cc1ccdda
[INFO] running `Command { std: "docker" "start" "7328b7db2297cd6e9e0b0c2a4bd24f463c4670a727ea3b22e916c3c1cc1ccdda", kill_on_drop: false }`
[INFO] running `Command { std: "docker" "inspect" "7328b7db2297cd6e9e0b0c2a4bd24f463c4670a727ea3b22e916c3c1cc1ccdda", kill_on_drop: false }`
[INFO] running `Command { std: "docker" "exec" "-e" "SOURCE_DIR=/opt/rustwide/workdir" "-e" "CARGO_HOME=/opt/rustwide/cargo-home" "-e" "RUSTUP_HOME=/opt/rustwide/rustup-home" "-e" "CARGO_TARGET_DIR=/opt/rustwide/target" "-w" "/opt/rustwide/workdir" "--user" "0:0" "7328b7db2297cd6e9e0b0c2a4bd24f463c4670a727ea3b22e916c3c1cc1ccdda" "/opt/rustwide/cargo-home/bin/cargo" "+1.100.0-beta.1" "metadata" "--no-deps" "--format-version=1", kill_on_drop: false }`
[INFO] running `Command { std: "docker" "inspect" "7328b7db2297cd6e9e0b0c2a4bd24f463c4670a727ea3b22e916c3c1cc1ccdda", kill_on_drop: false }`
[INFO] running `Command { std: "docker" "exec" "-e" "SOURCE_DIR=/opt/rustwide/workdir" "-e" "CARGO_HOME=/opt/rustwide/cargo-home" "-e" "RUSTUP_HOME=/opt/rustwide/rustup-home" "-e" "CARGO_TARGET_DIR=/opt/rustwide/target" "-e" "CARGO_INCREMENTAL=0" "-e" "RUST_BACKTRACE=full" "-e" "RUSTFLAGS=--cap-lints=warn" "-e" "RUSTDOCFLAGS=--cap-lints=warn" "-w" "/opt/rustwide/workdir" "--user" "0:0" "7328b7db2297cd6e9e0b0c2a4bd24f463c4670a727ea3b22e916c3c1cc1ccdda" "/opt/rustwide/cargo-home/bin/cargo" "+1.100.0-beta.1" "build" "--frozen" "--message-format=json", kill_on_drop: false }`
[INFO] [stderr]    Compiling proc-macro2 v1.0.56
[INFO] [stderr]    Compiling unicode-ident v1.0.8
[INFO] [stderr]    Compiling quote v1.0.26
[INFO] [stderr]    Compiling libc v0.2.141
[INFO] [stderr]    Compiling memchr v2.5.0
[INFO] [stderr]    Compiling block-padding v0.2.1
[INFO] [stderr]    Compiling io-lifetimes v1.0.10
[INFO] [stderr]    Compiling once_cell v1.17.1
[INFO] [stderr]    Compiling rustix v0.37.11
[INFO] [stderr]    Compiling generic-array v0.14.7
[INFO] [stderr]    Compiling wayland-sys v0.29.5
[INFO] [stderr]    Compiling indexmap v1.9.3
[INFO] [stderr]    Compiling syn v1.0.109
[INFO] [stderr]    Compiling hashbrown v0.12.3
[INFO] [stderr]    Compiling serde_derive v1.0.160
[INFO] [stderr]    Compiling thiserror v1.0.40
[INFO] [stderr]    Compiling linux-raw-sys v0.3.1
[INFO] [stderr]    Compiling fixedbitset v0.4.2
[INFO] [stderr]    Compiling bytecount v0.6.3
[INFO] [stderr]    Compiling byteorder v1.4.3
[INFO] [stderr]    Compiling cpufeatures v0.2.6
[INFO] [stderr]    Compiling serde v1.0.160
[INFO] [stderr]    Compiling debug-helper v0.3.13
[INFO] [stderr]    Compiling serde_json v1.0.95
[INFO] [stderr]    Compiling crc-any v2.4.3
[INFO] [stderr]    Compiling ryu v1.0.13
[INFO] [stderr]    Compiling itoa v1.0.6
[INFO] [stderr]    Compiling cipher v0.3.0
[INFO] [stderr]    Compiling block-buffer v0.9.0
[INFO] [stderr]    Compiling digest v0.9.0
[INFO] [stderr]    Compiling nom v7.1.3
[INFO] [stderr]    Compiling block-modes v0.8.1
[INFO] [stderr]    Compiling des v0.7.0
[INFO] [stderr]    Compiling aes v0.7.5
[INFO] [stderr]    Compiling md-5 v0.9.1
[INFO] [stderr]    Compiling tiger v0.1.0
[INFO] [stderr]    Compiling sha2 v0.9.9
[INFO] [stderr]    Compiling wayland-scanner v0.29.5
[INFO] [stderr]    Compiling syn v2.0.13
[INFO] [stderr]    Compiling petgraph v0.6.3
[INFO] [stderr]    Compiling magic-crypt v3.1.12
[INFO] [stderr]    Compiling nix v0.24.3
[INFO] [stderr]    Compiling gethostname v0.2.3
[INFO] [stderr]    Compiling os_pipe v1.1.3
[INFO] [stderr]    Compiling rtoolbox v0.0.1
[INFO] [stderr]    Compiling rpassword v7.2.0
[INFO] [stderr]    Compiling wayland-client v0.29.5
[INFO] [stderr]    Compiling wayland-protocols v0.29.5
[INFO] [stderr]    Compiling tree_magic_mini v3.0.3
[INFO] [stderr]    Compiling thiserror-impl v1.0.40
[INFO] [stderr]    Compiling derive-new v0.5.9
[INFO] [stderr]    Compiling tempfile v3.5.0
[INFO] [stderr]    Compiling wayland-commons v0.29.5
[INFO] [stderr]    Compiling x11rb-protocol v0.10.0
[INFO] [stderr]    Compiling x11rb v0.10.1
[INFO] [stderr]    Compiling x11-clipboard v0.7.1
[INFO] [stderr]    Compiling wl-clipboard-rs v0.7.0
[INFO] [stdout] error[E0277]: a value of type `!` cannot be built from an iterator over elements of type `()`
[INFO] [stdout]    --> /opt/rustwide/cargo-home/registry/src/index.crates.io-1949cf8c6b5b557f/wl-clipboard-rs-0.7.0/src/copy.rs:434:56
[INFO] [stdout]     |
[INFO] [stdout] 434 |         let result: Result<_, _> = results.into_iter().collect();
[INFO] [stdout]     |                                                        ^^^^^^^ value of type `!` cannot be built from `std::iter::Iterator<Item=()>`
[INFO] [stdout]     |
[INFO] [stdout]     = help: the trait `FromIterator<()>` is not implemented for `!`
[INFO] [stdout] help: the trait `FromIterator<Result<T, E>>` is conditionally implemented for `Result<V, E>`
[INFO] [stdout]    --> /rustc/e3feeb59cd1bdd011a2bfcc0747b55125d9b8527/library/core/src/result.rs:2114:14
[INFO] [stdout]     |
[INFO] [stdout]     = note: unsatisfied requirement introduced here: `!: FromIterator<()>`
[INFO] [stdout]     = note: this error might have been caused by changes to Rust's type-inference algorithm (see issue #148922 <https://github.com/rust-lang/rust/issues/148922> for more information)
[INFO] [stdout]     = help: you might have intended to use the type `()` here instead
[INFO] [stdout]     = note: required for `Result<!, copy::Error>` to implement `FromIterator<Result<(), copy::Error>>`
[INFO] [stdout] note: required by a bound in `collect`
[INFO] [stdout]    --> /rustc/e3feeb59cd1bdd011a2bfcc0747b55125d9b8527/library/core/src/iter/traits/iterator.rs:2087:4
[INFO] [stdout] 
[INFO] [stdout] 
[INFO] [stdout] For more information about this error, try `rustc --explain E0277`.
[INFO] [stdout] 
[INFO] [stderr] error: could not compile `wl-clipboard-rs` (lib) due to 1 previous error
[INFO] [stderr] warning: build failed, waiting for other jobs to finish...
[INFO] running `Command { std: "docker" "inspect" "7328b7db2297cd6e9e0b0c2a4bd24f463c4670a727ea3b22e916c3c1cc1ccdda", kill_on_drop: false }`
[INFO] running `Command { std: "docker" "rm" "-f" "7328b7db2297cd6e9e0b0c2a4bd24f463c4670a727ea3b22e916c3c1cc1ccdda", kill_on_drop: false }`
[INFO] [stdout] 7328b7db2297cd6e9e0b0c2a4bd24f463c4670a727ea3b22e916c3c1cc1ccdda
