[INFO] cloning repository https://github.com/spinualexandru/keyrex
[INFO] running `Command { std: "git" "-c" "credential.helper=" "-c" "credential.helper=/workspace/cargo-home/bin/git-credential-null" "clone" "--bare" "https://github.com/spinualexandru/keyrex" "/workspace/cache/git-repos/https%3A%2F%2Fgithub.com%2Fspinualexandru%2Fkeyrex", kill_on_drop: false }`
[INFO] [stderr] Cloning into bare repository '/workspace/cache/git-repos/https%3A%2F%2Fgithub.com%2Fspinualexandru%2Fkeyrex'...
[INFO] running `Command { std: "git" "rev-parse" "HEAD", kill_on_drop: false }`
[INFO] [stdout] 0513ebaaec8badedfb8465d99dfbd64f7243f6cf
[INFO] testing spinualexandru/keyrex against 1.100.0-beta.1 for beta-1.100-2
[INFO] running `Command { std: "git" "clone" "/workspace/cache/git-repos/https%3A%2F%2Fgithub.com%2Fspinualexandru%2Fkeyrex" "/workspace/builds/worker-1-tc2/source", kill_on_drop: false }`
[INFO] [stderr] Cloning into '/workspace/builds/worker-1-tc2/source'...
[INFO] [stderr] done.
[INFO] started tweaking git repo https://github.com/spinualexandru/keyrex
[INFO] finished tweaking git repo https://github.com/spinualexandru/keyrex
[INFO] tweaked toml for git repo https://github.com/spinualexandru/keyrex written to /workspace/builds/worker-1-tc2/source/Cargo.toml
[INFO] validating manifest of git repo https://github.com/spinualexandru/keyrex on toolchain 1.100.0-beta.1
[INFO] running `Command { std: CARGO_HOME="/workspace/cargo-home" RUSTUP_HOME="/workspace/rustup-home" "/workspace/cargo-home/bin/cargo" "+1.100.0-beta.1" "metadata" "--manifest-path" "Cargo.toml" "--no-deps", kill_on_drop: false }`
[INFO] crate git repo https://github.com/spinualexandru/keyrex already has a lockfile, it will not be regenerated
[INFO] running `Command { std: CARGO_HOME="/workspace/cargo-home" RUSTUP_HOME="/workspace/rustup-home" "/workspace/cargo-home/bin/cargo" "+1.100.0-beta.1" "fetch" "--manifest-path" "Cargo.toml", kill_on_drop: false }`
[INFO] [stderr] warning: `package.homepage` is redundant with `package.repository`
[INFO] [stderr]   --> Cargo.toml:59:12
[INFO] [stderr]    |
[INFO] [stderr] 59 | homepage = "https://github.com/spinualexandru/keyrex"
[INFO] [stderr]    |            ^^^^^^^^^^^^^^^^^^^^^^^^^^^^^^^^^^^^^^^^^^
[INFO] [stderr] ...
[INFO] [stderr] 63 | repository = "https://github.com/spinualexandru/keyrex"
[INFO] [stderr]    |              ------------------------------------------
[INFO] [stderr]    |
[INFO] [stderr]    = note: `cargo::redundant_homepage` is set to `warn` by default
[INFO] [stderr] help: consider removing `package.homepage`
[INFO] [stderr] warning: `keyrex` (manifest) generated 1 warning
[INFO] running `Command { std: "docker" "create" "-v" "/var/lib/crater-agent-workspace/builds/worker-1-tc2/source:/opt/rustwide/workdir:ro,Z" "-v" "/var/lib/crater-agent-workspace/builds/worker-1-tc2/target:/opt/rustwide/target:rw,Z" "-v" "/var/lib/crater-agent-workspace/cargo-home:/opt/rustwide/cargo-home:ro,Z" "-v" "/var/lib/crater-agent-workspace/rustup-home:/opt/rustwide/rustup-home:ro,Z" "-m" "1610612736" "--network" "none" "ghcr.io/rust-lang/crates-build-env/linux@sha256:3111399a4047eeb3a02b7a90e478d715f38a8c6669b5c4b49d30a17385265909" "sleep" "infinity", kill_on_drop: false }`
[INFO] [stdout] 73c2f232af4dc68ab4f945738756bbe2738f8b627e4621d1840d199722f65b84
[INFO] running `Command { std: "docker" "start" "73c2f232af4dc68ab4f945738756bbe2738f8b627e4621d1840d199722f65b84", kill_on_drop: false }`
[INFO] running `Command { std: "docker" "inspect" "73c2f232af4dc68ab4f945738756bbe2738f8b627e4621d1840d199722f65b84", kill_on_drop: false }`
[INFO] running `Command { std: "docker" "exec" "-e" "SOURCE_DIR=/opt/rustwide/workdir" "-e" "CARGO_HOME=/opt/rustwide/cargo-home" "-e" "RUSTUP_HOME=/opt/rustwide/rustup-home" "-e" "CARGO_TARGET_DIR=/opt/rustwide/target" "-w" "/opt/rustwide/workdir" "--user" "0:0" "73c2f232af4dc68ab4f945738756bbe2738f8b627e4621d1840d199722f65b84" "/opt/rustwide/cargo-home/bin/cargo" "+1.100.0-beta.1" "metadata" "--no-deps" "--format-version=1", kill_on_drop: false }`
[INFO] running `Command { std: "docker" "inspect" "73c2f232af4dc68ab4f945738756bbe2738f8b627e4621d1840d199722f65b84", kill_on_drop: false }`
[INFO] running `Command { std: "docker" "exec" "-e" "SOURCE_DIR=/opt/rustwide/workdir" "-e" "CARGO_HOME=/opt/rustwide/cargo-home" "-e" "RUSTUP_HOME=/opt/rustwide/rustup-home" "-e" "CARGO_TARGET_DIR=/opt/rustwide/target" "-e" "CARGO_INCREMENTAL=0" "-e" "RUST_BACKTRACE=full" "-e" "RUSTFLAGS=--cap-lints=warn" "-e" "RUSTDOCFLAGS=--cap-lints=warn" "-w" "/opt/rustwide/workdir" "--user" "0:0" "73c2f232af4dc68ab4f945738756bbe2738f8b627e4621d1840d199722f65b84" "/opt/rustwide/cargo-home/bin/cargo" "+1.100.0-beta.1" "build" "--frozen" "--message-format=json", kill_on_drop: false }`
[INFO] [stderr] warning: `package.homepage` is redundant with `package.repository`
[INFO] [stderr]   --> Cargo.toml:59:12
[INFO] [stderr]    |
[INFO] [stderr] 59 | homepage = "https://github.com/spinualexandru/keyrex"
[INFO] [stderr]    |            ^^^^^^^^^^^^^^^^^^^^^^^^^^^^^^^^^^^^^^^^^^
[INFO] [stderr] ...
[INFO] [stderr] 63 | repository = "https://github.com/spinualexandru/keyrex"
[INFO] [stderr]    |              ------------------------------------------
[INFO] [stderr]    |
[INFO] [stderr]    = note: `cargo::redundant_homepage` is set to `warn` by default
[INFO] [stderr] help: consider removing `package.homepage`
[INFO] [stderr] warning: `keyrex` (manifest) generated 1 warning
[INFO] [stderr]    Compiling libc v0.2.189
[INFO] [stderr]    Compiling getrandom v0.4.3
[INFO] [stderr]    Compiling proc-macro2 v1.0.107
[INFO] [stderr]    Compiling rand_core v0.10.1
[INFO] [stderr]    Compiling quote v1.0.47
[INFO] [stderr]    Compiling typenum v1.20.1
[INFO] [stderr]    Compiling cmov v0.5.4
[INFO] [stderr]    Compiling serde_core v1.0.229
[INFO] [stderr]    Compiling cpufeatures v0.3.1
[INFO] [stderr]    Compiling bitflags v2.13.2
[INFO] [stderr]    Compiling simd-adler32 v0.3.10
[INFO] [stderr]    Compiling num-traits v0.2.19
[INFO] [stderr]    Compiling crc32fast v1.5.2
[INFO] [stderr]    Compiling ctutils v0.4.2
[INFO] [stderr]    Compiling adler2 v2.0.1
[INFO] [stderr]    Compiling rustix v1.1.4
[INFO] [stderr]    Compiling linux-raw-sys v0.12.1
[INFO] [stderr]    Compiling anstyle-parse v1.0.0
[INFO] [stderr]    Compiling miniz_oxide v0.9.1
[INFO] [stderr]    Compiling syn v3.0.5
[INFO] [stderr]    Compiling anstyle-query v1.1.5
[INFO] [stderr]    Compiling smallvec v1.16.1
[INFO] [stderr]    Compiling colorchoice v1.0.5
[INFO] [stderr]    Compiling cpubits v0.1.1
[INFO] [stderr]    Compiling is_terminal_polyfill v1.70.2
[INFO] [stderr]    Compiling anstyle v1.0.14
[INFO] [stderr]    Compiling serde v1.0.229
[INFO] [stderr]    Compiling hybrid-array v0.4.15
[INFO] [stderr]    Compiling const-oid v0.10.2
[INFO] [stderr]    Compiling anstream v1.0.0
[INFO] [stderr]    Compiling dirs-sys v0.5.0
[INFO] [stderr]    Compiling flate2 v1.1.10
[INFO] [stderr]    Compiling syn v2.0.119
[INFO] [stderr]    Compiling tracing-core v0.1.36
[INFO] [stderr]    Compiling miniz_oxide v0.8.9
[INFO] [stderr]    Compiling crypto-common v0.2.2
[INFO] [stderr]    Compiling block-buffer v0.12.1
[INFO] [stderr]    Compiling inout v0.2.2
[INFO] [stderr]    Compiling fdeflate v0.3.7
[INFO] [stderr]    Compiling log v0.4.34
[INFO] [stderr]    Compiling zmij v1.0.23
[INFO] [stderr]    Compiling clap_lex v1.1.1
[INFO] [stderr]    Compiling pxfm v0.1.30
[INFO] [stderr]    Compiling regex-syntax v0.8.11
[INFO] [stderr]    Compiling clap_builder v4.6.7
[INFO] [stderr]    Compiling cipher v0.5.2
[INFO] [stderr]    Compiling digest v0.11.3
[INFO] [stderr]    Compiling universal-hash v0.6.1
[INFO] [stderr]    Compiling polyval v0.7.3
[INFO] [stderr]    Compiling png v0.18.1
[INFO] [stderr]    Compiling parking_lot_core v0.9.12
[INFO] [stderr]    Compiling thiserror v2.0.20
[INFO] [stderr]    Compiling bytemuck v1.25.2
[INFO] [stderr]    Compiling regex-automata v0.4.18
[INFO] [stderr]    Compiling moxcms v0.8.1
[INFO] [stderr]    Compiling serde_derive v1.0.229
[INFO] [stderr]    Compiling clap_derive v4.6.7
[INFO] [stderr]    Compiling gethostname v1.1.0
[INFO] [stderr]    Compiling serde_json v1.0.151
[INFO] [stderr]    Compiling lazy_static v1.5.0
[INFO] [stderr]    Compiling x11rb-protocol v0.13.2
[INFO] [stderr]    Compiling winnow v1.0.4
[INFO] [stderr]    Compiling byteorder-lite v0.1.0
[INFO] [stderr]    Compiling toml_parser v1.1.3+spec-1.1.0
[INFO] [stderr]    Compiling tracing-attributes v0.1.31
[INFO] [stderr]    Compiling clap v4.6.7
[INFO] [stderr]    Compiling matchers v0.2.0
[INFO] [stderr]    Compiling sharded-slab v0.1.7
[INFO] [stderr]    Compiling thiserror-impl v2.0.20
[INFO] [stderr]    Compiling parking_lot v0.12.5
[INFO] [stderr]    Compiling ghash v0.6.0
[INFO] [stderr]    Compiling ctr v0.10.1
[INFO] [stderr]    Compiling tracing v0.1.44
[INFO] [stderr]    Compiling aes v0.9.3
[INFO] [stderr]    Compiling hmac v0.13.0
[INFO] [stderr]    Compiling toml_datetime v1.1.1+spec-1.1.0
[INFO] [stderr]    Compiling serde_spanned v1.1.1
[INFO] [stderr]    Compiling aead v0.6.1
[INFO] [stderr]    Compiling tracing-log v0.2.0
[INFO] [stderr]    Compiling dirs v6.0.0
[INFO] [stderr]    Compiling rtoolbox v0.0.6
[INFO] [stderr]    Compiling chacha20 v0.10.2
[INFO] [stderr]    Compiling thread_local v1.1.10
[INFO] [stderr]    Compiling nu-ansi-term v0.50.3
[INFO] [stderr]    Compiling fastrand v2.5.0
[INFO] [stderr]    Compiling toml_writer v1.1.2+spec-1.1.0
[INFO] [stderr]    Compiling memchr v2.8.3
[INFO] [stderr]    Compiling toml v1.1.6+spec-1.1.0
[INFO] [stderr]    Compiling secrecy v0.10.3
[INFO] [stderr]    Compiling chrono v0.4.45
[INFO] [stderr]    Compiling tempfile v3.27.0
[INFO] [stderr]    Compiling tracing-subscriber v0.3.23
[INFO] [stderr]    Compiling image v0.25.10
[INFO] [stderr]    Compiling rand v0.10.2
[INFO] [stderr]    Compiling x11rb v0.13.2
[INFO] [stderr]    Compiling rpassword v7.5.4
[INFO] [stderr]    Compiling shellexpand v3.1.2
[INFO] [stderr]    Compiling aes-gcm v0.11.1
[INFO] [stderr]    Compiling pbkdf2 v0.13.0
[INFO] [stderr]    Compiling clap_complete v4.6.11
[INFO] [stderr]    Compiling sha2 v0.11.0
[INFO] [stderr]    Compiling dirs v7.0.0
[INFO] [stderr]    Compiling fslock v0.2.1
[INFO] [stderr]    Compiling colored v3.1.1
[INFO] [stderr]    Compiling subtle v2.6.1
[INFO] [stderr]    Compiling base64 v0.23.1
[INFO] [stderr]    Compiling arboard v3.6.1
[INFO] [stderr]    Compiling keyrex v0.3.0 (/opt/rustwide/workdir)
[INFO] [stderr]     Finished `dev` profile [unoptimized + debuginfo] target(s) in 1m 46s
[INFO] running `Command { std: "docker" "inspect" "73c2f232af4dc68ab4f945738756bbe2738f8b627e4621d1840d199722f65b84", kill_on_drop: false }`
[INFO] running `Command { std: "docker" "exec" "-e" "SOURCE_DIR=/opt/rustwide/workdir" "-e" "CARGO_HOME=/opt/rustwide/cargo-home" "-e" "RUSTUP_HOME=/opt/rustwide/rustup-home" "-e" "CARGO_TARGET_DIR=/opt/rustwide/target" "-e" "CARGO_INCREMENTAL=0" "-e" "RUST_BACKTRACE=full" "-e" "RUSTFLAGS=--cap-lints=warn" "-e" "RUSTDOCFLAGS=--cap-lints=warn" "-w" "/opt/rustwide/workdir" "--user" "0:0" "73c2f232af4dc68ab4f945738756bbe2738f8b627e4621d1840d199722f65b84" "/opt/rustwide/cargo-home/bin/cargo" "+1.100.0-beta.1" "test" "--frozen" "--no-run" "--message-format=json", kill_on_drop: false }`
[INFO] [stderr] warning: `package.homepage` is redundant with `package.repository`
[INFO] [stderr]   --> Cargo.toml:59:12
[INFO] [stderr]    |
[INFO] [stderr] 59 | homepage = "https://github.com/spinualexandru/keyrex"
[INFO] [stderr]    |            ^^^^^^^^^^^^^^^^^^^^^^^^^^^^^^^^^^^^^^^^^^
[INFO] [stderr] ...
[INFO] [stderr] 63 | repository = "https://github.com/spinualexandru/keyrex"
[INFO] [stderr]    |              ------------------------------------------
[INFO] [stderr]    |
[INFO] [stderr]    = note: `cargo::redundant_homepage` is set to `warn` by default
[INFO] [stderr] help: consider removing `package.homepage`
[INFO] [stderr] warning: `keyrex` (manifest) generated 1 warning
[INFO] [stderr]    Compiling keyrex v0.3.0 (/opt/rustwide/workdir)
[INFO] [stderr]     Finished `test` profile [unoptimized + debuginfo] target(s) in 9.79s
[INFO] running `Command { std: "docker" "inspect" "73c2f232af4dc68ab4f945738756bbe2738f8b627e4621d1840d199722f65b84", kill_on_drop: false }`
[INFO] running `Command { std: "docker" "exec" "-e" "SOURCE_DIR=/opt/rustwide/workdir" "-e" "CARGO_HOME=/opt/rustwide/cargo-home" "-e" "RUSTUP_HOME=/opt/rustwide/rustup-home" "-e" "CARGO_TARGET_DIR=/opt/rustwide/target" "-e" "CARGO_INCREMENTAL=0" "-e" "RUST_BACKTRACE=full" "-e" "RUSTFLAGS=--cap-lints=warn" "-e" "RUSTDOCFLAGS=--cap-lints=warn" "-w" "/opt/rustwide/workdir" "--user" "0:0" "73c2f232af4dc68ab4f945738756bbe2738f8b627e4621d1840d199722f65b84" "/opt/rustwide/cargo-home/bin/cargo" "+1.100.0-beta.1" "test" "--frozen", kill_on_drop: false }`
[INFO] [stderr] warning: `package.homepage` is redundant with `package.repository`
[INFO] [stderr]   --> Cargo.toml:59:12
[INFO] [stderr]    |
[INFO] [stderr] 59 | homepage = "https://github.com/spinualexandru/keyrex"
[INFO] [stderr]    |            ^^^^^^^^^^^^^^^^^^^^^^^^^^^^^^^^^^^^^^^^^^
[INFO] [stderr] ...
[INFO] [stderr] 63 | repository = "https://github.com/spinualexandru/keyrex"
[INFO] [stderr]    |              ------------------------------------------
[INFO] [stderr]    |
[INFO] [stderr]    = note: `cargo::redundant_homepage` is set to `warn` by default
[INFO] [stderr] help: consider removing `package.homepage`
[INFO] [stderr] warning: `keyrex` (manifest) generated 1 warning
[INFO] [stderr]     Finished `test` profile [unoptimized + debuginfo] target(s) in 0.17s
[INFO] [stderr]      Running unittests src/lib.rs (/opt/rustwide/target/debug/build/keyrex/45da2e341d2b9b38/out/keyrex-45da2e341d2b9b38)
[INFO] [stdout] 
[INFO] [stdout] running 165 tests
[INFO] [stdout] test cli::tests::test_parse_add_command ... ok
[INFO] [stdout] test cli::tests::test_parse_clear_command_with_yes ... ok
[INFO] [stdout] test cli::tests::test_parse_add_with_special_characters ... ok
[INFO] [stdout] test cli::tests::test_parse_add_with_spaces ... ok
[INFO] [stdout] test cli::tests::test_parse_clear_command ... ok
[INFO] [stdout] test cli::tests::test_parse_completions_bash ... ok
[INFO] [stdout] test cli::tests::test_parse_config_and_command_order1 ... ok
[INFO] [stdout] test cli::tests::test_parse_config_and_command_order2 ... ok
[INFO] [stdout] test cli::tests::test_parse_completions_install_with_detection ... ok
[INFO] [stdout] test cli::tests::test_parse_empty_key_and_value ... ok
[INFO] [stdout] test cli::tests::test_parse_completions_install_with_shell_and_force ... ok
[INFO] [stdout] test cli::tests::test_parse_completions_fish ... ok
[INFO] [stdout] test cli::tests::test_parse_encrypt_command ... ok
[INFO] [stdout] test cli::tests::test_parse_completions_zsh ... ok
[INFO] [stdout] test cli::tests::test_parse_get_command ... ok
[INFO] [stdout] test cli::tests::test_parse_get_command_with_copy ... ok
[INFO] [stdout] test cli::tests::test_parse_get_command_with_copy_short ... ok
[INFO] [stdout] test cli::tests::test_parse_decrypt_command ... ok
[INFO] [stdout] test cli::tests::test_parse_list_command_no_values ... ok
[INFO] [stdout] test cli::tests::test_parse_list_command ... ok
[INFO] [stdout] test cli::tests::test_parse_info_command ... ok
[INFO] [stdout] test cli::tests::test_parse_invalid_command ... ok
[INFO] [stdout] test cli::tests::test_parse_list_command_with_sort_short ... ok
[INFO] [stdout] test cli::tests::test_parse_keys_command ... ok
[INFO] [stdout] test cli::tests::test_parse_list_command_with_sort ... ok
[INFO] [stdout] test cli::tests::test_parse_remove_command_with_yes_short ... ok
[INFO] [stdout] test cli::tests::test_parse_search_command ... ok
[INFO] [stdout] test cli::tests::test_parse_missing_required_args_add ... ok
[INFO] [stdout] test cli::tests::test_parse_missing_required_args_get ... ok
[INFO] [stdout] test cli::tests::test_parse_remove_command ... ok
[INFO] [stdout] test cli::tests::test_parse_missing_required_args_search ... ok
[INFO] [stdout] test cli::tests::test_parse_remove_command_with_yes ... ok
[INFO] [stdout] test cli::tests::test_parse_multiple_flags_list ... ok
[INFO] [stdout] test cli::tests::test_parse_search_command_with_values ... ok
[INFO] [stdout] test cli::tests::test_parse_search_with_special_pattern ... ok
[INFO] [stdout] test cli::tests::test_parse_unicode_key_and_value ... ok
[INFO] [stdout] test cli::tests::test_parse_update_command ... ok
[INFO] [stdout] test cli::tests::test_parse_search_command_with_values_short ... ok
[INFO] [stdout] test cli::tests::test_parse_with_config_option_long ... ok
[INFO] [stdout] test cli::tests::test_parse_very_long_key_and_value ... ok
[INFO] [stdout] test cli::tests::test_invalid_tag_commands ... ok
[INFO] [stdout] test cli::tests::test_parse_with_config_option ... ok
[INFO] [stdout] test cli::tests::test_vault_transfer_invalid_arguments ... ok
[INFO] [stdout] test commands::tests::test_add_entry_basic ... ok
[INFO] [stdout] test commands::tests::test_add_entry_overwrites_existing ... ok
[INFO] [stdout] test commands::query::tests::format_local_timestamp_uses_system_timezone ... ok
[INFO] [stdout] test commands::tests::test_add_entry_validation ... ok
[INFO] [stdout] test commands::query::tests::format_local_timestamp_does_not_label_output_as_utc ... ok
[INFO] [stdout] test commands::tests::test_add_search_remove_workflow ... ok
[INFO] [stdout] test commands::tests::test_complex_search_and_list ... ok
[INFO] [stdout] test commands::tests::test_add_update_get_workflow ... ok
[INFO] [stdout] test commands::tests::test_get_entry_not_found ... ok
[INFO] [stdout] test cli::tests::test_tag_commands ... ok
[INFO] [stdout] test commands::tests::test_get_entry_success ... ok
[INFO] [stdout] test cli::tests::test_vault_transfer_arguments ... ok
[INFO] [stdout] test commands::tests::test_info_operation_metadata ... ok
[INFO] [stdout] test commands::tests::test_get_entry_updates_access_time ... ok
[INFO] [stdout] test commands::tests::test_list_operation_empty_vault ... ok
[INFO] [stdout] test commands::tests::test_large_value_handling ... ok
[INFO] [stdout] test commands::tests::test_remove_entry_updates_timestamp ... ok
[INFO] [stdout] test commands::tests::test_list_operation_sorting ... ok
[INFO] [stdout] test commands::tests::test_remove_entry_not_found ... ok
[INFO] [stdout] test commands::tests::test_persistence_workflow ... ok
[INFO] [stdout] test commands::tests::test_remove_entry_success ... ok
[INFO] [stdout] test commands::tests::test_search_operation_by_key ... ok
[INFO] [stdout] test commands::tests::test_list_operation_with_entries ... ok
[INFO] [stdout] test commands::tests::test_search_operation_by_value ... ok
[INFO] [stdout] test commands::tests::test_special_characters_in_operations ... ok
[INFO] [stdout] test commands::tests::test_update_entry_updates_timestamp ... ok
[INFO] [stdout] test commands::tests::test_search_operation_no_matches ... ok
[INFO] [stdout] test completions::tests::test_install_creates_parent_directories ... ok
[INFO] [stdout] test completions::tests::test_install_refuses_symlink_target_even_with_force ... ok
[INFO] [stdout] test completions::tests::test_relative_install_roots_are_rejected ... ok
[INFO] [stdout] test completions::tests::test_shell_quoting_handles_single_quotes ... ok
[INFO] [stdout] test commands::tests::test_update_entry_success ... ok
[INFO] [stdout] test commands::tests::test_update_entry_not_found ... ok
[INFO] [stdout] test commands::tests::test_search_operation_case_insensitive ... ok
[INFO] [stdout] test commands::tests::test_update_entry_validation ... ok
[INFO] [stdout] test config::tests::test_default_path_is_valid ... ok
[INFO] [stdout] test completions::tests::test_dynamic_keys_are_limited_to_supported_shells ... ok
[INFO] [stdout] test config::tests::test_expand_path_with_tilde ... ok
[INFO] [stdout] test config::tests::test_expand_path_with_home ... ok
[INFO] [stdout] test completions::tests::test_generated_scripts_are_marked ... ok
[INFO] [stdout] test completions::tests::test_zsh_compdef_header_remains_first ... ok
[INFO] [stdout] test completions::tests::test_vault_transfer_completions_include_commands_and_conflict_options ... ok
[INFO] [stdout] test crypto::tests::test_decrypt_invalid_format ... ok
[INFO] [stdout] test completions::tests::test_unmanaged_install_requires_force ... ok
[INFO] [stdout] test crypto::tests::test_password_exactly_12_chars ... ok
[INFO] [stdout] test crypto::tests::test_password_missing_lowercase ... ok
[INFO] [stdout] test crypto::tests::test_password_missing_digit ... ok
[INFO] [stdout] test crypto::tests::test_password_missing_multiple ... ok
[INFO] [stdout] test crypto::tests::test_password_missing_special ... ok
[INFO] [stdout] test crypto::tests::test_password_missing_uppercase ... ok
[INFO] [stdout] test crypto::tests::test_password_too_short ... ok
[INFO] [stdout] test crypto::tests::test_password_valid_strong ... ok
[INFO] [stdout] test crypto::tests::test_password_valid_with_various_special ... ok
[INFO] [stdout] test completions::tests::test_managed_install_updates_without_force ... ok
[INFO] [stdout] test session::tests::test_empty_vault_save ... ok
[INFO] [stdout] test session::tests::test_save_vault_plain_success ... ok
[INFO] [stdout] test session::tests::test_vault_integrity_after_save ... ok
[INFO] [stdout] test session::tests::test_vault_save_plain_multiple_times ... ok
[INFO] [stdout] test storage::tests::claimed_publish_writes_new_files_and_never_clobbers ... ok
[INFO] [stdout] test storage::tests::reads_and_replacements_refuse_symlinks ... ok
[INFO] [stdout] test storage::tests::shared_files_get_the_same_mode_as_normally_created_files ... ok
[INFO] [stdout] test storage::tests::symlink_chains_up_to_the_kernel_limit_resolve ... ok
[INFO] [stdout] test storage::tests::symlinks_resolve_through_relative_chains_and_cycles_fail ... ok
[INFO] [stdout] test storage::tests::unreadable_directory_does_not_fail_a_published_write ... ok
[INFO] [stdout] test storage::tests::writes_remove_interrupted_staging_files_for_the_same_destination ... ok
[INFO] [stdout] test vault::tests::test_encode_writes_the_sorted_layout_of_earlier_versions ... ok
[INFO] [stdout] test session::tests::test_vault_modifications_persist ... ok
[INFO] [stdout] test vault::tests::test_entry_empty_key ... ok
[INFO] [stdout] test vault::tests::test_entry_empty_value ... ok
[INFO] [stdout] test vault::tests::test_entry_key_exceeds_max_length ... ok
[INFO] [stdout] test vault::tests::test_entry_key_with_null_bytes ... ok
[INFO] [stdout] test vault::tests::test_entry_max_length_keys ... ok
[INFO] [stdout] test vault::tests::test_entry_sanitize ... ok
[INFO] [stdout] test vault::tests::test_entry_valid ... ok
[INFO] [stdout] test vault::tests::test_entry_value_exceeds_max_length ... ok
[INFO] [stdout] test vault::tests::test_entry_value_with_null_bytes ... ok
[INFO] [stdout] test vault::tests::test_unrepresentable_lock_timeout_waits_instead_of_panicking ... ok
[INFO] [stdout] test vault::tests::test_vault_add_duplicate_entry ... ok
[INFO] [stdout] test vault::tests::test_vault_add_entry ... ok
[INFO] [stdout] test vault::tests::test_vault_add_invalid_entry ... ok
[INFO] [stdout] test vault::tests::test_vault_add_updates_timestamp ... ok
[INFO] [stdout] test vault::tests::test_vault_can_be_shared_across_threads ... ok
[INFO] [stdout] test vault::tests::test_vault_check_exists ... ok
[INFO] [stdout] test vault::tests::test_vault_corrupted_json_error_type ... ok
[INFO] [stdout] test vault::tests::test_vault_default ... ok
[INFO] [stdout] test vault::tests::test_vault_entry_count ... ok
[INFO] [stdout] test vault::tests::test_vault_error_messages ... ok
[INFO] [stdout] test vault::tests::test_vault_get_entry ... ok
[INFO] [stdout] test vault::tests::test_vault_get_nonexistent_entry ... ok
[INFO] [stdout] test vault::tests::test_vault_get_updates_access_time ... ok
[INFO] [stdout] test vault::tests::test_vault_hmac_changes_on_modification ... ok
[INFO] [stdout] test vault::tests::test_vault_hmac_computation ... ok
[INFO] [stdout] test vault::tests::test_vault_hmac_mismatch_detection ... ignored
[INFO] [stdout] test vault::tests::test_vault_hmac_verification ... ok
[INFO] [stdout] test vault::tests::test_vault_is_encrypted_plain ... ok
[INFO] [stdout] test vault::tests::test_vault_list_entries ... ok
[INFO] [stdout] test vault::tests::test_vault_load_corrupted_json ... ignored
[INFO] [stdout] test vault::tests::test_vault_load_empty_file ... ignored
[INFO] [stdout] test vault::tests::test_vault_load_partial_json ... ignored
[INFO] [stdout] test vault::tests::test_vault_multiple_entries_serialization ... ok
[INFO] [stdout] test vault::tests::test_vault_new ... ok
[INFO] [stdout] test vault::tests::test_vault_remove_entry ... ok
[INFO] [stdout] test vault::tests::test_vault_remove_nonexistent_entry ... ok
[INFO] [stdout] test vault::tests::test_vault_remove_updates_timestamp ... ok
[INFO] [stdout] test vault::tests::test_vault_save_and_load ... ok
[INFO] [stdout] test vault::tests::test_vault_search_case_insensitive ... ok
[INFO] [stdout] test vault::tests::test_vault_search_entries_by_key ... ok
[INFO] [stdout] test vault::tests::test_vault_search_entries_by_value ... ok
[INFO] [stdout] test vault::tests::test_vault_serialization ... ok
[INFO] [stdout] test vault::tests::test_vault_special_characters ... ok
[INFO] [stdout] test vault::tests::test_vault_timestamps ... ok
[INFO] [stdout] test vault::tests::test_vault_update_entry ... ok
[INFO] [stdout] test vault::tests::test_vault_update_invalid_value ... ok
[INFO] [stdout] test vault::tests::test_vault_update_nonexistent_entry ... ok
[INFO] [stdout] test vault::tests::test_vault_whitespace_preservation ... ok
[INFO] [stdout] test vault::tests::test_encryption_detection_treats_empty_and_json_as_plaintext ... ok
[INFO] [stdout] test crypto::tests::test_encrypt_decrypt ... ok
[INFO] [stdout] test crypto::tests::test_attempt_counter_operations ... ok
[INFO] [stdout] test crypto::tests::test_different_salts ... ok
[INFO] [stdout] test crypto::tests::test_decrypt_wrong_password ... ok
[INFO] [stdout] test crypto::tests::test_rate_limit_max_attempts has been running for over 60 seconds
[INFO] [stdout] test crypto::tests::test_rate_limit_reset_on_success has been running for over 60 seconds
[INFO] [stdout] test crypto::tests::test_rate_limit_max_attempts ... ok
[INFO] [stdout] test crypto::tests::test_rate_limit_reset_on_success ... ok
[INFO] [stdout] 
[INFO] [stdout] test result: ok. 161 passed; 0 failed; 4 ignored; 0 measured; 0 filtered out; finished in 138.92s
[INFO] [stdout] 
[INFO] [stdout] 
[INFO] [stderr]      Running unittests src/main.rs (/opt/rustwide/target/debug/build/keyrex/2491839efd3cfc9f/out/keyrex-2491839efd3cfc9f)
[INFO] [stdout] running 0 tests
[INFO] [stderr]      Running tests/filesystem_tests.rs (/opt/rustwide/target/debug/build/keyrex/e50ff4187dcb773a/out/filesystem_tests-e50ff4187dcb773a)
[INFO] [stdout] 
[INFO] [stdout] test result: ok. 0 passed; 0 failed; 0 ignored; 0 measured; 0 filtered out; finished in 0.00s
[INFO] [stdout] 
[INFO] [stdout] 
[INFO] [stdout] running 27 tests
[INFO] [stdout] test test_error_message_security ... ok
[INFO] [stdout] test common::tests::test_with_test_env_helper ... ok
[INFO] [stdout] test common::tests::test_environment_creation ... ok
[INFO] [stdout] test common::tests::test_environment_isolation ... ok
[INFO] [stdout] test common::tests::test_environment_cleanup ... ok
[INFO] [stdout] test test_file_permissions_set_correctly ... ok
[INFO] [stdout] test test_atomic_write_protection ... ok
[INFO] [stdout] test test_load_corrupted_json ... ok
[INFO] [stdout] test test_json_with_unicode ... ok
[INFO] [stdout] test test_load_empty_file ... ok
[INFO] [stdout] test test_load_nonexistent_vault ... ok
[INFO] [stdout] test test_load_partial_json ... ok
[INFO] [stdout] test test_hmac_tampering_detection ... ok
[INFO] [stdout] test test_null_byte_rejection ... ok
[INFO] [stdout] test test_malformed_timestamp_handling ... ok
[INFO] [stdout] test test_missing_parent_directory ... ok
[INFO] [stdout] test test_lock_prevents_corruption ... ok
[INFO] [stdout] test test_special_characters_in_paths ... ok
[INFO] [stdout] test test_large_vault_handling ... ok
[INFO] [stdout] test test_vault_size_limits ... ok
[INFO] [stdout] test test_symlinked_vault_is_updated_through_the_link ... ok
[INFO] [stdout] test test_stale_save_does_not_overwrite_newer_vault ... ok
[INFO] [stdout] test test_reads_never_invalidate_a_loaded_writer ... ok
[INFO] [stdout] test test_concurrent_cli_reads_all_succeed ... ok
[INFO] [stdout] test test_sequential_write_safety ... ok
[INFO] [stdout] test test_concurrent_reads ... ok
[INFO] [stdout] test test_file_descriptor_cleanup ... ok
[INFO] [stderr]      Running tests/integration_test.rs (/opt/rustwide/target/debug/build/keyrex/dc1f5aaff41c1977/out/integration_test-dc1f5aaff41c1977)
[INFO] [stdout] 
[INFO] [stdout] test result: ok. 27 passed; 0 failed; 0 ignored; 0 measured; 0 filtered out; finished in 0.98s
[INFO] [stdout] 
[INFO] [stdout] 
[INFO] [stdout] running 14 tests
[INFO] [stdout] test common::tests::test_environment_cleanup ... ok
[INFO] [stdout] test common::tests::test_with_test_env_helper ... ok
[INFO] [stdout] test common::tests::test_environment_isolation ... ok
[INFO] [stdout] test common::tests::test_environment_creation ... ok
[INFO] [stdout] test test_keys_command_lists_plain_vault_keys ... ok
[INFO] [stdout] test test_automatic_cleanup_after_test ... ok
[INFO] [stdout] test test_config_file_contains_correct_path ... ok
[INFO] [stdout] test test_vault_creation_with_config ... ok
[INFO] [stdout] test test_vault_operations_with_config_isolation ... ok
[INFO] [stdout] test test_multiple_tests_dont_interfere ... ok
[INFO] [stdout] test test_completions_bypass_invalid_vault_configuration ... ok
[INFO] [stdout] test test_completion_install_detects_shell_and_is_idempotent ... ok
[INFO] [stdout] test test_completion_install_uses_per_shell_user_paths ... ok
[INFO] [stdout] test test_keys_command_is_quiet_for_encrypted_vault ... ok
[INFO] [stdout] 
[INFO] [stdout] test result: ok. 14 passed; 0 failed; 0 ignored; 0 measured; 0 filtered out; finished in 6.24s
[INFO] [stdout] 
[INFO] [stderr]      Running tests/security_tests.rs (/opt/rustwide/target/debug/build/keyrex/a3c6110505be2959/out/security_tests-a3c6110505be2959)
[INFO] [stdout] 
[INFO] [stdout] running 15 tests
[INFO] [stdout] test test_multiple_zeroization_safe ... ok
[INFO] [stdout] test test_clipboard_unavailable_handling ... ok
[INFO] [stdout] test test_password_string_zeroization ... ok
[INFO] [stdout] test test_secret_string_protection ... ok
[INFO] [stdout] test test_password_not_in_error_messages ... ok
[INFO] [stdout] test test_sensitive_data_not_logged ... ok
[INFO] [stdout] test test_vector_zeroization ... ok
[INFO] [stdout] test test_password_bytes_zeroization ... ok
[INFO] [stdout] test test_weak_password_rejection ... ok
[INFO] [stdout] test test_session_password_lifecycle ... ok
[INFO] [stdout] test test_empty_password_handling ... ok
[INFO] [stdout] test test_failed_password_zeroized ... ok
[INFO] [stdout] test test_key_derivation_memory_safety ... ok
[INFO] [stdout] test test_password_comparison_timing ... ok
[INFO] [stdout] test test_secure_random_generation ... ok
[INFO] [stderr]      Running tests/tagging_tests.rs (/opt/rustwide/target/debug/build/keyrex/007de5796f6b0c97/out/tagging_tests-007de5796f6b0c97)
[INFO] [stdout] 
[INFO] [stdout] test result: ok. 15 passed; 0 failed; 0 ignored; 0 measured; 0 filtered out; finished in 53.47s
[INFO] [stdout] 
[INFO] [stdout] 
[INFO] [stdout] running 11 tests
[INFO] [stdout] test common::tests::test_environment_cleanup ... ok
[INFO] [stdout] test common::tests::test_environment_isolation ... ok
[INFO] [stdout] test common::tests::test_with_test_env_helper ... ok
[INFO] [stdout] test common::tests::test_environment_creation ... ok
[INFO] [stdout] test legacy_vault_checksum_and_tag_integrity ... ok
[INFO] [stdout] test tag_validation_and_noop_timestamps ... ok
[INFO] [stdout] test tag_failures_leave_vault_unchanged ... ok
[INFO] [stdout] test tag_names_with_spaces_unicode_and_reserved_commands ... ok
[INFO] [stdout] test tag_cli_lifecycle_and_secret_visibility ... ok
[INFO] [stdout] test encrypted_vault_from_previous_dependencies_remains_readable ... FAILED
[INFO] [stdout] test encrypted_tag_commands_preserve_encryption_and_memberships has been running for over 60 seconds
[INFO] [stdout] test encrypted_tag_commands_preserve_encryption_and_memberships ... ok
[INFO] [stdout] 
[INFO] [stdout] failures:
[INFO] [stdout] 
[INFO] [stdout] ---- encrypted_vault_from_previous_dependencies_remains_readable stdout ----
[INFO] [stdout] Invalid password. 4 attempts remaining. Waiting 1 second...
[INFO] [stdout] 
[INFO] [stdout] thread 'encrypted_vault_from_previous_dependencies_remains_readable' (1918) panicked at tests/tagging_tests.rs:199:53:
[INFO] [stdout] called `Result::unwrap()` on an `Err` value: EncryptionError(DecryptionFailed)
[INFO] [stdout] stack backtrace:
[INFO] [stdout]    0:     0x615a8555a0c1 - std[617be2ca0a6fd877]::backtrace_rs::backtrace::libunwind::trace
[INFO] [stdout]                                at /rustc/e3feeb59cd1bdd011a2bfcc0747b55125d9b8527/library/std/src/../../backtrace/src/backtrace/libunwind.rs:117:9
[INFO] [stdout]    1:     0x615a8555a0c1 - std[617be2ca0a6fd877]::backtrace_rs::backtrace::trace_unsynchronized::<std[617be2ca0a6fd877]::sys::backtrace::_print_fmt::{closure#1}>
[INFO] [stdout]                                at /rustc/e3feeb59cd1bdd011a2bfcc0747b55125d9b8527/library/std/src/../../backtrace/src/backtrace/mod.rs:66:14
[INFO] [stdout]    2:     0x615a8555a0c1 - std[617be2ca0a6fd877]::sys::backtrace::_print_fmt
[INFO] [stdout]                                at /rustc/e3feeb59cd1bdd011a2bfcc0747b55125d9b8527/library/std/src/sys/backtrace.rs:74:9
[INFO] [stdout]    3:     0x615a8555a0c1 - <<std[617be2ca0a6fd877]::sys::backtrace::BacktraceLock>::print::DisplayBacktrace as core[a373ad73a504971]::fmt::Display>::fmt
[INFO] [stdout]                                at /rustc/e3feeb59cd1bdd011a2bfcc0747b55125d9b8527/library/std/src/sys/backtrace.rs:44:26
[INFO] [stdout]    4:     0x615a85571c3a - <core[a373ad73a504971]::fmt::rt::Argument>::fmt
[INFO] [stdout]                                at /rustc/e3feeb59cd1bdd011a2bfcc0747b55125d9b8527/library/core/src/fmt/rt.rs:152:76
[INFO] [stdout]    5:     0x615a85571c3a - core[a373ad73a504971]::fmt::write
[INFO] [stdout]    6:     0x615a8555f79c - core[a373ad73a504971]::io::write::default_write_fmt::<alloc[2e1b2a31b91974c5]::vec::Vec<u8>>
[INFO] [stdout]                                at /rustc/e3feeb59cd1bdd011a2bfcc0747b55125d9b8527/library/core/src/io/write.rs:402:11
[INFO] [stdout]    7:     0x615a8555f79c - <alloc[2e1b2a31b91974c5]::vec::Vec<u8> as core[a373ad73a504971]::io::write::Write>::write_fmt
[INFO] [stdout]                                at /rustc/e3feeb59cd1bdd011a2bfcc0747b55125d9b8527/library/core/src/io/write.rs:335:13
[INFO] [stdout]    8:     0x615a855322f6 - <std[617be2ca0a6fd877]::sys::backtrace::BacktraceLock>::print
[INFO] [stdout]                                at /rustc/e3feeb59cd1bdd011a2bfcc0747b55125d9b8527/library/std/src/sys/backtrace.rs:47:9
[INFO] [stdout]    9:     0x615a855322f6 - std[617be2ca0a6fd877]::panicking::default_hook::{closure#0}
[INFO] [stdout]                                at /rustc/e3feeb59cd1bdd011a2bfcc0747b55125d9b8527/library/std/src/panicking.rs:289:27
[INFO] [stdout]   10:     0x615a85550869 - std[617be2ca0a6fd877]::panicking::default_hook
[INFO] [stdout]                                at /rustc/e3feeb59cd1bdd011a2bfcc0747b55125d9b8527/library/std/src/panicking.rs:313:9
[INFO] [stdout]   11:     0x615a851c4f10 - <alloc[2e1b2a31b91974c5]::boxed::Box<dyn for<'a, 'b> core[a373ad73a504971]::ops::function::Fn<(&'a std[617be2ca0a6fd877]::panic::PanicHookInfo<'b>,), Output = ()> + core[a373ad73a504971]::marker::Sync + core[a373ad73a504971]::marker::Send> as core[a373ad73a504971]::ops::function::Fn<(&std[617be2ca0a6fd877]::panic::PanicHookInfo,)>>::call
[INFO] [stdout]                                at /rustc/e3feeb59cd1bdd011a2bfcc0747b55125d9b8527/library/alloc/src/boxed.rs:2328:9
[INFO] [stdout]   12:     0x615a851c4f10 - test[aada8e7e76ba119b]::test_main_inner::{closure#0}
[INFO] [stdout]                                at /rustc/e3feeb59cd1bdd011a2bfcc0747b55125d9b8527/library/test/src/lib.rs:137:21
[INFO] [stdout]   13:     0x615a85550a22 - <alloc[2e1b2a31b91974c5]::boxed::Box<dyn for<'a, 'b> core[a373ad73a504971]::ops::function::Fn<(&'a std[617be2ca0a6fd877]::panic::PanicHookInfo<'b>,), Output = ()> + core[a373ad73a504971]::marker::Sync + core[a373ad73a504971]::marker::Send> as core[a373ad73a504971]::ops::function::Fn<(&std[617be2ca0a6fd877]::panic::PanicHookInfo,)>>::call
[INFO] [stdout]                                at /rustc/e3feeb59cd1bdd011a2bfcc0747b55125d9b8527/library/alloc/src/boxed.rs:2328:9
[INFO] [stdout]   14:     0x615a85550a22 - std[617be2ca0a6fd877]::panicking::panic_with_hook
[INFO] [stdout]                                at /rustc/e3feeb59cd1bdd011a2bfcc0747b55125d9b8527/library/std/src/panicking.rs:819:13
[INFO] [stdout]   15:     0x615a855323a2 - std[617be2ca0a6fd877]::panicking::panic_handler::{closure#0}
[INFO] [stdout]                                at /rustc/e3feeb59cd1bdd011a2bfcc0747b55125d9b8527/library/std/src/panicking.rs:685:13
[INFO] [stdout]   16:     0x615a8552ab99 - std[617be2ca0a6fd877]::sys::backtrace::__rust_end_short_backtrace::<std[617be2ca0a6fd877]::panicking::panic_handler::{closure#0}, !>
[INFO] [stdout]                                at /rustc/e3feeb59cd1bdd011a2bfcc0747b55125d9b8527/library/std/src/sys/backtrace.rs:182:18
[INFO] [stdout]   17:     0x615a8553330d - __rustc[ea4f61d10b84890b]::rust_begin_unwind
[INFO] [stdout]                                at /rustc/e3feeb59cd1bdd011a2bfcc0747b55125d9b8527/library/std/src/panicking.rs:676:5
[INFO] [stdout]   18:     0x615a8557248c - core[a373ad73a504971]::panicking::panic_fmt
[INFO] [stdout]                                at /rustc/e3feeb59cd1bdd011a2bfcc0747b55125d9b8527/library/core/src/panicking.rs:80:14
[INFO] [stdout]   19:     0x615a855721b2 - core[a373ad73a504971]::result::unwrap_failed
[INFO] [stdout]                                at /rustc/e3feeb59cd1bdd011a2bfcc0747b55125d9b8527/library/core/src/result.rs:1870:5
[INFO] [stdout]   20:     0x615a851b7c0e - <core[a373ad73a504971]::result::Result<keyrex[ac8ca30a7bb2fb44]::vault::Vault, keyrex[ac8ca30a7bb2fb44]::vault::VaultError>>::unwrap
[INFO] [stdout]                                at /rustc/e3feeb59cd1bdd011a2bfcc0747b55125d9b8527/library/core/src/result.rs:1232:23
[INFO] [stdout]   21:     0x615a851b7c0e - tagging_tests[669a925fac8182f8]::encrypted_vault_from_previous_dependencies_remains_readable
[INFO] [stdout]                                at /opt/rustwide/workdir/tests/tagging_tests.rs:199:53
[INFO] [stdout]   22:     0x615a851af3a7 - tagging_tests[669a925fac8182f8]::encrypted_vault_from_previous_dependencies_remains_readable::{closure#0}
[INFO] [stdout]                                at /opt/rustwide/workdir/tests/tagging_tests.rs:188:65
[INFO] [stdout]   23:     0x615a851af1e6 - <tagging_tests[669a925fac8182f8]::encrypted_vault_from_previous_dependencies_remains_readable::{closure#0} as core[a373ad73a504971]::ops::function::FnOnce<()>>::call_once
[INFO] [stdout]                                at /rustc/e3feeb59cd1bdd011a2bfcc0747b55125d9b8527/library/core/src/ops/function.rs:250:5
[INFO] [stdout]   24:     0x615a851b835b - <fn() -> core[a373ad73a504971]::result::Result<(), alloc[2e1b2a31b91974c5]::string::String> as core[a373ad73a504971]::ops::function::FnOnce<()>>::call_once
[INFO] [stdout]                                at /rustc/e3feeb59cd1bdd011a2bfcc0747b55125d9b8527/library/core/src/ops/function.rs:250:5
[INFO] [stdout]   25:     0x615a851b835b - test[aada8e7e76ba119b]::__rust_begin_short_backtrace::<core[a373ad73a504971]::result::Result<(), alloc[2e1b2a31b91974c5]::string::String>, fn() -> core[a373ad73a504971]::result::Result<(), alloc[2e1b2a31b91974c5]::string::String>>
[INFO] [stdout]                                at /rustc/e3feeb59cd1bdd011a2bfcc0747b55125d9b8527/library/test/src/lib.rs:701:18
[INFO] [stdout]   26:     0x615a851c5535 - test[aada8e7e76ba119b]::run_test_in_process::{closure#0}
[INFO] [stdout]                                at /rustc/e3feeb59cd1bdd011a2bfcc0747b55125d9b8527/library/test/src/lib.rs:724:74
[INFO] [stdout]   27:     0x615a851c5535 - <core[a373ad73a504971]::panic::unwind_safe::AssertUnwindSafe<test[aada8e7e76ba119b]::run_test_in_process::{closure#0}> as core[a373ad73a504971]::ops::function::FnOnce<()>>::call_once
[INFO] [stdout]                                at /rustc/e3feeb59cd1bdd011a2bfcc0747b55125d9b8527/library/core/src/panic/unwind_safe.rs:275:9
[INFO] [stdout]   28:     0x615a851c5535 - std[617be2ca0a6fd877]::panicking::catch_unwind::do_call::<core[a373ad73a504971]::panic::unwind_safe::AssertUnwindSafe<test[aada8e7e76ba119b]::run_test_in_process::{closure#0}>, core[a373ad73a504971]::result::Result<(), alloc[2e1b2a31b91974c5]::string::String>>
[INFO] [stdout]                                at /rustc/e3feeb59cd1bdd011a2bfcc0747b55125d9b8527/library/std/src/panicking.rs:573:43
[INFO] [stdout]   29:     0x615a851c5535 - std[617be2ca0a6fd877]::panicking::catch_unwind::<core[a373ad73a504971]::result::Result<(), alloc[2e1b2a31b91974c5]::string::String>, core[a373ad73a504971]::panic::unwind_safe::AssertUnwindSafe<test[aada8e7e76ba119b]::run_test_in_process::{closure#0}>>
[INFO] [stdout]                                at /rustc/e3feeb59cd1bdd011a2bfcc0747b55125d9b8527/library/std/src/panicking.rs:541:19
[INFO] [stdout]   30:     0x615a851c5535 - std[617be2ca0a6fd877]::panic::catch_unwind::<core[a373ad73a504971]::panic::unwind_safe::AssertUnwindSafe<test[aada8e7e76ba119b]::run_test_in_process::{closure#0}>, core[a373ad73a504971]::result::Result<(), alloc[2e1b2a31b91974c5]::string::String>>
[INFO] [stdout]                                at /rustc/e3feeb59cd1bdd011a2bfcc0747b55125d9b8527/library/std/src/panic.rs:359:14
[INFO] [stdout]   31:     0x615a851c5535 - test[aada8e7e76ba119b]::run_test_in_process
[INFO] [stdout]                                at /rustc/e3feeb59cd1bdd011a2bfcc0747b55125d9b8527/library/test/src/lib.rs:724:27
[INFO] [stdout]   32:     0x615a851c5535 - test[aada8e7e76ba119b]::run_test::{closure#0}
[INFO] [stdout]                                at /rustc/e3feeb59cd1bdd011a2bfcc0747b55125d9b8527/library/test/src/lib.rs:645:43
[INFO] [stdout]   33:     0x615a851bee24 - test[aada8e7e76ba119b]::run_test::{closure#1}
[INFO] [stdout]                                at /rustc/e3feeb59cd1bdd011a2bfcc0747b55125d9b8527/library/test/src/lib.rs:675:41
[INFO] [stdout]   34:     0x615a851bee24 - std[617be2ca0a6fd877]::sys::backtrace::__rust_begin_short_backtrace::<test[aada8e7e76ba119b]::run_test::{closure#1}, ()>
[INFO] [stdout]                                at /rustc/e3feeb59cd1bdd011a2bfcc0747b55125d9b8527/library/std/src/sys/backtrace.rs:166:18
[INFO] [stdout]   35:     0x615a851c85c2 - std[617be2ca0a6fd877]::thread::lifecycle::spawn_unchecked::<test[aada8e7e76ba119b]::run_test::{closure#1}, ()>::{closure#1}::{closure#0}
[INFO] [stdout]                                at /rustc/e3feeb59cd1bdd011a2bfcc0747b55125d9b8527/library/std/src/thread/lifecycle.rs:70:13
[INFO] [stdout]   36:     0x615a851c85c2 - <core[a373ad73a504971]::panic::unwind_safe::AssertUnwindSafe<std[617be2ca0a6fd877]::thread::lifecycle::spawn_unchecked<test[aada8e7e76ba119b]::run_test::{closure#1}, ()>::{closure#1}::{closure#0}> as core[a373ad73a504971]::ops::function::FnOnce<()>>::call_once
[INFO] [stdout]                                at /rustc/e3feeb59cd1bdd011a2bfcc0747b55125d9b8527/library/core/src/panic/unwind_safe.rs:275:9
[INFO] [stdout]   37:     0x615a851c85c2 - std[617be2ca0a6fd877]::panicking::catch_unwind::do_call::<core[a373ad73a504971]::panic::unwind_safe::AssertUnwindSafe<std[617be2ca0a6fd877]::thread::lifecycle::spawn_unchecked<test[aada8e7e76ba119b]::run_test::{closure#1}, ()>::{closure#1}::{closure#0}>, ()>
[INFO] [stdout]                                at /rustc/e3feeb59cd1bdd011a2bfcc0747b55125d9b8527/library/std/src/panicking.rs:573:43
[INFO] [stdout]   38:     0x615a851c85c2 - std[617be2ca0a6fd877]::panicking::catch_unwind::<(), core[a373ad73a504971]::panic::unwind_safe::AssertUnwindSafe<std[617be2ca0a6fd877]::thread::lifecycle::spawn_unchecked<test[aada8e7e76ba119b]::run_test::{closure#1}, ()>::{closure#1}::{closure#0}>>
[INFO] [stdout]                                at /rustc/e3feeb59cd1bdd011a2bfcc0747b55125d9b8527/library/std/src/panicking.rs:541:19
[INFO] [stdout]   39:     0x615a851c85c2 - std[617be2ca0a6fd877]::panic::catch_unwind::<core[a373ad73a504971]::panic::unwind_safe::AssertUnwindSafe<std[617be2ca0a6fd877]::thread::lifecycle::spawn_unchecked<test[aada8e7e76ba119b]::run_test::{closure#1}, ()>::{closure#1}::{closure#0}>, ()>
[INFO] [stdout]                                at /rustc/e3feeb59cd1bdd011a2bfcc0747b55125d9b8527/library/std/src/panic.rs:359:14
[INFO] [stdout]   40:     0x615a851c85c2 - std[617be2ca0a6fd877]::thread::lifecycle::spawn_unchecked::<test[aada8e7e76ba119b]::run_test::{closure#1}, ()>::{closure#1}
[INFO] [stdout]                                at /rustc/e3feeb59cd1bdd011a2bfcc0747b55125d9b8527/library/std/src/thread/lifecycle.rs:68:26
[INFO] [stdout]   41:     0x615a851c85c2 - <std[617be2ca0a6fd877]::thread::lifecycle::spawn_unchecked<test[aada8e7e76ba119b]::run_test::{closure#1}, ()>::{closure#1} as core[a373ad73a504971]::ops::function::FnOnce<()>>::call_once::{shim:vtable#0}
[INFO] [stdout]                                at /rustc/e3feeb59cd1bdd011a2bfcc0747b55125d9b8527/library/core/src/ops/function.rs:250:5
[INFO] [stdout]   42:     0x615a85558b7f - <alloc[2e1b2a31b91974c5]::boxed::Box<dyn core[a373ad73a504971]::ops::function::FnOnce<(), Output = ()> + core[a373ad73a504971]::marker::Send> as core[a373ad73a504971]::ops::function::FnOnce<()>>::call_once
[INFO] [stdout]                                at /rustc/e3feeb59cd1bdd011a2bfcc0747b55125d9b8527/library/alloc/src/boxed.rs:2314:9
[INFO] [stdout]   43:     0x615a85558b7f - <std[617be2ca0a6fd877]::sys::thread::unix::Thread>::new::thread_start
[INFO] [stdout]                                at /rustc/e3feeb59cd1bdd011a2bfcc0747b55125d9b8527/library/std/src/sys/thread/unix.rs:127:17
[INFO] [stdout]   44:     0x73508b10edfa - <unknown>
[INFO] [stdout]   45:     0x73508b1a23d4 - clone
[INFO] [stdout]   46:                0x0 - <unknown>
[INFO] [stdout] 
[INFO] [stdout] 
[INFO] [stdout] failures:
[INFO] [stdout]     encrypted_vault_from_previous_dependencies_remains_readable
[INFO] [stdout] 
[INFO] [stdout] test result: FAILED. 10 passed; 1 failed; 0 ignored; 0 measured; 0 filtered out; finished in 75.12s
[INFO] [stdout] 
[INFO] [stderr] error: test failed, to rerun pass `--test tagging_tests`
[INFO] running `Command { std: "docker" "inspect" "73c2f232af4dc68ab4f945738756bbe2738f8b627e4621d1840d199722f65b84", kill_on_drop: false }`
[INFO] running `Command { std: "docker" "rm" "-f" "73c2f232af4dc68ab4f945738756bbe2738f8b627e4621d1840d199722f65b84", kill_on_drop: false }`
[INFO] [stdout] 73c2f232af4dc68ab4f945738756bbe2738f8b627e4621d1840d199722f65b84
