[INFO] cloning repository https://github.com/snylonue/dex-router
[INFO] running `Command { std: "git" "-c" "credential.helper=" "-c" "credential.helper=/workspace/cargo-home/bin/git-credential-null" "clone" "--bare" "https://github.com/snylonue/dex-router" "/workspace/cache/git-repos/https%3A%2F%2Fgithub.com%2Fsnylonue%2Fdex-router", kill_on_drop: false }`
[INFO] [stderr] Cloning into bare repository '/workspace/cache/git-repos/https%3A%2F%2Fgithub.com%2Fsnylonue%2Fdex-router'...
[INFO] running `Command { std: "git" "rev-parse" "HEAD", kill_on_drop: false }`
[INFO] [stdout] c779e24a7bf86811de54954fa9b4e5fad8338ca3
[INFO] testing snylonue/dex-router against 1.100.0-beta.1 for beta-1.100-2
[INFO] running `Command { std: "git" "clone" "/workspace/cache/git-repos/https%3A%2F%2Fgithub.com%2Fsnylonue%2Fdex-router" "/workspace/builds/worker-3-tc2/source", kill_on_drop: false }`
[INFO] [stderr] Cloning into '/workspace/builds/worker-3-tc2/source'...
[INFO] [stderr] done.
[INFO] started tweaking git repo https://github.com/snylonue/dex-router
[INFO] finished tweaking git repo https://github.com/snylonue/dex-router
[INFO] tweaked toml for git repo https://github.com/snylonue/dex-router written to /workspace/builds/worker-3-tc2/source/Cargo.toml
[INFO] validating manifest of git repo https://github.com/snylonue/dex-router on toolchain 1.100.0-beta.1
[INFO] running `Command { std: CARGO_HOME="/workspace/cargo-home" RUSTUP_HOME="/workspace/rustup-home" "/workspace/cargo-home/bin/cargo" "+1.100.0-beta.1" "metadata" "--manifest-path" "Cargo.toml" "--no-deps", kill_on_drop: false }`
[INFO] crate git repo https://github.com/snylonue/dex-router already has a lockfile, it will not be regenerated
[INFO] running `Command { std: CARGO_HOME="/workspace/cargo-home" RUSTUP_HOME="/workspace/rustup-home" "/workspace/cargo-home/bin/cargo" "+1.100.0-beta.1" "fetch" "--manifest-path" "Cargo.toml", kill_on_drop: false }`
[INFO] [stderr]     Blocking waiting for file lock on package cache
[INFO] [stderr]     Blocking waiting for file lock on package cache
[INFO] running `Command { std: "docker" "create" "-v" "/var/lib/crater-agent-workspace/builds/worker-3-tc2/source:/opt/rustwide/workdir:ro,Z" "-v" "/var/lib/crater-agent-workspace/builds/worker-3-tc2/target:/opt/rustwide/target:rw,Z" "-v" "/var/lib/crater-agent-workspace/cargo-home:/opt/rustwide/cargo-home:ro,Z" "-v" "/var/lib/crater-agent-workspace/rustup-home:/opt/rustwide/rustup-home:ro,Z" "-m" "1610612736" "--network" "none" "ghcr.io/rust-lang/crates-build-env/linux@sha256:3111399a4047eeb3a02b7a90e478d715f38a8c6669b5c4b49d30a17385265909" "sleep" "infinity", kill_on_drop: false }`
[INFO] [stdout] 1bb3ca1cd12046196a74d5e4bf2d226cd0e45b6b0eec74783493f93881537c99
[INFO] running `Command { std: "docker" "start" "1bb3ca1cd12046196a74d5e4bf2d226cd0e45b6b0eec74783493f93881537c99", kill_on_drop: false }`
[INFO] running `Command { std: "docker" "inspect" "1bb3ca1cd12046196a74d5e4bf2d226cd0e45b6b0eec74783493f93881537c99", kill_on_drop: false }`
[INFO] running `Command { std: "docker" "exec" "-e" "SOURCE_DIR=/opt/rustwide/workdir" "-e" "CARGO_HOME=/opt/rustwide/cargo-home" "-e" "RUSTUP_HOME=/opt/rustwide/rustup-home" "-e" "CARGO_TARGET_DIR=/opt/rustwide/target" "-w" "/opt/rustwide/workdir" "--user" "0:0" "1bb3ca1cd12046196a74d5e4bf2d226cd0e45b6b0eec74783493f93881537c99" "/opt/rustwide/cargo-home/bin/cargo" "+1.100.0-beta.1" "metadata" "--no-deps" "--format-version=1", kill_on_drop: false }`
[INFO] running `Command { std: "docker" "inspect" "1bb3ca1cd12046196a74d5e4bf2d226cd0e45b6b0eec74783493f93881537c99", kill_on_drop: false }`
[INFO] running `Command { std: "docker" "exec" "-e" "SOURCE_DIR=/opt/rustwide/workdir" "-e" "CARGO_HOME=/opt/rustwide/cargo-home" "-e" "RUSTUP_HOME=/opt/rustwide/rustup-home" "-e" "CARGO_TARGET_DIR=/opt/rustwide/target" "-e" "CARGO_INCREMENTAL=0" "-e" "RUST_BACKTRACE=full" "-e" "RUSTFLAGS=--cap-lints=warn" "-e" "RUSTDOCFLAGS=--cap-lints=warn" "-w" "/opt/rustwide/workdir" "--user" "0:0" "1bb3ca1cd12046196a74d5e4bf2d226cd0e45b6b0eec74783493f93881537c99" "/opt/rustwide/cargo-home/bin/cargo" "+1.100.0-beta.1" "build" "--frozen" "--message-format=json", kill_on_drop: false }`
[INFO] [stderr]    Compiling unicode-ident v1.0.22
[INFO] [stderr]    Compiling quote v1.0.44
[INFO] [stderr]    Compiling libc v0.2.180
[INFO] [stderr]    Compiling serde_core v1.0.228
[INFO] [stderr]    Compiling subtle v2.6.1
[INFO] [stderr]    Compiling const-oid v0.9.6
[INFO] [stderr]    Compiling paste v1.0.15
[INFO] [stderr]    Compiling generic-array v0.14.9
[INFO] [stderr]    Compiling num-traits v0.2.19
[INFO] [stderr]    Compiling unicode-segmentation v1.13.2
[INFO] [stderr]    Compiling ruint-macro v1.2.1
[INFO] [stderr]    Compiling unicode-xid v0.2.6
[INFO] [stderr]    Compiling keccak v0.1.6
[INFO] [stderr]    Compiling proc-macro2 v1.0.106
[INFO] [stderr]    Compiling bigdecimal v0.4.10
[INFO] [stderr]    Compiling base16ct v0.2.0
[INFO] [stderr]    Compiling serde v1.0.228
[INFO] [stderr]    Compiling arrayvec v0.7.6
[INFO] [stderr]    Compiling foldhash v0.2.0
[INFO] [stderr]    Compiling rustc-hash v2.1.2
[INFO] [stderr]    Compiling der v0.7.10
[INFO] [stderr]    Compiling memchr v2.7.6
[INFO] [stderr]    Compiling tracing-core v0.1.36
[INFO] [stderr]    Compiling serde_json v1.0.149
[INFO] [stderr]    Compiling convert_case v0.10.0
[INFO] [stderr]    Compiling winnow v0.7.14
[INFO] [stderr]    Compiling hashbrown v0.16.1
[INFO] [stderr]    Compiling zerocopy v0.8.37
[INFO] [stderr]    Compiling crc-catalog v2.4.0
[INFO] [stderr]    Compiling bitflags v2.10.0
[INFO] [stderr]    Compiling block-buffer v0.10.4
[INFO] [stderr]    Compiling crypto-common v0.1.6
[INFO] [stderr]    Compiling crc v3.4.0
[INFO] [stderr]    Compiling syn v2.0.114
[INFO] [stderr]    Compiling rustls v0.23.38
[INFO] [stderr]    Compiling digest v0.10.7
[INFO] [stderr]    Compiling proc-macro-error-attr2 v2.0.0
[INFO] [stderr]    Compiling futures-utils-wasm v0.1.0
[INFO] [stderr]    Compiling glob v0.3.3
[INFO] [stderr]    Compiling rustix v0.38.44
[INFO] [stderr]    Compiling indexmap v2.13.0
[INFO] [stderr]    Compiling webpki-roots v1.0.7
[INFO] [stderr]    Compiling hmac v0.12.1
[INFO] [stderr]    Compiling sha2 v0.10.9
[INFO] [stderr]    Compiling sha3 v0.10.8
[INFO] [stderr]    Compiling sec1 v0.7.3
[INFO] [stderr]    Compiling rfc6979 v0.4.0
[INFO] [stderr]    Compiling spki v0.7.3
[INFO] [stderr]    Compiling clang-sys v1.8.1
[INFO] [stderr]    Compiling sha1 v0.10.6
[INFO] [stderr]    Compiling num-integer v0.1.46
[INFO] [stderr]    Compiling matrixmultiply v0.3.10
[INFO] [stderr]    Compiling minimal-lexical v0.2.1
[INFO] [stderr]    Compiling anyhow v1.0.100
[INFO] [stderr]    Compiling rustix v1.1.3
[INFO] [stderr]    Compiling regex-syntax v0.8.8
[INFO] [stderr]    Compiling num-bigint v0.4.6
[INFO] [stderr]    Compiling linux-raw-sys v0.4.15
[INFO] [stderr]    Compiling webpki-roots v0.26.11
[INFO] [stderr]    Compiling slog v2.8.2
[INFO] [stderr]    Compiling libloading v0.8.9
[INFO] [stderr]    Compiling linux-raw-sys v0.11.0
[INFO] [stderr]    Compiling nom v7.1.3
[INFO] [stderr]    Compiling either v1.15.0
[INFO] [stderr]    Compiling rawpointer v0.2.1
[INFO] [stderr]    Compiling getrandom v0.2.17
[INFO] [stderr]    Compiling jobserver v0.1.34
[INFO] [stderr]    Compiling mio v1.1.1
[INFO] [stderr]    Compiling rand_core v0.6.4
[INFO] [stderr]    Compiling socket2 v0.6.3
[INFO] [stderr]    Compiling ff v0.13.1
[INFO] [stderr]    Compiling crypto-bigint v0.5.5
[INFO] [stderr]    Compiling signature v2.2.0
[INFO] [stderr]    Compiling group v0.13.0
[INFO] [stderr]    Compiling cc v1.2.60
[INFO] [stderr]    Compiling getrandom v0.3.4
[INFO] [stderr]    Compiling bimap v0.6.3
[INFO] [stderr]    Compiling rand_core v0.9.5
[INFO] [stderr]    Compiling bindgen v0.65.1
[INFO] [stderr]    Compiling home v0.5.12
[INFO] [stderr]    Compiling approx v0.5.1
[INFO] [stderr]    Compiling num-complex v0.4.6
[INFO] [stderr]    Compiling lazy_static v1.5.0
[INFO] [stderr]    Compiling peeking_take_while v0.1.2
[INFO] [stderr]    Compiling lazycell v1.3.0
[INFO] [stderr]    Compiling bitflags v1.3.2
[INFO] [stderr]    Compiling rustc-hash v1.1.0
[INFO] [stderr]    Compiling cmake v0.1.58
[INFO] [stderr]    Compiling dyn-clone v1.0.20
[INFO] [stderr]    Compiling time-macros v0.2.27
[INFO] [stderr]    Compiling const-hex v1.18.1
[INFO] [stderr]    Compiling ruint v1.17.2
[INFO] [stderr]    Compiling elliptic-curve v0.13.8
[INFO] [stderr]    Compiling aws-lc-sys v0.40.0
[INFO] [stderr]    Compiling which v4.4.2
[INFO] [stderr]    Compiling ndarray v0.16.1
[INFO] [stderr]    Compiling ecdsa v0.16.9
[INFO] [stderr]    Compiling cexpr v0.6.0
[INFO] [stderr]    Compiling aho-corasick v1.1.4
[INFO] [stderr]    Compiling regex-automata v0.4.14
[INFO] [stderr]    Compiling hashbrown v0.14.5
[INFO] [stderr]    Compiling k256 v0.13.4
[INFO] [stderr]    Compiling tempfile v3.25.0
[INFO] [stderr]    Compiling slog-async v2.8.0
[INFO] [stderr]    Compiling chrono v0.4.44
[INFO] [stderr]    Compiling time v0.3.47
[INFO] [stderr]    Compiling lru v0.16.4
[INFO] [stderr]    Compiling rand_xoshiro v0.7.0
[INFO] [stderr]    Compiling is-terminal v0.4.17
[INFO] [stderr]    Compiling term v1.2.1
[INFO] [stderr]    Compiling web-time v1.1.0
[INFO] [stderr]    Compiling take_mut v0.2.2
[INFO] [stderr]    Compiling anstream v1.0.0
[INFO] [stderr]    Compiling jiff v0.2.23
[INFO] [stderr]    Compiling ppv-lite86 v0.2.21
[INFO] [stderr]    Compiling synstructure v0.13.2
[INFO] [stderr]    Compiling syn-solidity v1.5.7
[INFO] [stderr]    Compiling macro-string v0.1.4
[INFO] [stderr]    Compiling proc-macro-error2 v2.0.1
[INFO] [stderr]    Compiling rand_chacha v0.9.0
[INFO] [stderr]    Compiling rand_chacha v0.3.1
[INFO] [stderr]    Compiling prettyplease v0.2.37
[INFO] [stderr]    Compiling rand v0.9.2
[INFO] [stderr]    Compiling rand v0.8.5
[INFO] [stderr]    Compiling regex v1.12.3
[INFO] [stderr]    Compiling serde_derive v1.0.228
[INFO] [stderr]    Compiling derive_more-impl v2.1.1
[INFO] [stderr]    Compiling alloy-rlp-derive v0.3.15
[INFO] [stderr]    Compiling thiserror-impl v2.0.18
[INFO] [stderr]    Compiling tracing-attributes v0.1.31
[INFO] [stderr]    Compiling zerofrom-derive v0.1.7
[INFO] [stderr]    Compiling yoke-derive v0.8.2
[INFO] [stderr]    Compiling auto_impl v1.3.0
[INFO] [stderr]    Compiling zerovec-derive v0.11.3
[INFO] [stderr]    Compiling displaydoc v0.2.5
[INFO] [stderr]    Compiling tokio-macros v2.6.0
[INFO] [stderr]    Compiling futures-macro v0.3.32
[INFO] [stderr]    Compiling num_enum_derive v0.7.6
[INFO] [stderr]    Compiling strum_macros v0.27.2
[INFO] [stderr]    Compiling thiserror v2.0.18
[INFO] [stderr]    Compiling async-trait v0.1.89
[INFO] [stderr]    Compiling pin-project-internal v1.1.11
[INFO] [stderr]    Compiling zerofrom v0.1.7
[INFO] [stderr]    Compiling async-stream-impl v0.3.6
[INFO] [stderr]    Compiling tracing v0.1.44
[INFO] [stderr]    Compiling yoke v0.8.2
[INFO] [stderr]    Compiling argmin-math v0.5.1
[INFO] [stderr]    Compiling futures-util v0.3.32
[INFO] [stderr]    Compiling num_enum v0.7.6
[INFO] [stderr]    Compiling zerovec v0.11.6
[INFO] [stderr]    Compiling zerotrie v0.2.4
[INFO] [stderr]    Compiling async-stream v0.3.6
[INFO] [stderr]    Compiling env_filter v1.0.1
[INFO] [stderr]    Compiling pin-project v1.1.11
[INFO] [stderr]    Compiling env_logger v0.11.10
[INFO] [stderr]    Compiling tinystr v0.8.3
[INFO] [stderr]    Compiling potential_utf v0.1.5
[INFO] [stderr]    Compiling icu_locale_core v2.2.0
[INFO] [stderr]    Compiling icu_collections v2.2.0
[INFO] [stderr]    Compiling bytes v1.11.0
[INFO] [stderr]    Compiling smallvec v1.15.1
[INFO] [stderr]    Compiling alloy-sol-type-parser v1.5.7
[INFO] [stderr]    Compiling parking_lot_core v0.9.12
[INFO] [stderr]    Compiling strum v0.27.2
[INFO] [stderr]    Compiling erased-serde v0.3.31
[INFO] [stderr]    Compiling alloy-rlp v0.3.13
[INFO] [stderr]    Compiling http v1.4.0
[INFO] [stderr]    Compiling darling_core v0.23.0
[INFO] [stderr]    Compiling tokio v1.49.0
[INFO] [stderr]    Compiling itertools v0.13.0
[INFO] [stderr]    Compiling parking_lot v0.12.5
[INFO] [stderr]    Compiling dashmap v6.1.0
[INFO] [stderr]    Compiling icu_provider v2.2.0
[INFO] [stderr]    Compiling derive_more v2.1.1
[INFO] [stderr]    Compiling http-body v1.0.1
[INFO] [stderr]    Compiling argmin v0.11.0
[INFO] [stderr]    Compiling alloy-primitives v1.5.7
[INFO] [stderr]    Compiling icu_properties v2.2.0
[INFO] [stderr]    Compiling icu_normalizer v2.2.0
[INFO] [stderr]    Compiling http-body-util v0.1.3
[INFO] [stderr]    Compiling slog-term v2.9.2
[INFO] [stderr]    Compiling nybbles v0.4.8
[INFO] [stderr]    Compiling futures-executor v0.3.32
[INFO] [stderr]    Compiling futures v0.3.32
[INFO] [stderr]    Compiling alloy-json-abi v1.5.7
[INFO] [stderr]    Compiling idna_adapter v1.2.1
[INFO] [stderr]    Compiling darling_macro v0.23.0
[INFO] [stderr]    Compiling idna v1.1.0
[INFO] [stderr]    Compiling darling v0.23.0
[INFO] [stderr]    Compiling serde_with_macros v3.18.0
[INFO] [stderr]    Compiling alloy-tx-macros v1.8.3
[INFO] [stderr]    Compiling argmin-observer-slog v0.2.0
[INFO] [stderr]    Compiling url v2.5.8
[INFO] [stderr]    Compiling alloy-eip2124 v0.2.0
[INFO] [stderr]    Compiling alloy-serde v1.8.3
[INFO] [stderr]    Compiling alloy-sol-macro-input v1.5.7
[INFO] [stderr]    Compiling alloy-eip7928 v0.3.3
[INFO] [stderr]    Compiling alloy-eip2930 v0.2.3
[INFO] [stderr]    Compiling alloy-eip7702 v0.6.3
[INFO] [stderr]    Compiling alloy-trie v0.9.5
[INFO] [stderr]    Compiling alloy-signer v1.8.3
[INFO] [stderr]    Compiling alloy-chains v0.2.34
[INFO] [stderr]    Compiling serde_with v3.18.0
[INFO] [stderr]    Compiling alloy-sol-macro-expander v1.5.7
[INFO] [stderr]    Compiling alloy-hardforks v0.2.13
[INFO] [stderr]    Compiling lbfgsb v0.1.1
[INFO] [stderr]    Compiling tower v0.5.3
[INFO] [stderr]    Compiling hyper v1.9.0
[INFO] [stderr]    Compiling tokio-util v0.7.18
[INFO] [stderr]    Compiling tokio-stream v0.1.18
[INFO] [stderr]    Compiling alloy-eips v1.8.3
[INFO] [stderr]    Compiling hyper-util v0.1.20
[INFO] [stderr]    Compiling tower-http v0.6.8
[INFO] [stderr]    Compiling alloy-sol-macro v1.5.7
[INFO] [stderr]    Compiling dexrouter-optim v0.1.0 (/opt/rustwide/workdir/dexrouter-optim)
[INFO] [stderr]    Compiling alloy-sol-types v1.5.7
[INFO] [stdout] warning: use of deprecated constant `std::f64::INFINITY`: replaced by the `INFINITY` associated constant on `f64`
[INFO] [stdout]   --> dexrouter-optim/src/utility/mod.rs:52:49
[INFO] [stdout]    |
[INFO] [stdout] 52 |         if self.feasible(v) { 0.0 } else { f64::INFINITY }
[INFO] [stdout]    |                                                 ^^^^^^^^
[INFO] [stdout]    |
[INFO] [stdout]    = note: `#[warn(deprecated)]` on by default
[INFO] [stdout] 
[INFO] [stdout] 
[INFO] [stdout] warning: use of deprecated constant `std::f64::INFINITY`: replaced by the `INFINITY` associated constant on `f64`
[INFO] [stdout]   --> dexrouter-optim/src/utility/mod.rs:60:43
[INFO] [stdout]    |
[INFO] [stdout] 60 |             Array1::from_elem(shape, f64::INFINITY)
[INFO] [stdout]    |                                           ^^^^^^^^
[INFO] [stdout] 
[INFO] [stdout] 
[INFO] [stdout] warning: use of deprecated constant `std::f64::INFINITY`: replaced by the `INFINITY` associated constant on `f64`
[INFO] [stdout]   --> dexrouter-optim/src/utility/mod.rs:69:46
[INFO] [stdout]    |
[INFO] [stdout] 69 |         Array1::from_elem(self.c.dim(), f64::INFINITY)
[INFO] [stdout]    |                                              ^^^^^^^^
[INFO] [stdout] 
[INFO] [stdout] 
[INFO] [stdout] warning: use of deprecated constant `std::f64::INFINITY`: replaced by the `INFINITY` associated constant on `f64`
[INFO] [stdout]   --> dexrouter-optim/src/utility/mod.rs:89:18
[INFO] [stdout]    |
[INFO] [stdout] 89 |             f64::INFINITY
[INFO] [stdout]    |                  ^^^^^^^^
[INFO] [stdout] 
[INFO] [stdout] 
[INFO] [stdout] warning: use of deprecated constant `std::f64::INFINITY`: replaced by the `INFINITY` associated constant on `f64`
[INFO] [stdout]   --> dexrouter-optim/src/utility/mod.rs:99:59
[INFO] [stdout]    |
[INFO] [stdout] 99 |             Array1::from_elem(self.inputs.raw_dim(), f64::INFINITY)
[INFO] [stdout]    |                                                           ^^^^^^^^
[INFO] [stdout] 
[INFO] [stdout] 
[INFO] [stdout] warning: use of deprecated constant `std::f64::EPSILON`: replaced by the `EPSILON` associated constant on `f64`
[INFO] [stdout]    --> dexrouter-optim/src/utility/mod.rs:104:63
[INFO] [stdout]     |
[INFO] [stdout] 104 |         let mut b = Array1::from_elem(self.inputs.dim(), f64::EPSILON.sqrt());
[INFO] [stdout]     |                                                               ^^^^^^^
[INFO] [stdout] 
[INFO] [stdout] 
[INFO] [stdout] warning: use of deprecated constant `std::f64::INFINITY`: replaced by the `INFINITY` associated constant on `f64`
[INFO] [stdout]    --> dexrouter-optim/src/utility/mod.rs:110:51
[INFO] [stdout]     |
[INFO] [stdout] 110 |         Array1::from_elem(self.inputs.dim(), f64::INFINITY)
[INFO] [stdout]     |                                                   ^^^^^^^^
[INFO] [stdout] 
[INFO] [stdout] 
[INFO] [stderr]    Compiling alloy-consensus v1.8.3
[INFO] [stderr]    Compiling alloy-genesis v1.8.3
[INFO] [stderr]    Compiling alloy-json-rpc v1.8.3
[INFO] [stderr]    Compiling alloy-dyn-abi v1.5.7
[INFO] [stderr]    Compiling alloy-transport v1.8.3
[INFO] [stderr]    Compiling alloy-core v1.5.7
[INFO] [stderr]    Compiling alloy-consensus-any v1.8.3
[INFO] [stderr]    Compiling alloy-network-primitives v1.8.3
[INFO] [stderr]    Compiling alloy-pubsub v1.8.3
[INFO] [stderr]    Compiling alloy-rpc-types-eth v1.8.3
[INFO] [stderr]    Compiling aws-lc-rs v1.16.3
[INFO] [stderr]    Compiling alloy-rpc-types-any v1.8.3
[INFO] [stderr]    Compiling alloy-rpc-types-anvil v1.8.3
[INFO] [stderr]    Compiling alloy-network v1.8.3
[INFO] [stderr]    Compiling alloy-rpc-types v1.8.3
[INFO] [stderr]    Compiling alloy-signer-local v1.8.3
[INFO] [stderr]    Compiling alloy-node-bindings v1.8.3
[INFO] [stderr]    Compiling rustls-webpki v0.103.12
[INFO] [stderr]    Compiling tokio-rustls v0.26.4
[INFO] [stderr]    Compiling tungstenite v0.28.0
[INFO] [stderr]    Compiling rustls-platform-verifier v0.6.2
[INFO] [stderr]    Compiling hyper-rustls v0.27.9
[INFO] [stderr]    Compiling reqwest v0.13.2
[INFO] [stderr]    Compiling tokio-tungstenite v0.28.0
[INFO] [stderr]    Compiling alloy-transport-ws v1.8.3
[INFO] [stderr]    Compiling alloy-transport-http v1.8.3
[INFO] [stderr]    Compiling alloy-rpc-client v1.8.3
[INFO] [stderr]    Compiling alloy-provider v1.8.3
[INFO] [stderr]    Compiling alloy-contract v1.8.3
[INFO] [stderr]    Compiling alloy v1.8.3
[INFO] [stderr]    Compiling dexrouter-arbitrage v0.1.0 (/opt/rustwide/workdir/dexrouter-arbitrage)
[INFO] [stderr] warning: unused dependency `argmin-observer-slog`
[INFO] [stderr]   --> dexrouter-optim/Cargo.toml:14:1
[INFO] [stderr]    |
[INFO] [stderr] 14 | argmin-observer-slog = "0.2.0"
[INFO] [stderr]    | ^^^^^^^^^^^^^^^^^^^^^^^^^^^^^^
[INFO] [stderr]    |
[INFO] [stderr]    = note: `cargo::unused_dependencies` is set to `warn` by default
[INFO] [stderr] help: consider removing the dependency on `argmin-observer-slog`
[INFO] [stderr] warning: unused dependency `bigdecimal`
[INFO] [stderr]  --> dexrouter-optim/Cargo.toml:9:1
[INFO] [stderr]   |
[INFO] [stderr] 9 | bigdecimal.workspace = true
[INFO] [stderr]   | ^^^^^^^^^^
[INFO] [stderr]   |
[INFO] [stderr] help: consider removing the dependency on `bigdecimal`
[INFO] [stderr] warning: `dexrouter-optim` (manifest) generated 2 warnings
[INFO] [stderr]     Finished `dev` profile [unoptimized + debuginfo] target(s) in 2m 32s
[INFO] [stderr] warning: the following packages contain code that will be rejected by a future version of Rust: proc-macro-error2 v2.0.1
[INFO] [stderr] note: to see what the problems were, use the option `--future-incompat-report`, or run `cargo report future-incompatibilities --id 1`
[INFO] running `Command { std: "docker" "inspect" "1bb3ca1cd12046196a74d5e4bf2d226cd0e45b6b0eec74783493f93881537c99", kill_on_drop: false }`
[INFO] running `Command { std: "docker" "exec" "-e" "SOURCE_DIR=/opt/rustwide/workdir" "-e" "CARGO_HOME=/opt/rustwide/cargo-home" "-e" "RUSTUP_HOME=/opt/rustwide/rustup-home" "-e" "CARGO_TARGET_DIR=/opt/rustwide/target" "-e" "CARGO_INCREMENTAL=0" "-e" "RUST_BACKTRACE=full" "-e" "RUSTFLAGS=--cap-lints=warn" "-e" "RUSTDOCFLAGS=--cap-lints=warn" "-w" "/opt/rustwide/workdir" "--user" "0:0" "1bb3ca1cd12046196a74d5e4bf2d226cd0e45b6b0eec74783493f93881537c99" "/opt/rustwide/cargo-home/bin/cargo" "+1.100.0-beta.1" "test" "--frozen" "--no-run" "--message-format=json", kill_on_drop: false }`
[INFO] [stdout] warning: use of deprecated constant `std::f64::INFINITY`: replaced by the `INFINITY` associated constant on `f64`
[INFO] [stdout]   --> dexrouter-optim/src/utility/mod.rs:52:49
[INFO] [stdout]    |
[INFO] [stdout] 52 |         if self.feasible(v) { 0.0 } else { f64::INFINITY }
[INFO] [stdout]    |                                                 ^^^^^^^^
[INFO] [stdout]    |
[INFO] [stdout]    = note: `#[warn(deprecated)]` on by default
[INFO] [stdout] 
[INFO] [stdout] 
[INFO] [stdout] warning: use of deprecated constant `std::f64::INFINITY`: replaced by the `INFINITY` associated constant on `f64`
[INFO] [stdout]   --> dexrouter-optim/src/utility/mod.rs:60:43
[INFO] [stdout]    |
[INFO] [stdout] 60 |             Array1::from_elem(shape, f64::INFINITY)
[INFO] [stdout]    |                                           ^^^^^^^^
[INFO] [stdout] 
[INFO] [stdout] 
[INFO] [stdout] warning: use of deprecated constant `std::f64::INFINITY`: replaced by the `INFINITY` associated constant on `f64`
[INFO] [stdout]   --> dexrouter-optim/src/utility/mod.rs:69:46
[INFO] [stdout]    |
[INFO] [stdout] 69 |         Array1::from_elem(self.c.dim(), f64::INFINITY)
[INFO] [stdout]    |                                              ^^^^^^^^
[INFO] [stdout] 
[INFO] [stdout] 
[INFO] [stdout] warning: use of deprecated constant `std::f64::INFINITY`: replaced by the `INFINITY` associated constant on `f64`
[INFO] [stdout]   --> dexrouter-optim/src/utility/mod.rs:89:18
[INFO] [stdout]    |
[INFO] [stdout] 89 |             f64::INFINITY
[INFO] [stdout]    |                  ^^^^^^^^
[INFO] [stdout] 
[INFO] [stdout] 
[INFO] [stdout] warning: use of deprecated constant `std::f64::INFINITY`: replaced by the `INFINITY` associated constant on `f64`
[INFO] [stdout]   --> dexrouter-optim/src/utility/mod.rs:99:59
[INFO] [stdout]    |
[INFO] [stdout] 99 |             Array1::from_elem(self.inputs.raw_dim(), f64::INFINITY)
[INFO] [stdout]    |                                                           ^^^^^^^^
[INFO] [stdout] 
[INFO] [stdout] 
[INFO] [stdout] warning: use of deprecated constant `std::f64::EPSILON`: replaced by the `EPSILON` associated constant on `f64`
[INFO] [stdout]    --> dexrouter-optim/src/utility/mod.rs:104:63
[INFO] [stdout]     |
[INFO] [stdout] 104 |         let mut b = Array1::from_elem(self.inputs.dim(), f64::EPSILON.sqrt());
[INFO] [stdout]     |                                                               ^^^^^^^
[INFO] [stdout] 
[INFO] [stdout] 
[INFO] [stdout] warning: use of deprecated constant `std::f64::INFINITY`: replaced by the `INFINITY` associated constant on `f64`
[INFO] [stdout]    --> dexrouter-optim/src/utility/mod.rs:110:51
[INFO] [stdout]     |
[INFO] [stdout] 110 |         Array1::from_elem(self.inputs.dim(), f64::INFINITY)
[INFO] [stdout]     |                                                   ^^^^^^^^
[INFO] [stdout] 
[INFO] [stdout] 
[INFO] [stderr]    Compiling dexrouter-optim v0.1.0 (/opt/rustwide/workdir/dexrouter-optim)
[INFO] [stderr]    Compiling dexrouter-arbitrage v0.1.0 (/opt/rustwide/workdir/dexrouter-arbitrage)
[INFO] [stdout] warning: use of deprecated constant `std::f64::INFINITY`: replaced by the `INFINITY` associated constant on `f64`
[INFO] [stdout]   --> dexrouter-optim/src/utility/mod.rs:52:49
[INFO] [stdout]    |
[INFO] [stdout] 52 |         if self.feasible(v) { 0.0 } else { f64::INFINITY }
[INFO] [stdout]    |                                                 ^^^^^^^^
[INFO] [stdout]    |
[INFO] [stdout]    = note: `#[warn(deprecated)]` on by default
[INFO] [stdout] 
[INFO] [stdout] 
[INFO] [stdout] warning: use of deprecated constant `std::f64::INFINITY`: replaced by the `INFINITY` associated constant on `f64`
[INFO] [stdout]   --> dexrouter-optim/src/utility/mod.rs:60:43
[INFO] [stdout]    |
[INFO] [stdout] 60 |             Array1::from_elem(shape, f64::INFINITY)
[INFO] [stdout]    |                                           ^^^^^^^^
[INFO] [stdout] 
[INFO] [stdout] 
[INFO] [stdout] warning: use of deprecated constant `std::f64::INFINITY`: replaced by the `INFINITY` associated constant on `f64`
[INFO] [stdout]   --> dexrouter-optim/src/utility/mod.rs:69:46
[INFO] [stdout]    |
[INFO] [stdout] 69 |         Array1::from_elem(self.c.dim(), f64::INFINITY)
[INFO] [stdout]    |                                              ^^^^^^^^
[INFO] [stdout] 
[INFO] [stdout] 
[INFO] [stdout] warning: use of deprecated constant `std::f64::INFINITY`: replaced by the `INFINITY` associated constant on `f64`
[INFO] [stdout]   --> dexrouter-optim/src/utility/mod.rs:89:18
[INFO] [stdout]    |
[INFO] [stdout] 89 |             f64::INFINITY
[INFO] [stdout]    |                  ^^^^^^^^
[INFO] [stdout] 
[INFO] [stdout] 
[INFO] [stdout] warning: use of deprecated constant `std::f64::INFINITY`: replaced by the `INFINITY` associated constant on `f64`
[INFO] [stdout]   --> dexrouter-optim/src/utility/mod.rs:99:59
[INFO] [stdout]    |
[INFO] [stdout] 99 |             Array1::from_elem(self.inputs.raw_dim(), f64::INFINITY)
[INFO] [stdout]    |                                                           ^^^^^^^^
[INFO] [stdout] 
[INFO] [stdout] 
[INFO] [stdout] warning: use of deprecated constant `std::f64::EPSILON`: replaced by the `EPSILON` associated constant on `f64`
[INFO] [stdout]    --> dexrouter-optim/src/utility/mod.rs:104:63
[INFO] [stdout]     |
[INFO] [stdout] 104 |         let mut b = Array1::from_elem(self.inputs.dim(), f64::EPSILON.sqrt());
[INFO] [stdout]     |                                                               ^^^^^^^
[INFO] [stdout] 
[INFO] [stdout] 
[INFO] [stdout] warning: use of deprecated constant `std::f64::INFINITY`: replaced by the `INFINITY` associated constant on `f64`
[INFO] [stdout]    --> dexrouter-optim/src/utility/mod.rs:110:51
[INFO] [stdout]     |
[INFO] [stdout] 110 |         Array1::from_elem(self.inputs.dim(), f64::INFINITY)
[INFO] [stdout]     |                                                   ^^^^^^^^
[INFO] [stdout] 
[INFO] [stdout] 
[INFO] [stderr] warning: unused dependency `argmin-observer-slog`
[INFO] [stderr]   --> dexrouter-optim/Cargo.toml:14:1
[INFO] [stderr]    |
[INFO] [stderr] 14 | argmin-observer-slog = "0.2.0"
[INFO] [stderr]    | ^^^^^^^^^^^^^^^^^^^^^^^^^^^^^^
[INFO] [stderr]    |
[INFO] [stderr]    = note: `cargo::unused_dependencies` is set to `warn` by default
[INFO] [stderr] help: consider removing the dependency on `argmin-observer-slog`
[INFO] [stderr] warning: unused dependency `bigdecimal`
[INFO] [stderr]  --> dexrouter-optim/Cargo.toml:9:1
[INFO] [stderr]   |
[INFO] [stderr] 9 | bigdecimal.workspace = true
[INFO] [stderr]   | ^^^^^^^^^^
[INFO] [stderr]   |
[INFO] [stderr] help: consider removing the dependency on `bigdecimal`
[INFO] [stderr] warning: `dexrouter-optim` (manifest) generated 2 warnings
[INFO] [stderr]     Finished `test` profile [unoptimized + debuginfo] target(s) in 3.38s
[INFO] [stderr] warning: the following packages contain code that will be rejected by a future version of Rust: proc-macro-error2 v2.0.1
[INFO] [stderr] note: to see what the problems were, use the option `--future-incompat-report`, or run `cargo report future-incompatibilities --id 1`
[INFO] running `Command { std: "docker" "inspect" "1bb3ca1cd12046196a74d5e4bf2d226cd0e45b6b0eec74783493f93881537c99", kill_on_drop: false }`
[INFO] running `Command { std: "docker" "exec" "-e" "SOURCE_DIR=/opt/rustwide/workdir" "-e" "CARGO_HOME=/opt/rustwide/cargo-home" "-e" "RUSTUP_HOME=/opt/rustwide/rustup-home" "-e" "CARGO_TARGET_DIR=/opt/rustwide/target" "-e" "CARGO_INCREMENTAL=0" "-e" "RUST_BACKTRACE=full" "-e" "RUSTFLAGS=--cap-lints=warn" "-e" "RUSTDOCFLAGS=--cap-lints=warn" "-w" "/opt/rustwide/workdir" "--user" "0:0" "1bb3ca1cd12046196a74d5e4bf2d226cd0e45b6b0eec74783493f93881537c99" "/opt/rustwide/cargo-home/bin/cargo" "+1.100.0-beta.1" "test" "--frozen", kill_on_drop: false }`
[INFO] [stderr] warning: use of deprecated constant `std::f64::INFINITY`: replaced by the `INFINITY` associated constant on `f64`
[INFO] [stderr]   --> dexrouter-optim/src/utility/mod.rs:52:49
[INFO] [stderr]    |
[INFO] [stderr] 52 |         if self.feasible(v) { 0.0 } else { f64::INFINITY }
[INFO] [stderr]    |                                                 ^^^^^^^^
[INFO] [stderr]    |
[INFO] [stderr]    = note: `#[warn(deprecated)]` on by default
[INFO] [stderr] 
[INFO] [stderr] warning: use of deprecated constant `std::f64::INFINITY`: replaced by the `INFINITY` associated constant on `f64`
[INFO] [stderr]   --> dexrouter-optim/src/utility/mod.rs:60:43
[INFO] [stderr]    |
[INFO] [stderr] 60 |             Array1::from_elem(shape, f64::INFINITY)
[INFO] [stderr]    |                                           ^^^^^^^^
[INFO] [stderr] 
[INFO] [stderr] warning: use of deprecated constant `std::f64::INFINITY`: replaced by the `INFINITY` associated constant on `f64`
[INFO] [stderr]   --> dexrouter-optim/src/utility/mod.rs:69:46
[INFO] [stderr]    |
[INFO] [stderr] 69 |         Array1::from_elem(self.c.dim(), f64::INFINITY)
[INFO] [stderr]    |                                              ^^^^^^^^
[INFO] [stderr] 
[INFO] [stderr] warning: use of deprecated constant `std::f64::INFINITY`: replaced by the `INFINITY` associated constant on `f64`
[INFO] [stderr]   --> dexrouter-optim/src/utility/mod.rs:89:18
[INFO] [stderr]    |
[INFO] [stderr] 89 |             f64::INFINITY
[INFO] [stderr]    |                  ^^^^^^^^
[INFO] [stderr] 
[INFO] [stderr] warning: use of deprecated constant `std::f64::INFINITY`: replaced by the `INFINITY` associated constant on `f64`
[INFO] [stderr]   --> dexrouter-optim/src/utility/mod.rs:99:59
[INFO] [stderr]    |
[INFO] [stderr] 99 |             Array1::from_elem(self.inputs.raw_dim(), f64::INFINITY)
[INFO] [stderr]    |                                                           ^^^^^^^^
[INFO] [stderr] 
[INFO] [stderr] warning: use of deprecated constant `std::f64::EPSILON`: replaced by the `EPSILON` associated constant on `f64`
[INFO] [stderr]    --> dexrouter-optim/src/utility/mod.rs:104:63
[INFO] [stderr]     |
[INFO] [stderr] 104 |         let mut b = Array1::from_elem(self.inputs.dim(), f64::EPSILON.sqrt());
[INFO] [stderr]     |                                                               ^^^^^^^
[INFO] [stderr] 
[INFO] [stderr] warning: use of deprecated constant `std::f64::INFINITY`: replaced by the `INFINITY` associated constant on `f64`
[INFO] [stderr]    --> dexrouter-optim/src/utility/mod.rs:110:51
[INFO] [stderr]     |
[INFO] [stderr] 110 |         Array1::from_elem(self.inputs.dim(), f64::INFINITY)
[INFO] [stderr]     |                                                   ^^^^^^^^
[INFO] [stderr] 
[INFO] [stderr] warning: `dexrouter-optim` (lib) generated 7 warnings
[INFO] [stderr] warning: `dexrouter-optim` (lib test) generated 7 warnings (7 duplicates)
[INFO] [stderr] warning: unused dependency `argmin-observer-slog`
[INFO] [stderr]   --> dexrouter-optim/Cargo.toml:14:1
[INFO] [stderr]    |
[INFO] [stderr] 14 | argmin-observer-slog = "0.2.0"
[INFO] [stderr]    | ^^^^^^^^^^^^^^^^^^^^^^^^^^^^^^
[INFO] [stderr]    |
[INFO] [stderr]    = note: `cargo::unused_dependencies` is set to `warn` by default
[INFO] [stderr] help: consider removing the dependency on `argmin-observer-slog`
[INFO] [stderr] warning: unused dependency `bigdecimal`
[INFO] [stderr]  --> dexrouter-optim/Cargo.toml:9:1
[INFO] [stderr]   |
[INFO] [stderr] 9 | bigdecimal.workspace = true
[INFO] [stderr]   | ^^^^^^^^^^
[INFO] [stderr]   |
[INFO] [stderr] help: consider removing the dependency on `bigdecimal`
[INFO] [stderr] warning: `dexrouter-optim` (manifest) generated 2 warnings
[INFO] [stderr]     Finished `test` profile [unoptimized + debuginfo] target(s) in 0.80s
[INFO] [stderr] warning: the following packages contain code that will be rejected by a future version of Rust: proc-macro-error2 v2.0.1
[INFO] [stderr] note: to see what the problems were, use the option `--future-incompat-report`, or run `cargo report future-incompatibilities --id 1`
[INFO] [stderr]      Running unittests src/lib.rs (/opt/rustwide/target/debug/build/dexrouter-arbitrage/840a19f41246986d/out/dexrouter_arbitrage-840a19f41246986d)
[INFO] [stdout] 
[INFO] [stdout] running 2 tests
[INFO] [stdout] test tests::decodes_tick_bitmap ... ok
[INFO] [stdout] test tests::reconstructs_market_from_initialized_ticks ... ok
[INFO] [stdout] 
[INFO] [stdout] test result: ok. 2 passed; 0 failed; 0 ignored; 0 measured; 0 filtered out; finished in 0.00s
[INFO] [stdout] 
[INFO] [stderr]      Running unittests src/main.rs (/opt/rustwide/target/debug/build/dexrouter-arbitrage/b41fffc4e885e4bd/out/dexrouter_arbitrage-b41fffc4e885e4bd)
[INFO] [stdout] 
[INFO] [stdout] running 0 tests
[INFO] [stdout] 
[INFO] [stdout] test result: ok. 0 passed; 0 failed; 0 ignored; 0 measured; 0 filtered out; finished in 0.00s
[INFO] [stdout] 
[INFO] [stderr]      Running unittests src/lib.rs (/opt/rustwide/target/debug/build/dexrouter-optim/e41ee50211da63f3/out/dexrouter_optim-e41ee50211da63f3)
[INFO] [stdout] 
[INFO] [stdout] running 10 tests
[INFO] [stdout] test market::tests::mixed_v2_v3_pools_can_create_complementary_arbitrage_flows ... ok
[INFO] [stdout] test market::tests::uniswap_v2_arb_token1_in ... ok
[INFO] [stdout] test market::tests::uniswap_v3_arb_pos ... ok
[INFO] [stdout] test tests::route_gradient_matches_finite_difference_uniswap_v2 ... ok
[INFO] [stdout] test market::tests::uniswap_v3_arb_neg ... ok
[INFO] [stdout] test tests::route_gradient_matches_finite_difference_mixed_v2_v3 ... ok
[INFO] [stdout] test market::tests::uniswap_v2_arb_token0_in ... ok
[INFO] [stdout] test market::tests::uniswap_v2_no_trade_band ... ok
[INFO] [stdout] test market::tests::uniswap_v2_price_aligns_after_trade ... ok
[INFO] [stdout] test utility::tests::test_basket_liquidation ... ok
[INFO] [stdout] 
[INFO] [stdout] test result: ok. 10 passed; 0 failed; 0 ignored; 0 measured; 0 filtered out; finished in 0.01s
[INFO] [stdout] 
[INFO] [stderr]      Running tests/liquidate.rs (/opt/rustwide/target/debug/build/dexrouter-optim/0e8ddb9cd9d12826/out/liquidate-0e8ddb9cd9d12826)
[INFO] [stdout] 
[INFO] [stdout] running 3 tests
[INFO] [stdout] test liquidate ... ok
[INFO] [stdout] test swap ... ok
[INFO] [stdout] test liquidate_eth ... FAILED
[INFO] [stdout] 
[INFO] [stdout] failures:
[INFO] [stdout] 
[INFO] [stdout] ---- liquidate_eth stdout ----
[INFO] [stdout] [19.160515738588234, 0.008082849225248327, 0.008225112716764618]
[INFO] [stdout] [2370.5150504028575, 1, 1.0176006612955124]
[INFO] [stdout] [[0, 199695.55883918845, 0],
[INFO] [stdout]  [38.70384267244113, 0, 0]]
[INFO] [stdout] [[84.35741276374327, 0, 0],
[INFO] [stdout]  [0, 0, 90794.44336551041]]
[INFO] [stdout] 45.65357009130214 -199695.55883918845 90794.44336551041
[INFO] [stdout] 45.65357009130214
[INFO] [stdout] 
[INFO] [stdout] thread 'liquidate_eth' (5299) panicked at dexrouter-optim/tests/liquidate.rs:79:5:
[INFO] [stdout] assertion failed: buy > 1.0 && buy < 2.0
[INFO] [stdout] stack backtrace:
[INFO] [stdout]    0:     0x5dc3bc9fc8e1 - std[617be2ca0a6fd877]::backtrace_rs::backtrace::libunwind::trace
[INFO] [stdout]                                at /rustc/e3feeb59cd1bdd011a2bfcc0747b55125d9b8527/library/std/src/../../backtrace/src/backtrace/libunwind.rs:117:9
[INFO] [stdout]    1:     0x5dc3bc9fc8e1 - std[617be2ca0a6fd877]::backtrace_rs::backtrace::trace_unsynchronized::<std[617be2ca0a6fd877]::sys::backtrace::_print_fmt::{closure#1}>
[INFO] [stdout]                                at /rustc/e3feeb59cd1bdd011a2bfcc0747b55125d9b8527/library/std/src/../../backtrace/src/backtrace/mod.rs:66:14
[INFO] [stdout]    2:     0x5dc3bc9fc8e1 - std[617be2ca0a6fd877]::sys::backtrace::_print_fmt
[INFO] [stdout]                                at /rustc/e3feeb59cd1bdd011a2bfcc0747b55125d9b8527/library/std/src/sys/backtrace.rs:74:9
[INFO] [stdout]    3:     0x5dc3bc9fc8e1 - <<std[617be2ca0a6fd877]::sys::backtrace::BacktraceLock>::print::DisplayBacktrace as core[a373ad73a504971]::fmt::Display>::fmt
[INFO] [stdout]                                at /rustc/e3feeb59cd1bdd011a2bfcc0747b55125d9b8527/library/std/src/sys/backtrace.rs:44:26
[INFO] [stdout]    4:     0x5dc3bca1155a - <core[a373ad73a504971]::fmt::rt::Argument>::fmt
[INFO] [stdout]                                at /rustc/e3feeb59cd1bdd011a2bfcc0747b55125d9b8527/library/core/src/fmt/rt.rs:152:76
[INFO] [stdout]    5:     0x5dc3bca1155a - core[a373ad73a504971]::fmt::write
[INFO] [stdout]    6:     0x5dc3bca010ac - core[a373ad73a504971]::io::write::default_write_fmt::<alloc[2e1b2a31b91974c5]::vec::Vec<u8>>
[INFO] [stdout]                                at /rustc/e3feeb59cd1bdd011a2bfcc0747b55125d9b8527/library/core/src/io/write.rs:402:11
[INFO] [stdout]    7:     0x5dc3bca010ac - <alloc[2e1b2a31b91974c5]::vec::Vec<u8> as core[a373ad73a504971]::io::write::Write>::write_fmt
[INFO] [stdout]                                at /rustc/e3feeb59cd1bdd011a2bfcc0747b55125d9b8527/library/core/src/io/write.rs:335:13
[INFO] [stdout]    8:     0x5dc3bc9d8746 - <std[617be2ca0a6fd877]::sys::backtrace::BacktraceLock>::print
[INFO] [stdout]                                at /rustc/e3feeb59cd1bdd011a2bfcc0747b55125d9b8527/library/std/src/sys/backtrace.rs:47:9
[INFO] [stdout]    9:     0x5dc3bc9d8746 - std[617be2ca0a6fd877]::panicking::default_hook::{closure#0}
[INFO] [stdout]                                at /rustc/e3feeb59cd1bdd011a2bfcc0747b55125d9b8527/library/std/src/panicking.rs:289:27
[INFO] [stdout]   10:     0x5dc3bc9f4ed9 - std[617be2ca0a6fd877]::panicking::default_hook
[INFO] [stdout]                                at /rustc/e3feeb59cd1bdd011a2bfcc0747b55125d9b8527/library/std/src/panicking.rs:313:9
[INFO] [stdout]   11:     0x5dc3bc959a90 - <alloc[2e1b2a31b91974c5]::boxed::Box<dyn for<'a, 'b> core[a373ad73a504971]::ops::function::Fn<(&'a std[617be2ca0a6fd877]::panic::PanicHookInfo<'b>,), Output = ()> + core[a373ad73a504971]::marker::Sync + core[a373ad73a504971]::marker::Send> as core[a373ad73a504971]::ops::function::Fn<(&std[617be2ca0a6fd877]::panic::PanicHookInfo,)>>::call
[INFO] [stdout]                                at /rustc/e3feeb59cd1bdd011a2bfcc0747b55125d9b8527/library/alloc/src/boxed.rs:2328:9
[INFO] [stdout]   12:     0x5dc3bc959a90 - test[aada8e7e76ba119b]::test_main_inner::{closure#0}
[INFO] [stdout]                                at /rustc/e3feeb59cd1bdd011a2bfcc0747b55125d9b8527/library/test/src/lib.rs:137:21
[INFO] [stdout]   13:     0x5dc3bc9f5092 - <alloc[2e1b2a31b91974c5]::boxed::Box<dyn for<'a, 'b> core[a373ad73a504971]::ops::function::Fn<(&'a std[617be2ca0a6fd877]::panic::PanicHookInfo<'b>,), Output = ()> + core[a373ad73a504971]::marker::Sync + core[a373ad73a504971]::marker::Send> as core[a373ad73a504971]::ops::function::Fn<(&std[617be2ca0a6fd877]::panic::PanicHookInfo,)>>::call
[INFO] [stdout]                                at /rustc/e3feeb59cd1bdd011a2bfcc0747b55125d9b8527/library/alloc/src/boxed.rs:2328:9
[INFO] [stdout]   14:     0x5dc3bc9f5092 - std[617be2ca0a6fd877]::panicking::panic_with_hook
[INFO] [stdout]                                at /rustc/e3feeb59cd1bdd011a2bfcc0747b55125d9b8527/library/std/src/panicking.rs:819:13
[INFO] [stdout]   15:     0x5dc3bc9d8824 - std[617be2ca0a6fd877]::panicking::panic_handler::{closure#0}
[INFO] [stdout]                                at /rustc/e3feeb59cd1bdd011a2bfcc0747b55125d9b8527/library/std/src/panicking.rs:678:13
[INFO] [stdout]   16:     0x5dc3bc9d0f49 - std[617be2ca0a6fd877]::sys::backtrace::__rust_end_short_backtrace::<std[617be2ca0a6fd877]::panicking::panic_handler::{closure#0}, !>
[INFO] [stdout]                                at /rustc/e3feeb59cd1bdd011a2bfcc0747b55125d9b8527/library/std/src/sys/backtrace.rs:182:18
[INFO] [stdout]   17:     0x5dc3bc9d950d - __rustc[ea4f61d10b84890b]::rust_begin_unwind
[INFO] [stdout]                                at /rustc/e3feeb59cd1bdd011a2bfcc0747b55125d9b8527/library/std/src/panicking.rs:676:5
[INFO] [stdout]   18:     0x5dc3bca11d4c - core[a373ad73a504971]::panicking::panic_fmt
[INFO] [stdout]                                at /rustc/e3feeb59cd1bdd011a2bfcc0747b55125d9b8527/library/core/src/panicking.rs:80:14
[INFO] [stdout]   19:     0x5dc3bca11d12 - core[a373ad73a504971]::panicking::panic
[INFO] [stdout]                                at /rustc/e3feeb59cd1bdd011a2bfcc0747b55125d9b8527/library/core/src/panicking.rs:150:5
[INFO] [stdout]   20:     0x5dc3bc91129f - liquidate[6d3d4c2b3445c541]::liquidate_eth
[INFO] [stdout]                                at /opt/rustwide/workdir/dexrouter-optim/tests/liquidate.rs:79:5
[INFO] [stdout]   21:     0x5dc3bc910677 - liquidate[6d3d4c2b3445c541]::liquidate_eth::{closure#0}
[INFO] [stdout]                                at /opt/rustwide/workdir/dexrouter-optim/tests/liquidate.rs:51:23
[INFO] [stdout]   22:     0x5dc3bc91de76 - <liquidate[6d3d4c2b3445c541]::liquidate_eth::{closure#0} as core[a373ad73a504971]::ops::function::FnOnce<()>>::call_once
[INFO] [stdout]                                at /rustc/e3feeb59cd1bdd011a2bfcc0747b55125d9b8527/library/core/src/ops/function.rs:250:5
[INFO] [stdout]   23:     0x5dc3bc94cedb - <fn() -> core[a373ad73a504971]::result::Result<(), alloc[2e1b2a31b91974c5]::string::String> as core[a373ad73a504971]::ops::function::FnOnce<()>>::call_once
[INFO] [stdout]                                at /rustc/e3feeb59cd1bdd011a2bfcc0747b55125d9b8527/library/core/src/ops/function.rs:250:5
[INFO] [stdout]   24:     0x5dc3bc94cedb - test[aada8e7e76ba119b]::__rust_begin_short_backtrace::<core[a373ad73a504971]::result::Result<(), alloc[2e1b2a31b91974c5]::string::String>, fn() -> core[a373ad73a504971]::result::Result<(), alloc[2e1b2a31b91974c5]::string::String>>
[INFO] [stdout]                                at /rustc/e3feeb59cd1bdd011a2bfcc0747b55125d9b8527/library/test/src/lib.rs:701:18
[INFO] [stdout]   25:     0x5dc3bc95a0b5 - test[aada8e7e76ba119b]::run_test_in_process::{closure#0}
[INFO] [stdout]                                at /rustc/e3feeb59cd1bdd011a2bfcc0747b55125d9b8527/library/test/src/lib.rs:724:74
[INFO] [stdout]   26:     0x5dc3bc95a0b5 - <core[a373ad73a504971]::panic::unwind_safe::AssertUnwindSafe<test[aada8e7e76ba119b]::run_test_in_process::{closure#0}> as core[a373ad73a504971]::ops::function::FnOnce<()>>::call_once
[INFO] [stdout]                                at /rustc/e3feeb59cd1bdd011a2bfcc0747b55125d9b8527/library/core/src/panic/unwind_safe.rs:275:9
[INFO] [stdout]   27:     0x5dc3bc95a0b5 - std[617be2ca0a6fd877]::panicking::catch_unwind::do_call::<core[a373ad73a504971]::panic::unwind_safe::AssertUnwindSafe<test[aada8e7e76ba119b]::run_test_in_process::{closure#0}>, core[a373ad73a504971]::result::Result<(), alloc[2e1b2a31b91974c5]::string::String>>
[INFO] [stdout]                                at /rustc/e3feeb59cd1bdd011a2bfcc0747b55125d9b8527/library/std/src/panicking.rs:573:43
[INFO] [stdout]   28:     0x5dc3bc95a0b5 - std[617be2ca0a6fd877]::panicking::catch_unwind::<core[a373ad73a504971]::result::Result<(), alloc[2e1b2a31b91974c5]::string::String>, core[a373ad73a504971]::panic::unwind_safe::AssertUnwindSafe<test[aada8e7e76ba119b]::run_test_in_process::{closure#0}>>
[INFO] [stdout]                                at /rustc/e3feeb59cd1bdd011a2bfcc0747b55125d9b8527/library/std/src/panicking.rs:541:19
[INFO] [stdout]   29:     0x5dc3bc95a0b5 - std[617be2ca0a6fd877]::panic::catch_unwind::<core[a373ad73a504971]::panic::unwind_safe::AssertUnwindSafe<test[aada8e7e76ba119b]::run_test_in_process::{closure#0}>, core[a373ad73a504971]::result::Result<(), alloc[2e1b2a31b91974c5]::string::String>>
[INFO] [stdout]                                at /rustc/e3feeb59cd1bdd011a2bfcc0747b55125d9b8527/library/std/src/panic.rs:359:14
[INFO] [stdout]   30:     0x5dc3bc95a0b5 - test[aada8e7e76ba119b]::run_test_in_process
[INFO] [stdout]                                at /rustc/e3feeb59cd1bdd011a2bfcc0747b55125d9b8527/library/test/src/lib.rs:724:27
[INFO] [stdout]   31:     0x5dc3bc95a0b5 - test[aada8e7e76ba119b]::run_test::{closure#0}
[INFO] [stdout]                                at /rustc/e3feeb59cd1bdd011a2bfcc0747b55125d9b8527/library/test/src/lib.rs:645:43
[INFO] [stdout]   32:     0x5dc3bc9539a4 - test[aada8e7e76ba119b]::run_test::{closure#1}
[INFO] [stdout]                                at /rustc/e3feeb59cd1bdd011a2bfcc0747b55125d9b8527/library/test/src/lib.rs:675:41
[INFO] [stdout]   33:     0x5dc3bc9539a4 - std[617be2ca0a6fd877]::sys::backtrace::__rust_begin_short_backtrace::<test[aada8e7e76ba119b]::run_test::{closure#1}, ()>
[INFO] [stdout]                                at /rustc/e3feeb59cd1bdd011a2bfcc0747b55125d9b8527/library/std/src/sys/backtrace.rs:166:18
[INFO] [stdout]   34:     0x5dc3bc95d142 - std[617be2ca0a6fd877]::thread::lifecycle::spawn_unchecked::<test[aada8e7e76ba119b]::run_test::{closure#1}, ()>::{closure#1}::{closure#0}
[INFO] [stdout]                                at /rustc/e3feeb59cd1bdd011a2bfcc0747b55125d9b8527/library/std/src/thread/lifecycle.rs:70:13
[INFO] [stdout]   35:     0x5dc3bc95d142 - <core[a373ad73a504971]::panic::unwind_safe::AssertUnwindSafe<std[617be2ca0a6fd877]::thread::lifecycle::spawn_unchecked<test[aada8e7e76ba119b]::run_test::{closure#1}, ()>::{closure#1}::{closure#0}> as core[a373ad73a504971]::ops::function::FnOnce<()>>::call_once
[INFO] [stdout]                                at /rustc/e3feeb59cd1bdd011a2bfcc0747b55125d9b8527/library/core/src/panic/unwind_safe.rs:275:9
[INFO] [stdout]   36:     0x5dc3bc95d142 - std[617be2ca0a6fd877]::panicking::catch_unwind::do_call::<core[a373ad73a504971]::panic::unwind_safe::AssertUnwindSafe<std[617be2ca0a6fd877]::thread::lifecycle::spawn_unchecked<test[aada8e7e76ba119b]::run_test::{closure#1}, ()>::{closure#1}::{closure#0}>, ()>
[INFO] [stdout]                                at /rustc/e3feeb59cd1bdd011a2bfcc0747b55125d9b8527/library/std/src/panicking.rs:573:43
[INFO] [stdout]   37:     0x5dc3bc95d142 - std[617be2ca0a6fd877]::panicking::catch_unwind::<(), core[a373ad73a504971]::panic::unwind_safe::AssertUnwindSafe<std[617be2ca0a6fd877]::thread::lifecycle::spawn_unchecked<test[aada8e7e76ba119b]::run_test::{closure#1}, ()>::{closure#1}::{closure#0}>>
[INFO] [stdout]                                at /rustc/e3feeb59cd1bdd011a2bfcc0747b55125d9b8527/library/std/src/panicking.rs:541:19
[INFO] [stdout]   38:     0x5dc3bc95d142 - std[617be2ca0a6fd877]::panic::catch_unwind::<core[a373ad73a504971]::panic::unwind_safe::AssertUnwindSafe<std[617be2ca0a6fd877]::thread::lifecycle::spawn_unchecked<test[aada8e7e76ba119b]::run_test::{closure#1}, ()>::{closure#1}::{closure#0}>, ()>
[INFO] [stdout]                                at /rustc/e3feeb59cd1bdd011a2bfcc0747b55125d9b8527/library/std/src/panic.rs:359:14
[INFO] [stdout]   39:     0x5dc3bc95d142 - std[617be2ca0a6fd877]::thread::lifecycle::spawn_unchecked::<test[aada8e7e76ba119b]::run_test::{closure#1}, ()>::{closure#1}
[INFO] [stdout]                                at /rustc/e3feeb59cd1bdd011a2bfcc0747b55125d9b8527/library/std/src/thread/lifecycle.rs:68:26
[INFO] [stdout]   40:     0x5dc3bc95d142 - <std[617be2ca0a6fd877]::thread::lifecycle::spawn_unchecked<test[aada8e7e76ba119b]::run_test::{closure#1}, ()>::{closure#1} as core[a373ad73a504971]::ops::function::FnOnce<()>>::call_once::{shim:vtable#0}
[INFO] [stdout]                                at /rustc/e3feeb59cd1bdd011a2bfcc0747b55125d9b8527/library/core/src/ops/function.rs:250:5
[INFO] [stdout]   41:     0x5dc3bc9fc13f - <alloc[2e1b2a31b91974c5]::boxed::Box<dyn core[a373ad73a504971]::ops::function::FnOnce<(), Output = ()> + core[a373ad73a504971]::marker::Send> as core[a373ad73a504971]::ops::function::FnOnce<()>>::call_once
[INFO] [stdout]                                at /rustc/e3feeb59cd1bdd011a2bfcc0747b55125d9b8527/library/alloc/src/boxed.rs:2314:9
[INFO] [stdout]   42:     0x5dc3bc9fc13f - <std[617be2ca0a6fd877]::sys::thread::unix::Thread>::new::thread_start
[INFO] [stdout]                                at /rustc/e3feeb59cd1bdd011a2bfcc0747b55125d9b8527/library/std/src/sys/thread/unix.rs:127:17
[INFO] [stdout]   43:     0x7df15a47adfa - <unknown>
[INFO] [stdout]   44:     0x7df15a50e3d4 - clone
[INFO] [stdout]   45:                0x0 - <unknown>
[INFO] [stdout] 
[INFO] [stdout] 
[INFO] [stdout] failures:
[INFO] [stdout]     liquidate_eth
[INFO] [stdout] 
[INFO] [stdout] test result: FAILED. 2 passed; 1 failed; 0 ignored; 0 measured; 0 filtered out; finished in 0.04s
[INFO] [stdout] 
[INFO] [stderr] error: test failed, to rerun pass `-p dexrouter-optim --test liquidate`
[INFO] running `Command { std: "docker" "inspect" "1bb3ca1cd12046196a74d5e4bf2d226cd0e45b6b0eec74783493f93881537c99", kill_on_drop: false }`
[INFO] running `Command { std: "docker" "rm" "-f" "1bb3ca1cd12046196a74d5e4bf2d226cd0e45b6b0eec74783493f93881537c99", kill_on_drop: false }`
[INFO] [stdout] 1bb3ca1cd12046196a74d5e4bf2d226cd0e45b6b0eec74783493f93881537c99
