[INFO] cloning repository https://github.com/onplt/conflic
[INFO] running `Command { std: "git" "-c" "credential.helper=" "-c" "credential.helper=/workspace/cargo-home/bin/git-credential-null" "clone" "--bare" "https://github.com/onplt/conflic" "/workspace/cache/git-repos/https%3A%2F%2Fgithub.com%2Fonplt%2Fconflic", kill_on_drop: false }`
[INFO] [stderr] Cloning into bare repository '/workspace/cache/git-repos/https%3A%2F%2Fgithub.com%2Fonplt%2Fconflic'...
[INFO] running `Command { std: "git" "rev-parse" "HEAD", kill_on_drop: false }`
[INFO] [stdout] edf5f79bae2b9ac68ed45b20464212ad58243c92
[INFO] testing onplt/conflic against 1.100.0-beta.1 for beta-1.100-2
[INFO] running `Command { std: "git" "clone" "/workspace/cache/git-repos/https%3A%2F%2Fgithub.com%2Fonplt%2Fconflic" "/workspace/builds/worker-3-tc2/source", kill_on_drop: false }`
[INFO] [stderr] Cloning into '/workspace/builds/worker-3-tc2/source'...
[INFO] [stderr] done.
[INFO] started tweaking git repo https://github.com/onplt/conflic
[INFO] finished tweaking git repo https://github.com/onplt/conflic
[INFO] tweaked toml for git repo https://github.com/onplt/conflic written to /workspace/builds/worker-3-tc2/source/Cargo.toml
[INFO] validating manifest of git repo https://github.com/onplt/conflic on toolchain 1.100.0-beta.1
[INFO] running `Command { std: CARGO_HOME="/workspace/cargo-home" RUSTUP_HOME="/workspace/rustup-home" "/workspace/cargo-home/bin/cargo" "+1.100.0-beta.1" "metadata" "--manifest-path" "Cargo.toml" "--no-deps", kill_on_drop: false }`
[INFO] crate git repo https://github.com/onplt/conflic already has a lockfile, it will not be regenerated
[INFO] running `Command { std: CARGO_HOME="/workspace/cargo-home" RUSTUP_HOME="/workspace/rustup-home" "/workspace/cargo-home/bin/cargo" "+1.100.0-beta.1" "fetch" "--manifest-path" "Cargo.toml", kill_on_drop: false }`
[INFO] [stderr] warning: `package.homepage` is redundant with `package.repository`
[INFO] [stderr]   --> Cargo.toml:54:12
[INFO] [stderr]    |
[INFO] [stderr] 54 | homepage = "https://github.com/conflic/conflic"
[INFO] [stderr]    |            ^^^^^^^^^^^^^^^^^^^^^^^^^^^^^^^^^^^^
[INFO] [stderr] ...
[INFO] [stderr] 59 | repository = "https://github.com/conflic/conflic"
[INFO] [stderr]    |              ------------------------------------
[INFO] [stderr]    |
[INFO] [stderr]    = note: `cargo::redundant_homepage` is set to `warn` by default
[INFO] [stderr] help: consider removing `package.homepage`
[INFO] [stderr] warning: `conflic` (manifest) generated 1 warning
[INFO] running `Command { std: "docker" "create" "-v" "/var/lib/crater-agent-workspace/builds/worker-3-tc2/source:/opt/rustwide/workdir:ro,Z" "-v" "/var/lib/crater-agent-workspace/builds/worker-3-tc2/target:/opt/rustwide/target:rw,Z" "-v" "/var/lib/crater-agent-workspace/cargo-home:/opt/rustwide/cargo-home:ro,Z" "-v" "/var/lib/crater-agent-workspace/rustup-home:/opt/rustwide/rustup-home:ro,Z" "-m" "1610612736" "--network" "none" "ghcr.io/rust-lang/crates-build-env/linux@sha256:3111399a4047eeb3a02b7a90e478d715f38a8c6669b5c4b49d30a17385265909" "sleep" "infinity", kill_on_drop: false }`
[INFO] [stdout] e142632c0c076085194255b01c8e3fc95b574ac4c7ff6a5518123b14c990bc66
[INFO] running `Command { std: "docker" "start" "e142632c0c076085194255b01c8e3fc95b574ac4c7ff6a5518123b14c990bc66", kill_on_drop: false }`
[INFO] running `Command { std: "docker" "inspect" "e142632c0c076085194255b01c8e3fc95b574ac4c7ff6a5518123b14c990bc66", kill_on_drop: false }`
[INFO] running `Command { std: "docker" "exec" "-e" "SOURCE_DIR=/opt/rustwide/workdir" "-e" "CARGO_HOME=/opt/rustwide/cargo-home" "-e" "RUSTUP_HOME=/opt/rustwide/rustup-home" "-e" "CARGO_TARGET_DIR=/opt/rustwide/target" "-w" "/opt/rustwide/workdir" "--user" "0:0" "e142632c0c076085194255b01c8e3fc95b574ac4c7ff6a5518123b14c990bc66" "/opt/rustwide/cargo-home/bin/cargo" "+1.100.0-beta.1" "metadata" "--no-deps" "--format-version=1", kill_on_drop: false }`
[INFO] running `Command { std: "docker" "inspect" "e142632c0c076085194255b01c8e3fc95b574ac4c7ff6a5518123b14c990bc66", kill_on_drop: false }`
[INFO] running `Command { std: "docker" "exec" "-e" "SOURCE_DIR=/opt/rustwide/workdir" "-e" "CARGO_HOME=/opt/rustwide/cargo-home" "-e" "RUSTUP_HOME=/opt/rustwide/rustup-home" "-e" "CARGO_TARGET_DIR=/opt/rustwide/target" "-e" "CARGO_INCREMENTAL=0" "-e" "RUST_BACKTRACE=full" "-e" "RUSTFLAGS=--cap-lints=warn" "-e" "RUSTDOCFLAGS=--cap-lints=warn" "-w" "/opt/rustwide/workdir" "--user" "0:0" "e142632c0c076085194255b01c8e3fc95b574ac4c7ff6a5518123b14c990bc66" "/opt/rustwide/cargo-home/bin/cargo" "+1.100.0-beta.1" "build" "--frozen" "--message-format=json", kill_on_drop: false }`
[INFO] [stderr] warning: `package.homepage` is redundant with `package.repository`
[INFO] [stderr]   --> Cargo.toml:54:12
[INFO] [stderr]    |
[INFO] [stderr] 54 | homepage = "https://github.com/conflic/conflic"
[INFO] [stderr]    |            ^^^^^^^^^^^^^^^^^^^^^^^^^^^^^^^^^^^^
[INFO] [stderr] ...
[INFO] [stderr] 59 | repository = "https://github.com/conflic/conflic"
[INFO] [stderr]    |              ------------------------------------
[INFO] [stderr]    |
[INFO] [stderr]    = note: `cargo::redundant_homepage` is set to `warn` by default
[INFO] [stderr] help: consider removing `package.homepage`
[INFO] [stderr] warning: `conflic` (manifest) generated 1 warning
[INFO] [stderr]    Compiling smallvec v1.15.1
[INFO] [stderr]    Compiling anstyle v1.0.14
[INFO] [stderr]    Compiling futures-channel v0.3.32
[INFO] [stderr]    Compiling percent-encoding v2.3.2
[INFO] [stderr]    Compiling regex-automata v0.4.14
[INFO] [stderr]    Compiling getrandom v0.3.4
[INFO] [stderr]    Compiling zerocopy v0.8.47
[INFO] [stderr]    Compiling num-traits v0.2.19
[INFO] [stderr]    Compiling ahash v0.8.12
[INFO] [stderr]    Compiling mio v1.1.1
[INFO] [stderr]    Compiling itoa v1.0.18
[INFO] [stderr]    Compiling colorchoice v1.0.5
[INFO] [stderr]    Compiling miette-derive v7.6.0
[INFO] [stderr]    Compiling serde_repr v0.1.20
[INFO] [stderr]    Compiling thiserror-impl v1.0.69
[INFO] [stderr]    Compiling encoding_rs v0.8.35
[INFO] [stderr]    Compiling arraydeque v0.5.1
[INFO] [stderr]    Compiling futures-util v0.3.32
[INFO] [stderr]    Compiling hashbrown v0.14.5
[INFO] [stderr]    Compiling form_urlencoded v1.2.2
[INFO] [stderr]    Compiling parking_lot_core v0.9.12
[INFO] [stderr]    Compiling icu_normalizer v2.1.1
[INFO] [stderr]    Compiling serde_json v1.0.149
[INFO] [stderr]    Compiling anstream v1.0.0
[INFO] [stderr]    Compiling owo-colors v4.3.0
[INFO] [stderr]    Compiling bitflags v1.3.2
[INFO] [stderr]    Compiling unicode-width v0.2.2
[INFO] [stderr]    Compiling winnow v1.0.0
[INFO] [stderr]    Compiling nom v7.1.3
[INFO] [stderr]    Compiling parking_lot v0.12.5
[INFO] [stderr]    Compiling idna_adapter v1.2.1
[INFO] [stderr]    Compiling tokio v1.50.0
[INFO] [stderr]    Compiling idna v1.1.0
[INFO] [stderr]    Compiling annotate-snippets v0.12.13
[INFO] [stderr]    Compiling clap_builder v4.6.0
[INFO] [stderr]    Compiling saphyr-parser-bw v0.0.610
[INFO] [stderr]    Compiling toml_parser v1.0.10+spec-1.1.0
[INFO] [stderr]    Compiling url v2.5.8
[INFO] [stderr]    Compiling dashmap v5.5.3
[INFO] [stderr]    Compiling miette v7.6.0
[INFO] [stderr]    Compiling thiserror v1.0.69
[INFO] [stderr]    Compiling tracing v0.1.44
[INFO] [stderr]    Compiling auto_impl v1.3.0
[INFO] [stderr]    Compiling encoding_rs_io v0.1.7
[INFO] [stderr]    Compiling tower-lsp-macros v0.9.0
[INFO] [stderr]    Compiling lsp-types v0.94.1
[INFO] [stderr]    Compiling toml_datetime v1.0.1+spec-1.1.0
[INFO] [stderr]    Compiling serde_spanned v1.0.4
[INFO] [stderr]    Compiling bytecount v0.6.9
[INFO] [stderr]    Compiling toml_writer v1.0.7+spec-1.1.0
[INFO] [stderr]    Compiling nohash-hasher v0.2.0
[INFO] [stderr]    Compiling either v1.15.0
[INFO] [stderr]    Compiling ucd-trie v0.1.7
[INFO] [stderr]    Compiling toml v1.0.7+spec-1.1.0
[INFO] [stderr]    Compiling rayon v1.11.0
[INFO] [stderr]    Compiling json5 v1.3.1
[INFO] [stderr]    Compiling semver v1.0.27
[INFO] [stderr]    Compiling node-semver v2.2.0
[INFO] [stderr]    Compiling globset v0.4.18
[INFO] [stderr]    Compiling regex v1.12.3
[INFO] [stderr]    Compiling futures v0.3.32
[INFO] [stderr]    Compiling tower v0.4.13
[INFO] [stderr]    Compiling clap v4.6.0
[INFO] [stderr]    Compiling ignore v0.4.25
[INFO] [stderr]    Compiling serde-saphyr v0.0.22
[INFO] [stderr]    Compiling tokio-util v0.7.18
[INFO] [stderr]    Compiling tower-lsp v0.20.0
[INFO] [stderr]    Compiling conflic v1.1.6 (/opt/rustwide/workdir)
[INFO] [stderr]     Finished `dev` profile [unoptimized + debuginfo] target(s) in 1m 03s
[INFO] running `Command { std: "docker" "inspect" "e142632c0c076085194255b01c8e3fc95b574ac4c7ff6a5518123b14c990bc66", kill_on_drop: false }`
[INFO] running `Command { std: "docker" "exec" "-e" "SOURCE_DIR=/opt/rustwide/workdir" "-e" "CARGO_HOME=/opt/rustwide/cargo-home" "-e" "RUSTUP_HOME=/opt/rustwide/rustup-home" "-e" "CARGO_TARGET_DIR=/opt/rustwide/target" "-e" "CARGO_INCREMENTAL=0" "-e" "RUST_BACKTRACE=full" "-e" "RUSTFLAGS=--cap-lints=warn" "-e" "RUSTDOCFLAGS=--cap-lints=warn" "-w" "/opt/rustwide/workdir" "--user" "0:0" "e142632c0c076085194255b01c8e3fc95b574ac4c7ff6a5518123b14c990bc66" "/opt/rustwide/cargo-home/bin/cargo" "+1.100.0-beta.1" "test" "--frozen" "--no-run" "--message-format=json", kill_on_drop: false }`
[INFO] [stderr] warning: `package.homepage` is redundant with `package.repository`
[INFO] [stderr]   --> Cargo.toml:54:12
[INFO] [stderr]    |
[INFO] [stderr] 54 | homepage = "https://github.com/conflic/conflic"
[INFO] [stderr]    |            ^^^^^^^^^^^^^^^^^^^^^^^^^^^^^^^^^^^^
[INFO] [stderr] ...
[INFO] [stderr] 59 | repository = "https://github.com/conflic/conflic"
[INFO] [stderr]    |              ------------------------------------
[INFO] [stderr]    |
[INFO] [stderr]    = note: `cargo::redundant_homepage` is set to `warn` by default
[INFO] [stderr] help: consider removing `package.homepage`
[INFO] [stderr] warning: `conflic` (manifest) generated 1 warning
[INFO] [stderr]    Compiling regex-automata v0.4.14
[INFO] [stderr]    Compiling rustix v1.1.4
[INFO] [stderr]    Compiling predicates-core v1.0.10
[INFO] [stderr]    Compiling getrandom v0.4.2
[INFO] [stderr]    Compiling float-cmp v0.10.0
[INFO] [stderr]    Compiling assert_cmd v2.2.0
[INFO] [stderr]    Compiling normalize-line-endings v0.3.0
[INFO] [stderr]    Compiling termtree v0.5.1
[INFO] [stderr]    Compiling difflib v0.4.0
[INFO] [stderr]    Compiling wait-timeout v0.2.1
[INFO] [stderr]    Compiling diff v0.1.13
[INFO] [stderr]    Compiling yansi v1.0.1
[INFO] [stderr]    Compiling fastrand v2.3.0
[INFO] [stderr]    Compiling predicates-tree v1.0.13
[INFO] [stderr]    Compiling pretty_assertions v1.4.1
[INFO] [stderr]    Compiling tempfile v3.27.0
[INFO] [stderr]    Compiling regex v1.12.3
[INFO] [stderr]    Compiling bstr v1.12.1
[INFO] [stderr]    Compiling serde-saphyr v0.0.22
[INFO] [stderr]    Compiling predicates v3.1.4
[INFO] [stderr]    Compiling globset v0.4.18
[INFO] [stderr]    Compiling ignore v0.4.25
[INFO] [stderr]    Compiling conflic v1.1.6 (/opt/rustwide/workdir)
[INFO] [stderr]     Finished `test` profile [unoptimized + debuginfo] target(s) in 45.56s
[INFO] running `Command { std: "docker" "inspect" "e142632c0c076085194255b01c8e3fc95b574ac4c7ff6a5518123b14c990bc66", kill_on_drop: false }`
[INFO] running `Command { std: "docker" "exec" "-e" "SOURCE_DIR=/opt/rustwide/workdir" "-e" "CARGO_HOME=/opt/rustwide/cargo-home" "-e" "RUSTUP_HOME=/opt/rustwide/rustup-home" "-e" "CARGO_TARGET_DIR=/opt/rustwide/target" "-e" "CARGO_INCREMENTAL=0" "-e" "RUST_BACKTRACE=full" "-e" "RUSTFLAGS=--cap-lints=warn" "-e" "RUSTDOCFLAGS=--cap-lints=warn" "-w" "/opt/rustwide/workdir" "--user" "0:0" "e142632c0c076085194255b01c8e3fc95b574ac4c7ff6a5518123b14c990bc66" "/opt/rustwide/cargo-home/bin/cargo" "+1.100.0-beta.1" "test" "--frozen", kill_on_drop: false }`
[INFO] [stderr] warning: `package.homepage` is redundant with `package.repository`
[INFO] [stderr]   --> Cargo.toml:54:12
[INFO] [stderr]    |
[INFO] [stderr] 54 | homepage = "https://github.com/conflic/conflic"
[INFO] [stderr]    |            ^^^^^^^^^^^^^^^^^^^^^^^^^^^^^^^^^^^^
[INFO] [stderr] ...
[INFO] [stderr] 59 | repository = "https://github.com/conflic/conflic"
[INFO] [stderr]    |              ------------------------------------
[INFO] [stderr]    |
[INFO] [stderr]    = note: `cargo::redundant_homepage` is set to `warn` by default
[INFO] [stderr] help: consider removing `package.homepage`
[INFO] [stderr] warning: `conflic` (manifest) generated 1 warning
[INFO] [stderr]     Finished `test` profile [unoptimized + debuginfo] target(s) in 0.37s
[INFO] [stderr]      Running unittests src/lib.rs (/opt/rustwide/target/debug/build/conflic/b78ae184ac48eb13/out/conflic-b78ae184ac48eb13)
[INFO] [stdout] 
[INFO] [stdout] running 296 tests
[INFO] [stdout] test baseline::tests::test_different_dirs_same_filename_no_collision ... ok
[INFO] [stdout] test baseline::tests::test_generate_baseline_includes_parse_diagnostics ... ok
[INFO] [stdout] test baseline::tests::test_generate_baseline_uses_scan_root_relative_paths ... ok
[INFO] [stdout] test baseline::tests::test_filter_baselined_removes_known_parse_diagnostics ... ok
[INFO] [stdout] test baseline::tests::test_filter_baselined_removes_known_findings ... ok
[INFO] [stdout] test baseline::tests::test_filter_baselined_keeps_new_findings ... ok
[INFO] [stdout] test baseline::tests::test_save_and_load_baseline_roundtrip ... ok
[INFO] [stdout] test config::tests::test_generate_template_uses_ascii_custom_extractor_comment ... ok
[INFO] [stdout] test drift::tests::test_missing_concept ... ok
[INFO] [stdout] test drift::tests::test_minor_drift_with_tolerance ... ok
[INFO] [stdout] test enrich::eol::tests::test_builtin_registry_has_node ... ok
[INFO] [stdout] test enrich::tests::test_days_between ... ok
[INFO] [stdout] test enrich::tests::test_eol_window_policy ... ok
[INFO] [stdout] test config::tests::test_load_missing_implicit_config_uses_defaults ... ok
[INFO] [stdout] test config::tests::test_load_missing_explicit_config_errors ... ok
[INFO] [stdout] test enrich::cache::tests::test_load_cache_missing_returns_default ... ok
[INFO] [stdout] test drift::tests::test_major_drift ... ok
[INFO] [stdout] test drift::tests::test_matches_tolerance ... ok
[INFO] [stdout] test enrich::eol::tests::test_builtin_registry_has_python ... ok
[INFO] [stdout] test drift::tests::test_capture_baseline ... ok
[INFO] [stdout] test drift::tests::test_exact_conformance ... ok
[INFO] [stdout] test config::tests::test_load_relative_explicit_config_from_scan_root ... ok
[INFO] [stdout] test enrich::cache::tests::test_save_and_load_cache_roundtrip ... ok
[INFO] [stdout] test enrich::tests::test_concept_to_family ... ok
[INFO] [stdout] test extract::custom::tests::test_navigate_json ... ok
[INFO] [stdout] test enrich::tests::test_eol_window_policy_not_triggered_when_far ... ok
[INFO] [stdout] test enrich::tests::test_lookup_metadata_deprecated ... ok
[INFO] [stdout] test enrich::tests::test_lookup_metadata_found ... ok
[INFO] [stdout] test enrich::tests::test_parse_eol_window_rule ... ok
[INFO] [stdout] test extract::custom::tests::test_compile_custom_extractor_reports_invalid_format_as_diagnostic ... ok
[INFO] [stdout] test extract::custom::tests::test_compile_custom_extractor_reports_invalid_glob_as_diagnostic ... ok
[INFO] [stdout] test config::tests::test_load_collects_custom_extractor_validation_diagnostics ... ok
[INFO] [stdout] test extract::custom::tests::test_compile_custom_extractor_reports_invalid_regex_as_diagnostic ... ok
[INFO] [stdout] test extract::custom::tests::test_apply_pattern ... ok
[INFO] [stdout] test extract::custom::tests::test_source_matches_exact_relative_path_on_component_boundaries ... ok
[INFO] [stdout] test extract::custom::tests::test_navigate_toml ... ok
[INFO] [stdout] test extract::node_version::tests::test_extract_docker_image_version_handles_registry_ports ... ok
[INFO] [stdout] test extract::node_version::tests::test_extract_docker_image_version_skips_platform_flags ... ok
[INFO] [stdout] test extract::helm::tests::test_extract_nested_service_image ... ok
[INFO] [stdout] test extract::helm::tests::test_unknown_image_not_extracted ... ok
[INFO] [stdout] test extract::custom::tests::test_source_matches_filename_glob ... ok
[INFO] [stdout] test extract::kubernetes::tests::test_extract_port_from_deployment ... ok
[INFO] [stdout] test extract::kubernetes::tests::test_extract_python_version_from_deployment ... ok
[INFO] [stdout] test extract::helm::tests::test_extract_port_from_helm_values ... ok
[INFO] [stdout] test extract::kubernetes::tests::test_image_without_tag_is_skipped ... ok
[INFO] [stdout] test extract::kubernetes::tests::test_extract_node_version_from_deployment ... ok
[INFO] [stdout] test extract::kubernetes::tests::test_no_extraction_from_non_k8s_yaml ... ok
[INFO] [stdout] test extract::custom::tests::test_source_matches_path_relative_glob ... ok
[INFO] [stdout] test extract::port::tests::test_parse_compose_short_host_ip_range_mapping ... ok
[INFO] [stdout] test extract::kubernetes::tests::test_extract_port_from_service ... ok
[INFO] [stdout] test extract::helm::tests::test_extract_node_version_from_helm_values ... ok
[INFO] [stdout] test extract::custom::tests::test_navigate_yaml ... ok
[INFO] [stdout] test extract::custom::tests::test_apply_pattern_no_capture_group ... ok
[INFO] [stdout] test extract::kubernetes::tests::test_split_image_tag ... ok
[INFO] [stdout] test extract::port::tests::test_parse_compose_short_host_ip_without_host_port_is_rejected ... ok
[INFO] [stdout] test extract::port::tests::test_parse_compose_short_range_mapping_as_container_range ... ok
[INFO] [stdout] test federation::tests::test_generate_federation_template ... ok
[INFO] [stdout] test extract::ts_strict::tests::parse_eslint_flat_config_ignores_export_default_in_comments ... ok
[INFO] [stdout] test extract::runtime_version::tests::plain_text_version_strategy_tracks_original_source_line ... ok
[INFO] [stdout] test extract::port::tests::test_parse_compose_short_host_range_single_container_port ... ok
[INFO] [stdout] test extract::ts_strict::tests::parse_eslint_flat_config_ignores_module_exports_in_strings ... ok
[INFO] [stdout] test federation::tests::test_render_federation_json ... ok
[INFO] [stdout] test federation::tests::test_detect_cross_repo_drift ... ok
[INFO] [stdout] test federation::tests::test_no_drift_when_same_values ... ok
[INFO] [stdout] test federation::tests::test_resolve_repo_path_absolute ... ok
[INFO] [stdout] test federation::tests::test_resolve_repo_path_relative ... ok
[INFO] [stdout] test fix::patcher::tests::test_apply_docker_from_fix_preserves_stage_alias ... ok
[INFO] [stdout] test federation::tests::test_render_federation_report_empty ... ok
[INFO] [stdout] test fix::patcher::tests::test_apply_env_fix_preserves_quotes_and_inline_comments ... ok
[INFO] [stdout] test fix::patcher::tests::test_apply_docker_from_fix_rewrites_multiline_instruction_once ... ok
[INFO] [stdout] test fix::patcher::tests::test_apply_json_fix_updates_target_path ... ok
[INFO] [stdout] test fix::render::tests::render_docker_from_arguments_preserves_digest ... ok
[INFO] [stdout] test federation::tests::test_federation_config_deserialize ... ok
[INFO] [stdout] test fix::patcher::tests::test_apply_tool_versions_fix_updates_only_target_line ... ok
[INFO] [stdout] test fix::tests::test_plan_fixes_refuses_ambiguous_top_authority_ranges ... ok
[INFO] [stdout] test fix::tests::test_plan_fixes_refuses_overlapping_top_authority_ranges ... ok
[INFO] [stdout] test fix::tests::test_plan_fixes_refuses_range_for_exact_version_file ... ok
[INFO] [stdout] test fix::patcher::tests::test_apply_whole_file_fix_preserves_missing_trailing_newline ... ok
[INFO] [stdout] test extract::terraform::tests::test_extract_lambda_java_runtime ... ok
[INFO] [stdout] test extract::terraform::tests::test_extract_dotnet_runtime ... ok
[INFO] [stdout] test extract::terraform::tests::test_multiple_lambdas ... ok
[INFO] [stdout] test extract::terraform::tests::test_extract_lambda_nodejs_runtime ... ok
[INFO] [stdout] test extract::terraform::tests::test_unknown_runtime_skipped ... ok
[INFO] [stdout] test fix::patcher::tests::test_apply_json_fix_preserves_comments_and_crlf ... ok
[INFO] [stdout] test extract::terraform::tests::test_extract_container_image_from_tf ... ok
[INFO] [stdout] test extract::terraform::tests::test_extract_lambda_python_runtime ... ok
[INFO] [stdout] test federation::tests::test_federation_with_real_repos ... ok
[INFO] [stdout] test graph::tests::test_cross_concept_exact_match_trigger ... ok
[INFO] [stdout] test graph::tests::test_cross_concept_rule_not_triggered_when_condition_not_met ... ok
[INFO] [stdout] test history::tests::test_finding_key_dedup ... ok
[INFO] [stdout] test graph::tests::test_cross_concept_rule_missing_then_concept_no_panic ... ok
[INFO] [stdout] test history::tests::test_parse_blame_output ... ok
[INFO] [stdout] test history::tests::test_trend_report_empty_history ... ok
[INFO] [stdout] test history::tests::test_diff_findings_detects_new_and_resolved ... ok
[INFO] [stdout] test history::tests::test_trend_report_with_snapshots ... ok
[INFO] [stdout] test impact::tests::test_impact_no_change_empty_report ... ok
[INFO] [stdout] test history::tests::test_render_trend_with_data ... ok
[INFO] [stdout] test lsp::code_actions::tests::test_code_actions_include_targeted_replacement_text ... ok
[INFO] [stdout] test graph::tests::test_cross_concept_rule_deduplicates_same_file_value ... ok
[INFO] [stdout] test history::tests::test_scan_history_default_is_empty ... ok
[INFO] [stdout] test graph::tests::test_cross_concept_rule_with_alias ... ok
[INFO] [stdout] test history::tests::test_render_trend_no_history ... ok
[INFO] [stdout] test lsp::navigation::tests::test_document_symbols_groups_by_concept ... ok
[INFO] [stdout] test lsp::navigation::tests::test_document_symbols_empty_for_unrelated_file ... ok
[INFO] [stdout] test lsp::code_actions::tests::test_env_code_actions_preserve_inline_comments ... ok
[INFO] [stdout] test lsp::diagnostics::tests::test_scan_result_includes_parse_diagnostics ... ok
[INFO] [stdout] test lsp::navigation::tests::test_hover_returns_none_outside_assertion ... ok
[INFO] [stdout] test lsp::navigation::tests::test_references_excludes_declaration_when_requested ... ok
[INFO] [stdout] test lsp::navigation::tests::test_hover_shows_concept_and_value ... ok
[INFO] [stdout] test impact::tests::test_impact_direct_peers ... ok
[INFO] [stdout] test graph::tests::test_cross_concept_rule_triggers_violation ... ok
[INFO] [stdout] test lsp::text_document::tests::test_position_to_offset_supports_multibyte_characters ... ok
[INFO] [stdout] test impact::tests::test_impact_transitive_via_concept_rules ... ok
[INFO] [stdout] test model::semantic_type::tests::test_parse_caret_version ... ok
[INFO] [stdout] test model::semantic_type::tests::test_parse_docker_tag ... ok
[INFO] [stdout] test lsp::text_document::tests::test_position_to_offset_handles_line_boundaries ... ok
[INFO] [stdout] test lsp::navigation::tests::test_hover_shows_peer_assertions ... ok
[INFO] [stdout] test model::semantic_type::tests::test_normalize_boolean ... ok
[INFO] [stdout] test hardening_tests::nested_gitlab_ci_yml_is_not_treated_as_root_ci_config ... ok
[INFO] [stdout] test model::semantic_type::tests::test_parse_port_mapping_with_host_range ... ok
[INFO] [stdout] test model::semantic_type::tests::test_parse_exact_version ... ok
[INFO] [stdout] test model::semantic_type::tests::test_parse_port_mapping ... ok
[INFO] [stdout] test model::semantic_type::tests::test_parse_port_mapping_with_host_ip ... ok
[INFO] [stdout] test parse::dockerfile::tests::test_docker_from_image_reference_handles_registry_ports ... ok
[INFO] [stdout] test lsp::navigation::tests::test_references_returns_all_concept_locations ... ok
[INFO] [stdout] test parse::dockerfile::tests::test_docker_from_image_reference_preserves_digest_component ... ok
[INFO] [stdout] test lsp::state::tests::full_request_overrides_pending_file_scope ... ok
[INFO] [stdout] test lsp::state::tests::pending_generation_is_replayed_after_running_scan_finishes ... ok
[INFO] [stdout] test lsp::text_document::tests::test_apply_content_changes_supports_incremental_ranges ... ok
[INFO] [stdout] test parse::dockerfile::tests::test_docker_from_image_reference_skips_platform_flags ... ok
[INFO] [stdout] test parse::dockerfile::tests::test_docker_instruction_offsets_cover_multiline_from_instruction ... ok
[INFO] [stdout] test parse::env::tests::test_parse_env ... ok
[INFO] [stdout] test parse::env::tests::test_parse_env_preserves_hash_at_value_start ... ok
[INFO] [stdout] test parse::env::tests::test_parse_env_preserves_hashes_inside_quotes ... ok
[INFO] [stdout] test parse::env::tests::test_parse_env_space_then_hash_is_comment ... ok
[INFO] [stdout] test parse::env::tests::test_parse_env_strips_comment_after_space_hash ... ok
[INFO] [stdout] test parse::env::tests::test_parse_env_strips_unquoted_inline_comments ... ok
[INFO] [stdout] test parse::dockerfile::tests::test_parse_dockerfile_joins_line_continuations ... ok
[INFO] [stdout] test parse::dockerfile::tests::test_parse_multistage_dockerfile ... ok
[INFO] [stdout] test parse::extends::tests::test_resolve_json_extends_ignores_package_reference_subpaths ... ok
[INFO] [stdout] test model::semantic_type::tests::test_parse_port_host_ip_without_host_port_is_rejected ... ok
[INFO] [stdout] test model::semantic_type::tests::test_parse_port_mapping_with_container_range ... ok
[INFO] [stdout] test parse::extends::tests::test_deep_merge_simple ... ok
[INFO] [stdout] test model::semantic_type::tests::test_parse_range_version ... ok
[INFO] [stdout] test parse::dockerfile::tests::test_parse_simple_dockerfile ... ok
[INFO] [stdout] test model::semantic_type::tests::test_parse_port_single ... ok
[INFO] [stdout] test parse::extends::tests::test_resolve_json_extends_blocks_parent_outside_scan_root ... ok
[INFO] [stdout] test parse::extends::tests::test_resolve_json_extends_reports_missing_bare_local_config ... ok
[INFO] [stdout] test parse::extends::tests::test_resolve_json_extends_merges_local_arrays_in_order ... ok
[INFO] [stdout] test parse::extends::tests::test_resolve_structured_extends_reads_yaml_parent ... ok
[INFO] [stdout] test parse::json::tests::test_json_value_offsets_ignore_comment_keys ... ok
[INFO] [stdout] test parse::json::tests::test_replace_json_string_handles_surrogate_pair_escapes_before_target ... ok
[INFO] [stdout] test parse::json::tests::test_replace_json_string_handles_single_quoted_json5_strings ... ok
[INFO] [stdout] test parse::plain_text::tests::test_first_meaningful_line_tracks_original_line_number ... ok
[INFO] [stdout] test parse::json::tests::test_replace_json_string_preserves_comments_and_crlf ... ok
[INFO] [stdout] test parse::plain_text::tests::test_parse_nvmrc ... ok
[INFO] [stdout] test parse::json::tests::test_parse_standard_json ... ok
[INFO] [stdout] test parse::json::tests::test_parse_jsonc_with_comments ... ok
[INFO] [stdout] test parse::source_location::tests::test_span_from_offsets_tracks_multiline_columns ... ok
[INFO] [stdout] test parse::toml_parser::tests::test_parse_toml ... ok
[INFO] [stdout] test parse::plain_text::tests::test_parse_with_comment ... ok
[INFO] [stdout] test parse::source_location::tests::test_find_line_for_json_key_uses_exact_value_span ... ok
[INFO] [stdout] test parse::source_location::tests::test_find_line_for_key_ignores_freeform_mentions ... ok
[INFO] [stdout] test parse::json::tests::test_parse_invalid_json ... ok
[INFO] [stdout] test parse::source_location::tests::test_find_line_for_key_ignores_comment_lines ... ok
[INFO] [stdout] test parse::source_location::tests::test_find_line_for_key_value_uses_leaf_key_and_value ... ok
[INFO] [stdout] test parse::yaml::tests::test_inline_scalar_literal_for_key_preserves_decimal_format ... ok
[INFO] [stdout] test parse::yaml::tests::test_inline_scalar_literal_for_key_supports_quoted_keys_and_values ... ok
[INFO] [stdout] test parse::yaml::tests::test_line_for_key_path_uses_full_yaml_path ... ok
[INFO] [stdout] test parse::yaml::tests::test_parse_yaml_preserves_multiline_scalars_and_comment_like_content ... ok
[INFO] [stdout] test parse::yaml::tests::test_sequence_scalar_literal_for_key_hint_handles_yaml_float_precision ... ok
[INFO] [stdout] test parse::yaml::tests::test_sequence_scalar_literal_for_key_hint_no_match_returns_none ... ok
[INFO] [stdout] test parse::yaml::tests::test_sequence_scalar_literal_for_key_preserves_inline_decimal_format ... ok
[INFO] [stdout] test parse::source_location::tests::test_find_line_for_key ... ok
[INFO] [stdout] test parse::xml::tests::test_find_tag_value_matches_supports_attributes ... ok
[INFO] [stdout] test parse::yaml::tests::test_sequence_scalar_literal_for_key_disambiguates_with_hint ... ok
[INFO] [stdout] test parse::plain_text::tests::test_parse_with_whitespace ... ok
[INFO] [stdout] test pathing::tests::classify_ci_config_path_supports_gitlab_ci_directory_files ... ok
[INFO] [stdout] test pathing::tests::classify_ci_config_path_requires_root_gitlab_ci_yml ... ok
[INFO] [stdout] test parse::yaml::tests::test_sequence_scalar_literal_for_key_supports_block_sequences ... ok
[INFO] [stdout] test pathing::tests::strip_windows_extended_length_prefix_handles_unc_paths ... ok
[INFO] [stdout] test plugin::tests::test_extract_output_defaults ... ok
[INFO] [stdout] test parse::yaml::tests::test_parse_yaml_with_anchors ... ok
[INFO] [stdout] test parse::xml::tests::test_find_plugin_tag_value_matches_filters_by_plugin_artifact_id ... ok
[INFO] [stdout] test plugin::tests::test_extract_output_deserialize ... ok
[INFO] [stdout] test plugin::tests::test_plugin_config_defaults ... ok
[INFO] [stdout] test plugin::tests::test_plugin_config_deserialize ... ok
[INFO] [stdout] test plugin::tests::test_stub_loader_no_error_when_empty ... ok
[INFO] [stdout] test plugin::tests::test_solve_output_deserialize ... ok
[INFO] [stdout] test parse::yaml::tests::test_parse_yaml ... ok
[INFO] [stdout] test policy::tests::test_evaluate_policies_integration ... ok
[INFO] [stdout] test policy::tests::test_no_duplicate_findings_for_same_file_value ... ok
[INFO] [stdout] test policy::tests::test_policy_message_is_included ... ok
[INFO] [stdout] test policy::tests::test_policy_synthetic_assertion_points_to_config ... ok
[INFO] [stdout] test graph::tests::test_cross_concept_rule_no_violation_when_satisfied ... ok
[INFO] [stdout] test policy::tests::test_port_range_policy ... ok
[INFO] [stdout] test policy::tests::test_version_blacklist_policy ... ok
[INFO] [stdout] test policy::tests::test_version_policy_compliant ... ok
[INFO] [stdout] test policy::tests::test_version_policy_violated ... ok
[INFO] [stdout] test pathing::tests::classify_ci_config_path_requires_github_workflow_file_at_supported_depth ... ok
[INFO] [stdout] test parse::xml::tests::test_find_tag_value_matches_preserves_multiline_value_span ... ok
[INFO] [stdout] test pathing::tests::classify_ci_config_path_requires_root_circleci_config_file ... ok
[INFO] [stdout] test pathing::tests::strip_windows_extended_length_prefix_handles_local_paths ... ok
[INFO] [stdout] test policy::tests::test_port_blacklist_policy ... ok
[INFO] [stdout] test promote::tests::test_compiled_promotion_detects_environment ... ok
[INFO] [stdout] test plugin::tests::test_stub_loader_warns_when_plugins_configured ... ok
[INFO] [stdout] test policy::tests::test_boolean_policy ... ok
[INFO] [stdout] test policy::tests::test_boolean_policy_compliant ... ok
[INFO] [stdout] test policy::tests::test_concept_alias_matching ... ok
[INFO] [stdout] test report::terminal::tests::test_render_uses_ascii_header_and_separator ... ok
[INFO] [stdout] test report::terminal::tests::test_simplify_path_strips_windows_extended_length_prefix ... ok
[INFO] [stdout] test solve::constraint::tests::test_intersect_interval_sets ... ok
[INFO] [stdout] test promote::tests::test_promotion_skipped_when_no_config ... ok
[INFO] [stdout] test report::doctor::tests::test_render_uses_ascii_header_and_separator ... ok
[INFO] [stdout] test report::json::tests::test_json_output_strips_windows_extended_length_prefix_from_file_paths ... ok
[INFO] [stdout] test report::sarif::tests::test_path_to_uri_strips_windows_extended_length_prefix ... ok
[INFO] [stdout] test solve::constraint::tests::test_satisfiable_exact_versions_same ... ok
[INFO] [stdout] test hardening_tests::same_file_assertions_do_not_generate_extra_contradictions ... ok
[INFO] [stdout] test solve::constraint::tests::test_satisfiable_exact_within_range ... ok
[INFO] [stdout] test solve::constraint::tests::test_unsatisfiable_exact_versions_differ ... ok
[INFO] [stdout] test solve::port::tests::test_different_port ... ok
[INFO] [stdout] test solve::constraint::tests::test_full_pipeline_drops_python_contradiction ... ok
[INFO] [stdout] test solve::port::tests::test_mapping_container_mismatch ... ok
[INFO] [stdout] test promote::tests::test_promotion_detects_cross_env_contradiction ... ok
[INFO] [stdout] test solve::port::tests::test_overlapping_ranges_are_compatible ... ok
[INFO] [stdout] test solve::port::tests::test_mapping_container_matches ... ok
[INFO] [stdout] test solve::port::tests::test_same_port ... ok
[INFO] [stdout] test promote::tests::test_promotion_no_finding_when_same_value ... ok
[INFO] [stdout] test solve::port::tests::test_single_port_inside_range_is_compatible ... ok
[INFO] [stdout] test solve::registry::tests::test_boolean_solver_incompatible ... ok
[INFO] [stdout] test solve::port::tests::test_single_port_outside_range_is_incompatible ... ok
[INFO] [stdout] test solve::registry::tests::test_boolean_solver_compatible ... ok
[INFO] [stdout] test solve::constraint::tests::test_range_to_intervals_minor_version_range_returns_some ... ok
[INFO] [stdout] test solve::port::tests::test_single_port_on_range_boundary_is_compatible ... ok
[INFO] [stdout] test solve::constraint::tests::test_satisfiable_partial_versions ... ok
[INFO] [stdout] test solve::registry::tests::test_exact_string_solver ... ok
[INFO] [stdout] test hardening_tests::multiline_docker_from_produces_runtime_assertion ... ok
[INFO] [stdout] test solve::constraint::tests::test_unsatisfiable_range_and_exact_outside ... ok
[INFO] [stdout] test hardening_tests::gitlab_ci_directory_yaml_is_scanned_as_ci_input ... ok
[INFO] [stdout] test solve::registry::tests::test_port_solver_incompatible ... ok
[INFO] [stdout] test solve::registry::tests::test_port_solver_compatible ... ok
[INFO] [stdout] test solve::registry::tests::test_semver_solver_range ... ok
[INFO] [stdout] test solve::severity::tests::test_enforced_advisory ... ok
[INFO] [stdout] test solve::severity::tests::test_enforced_declared ... ok
[INFO] [stdout] test solve::severity::tests::test_enforced_enforced ... ok
[INFO] [stdout] test extract::terraform::tests::test_extract_port_from_tf ... ok
[INFO] [stdout] test solve::severity::tests::test_declared_declared ... ok
[INFO] [stdout] test solve::tests::test_custom_solver_uses_solver_rule_id ... ok
[INFO] [stdout] test solve::constraint::tests::test_unsatisfiable_python_minor_version_contradiction ... ok
[INFO] [stdout] test solve::severity::tests::test_declared_advisory ... ok
[INFO] [stdout] test solve::severity::tests::test_advisory_advisory ... ok
[INFO] [stdout] test solve::constraint::tests::test_unsatisfiable_go_minor_version_contradiction ... ok
[INFO] [stdout] test solve::registry::tests::test_registry_lookup ... ok
[INFO] [stdout] test solve::registry::tests::test_semver_solver_compatible ... ok
[INFO] [stdout] test solve::registry::tests::test_semver_solver_incompatible ... ok
[INFO] [stdout] test solve::tests::test_custom_solver_overrides_default_comparison ... ok
[INFO] [stdout] test solve::registry::tests::test_solver_from_name ... ok
[INFO] [stdout] test solve::version::tests::test_docker_tag_vs_exact ... ok
[INFO] [stdout] test solve::tests::test_compare_detects_string_contradiction ... ok
[INFO] [stdout] test solve::tests::test_single_assertion_no_findings ... ok
[INFO] [stdout] test solve::version::tests::test_exact_match ... ok
[INFO] [stdout] test solve::version::tests::test_exact_mismatch ... ok
[INFO] [stdout] test solve::version::tests::test_exact_outside_range ... ok
[INFO] [stdout] test solve::version::tests::test_exact_satisfies_range ... ok
[INFO] [stdout] test solve::constraint::tests::test_interval_intersect ... ok
[INFO] [stdout] test parse::extends::tests::test_resolve_json_extends_limits_depth_before_stack_overflow ... ok
[INFO] [stdout] test solve::version::tests::test_prerelease_exact_does_not_satisfy_stable_range ... ok
[INFO] [stdout] test solve::version::tests::test_narrow_ranges_overlap ... ok
[INFO] [stdout] test solve::version::tests::test_narrow_ranges_touching_bounds_do_not_overlap ... ok
[INFO] [stdout] test solve::tests::test_monorepo_scoped_comparison ... ok
[INFO] [stdout] test solve::tests::test_skip_concept_removes_from_results ... ok
[INFO] [stdout] test solve::version::tests::test_partial_vs_exact_incompatible ... ok
[INFO] [stdout] test solve::version::tests::test_docker_tag_vs_incompatible ... ok
[INFO] [stdout] test solve::version::tests::test_ranges_no_overlap ... ok
[INFO] [stdout] test solve::version::tests::test_ranges_overlap ... ok
[INFO] [stdout] test solve::tests::test_monorepo_prefers_most_specific_package_root ... ok
[INFO] [stdout] test solve::version::tests::test_partial_vs_exact_compatible ... ok
[INFO] [stdout] test tests::test_parse_git_path_output_supports_nul_terminated_entries ... ok
[INFO] [stdout] test solve::tests::test_compare_no_contradiction_when_same ... ok
[INFO] [stdout] test tests::test_parse_git_path_output_preserves_significant_whitespace ... ok
[INFO] [stdout] test topology::tests::test_compose_depends_on_object_form ... ok
[INFO] [stdout] test topology::tests::test_compose_environment_list_format ... ok
[INFO] [stdout] test topology::tests::test_empty_graph_no_findings ... ok
[INFO] [stdout] test topology::tests::test_host_port_conflict ... ok
[INFO] [stdout] test topology::tests::test_dangling_depends_on ... ok
[INFO] [stdout] test topology::tests::test_compose_service_extraction ... ok
[INFO] [stdout] test topology::tests::test_render_topology_json ... ok
[INFO] [stdout] test topology::tests::test_env_port_mismatch ... ok
[INFO] [stdout] test topology::tests::test_k8s_service_port_mismatch ... ok
[INFO] [stdout] test topology::tests::test_k8s_dangling_selector ... ok
[INFO] [stdout] test topology::tests::test_no_false_positive_when_ports_match ... ok
[INFO] [stdout] test solve::tests::test_matrix_duplicates_are_deduplicated ... ok
[INFO] [stdout] test topology::tests::test_k8s_service_matching_port_no_finding ... ok
[INFO] [stdout] test tests::test_git_changed_files_handles_unicode_paths ... ok
[INFO] [stdout] test tests::test_git_changed_files_rejects_option_like_ref ... ok
[INFO] [stdout] test hardening_tests::missing_scan_root_cli_exits_with_code_one ... FAILED
[INFO] [stdout] 
[INFO] [stdout] failures:
[INFO] [stdout] 
[INFO] [stdout] ---- hardening_tests::missing_scan_root_cli_exits_with_code_one stdout ----
[INFO] [stdout] 
[INFO] [stdout] thread 'hardening_tests::missing_scan_root_cli_exits_with_code_one' (1677) panicked at /opt/rustwide/cargo-home/registry/src/index.crates.io-1949cf8c6b5b557f/assert_cmd-2.2.0/src/cargo.rs:251:9:
[INFO] [stdout] `CARGO_BIN_EXE_conflic` is unset
[INFO] [stdout] help: if this is running within a unit test, move it to an integration test to gain access to `CARGO_BIN_EXE_conflic`
[INFO] [stdout] stack backtrace:
[INFO] [stdout]    0:     0x5ae3c71202b1 - std[617be2ca0a6fd877]::backtrace_rs::backtrace::libunwind::trace
[INFO] [stdout]                                at /rustc/e3feeb59cd1bdd011a2bfcc0747b55125d9b8527/library/std/src/../../backtrace/src/backtrace/libunwind.rs:117:9
[INFO] [stdout]    1:     0x5ae3c71202b1 - std[617be2ca0a6fd877]::backtrace_rs::backtrace::trace_unsynchronized::<std[617be2ca0a6fd877]::sys::backtrace::_print_fmt::{closure#1}>
[INFO] [stdout]                                at /rustc/e3feeb59cd1bdd011a2bfcc0747b55125d9b8527/library/std/src/../../backtrace/src/backtrace/mod.rs:66:14
[INFO] [stdout]    2:     0x5ae3c71202b1 - std[617be2ca0a6fd877]::sys::backtrace::_print_fmt
[INFO] [stdout]                                at /rustc/e3feeb59cd1bdd011a2bfcc0747b55125d9b8527/library/std/src/sys/backtrace.rs:74:9
[INFO] [stdout]    3:     0x5ae3c71202b1 - <<std[617be2ca0a6fd877]::sys::backtrace::BacktraceLock>::print::DisplayBacktrace as core[a373ad73a504971]::fmt::Display>::fmt
[INFO] [stdout]                                at /rustc/e3feeb59cd1bdd011a2bfcc0747b55125d9b8527/library/std/src/sys/backtrace.rs:44:26
[INFO] [stdout]    4:     0x5ae3c7139d9a - <core[a373ad73a504971]::fmt::rt::Argument>::fmt
[INFO] [stdout]                                at /rustc/e3feeb59cd1bdd011a2bfcc0747b55125d9b8527/library/core/src/fmt/rt.rs:152:76
[INFO] [stdout]    5:     0x5ae3c7139d9a - core[a373ad73a504971]::fmt::write
[INFO] [stdout]    6:     0x5ae3c712616c - core[a373ad73a504971]::io::write::default_write_fmt::<alloc[2e1b2a31b91974c5]::vec::Vec<u8>>
[INFO] [stdout]                                at /rustc/e3feeb59cd1bdd011a2bfcc0747b55125d9b8527/library/core/src/io/write.rs:402:11
[INFO] [stdout]    7:     0x5ae3c712616c - <alloc[2e1b2a31b91974c5]::vec::Vec<u8> as core[a373ad73a504971]::io::write::Write>::write_fmt
[INFO] [stdout]                                at /rustc/e3feeb59cd1bdd011a2bfcc0747b55125d9b8527/library/core/src/io/write.rs:335:13
[INFO] [stdout]    8:     0x5ae3c70f8e96 - <std[617be2ca0a6fd877]::sys::backtrace::BacktraceLock>::print
[INFO] [stdout]                                at /rustc/e3feeb59cd1bdd011a2bfcc0747b55125d9b8527/library/std/src/sys/backtrace.rs:47:9
[INFO] [stdout]    9:     0x5ae3c70f8e96 - std[617be2ca0a6fd877]::panicking::default_hook::{closure#0}
[INFO] [stdout]                                at /rustc/e3feeb59cd1bdd011a2bfcc0747b55125d9b8527/library/std/src/panicking.rs:289:27
[INFO] [stdout]   10:     0x5ae3c7117699 - std[617be2ca0a6fd877]::panicking::default_hook
[INFO] [stdout]                                at /rustc/e3feeb59cd1bdd011a2bfcc0747b55125d9b8527/library/std/src/panicking.rs:313:9
[INFO] [stdout]   11:     0x5ae3c6d0e340 - <alloc[2e1b2a31b91974c5]::boxed::Box<dyn for<'a, 'b> core[a373ad73a504971]::ops::function::Fn<(&'a std[617be2ca0a6fd877]::panic::PanicHookInfo<'b>,), Output = ()> + core[a373ad73a504971]::marker::Sync + core[a373ad73a504971]::marker::Send> as core[a373ad73a504971]::ops::function::Fn<(&std[617be2ca0a6fd877]::panic::PanicHookInfo,)>>::call
[INFO] [stdout]                                at /rustc/e3feeb59cd1bdd011a2bfcc0747b55125d9b8527/library/alloc/src/boxed.rs:2328:9
[INFO] [stdout]   12:     0x5ae3c6d0e340 - test[aada8e7e76ba119b]::test_main_inner::{closure#0}
[INFO] [stdout]                                at /rustc/e3feeb59cd1bdd011a2bfcc0747b55125d9b8527/library/test/src/lib.rs:137:21
[INFO] [stdout]   13:     0x5ae3c71179c2 - <alloc[2e1b2a31b91974c5]::boxed::Box<dyn for<'a, 'b> core[a373ad73a504971]::ops::function::Fn<(&'a std[617be2ca0a6fd877]::panic::PanicHookInfo<'b>,), Output = ()> + core[a373ad73a504971]::marker::Sync + core[a373ad73a504971]::marker::Send> as core[a373ad73a504971]::ops::function::Fn<(&std[617be2ca0a6fd877]::panic::PanicHookInfo,)>>::call
[INFO] [stdout]                                at /rustc/e3feeb59cd1bdd011a2bfcc0747b55125d9b8527/library/alloc/src/boxed.rs:2328:9
[INFO] [stdout]   14:     0x5ae3c71179c2 - std[617be2ca0a6fd877]::panicking::panic_with_hook
[INFO] [stdout]                                at /rustc/e3feeb59cd1bdd011a2bfcc0747b55125d9b8527/library/std/src/panicking.rs:819:13
[INFO] [stdout]   15:     0x5ae3c70f8f42 - std[617be2ca0a6fd877]::panicking::panic_handler::{closure#0}
[INFO] [stdout]                                at /rustc/e3feeb59cd1bdd011a2bfcc0747b55125d9b8527/library/std/src/panicking.rs:685:13
[INFO] [stdout]   16:     0x5ae3c70f1379 - std[617be2ca0a6fd877]::sys::backtrace::__rust_end_short_backtrace::<std[617be2ca0a6fd877]::panicking::panic_handler::{closure#0}, !>
[INFO] [stdout]                                at /rustc/e3feeb59cd1bdd011a2bfcc0747b55125d9b8527/library/std/src/sys/backtrace.rs:182:18
[INFO] [stdout]   17:     0x5ae3c70f9c5d - __rustc[ea4f61d10b84890b]::rust_begin_unwind
[INFO] [stdout]                                at /rustc/e3feeb59cd1bdd011a2bfcc0747b55125d9b8527/library/std/src/panicking.rs:676:5
[INFO] [stdout]   18:     0x5ae3c713a63c - core[a373ad73a504971]::panicking::panic_fmt
[INFO] [stdout]                                at /rustc/e3feeb59cd1bdd011a2bfcc0747b55125d9b8527/library/core/src/panicking.rs:80:14
[INFO] [stdout]   19:     0x5ae3c6d5d97b - assert_cmd[8f149f2ceeddf46b]::cargo::missing_cargo_bin
[INFO] [stdout]                                at /opt/rustwide/cargo-home/registry/src/index.crates.io-1949cf8c6b5b557f/assert_cmd-2.2.0/src/cargo.rs:251:9
[INFO] [stdout]   20:     0x5ae3c6d5affd - assert_cmd[8f149f2ceeddf46b]::cargo::cargo_bin_str::{closure#2}
[INFO] [stdout]                                at /opt/rustwide/cargo-home/registry/src/index.crates.io-1949cf8c6b5b557f/assert_cmd-2.2.0/src/cargo.rs:240:28
[INFO] [stdout]   21:     0x5ae3c6d533e2 - <core[a373ad73a504971]::option::Option<std[617be2ca0a6fd877]::path::PathBuf>>::unwrap_or_else::<assert_cmd[8f149f2ceeddf46b]::cargo::cargo_bin_str::{closure#2}>
[INFO] [stdout]                                at /rustc/e3feeb59cd1bdd011a2bfcc0747b55125d9b8527/library/core/src/option.rs:1067:21
[INFO] [stdout]   22:     0x5ae3c6d5d241 - assert_cmd[8f149f2ceeddf46b]::cargo::cargo_bin_str
[INFO] [stdout]                                at /opt/rustwide/cargo-home/registry/src/index.crates.io-1949cf8c6b5b557f/assert_cmd-2.2.0/src/cargo.rs:240:10
[INFO] [stdout]   23:     0x5ae3c69797b2 - assert_cmd[8f149f2ceeddf46b]::cargo::cargo_bin::<&str>
[INFO] [stdout]                                at /opt/rustwide/cargo-home/registry/src/index.crates.io-1949cf8c6b5b557f/assert_cmd-2.2.0/src/cargo.rs:232:5
[INFO] [stdout]   24:     0x5ae3c697943b - assert_cmd[8f149f2ceeddf46b]::cargo::cargo_bin_cmd::<&str>
[INFO] [stdout]                                at /opt/rustwide/cargo-home/registry/src/index.crates.io-1949cf8c6b5b557f/assert_cmd-2.2.0/src/cargo.rs:156:16
[INFO] [stdout]   25:     0x5ae3c6978346 - <assert_cmd[8f149f2ceeddf46b]::cmd::Command>::cargo_bin::<&str>
[INFO] [stdout]                                at /opt/rustwide/cargo-home/registry/src/index.crates.io-1949cf8c6b5b557f/assert_cmd-2.2.0/src/cmd.rs:71:19
[INFO] [stdout]   26:     0x5ae3c6b02634 - conflic[4b7176e8ddfa05a3]::hardening_tests::missing_scan_root_cli_exits_with_code_one
[INFO] [stdout]                                at /opt/rustwide/workdir/src/tests/mod.rs:24:5
[INFO] [stdout]   27:     0x5ae3c6affca7 - conflic[4b7176e8ddfa05a3]::hardening_tests::missing_scan_root_cli_exits_with_code_one::{closure#0}
[INFO] [stdout]                                at /opt/rustwide/workdir/src/tests/mod.rs:20:47
[INFO] [stdout]   28:     0x5ae3c69c83d6 - <conflic[4b7176e8ddfa05a3]::hardening_tests::missing_scan_root_cli_exits_with_code_one::{closure#0} as core[a373ad73a504971]::ops::function::FnOnce<()>>::call_once
[INFO] [stdout]                                at /rustc/e3feeb59cd1bdd011a2bfcc0747b55125d9b8527/library/core/src/ops/function.rs:250:5
[INFO] [stdout]   29:     0x5ae3c6d0178b - <fn() -> core[a373ad73a504971]::result::Result<(), alloc[2e1b2a31b91974c5]::string::String> as core[a373ad73a504971]::ops::function::FnOnce<()>>::call_once
[INFO] [stdout]                                at /rustc/e3feeb59cd1bdd011a2bfcc0747b55125d9b8527/library/core/src/ops/function.rs:250:5
[INFO] [stdout]   30:     0x5ae3c6d0178b - test[aada8e7e76ba119b]::__rust_begin_short_backtrace::<core[a373ad73a504971]::result::Result<(), alloc[2e1b2a31b91974c5]::string::String>, fn() -> core[a373ad73a504971]::result::Result<(), alloc[2e1b2a31b91974c5]::string::String>>
[INFO] [stdout]                                at /rustc/e3feeb59cd1bdd011a2bfcc0747b55125d9b8527/library/test/src/lib.rs:701:18
[INFO] [stdout]   31:     0x5ae3c6d0e965 - test[aada8e7e76ba119b]::run_test_in_process::{closure#0}
[INFO] [stdout]                                at /rustc/e3feeb59cd1bdd011a2bfcc0747b55125d9b8527/library/test/src/lib.rs:724:74
[INFO] [stdout]   32:     0x5ae3c6d0e965 - <core[a373ad73a504971]::panic::unwind_safe::AssertUnwindSafe<test[aada8e7e76ba119b]::run_test_in_process::{closure#0}> as core[a373ad73a504971]::ops::function::FnOnce<()>>::call_once
[INFO] [stdout]                                at /rustc/e3feeb59cd1bdd011a2bfcc0747b55125d9b8527/library/core/src/panic/unwind_safe.rs:275:9
[INFO] [stdout]   33:     0x5ae3c6d0e965 - std[617be2ca0a6fd877]::panicking::catch_unwind::do_call::<core[a373ad73a504971]::panic::unwind_safe::AssertUnwindSafe<test[aada8e7e76ba119b]::run_test_in_process::{closure#0}>, core[a373ad73a504971]::result::Result<(), alloc[2e1b2a31b91974c5]::string::String>>
[INFO] [stdout]                                at /rustc/e3feeb59cd1bdd011a2bfcc0747b55125d9b8527/library/std/src/panicking.rs:573:43
[INFO] [stdout]   34:     0x5ae3c6d0e965 - std[617be2ca0a6fd877]::panicking::catch_unwind::<core[a373ad73a504971]::result::Result<(), alloc[2e1b2a31b91974c5]::string::String>, core[a373ad73a504971]::panic::unwind_safe::AssertUnwindSafe<test[aada8e7e76ba119b]::run_test_in_process::{closure#0}>>
[INFO] [stdout]                                at /rustc/e3feeb59cd1bdd011a2bfcc0747b55125d9b8527/library/std/src/panicking.rs:541:19
[INFO] [stdout]   35:     0x5ae3c6d0e965 - std[617be2ca0a6fd877]::panic::catch_unwind::<core[a373ad73a504971]::panic::unwind_safe::AssertUnwindSafe<test[aada8e7e76ba119b]::run_test_in_process::{closure#0}>, core[a373ad73a504971]::result::Result<(), alloc[2e1b2a31b91974c5]::string::String>>
[INFO] [stdout]                                at /rustc/e3feeb59cd1bdd011a2bfcc0747b55125d9b8527/library/std/src/panic.rs:359:14
[INFO] [stdout]   36:     0x5ae3c6d0e965 - test[aada8e7e76ba119b]::run_test_in_process
[INFO] [stdout]                                at /rustc/e3feeb59cd1bdd011a2bfcc0747b55125d9b8527/library/test/src/lib.rs:724:27
[INFO] [stdout]   37:     0x5ae3c6d0e965 - test[aada8e7e76ba119b]::run_test::{closure#0}
[INFO] [stdout]                                at /rustc/e3feeb59cd1bdd011a2bfcc0747b55125d9b8527/library/test/src/lib.rs:645:43
[INFO] [stdout]   38:     0x5ae3c6d08254 - test[aada8e7e76ba119b]::run_test::{closure#1}
[INFO] [stdout]                                at /rustc/e3feeb59cd1bdd011a2bfcc0747b55125d9b8527/library/test/src/lib.rs:675:41
[INFO] [stdout]   39:     0x5ae3c6d08254 - std[617be2ca0a6fd877]::sys::backtrace::__rust_begin_short_backtrace::<test[aada8e7e76ba119b]::run_test::{closure#1}, ()>
[INFO] [stdout]                                at /rustc/e3feeb59cd1bdd011a2bfcc0747b55125d9b8527/library/std/src/sys/backtrace.rs:166:18
[INFO] [stdout]   40:     0x5ae3c6d119f2 - std[617be2ca0a6fd877]::thread::lifecycle::spawn_unchecked::<test[aada8e7e76ba119b]::run_test::{closure#1}, ()>::{closure#1}::{closure#0}
[INFO] [stdout]                                at /rustc/e3feeb59cd1bdd011a2bfcc0747b55125d9b8527/library/std/src/thread/lifecycle.rs:70:13
[INFO] [stdout]   41:     0x5ae3c6d119f2 - <core[a373ad73a504971]::panic::unwind_safe::AssertUnwindSafe<std[617be2ca0a6fd877]::thread::lifecycle::spawn_unchecked<test[aada8e7e76ba119b]::run_test::{closure#1}, ()>::{closure#1}::{closure#0}> as core[a373ad73a504971]::ops::function::FnOnce<()>>::call_once
[INFO] [stdout]                                at /rustc/e3feeb59cd1bdd011a2bfcc0747b55125d9b8527/library/core/src/panic/unwind_safe.rs:275:9
[INFO] [stdout]   42:     0x5ae3c6d119f2 - std[617be2ca0a6fd877]::panicking::catch_unwind::do_call::<core[a373ad73a504971]::panic::unwind_safe::AssertUnwindSafe<std[617be2ca0a6fd877]::thread::lifecycle::spawn_unchecked<test[aada8e7e76ba119b]::run_test::{closure#1}, ()>::{closure#1}::{closure#0}>, ()>
[INFO] [stdout]                                at /rustc/e3feeb59cd1bdd011a2bfcc0747b55125d9b8527/library/std/src/panicking.rs:573:43
[INFO] [stdout]   43:     0x5ae3c6d119f2 - std[617be2ca0a6fd877]::panicking::catch_unwind::<(), core[a373ad73a504971]::panic::unwind_safe::AssertUnwindSafe<std[617be2ca0a6fd877]::thread::lifecycle::spawn_unchecked<test[aada8e7e76ba119b]::run_test::{closure#1}, ()>::{closure#1}::{closure#0}>>
[INFO] [stdout]                                at /rustc/e3feeb59cd1bdd011a2bfcc0747b55125d9b8527/library/std/src/panicking.rs:541:19
[INFO] [stdout]   44:     0x5ae3c6d119f2 - std[617be2ca0a6fd877]::panic::catch_unwind::<core[a373ad73a504971]::panic::unwind_safe::AssertUnwindSafe<std[617be2ca0a6fd877]::thread::lifecycle::spawn_unchecked<test[aada8e7e76ba119b]::run_test::{closure#1}, ()>::{closure#1}::{closure#0}>, ()>
[INFO] [stdout]                                at /rustc/e3feeb59cd1bdd011a2bfcc0747b55125d9b8527/library/std/src/panic.rs:359:14
[INFO] [stdout]   45:     0x5ae3c6d119f2 - std[617be2ca0a6fd877]::thread::lifecycle::spawn_unchecked::<test[aada8e7e76ba119b]::run_test::{closure#1}, ()>::{closure#1}
[INFO] [stdout]                                at /rustc/e3feeb59cd1bdd011a2bfcc0747b55125d9b8527/library/std/src/thread/lifecycle.rs:68:26
[INFO] [stdout]   46:     0x5ae3c6d119f2 - <std[617be2ca0a6fd877]::thread::lifecycle::spawn_unchecked<test[aada8e7e76ba119b]::run_test::{closure#1}, ()>::{closure#1} as core[a373ad73a504971]::ops::function::FnOnce<()>>::call_once::{shim:vtable#0}
[INFO] [stdout]                                at /rustc/e3feeb59cd1bdd011a2bfcc0747b55125d9b8527/library/core/src/ops/function.rs:250:5
[INFO] [stdout]   47:     0x5ae3c711f53f - <alloc[2e1b2a31b91974c5]::boxed::Box<dyn core[a373ad73a504971]::ops::function::FnOnce<(), Output = ()> + core[a373ad73a504971]::marker::Send> as core[a373ad73a504971]::ops::function::FnOnce<()>>::call_once
[INFO] [stdout]                                at /rustc/e3feeb59cd1bdd011a2bfcc0747b55125d9b8527/library/alloc/src/boxed.rs:2314:9
[INFO] [stdout]   48:     0x5ae3c711f53f - <std[617be2ca0a6fd877]::sys::thread::unix::Thread>::new::thread_start
[INFO] [stdout]                                at /rustc/e3feeb59cd1bdd011a2bfcc0747b55125d9b8527/library/std/src/sys/thread/unix.rs:127:17
[INFO] [stdout]   49:     0x7c51f7891dfa - <unknown>
[INFO] [stdout]   50:     0x7c51f79253d4 - clone
[INFO] [stdout]   51:                0x0 - <unknown>
[INFO] [stdout] 
[INFO] [stdout] 
[INFO] [stdout] failures:
[INFO] [stdout]     hardening_tests::missing_scan_root_cli_exits_with_code_one
[INFO] [stdout] 
[INFO] [stdout] test result: FAILED. 295 passed; 1 failed; 0 ignored; 0 measured; 0 filtered out; finished in 0.33s
[INFO] [stdout] 
[INFO] [stderr] error: test failed, to rerun pass `--lib`
[INFO] running `Command { std: "docker" "inspect" "e142632c0c076085194255b01c8e3fc95b574ac4c7ff6a5518123b14c990bc66", kill_on_drop: false }`
[INFO] running `Command { std: "docker" "rm" "-f" "e142632c0c076085194255b01c8e3fc95b574ac4c7ff6a5518123b14c990bc66", kill_on_drop: false }`
[INFO] [stdout] e142632c0c076085194255b01c8e3fc95b574ac4c7ff6a5518123b14c990bc66
