[INFO] cloning repository https://github.com/navicore/patch-prolog
[INFO] running `Command { std: "git" "-c" "credential.helper=" "-c" "credential.helper=/workspace/cargo-home/bin/git-credential-null" "clone" "--bare" "https://github.com/navicore/patch-prolog" "/workspace/cache/git-repos/https%3A%2F%2Fgithub.com%2Fnavicore%2Fpatch-prolog", kill_on_drop: false }`
[INFO] [stderr] Cloning into bare repository '/workspace/cache/git-repos/https%3A%2F%2Fgithub.com%2Fnavicore%2Fpatch-prolog'...
[INFO] running `Command { std: "git" "rev-parse" "HEAD", kill_on_drop: false }`
[INFO] [stdout] c5661e38d426e9d69a3bc7ec31594f80de74f3ee
[INFO] testing navicore/patch-prolog against 1.99.0-beta.8 for beta-1.100-2
[INFO] running `Command { std: "git" "clone" "/workspace/cache/git-repos/https%3A%2F%2Fgithub.com%2Fnavicore%2Fpatch-prolog" "/workspace/builds/worker-0-tc1/source", kill_on_drop: false }`
[INFO] [stderr] Cloning into '/workspace/builds/worker-0-tc1/source'...
[INFO] [stderr] done.
[INFO] removed /workspace/builds/worker-0-tc1/source/rust-toolchain.toml
[INFO] started tweaking git repo https://github.com/navicore/patch-prolog
[INFO] finished tweaking git repo https://github.com/navicore/patch-prolog
[INFO] tweaked toml for git repo https://github.com/navicore/patch-prolog written to /workspace/builds/worker-0-tc1/source/Cargo.toml
[INFO] validating manifest of git repo https://github.com/navicore/patch-prolog on toolchain 1.99.0-beta.8
[INFO] running `Command { std: CARGO_HOME="/workspace/cargo-home" RUSTUP_HOME="/workspace/rustup-home" "/workspace/cargo-home/bin/cargo" "+1.99.0-beta.8" "metadata" "--manifest-path" "Cargo.toml" "--no-deps", kill_on_drop: false }`
[INFO] crate git repo https://github.com/navicore/patch-prolog already has a lockfile, it will not be regenerated
[INFO] running `Command { std: CARGO_HOME="/workspace/cargo-home" RUSTUP_HOME="/workspace/rustup-home" "/workspace/cargo-home/bin/cargo" "+1.99.0-beta.8" "fetch" "--manifest-path" "Cargo.toml", kill_on_drop: false }`
[INFO] [stderr]     Updating crates.io index
[INFO] [stderr]  Downloading crates ...
[INFO] [stderr]   Downloaded ratatui v0.30.2
[INFO] [stderr]   Downloaded palette_math v0.7.7
[INFO] [stderr]   Downloaded darling_macro v0.24.1
[INFO] [stderr]   Downloaded vim-line v7.7.5
[INFO] [stderr]   Downloaded strum_macros v0.28.0
[INFO] [stderr]   Downloaded critical-section v1.2.0
[INFO] [stderr]   Downloaded lab v0.11.0
[INFO] [stderr]   Downloaded wezterm-blob-leases v0.1.1
[INFO] [stderr]   Downloaded ratatui-macros v0.7.2
[INFO] [stderr]   Downloaded wezterm-input-types v0.1.0
[INFO] [stderr]   Downloaded termios v0.3.3
[INFO] [stderr]   Downloaded tower-lsp-macros v0.9.0
[INFO] [stderr]   Downloaded mac_address v1.2.0
[INFO] [stderr]   Downloaded pest_generator v2.9.2
[INFO] [stderr]   Downloaded palette_derive v0.7.7
[INFO] [stderr]   Downloaded pest_derive v2.9.2
[INFO] [stderr]   Downloaded wezterm-color-types v0.3.0
[INFO] [stderr]   Downloaded wezterm-dynamic v0.2.1
[INFO] [stderr]   Downloaded memmem v0.1.1
[INFO] [stderr]   Downloaded wezterm-dynamic-derive v0.1.1
[INFO] [stderr]   Downloaded siphasher v1.0.4
[INFO] [stderr]   Downloaded wasm-bindgen-shared v0.2.129
[INFO] [stderr]   Downloaded instability v0.3.14
[INFO] [stderr]   Downloaded wasm-bindgen-macro v0.2.129
[INFO] [stderr]   Downloaded vtparse v0.6.2
[INFO] [stderr]   Downloaded ratatui-termina v0.1.0
[INFO] [stderr]   Downloaded line-clipping v0.3.8
[INFO] [stderr]   Downloaded csscolorparser v0.6.2
[INFO] [stderr]   Downloaded ratatui-crossterm v0.1.2
[INFO] [stderr]   Downloaded tower-lsp v0.20.0
[INFO] [stderr]   Downloaded unicode-truncate v2.0.1
[INFO] [stderr]   Downloaded by_address v1.2.1
[INFO] [stderr]   Downloaded lru v0.18.5
[INFO] [stderr]   Downloaded kasuari v0.4.12
[INFO] [stderr]   Downloaded ratatui-termwiz v0.1.2
[INFO] [stderr]   Downloaded terminfo v0.9.0
[INFO] [stderr]   Downloaded pest_meta v2.9.2
[INFO] [stderr]   Downloaded compact_str v0.9.1
[INFO] [stderr]   Downloaded darling v0.24.1
[INFO] [stderr]   Downloaded bytemuck v1.25.2
[INFO] [stderr]   Downloaded fancy-regex v0.11.0
[INFO] [stderr]   Downloaded toml v1.1.6+spec-1.1.0
[INFO] [stderr]   Downloaded uuid v1.27.0
[INFO] [stderr]   Downloaded wasm-bindgen v0.2.129
[INFO] [stderr]   Downloaded wezterm-bidi v0.2.3
[INFO] [stderr]   Downloaded darling_core v0.24.1
[INFO] [stderr]   Downloaded finl_unicode v1.5.0
[INFO] [stderr]   Downloaded termina v0.3.3
[INFO] [stderr]   Downloaded lsp-types v0.94.1
[INFO] [stderr]   Downloaded js-sys v0.3.106
[INFO] [stderr]   Downloaded clap_complete v4.6.11
[INFO] [stderr]   Downloaded ratatui-widgets v0.3.2
[INFO] [stderr]   Downloaded wasm-bindgen-macro-support v0.2.129
[INFO] [stderr]   Downloaded ratatui-core v0.1.2
[INFO] [stderr]   Downloaded pest v2.9.2
[INFO] [stderr]   Downloaded palette v0.7.7
[INFO] [stderr]   Downloaded termwiz v0.23.3
[INFO] [stderr]   Downloaded deltae v0.3.2
[INFO] running `Command { std: "docker" "create" "-v" "/var/lib/crater-agent-workspace/builds/worker-0-tc1/source:/opt/rustwide/workdir:ro,Z" "-v" "/var/lib/crater-agent-workspace/builds/worker-0-tc1/target:/opt/rustwide/target:rw,Z" "-v" "/var/lib/crater-agent-workspace/cargo-home:/opt/rustwide/cargo-home:ro,Z" "-v" "/var/lib/crater-agent-workspace/rustup-home:/opt/rustwide/rustup-home:ro,Z" "-m" "1610612736" "--network" "none" "ghcr.io/rust-lang/crates-build-env/linux@sha256:3111399a4047eeb3a02b7a90e478d715f38a8c6669b5c4b49d30a17385265909" "sleep" "infinity", kill_on_drop: false }`
[INFO] [stdout] 0b96ee9f48fec0a910a6bebfc9aca7f84d45346d10b87a6ab157c902df2383be
[INFO] running `Command { std: "docker" "start" "0b96ee9f48fec0a910a6bebfc9aca7f84d45346d10b87a6ab157c902df2383be", kill_on_drop: false }`
[INFO] running `Command { std: "docker" "inspect" "0b96ee9f48fec0a910a6bebfc9aca7f84d45346d10b87a6ab157c902df2383be", kill_on_drop: false }`
[INFO] running `Command { std: "docker" "exec" "-e" "SOURCE_DIR=/opt/rustwide/workdir" "-e" "CARGO_HOME=/opt/rustwide/cargo-home" "-e" "RUSTUP_HOME=/opt/rustwide/rustup-home" "-e" "CARGO_TARGET_DIR=/opt/rustwide/target" "-w" "/opt/rustwide/workdir" "--user" "0:0" "0b96ee9f48fec0a910a6bebfc9aca7f84d45346d10b87a6ab157c902df2383be" "/opt/rustwide/cargo-home/bin/cargo" "+1.99.0-beta.8" "metadata" "--no-deps" "--format-version=1", kill_on_drop: false }`
[INFO] running `Command { std: "docker" "inspect" "0b96ee9f48fec0a910a6bebfc9aca7f84d45346d10b87a6ab157c902df2383be", kill_on_drop: false }`
[INFO] running `Command { std: "docker" "exec" "-e" "SOURCE_DIR=/opt/rustwide/workdir" "-e" "CARGO_HOME=/opt/rustwide/cargo-home" "-e" "RUSTUP_HOME=/opt/rustwide/rustup-home" "-e" "CARGO_TARGET_DIR=/opt/rustwide/target" "-e" "CARGO_INCREMENTAL=0" "-e" "RUST_BACKTRACE=full" "-e" "RUSTFLAGS=--cap-lints=warn" "-e" "RUSTDOCFLAGS=--cap-lints=warn" "-w" "/opt/rustwide/workdir" "--user" "0:0" "0b96ee9f48fec0a910a6bebfc9aca7f84d45346d10b87a6ab157c902df2383be" "/opt/rustwide/cargo-home/bin/cargo" "+1.99.0-beta.8" "build" "--frozen" "--message-format=json", kill_on_drop: false }`
[INFO] [stderr]    Compiling unicode-ident v1.0.26
[INFO] [stderr]    Compiling libc v0.2.190
[INFO] [stderr]    Compiling cfg-if v1.0.5
[INFO] [stderr]    Compiling smallvec v1.16.2
[INFO] [stderr]    Compiling bitflags v2.13.2
[INFO] [stderr]    Compiling unicode-segmentation v1.13.3
[INFO] [stderr]    Compiling rustversion v1.0.23
[INFO] [stderr]    Compiling writeable v0.6.4
[INFO] [stderr]    Compiling litemap v0.8.3
[INFO] [stderr]    Compiling rustix v1.1.5
[INFO] [stderr]    Compiling icu_properties_data v2.3.0
[INFO] [stderr]    Compiling thiserror v2.0.21
[INFO] [stderr]    Compiling serde_core v1.0.229
[INFO] [stderr]    Compiling icu_normalizer_data v2.3.0
[INFO] [stderr]    Compiling patch-prolog-shared v0.4.10 (/opt/rustwide/workdir/crates/shared)
[INFO] [stderr]    Compiling itertools v0.14.0
[INFO] [stderr]    Compiling proc-macro2 v1.0.107
[INFO] [stderr]    Compiling hashbrown v0.16.1
[INFO] [stderr]    Compiling hashbrown v0.17.1
[INFO] [stderr]    Compiling memchr v2.8.3
[INFO] [stderr]    Compiling futures-sink v0.3.34
[INFO] [stderr]    Compiling futures-core v0.3.34
[INFO] [stderr]    Compiling indoc v2.0.7
[INFO] [stderr]    Compiling critical-section v1.2.0
[INFO] [stderr]    Compiling winnow v1.0.4
[INFO] [stderr]    Compiling clap_lex v1.1.1
[INFO] [stderr]    Compiling futures-channel v0.3.34
[INFO] [stderr]    Compiling toml_writer v1.1.2+spec-1.1.0
[INFO] [stderr]    Compiling num_threads v0.1.7
[INFO] [stderr]    Compiling convert_case v0.10.0
[INFO] [stderr]    Compiling clap_builder v4.6.7
[INFO] [stderr]    Compiling litrs v1.0.0
[INFO] [stderr]    Compiling num-conv v0.2.2
[INFO] [stderr]    Compiling time-core v0.1.9
[INFO] [stderr]    Compiling deranged v0.5.8
[INFO] [stderr]    Compiling futures-io v0.3.34
[INFO] [stderr]    Compiling quote v1.0.47
[INFO] [stderr]    Compiling futures-task v0.3.34
[INFO] [stderr]    Compiling toml_parser v1.1.3+spec-1.1.0
[INFO] [stderr]    Compiling patch-prolog-runtime v0.4.10 (/opt/rustwide/workdir/crates/runtime)
[INFO] [stderr]    Compiling line-clipping v0.3.8
[INFO] [stderr]    Compiling patch-prolog-frontend v0.4.10 (/opt/rustwide/workdir/crates/frontend)
[INFO] [stderr]    Compiling syn v3.0.6
[INFO] [stderr]    Compiling syn v2.0.119
[INFO] [stderr]    Compiling castaway v0.2.4
[INFO] [stderr]    Compiling compact_str v0.9.1
[INFO] [stderr]    Compiling fastrand v2.5.0
[INFO] [stderr]    Compiling regex-automata v0.4.18
[INFO] [stderr]    Compiling lru v0.18.5
[INFO] [stderr]    Compiling document-features v0.2.12
[INFO] [stderr]    Compiling serde_json v1.0.151
[INFO] [stderr]    Compiling lazy_static v1.5.1
[INFO] [stderr]    Compiling hashbrown v0.14.5
[INFO] [stderr]    Compiling parking_lot_core v0.9.12
[INFO] [stderr]    Compiling errno v0.3.14
[INFO] [stderr]    Compiling mio v1.2.4
[INFO] [stderr]    Compiling signal-hook-registry v1.4.8
[INFO] [stderr]    Compiling parking_lot v0.12.5
[INFO] [stderr]    Compiling time v0.3.55
[INFO] [stderr]    Compiling signal-hook v0.3.18
[INFO] [stderr]    Compiling unicode-truncate v2.0.1
[INFO] [stderr]    Compiling getrandom v0.4.3
[INFO] [stderr]    Compiling sharded-slab v0.1.7
[INFO] [stderr]    Compiling thread_local v1.1.10
[INFO] [stderr]    Compiling signal-hook-mio v0.2.5
[INFO] [stderr]    Compiling shlex v2.0.1
[INFO] [stderr]    Compiling vim-line v7.7.5
[INFO] [stderr]    Compiling dashmap v5.5.3
[INFO] [stderr]    Compiling tempfile v3.27.0
[INFO] [stderr]    Compiling toml_datetime v1.1.1+spec-1.1.0
[INFO] [stderr]    Compiling serde_spanned v1.1.1
[INFO] [stderr]    Compiling toml v1.1.6+spec-1.1.0
[INFO] [stderr]    Compiling matchers v0.2.0
[INFO] [stderr]    Compiling synstructure v0.14.0
[INFO] [stderr]    Compiling darling_core v0.24.1
[INFO] [stderr]    Compiling patch-prolog-compiler v0.4.10 (/opt/rustwide/workdir/crates/compiler)
[INFO] [stderr]    Compiling zerovec-derive v0.11.6
[INFO] [stderr]    Compiling displaydoc v0.2.7
[INFO] [stderr]    Compiling thiserror-impl v2.0.21
[INFO] [stderr]    Compiling futures-macro v0.3.34
[INFO] [stderr]    Compiling clap_derive v4.6.7
[INFO] [stderr]    Compiling serde_derive v1.0.229
[INFO] [stderr]    Compiling tokio-macros v2.7.2
[INFO] [stderr]    Compiling serde_repr v0.1.21
[INFO] [stderr]    Compiling async-trait v0.1.92
[INFO] [stderr]    Compiling strum_macros v0.28.0
[INFO] [stderr]    Compiling derive_more-impl v2.1.1
[INFO] [stderr]    Compiling pin-project-internal v1.1.13
[INFO] [stderr]    Compiling tracing-attributes v0.1.31
[INFO] [stderr]    Compiling tower-lsp-macros v0.9.0
[INFO] [stderr]    Compiling zerofrom-derive v0.1.8
[INFO] [stderr]    Compiling yoke-derive v0.8.4
[INFO] [stderr]    Compiling auto_impl v1.3.0
[INFO] [stderr]    Compiling tokio v1.53.2
[INFO] [stderr]    Compiling derive_more v2.1.1
[INFO] [stderr]    Compiling crossterm v0.29.0
[INFO] [stderr]    Compiling futures-util v0.3.34
[INFO] [stderr]    Compiling zerofrom v0.1.8
[INFO] [stderr]    Compiling pin-project v1.1.13
[INFO] [stderr]    Compiling kasuari v0.4.12
[INFO] [stderr]    Compiling yoke v0.8.3
[INFO] [stderr]    Compiling tracing v0.1.44
[INFO] [stderr]    Compiling tracing-subscriber v0.3.23
[INFO] [stderr]    Compiling clap v4.6.7
[INFO] [stderr]    Compiling zerovec v0.11.8
[INFO] [stderr]    Compiling zerotrie v0.2.5
[INFO] [stderr]    Compiling clap_complete v4.6.11
[INFO] [stderr]    Compiling strum v0.28.0
[INFO] [stderr]    Compiling ratatui-core v0.1.2
[INFO] [stderr]    Compiling tinystr v0.8.4
[INFO] [stderr]    Compiling potential_utf v0.1.6
[INFO] [stderr]    Compiling icu_collections v2.3.0
[INFO] [stderr]    Compiling darling_macro v0.24.1
[INFO] [stderr]    Compiling icu_locale_core v2.3.0
[INFO] [stderr]    Compiling darling v0.24.1
[INFO] [stderr]    Compiling instability v0.3.14
[INFO] [stderr]    Compiling futures v0.3.34
[INFO] [stderr]    Compiling tower v0.4.13
[INFO] [stderr]    Compiling tokio-util v0.7.19
[INFO] [stderr]    Compiling icu_provider v2.3.1
[INFO] [stderr]    Compiling serde v1.0.229
[INFO] [stderr]    Compiling icu_properties v2.3.0
[INFO] [stderr]    Compiling icu_normalizer v2.3.0
[INFO] [stderr]    Compiling ratatui-widgets v0.3.2
[INFO] [stderr]    Compiling ratatui-crossterm v0.1.2
[INFO] [stderr]    Compiling idna_adapter v1.2.2
[INFO] [stderr]    Compiling idna v1.1.0
[INFO] [stderr]    Compiling ratatui-macros v0.7.2
[INFO] [stderr]    Compiling ratatui v0.30.2
[INFO] [stderr]    Compiling url v2.5.8
[INFO] [stderr]    Compiling patch-prolog-repl v0.4.10 (/opt/rustwide/workdir/crates/repl)
[INFO] [stderr]    Compiling lsp-types v0.94.1
[INFO] [stderr]    Compiling tower-lsp v0.20.0
[INFO] [stderr]    Compiling patch-prolog-lsp v0.4.10 (/opt/rustwide/workdir/crates/lsp)
[INFO] [stderr]     Finished `dev` profile [unoptimized + debuginfo] target(s) in 1m 33s
[INFO] running `Command { std: "docker" "inspect" "0b96ee9f48fec0a910a6bebfc9aca7f84d45346d10b87a6ab157c902df2383be", kill_on_drop: false }`
[INFO] running `Command { std: "docker" "exec" "-e" "SOURCE_DIR=/opt/rustwide/workdir" "-e" "CARGO_HOME=/opt/rustwide/cargo-home" "-e" "RUSTUP_HOME=/opt/rustwide/rustup-home" "-e" "CARGO_TARGET_DIR=/opt/rustwide/target" "-e" "CARGO_INCREMENTAL=0" "-e" "RUST_BACKTRACE=full" "-e" "RUSTFLAGS=--cap-lints=warn" "-e" "RUSTDOCFLAGS=--cap-lints=warn" "-w" "/opt/rustwide/workdir" "--user" "0:0" "0b96ee9f48fec0a910a6bebfc9aca7f84d45346d10b87a6ab157c902df2383be" "/opt/rustwide/cargo-home/bin/cargo" "+1.99.0-beta.8" "test" "--frozen" "--no-run" "--message-format=json", kill_on_drop: false }`
[INFO] [stderr]    Compiling patch-prolog-compiler v0.4.10 (/opt/rustwide/workdir/crates/compiler)
[INFO] [stderr]    Compiling patch-prolog-repl v0.4.10 (/opt/rustwide/workdir/crates/repl)
[INFO] [stderr]    Compiling patch-prolog-lsp v0.4.10 (/opt/rustwide/workdir/crates/lsp)
[INFO] [stderr]    Compiling patch-prolog-frontend v0.4.10 (/opt/rustwide/workdir/crates/frontend)
[INFO] [stderr]    Compiling patch-prolog-runtime v0.4.10 (/opt/rustwide/workdir/crates/runtime)
[INFO] [stderr]    Compiling patch-prolog-shared v0.4.10 (/opt/rustwide/workdir/crates/shared)
[INFO] [stderr]     Finished `test` profile [unoptimized + debuginfo] target(s) in 10.32s
[INFO] running `Command { std: "docker" "inspect" "0b96ee9f48fec0a910a6bebfc9aca7f84d45346d10b87a6ab157c902df2383be", kill_on_drop: false }`
[INFO] running `Command { std: "docker" "exec" "-e" "SOURCE_DIR=/opt/rustwide/workdir" "-e" "CARGO_HOME=/opt/rustwide/cargo-home" "-e" "RUSTUP_HOME=/opt/rustwide/rustup-home" "-e" "CARGO_TARGET_DIR=/opt/rustwide/target" "-e" "CARGO_INCREMENTAL=0" "-e" "RUST_BACKTRACE=full" "-e" "RUSTFLAGS=--cap-lints=warn" "-e" "RUSTDOCFLAGS=--cap-lints=warn" "-w" "/opt/rustwide/workdir" "--user" "0:0" "0b96ee9f48fec0a910a6bebfc9aca7f84d45346d10b87a6ab157c902df2383be" "/opt/rustwide/cargo-home/bin/cargo" "+1.99.0-beta.8" "test" "--frozen", kill_on_drop: false }`
[INFO] [stderr]     Finished `test` profile [unoptimized + debuginfo] target(s) in 0.26s
[INFO] [stderr]      Running unittests src/lib.rs (/opt/rustwide/target/debug/deps/plgc-9b645b5caddc43c5)
[INFO] [stdout] 
[INFO] [stdout] running 30 tests
[INFO] [stdout] test codegen::facts::tests::serialize_non_immediates_go_to_blob ... ok
[INFO] [stdout] test codegen::atoms::tests::caps_dedups_repeated_names_in_first_seen_order ... ok
[INFO] [stdout] test codegen::lower::dispatch_shape::control_constructs_lower_to_their_variants ... ok
[INFO] [stdout] test codegen::facts::tests::fact_predicate_needs_bodyless_ground_clauses ... ok
[INFO] [stdout] test codegen::atoms::tests::caps_io_format_restricts ... ok
[INFO] [stdout] test codegen::lower::span_invariant::lowered_goals_have_non_degenerate_spans ... ok
[INFO] [stdout] test codegen::lower::vocab_invariant::det_builtins_are_det_rows_in_shared ... ok
[INFO] [stdout] test codegen::term_emit::tests::collect_vars_first_appearance_order ... ok
[INFO] [stdout] test codegen::term_emit::tests::emit_term_boxes_big_ints_and_floats ... ok
[INFO] [stdout] test codegen::lower::dispatch_shape::once_of_a_var_is_a_metacall_once_of_a_goal_is_once ... ok
[INFO] [stdout] test codegen::lower::vocab_invariant::recognized_names_equal_shared_vocabulary ... ok
[INFO] [stdout] test codegen::facts::tests::serialize_fills_enqueued_subterm_slots ... ok
[INFO] [stdout] test link::tests::parses_apple_clang_version ... ok
[INFO] [stdout] test link::tests::parses_standard_clang_version ... ok
[INFO] [stdout] test link::tests::rejects_non_clang_and_malformed_output ... ok
[INFO] [stdout] test codegen::atoms::tests::ir_string_escaping ... ok
[INFO] [stdout] test codegen::facts::tests::words_global_empty_vs_formatted ... ok
[INFO] [stdout] test codegen::atoms::tests::caps_unknown_encoder_is_an_error ... ok
[INFO] [stdout] test codegen::facts::tests::serialize_immediates_stay_inline ... ok
[INFO] [stdout] test codegen::tests::sanitize_escapes_symbols ... ok
[INFO] [stdout] test codegen::term_emit::tests::constant_words_match_runtime_tags ... ok
[INFO] [stdout] test worker_glue::tests::emit_writes_glue_then_preserves_it ... ok
[INFO] [stdout] test codegen::term_emit::tests::emit_term_immediates_are_constant_words ... ok
[INFO] [stdout] test codegen::tests::no_site_sentinel_value_is_pinned ... ok
[INFO] [stdout] test worker_glue::tests::worker_name_caps_length ... ok
[INFO] [stdout] test codegen::term_emit::tests::emit_term_lists_and_unmapped_vars ... ok
[INFO] [stdout] test codegen::lower::dispatch_shape::comparisons_and_builtins_hit_their_tables ... ok
[INFO] [stdout] test worker_glue::tests::worker_name_strips_suffixes_and_sanitizes ... ok
[INFO] [stdout] test codegen::term_emit::tests::emit_term_compound_loads_bregs_then_put_struct ... ok
[INFO] [stdout] test codegen::atoms::tests::caps_default_advertises_both_core_formats ... ok
[INFO] [stderr]      Running unittests src/main.rs (/opt/rustwide/target/debug/deps/plgc-e2d7cbcad6584728)
[INFO] [stdout] 
[INFO] [stdout] test result: ok. 30 passed; 0 failed; 0 ignored; 0 measured; 0 filtered out; finished in 0.01s
[INFO] [stdout] 
[INFO] [stdout] 
[INFO] [stdout] running 2 tests
[INFO] [stdout] test tests::parse_target_maps_known_targets ... ok
[INFO] [stdout] test tests::parse_target_rejects_unknown_and_lists_supported ... ok
[INFO] [stdout] 
[INFO] [stdout] test result: ok. 2 passed; 0 failed; 0 ignored; 0 measured; 0 filtered out; finished in 0.00s
[INFO] [stdout] 
[INFO] [stderr]      Running tests/arith.rs (/opt/rustwide/target/debug/deps/arith-60c9cd720965d62c)
[INFO] [stdout] 
[INFO] [stdout] running 13 tests
[INFO] [stdout] test mod_vs_rem_difference ... ok
[INFO] [stdout] test succ_plus_overflow ... ok
[INFO] [stdout] test mod_floored_semantics ... ok
[INFO] [stdout] test naf_precedence ... ok
[INFO] [stdout] test operator_precedence ... ok
[INFO] [stdout] test div_floor_semantics ... ok
[INFO] [stdout] test integer_division_and_rem ... ok
[INFO] [stdout] test pow_is_always_float ... ok
[INFO] [stdout] test arithmetic_error_terms ... ok
[INFO] [stdout] test double_minus_and_infix ... ok
[INFO] [stdout] test iso_div_yields_float ... ok
[INFO] [stdout] test extended_operators ... ok
[INFO] [stdout] test arithmetic_functions ... ok
[INFO] [stdout] 
[INFO] [stdout] test result: ok. 13 passed; 0 failed; 0 ignored; 0 measured; 0 filtered out; finished in 1.24s
[INFO] [stdout] 
[INFO] [stderr]      Running tests/binary_size.rs (/opt/rustwide/target/debug/deps/binary_size-3cf2c7b04f330283)
[INFO] [stdout] 
[INFO] [stdout] running 2 tests
[INFO] [stdout] test hello_world_binary_answers ... ok
[INFO] [stdout] test binary_links_only_system_libraries ... ok
[INFO] [stdout] 
[INFO] [stdout] test result: ok. 2 passed; 0 failed; 0 ignored; 0 measured; 0 filtered out; finished in 0.60s
[INFO] [stdout] 
[INFO] [stderr]      Running tests/capabilities.rs (/opt/rustwide/target/debug/deps/capabilities-3cea6fea3e503af4)
[INFO] [stdout] 
[INFO] [stdout] running 20 tests
[INFO] [stdout] test bson_only_serves_bson_and_rejects_text ... ok
[INFO] [stdout] test standalone_atoms_bson_emits_program_map ... ok
[INFO] [stdout] test default_binary_serves_text_and_bson ... ok
[INFO] [stdout] test default_accepts_bson_input ... ok
[INFO] [stdout] test standalone_atoms_text_emits_program_map ... ok
[INFO] [stdout] test unknown_encoder_name_is_build_error ... ok
[INFO] [stdout] test atoms_map_covers_query_introduced_atoms ... ok
[INFO] [stdout] test atoms_embeds_the_atom_map_in_bson ... ok
[INFO] [stdout] test argv_query_still_works_in_both_binary ... ok
[INFO] [stdout] test bson_limit_is_honored ... ok
[INFO] [stdout] test bson_error_path_on_runtime_error ... ok
[INFO] [stdout] test bson_input_limit_honored ... ok
[INFO] [stdout] test default_bson_has_no_atoms_field ... ok
[INFO] [stdout] test json_is_not_a_format ... ok
[INFO] [stdout] test atoms_is_a_noop_on_text ... ok
[INFO] [stdout] test both_serves_text_and_bson ... ok
[INFO] [stdout] test bson_input_drives_query_with_text_output ... ok
[INFO] [stdout] test text_only_rejects_bson ... ok
[INFO] [stderr] Unknown or undeclared input format: bson
[INFO] [stdout] test text_only_rejects_bson_input ... ok
[INFO] [stdout] test dead_stripping_follows_the_directive ... ok
[INFO] [stdout] 
[INFO] [stdout] test result: ok. 20 passed; 0 failed; 0 ignored; 0 measured; 0 filtered out; finished in 1.49s
[INFO] [stdout] 
[INFO] [stderr]      Running tests/control.rs (/opt/rustwide/target/debug/deps/control-8c0652d12aa3d81d)
[INFO] [stdout] 
[INFO] [stdout] running 13 tests
[INFO] [stdout] test catch_passthrough_non_matching ... ok
[INFO] [stdout] test existence_and_type_error_shapes ... ok
[INFO] [stdout] test catch_nested ... ok
[INFO] [stdout] test throw_unbound_is_instantiation_error ... ok
[INFO] [stdout] test catch_transparent_when_no_throw ... ok
[INFO] [stdout] test throw_uncaught_surfaces_as_error ... ok
[INFO] [stdout] test no_occurs_check_unify ... ok
[INFO] [stdout] test unify_with_occurs_check ... ok
[INFO] [stdout] test catch_inside_naf ... ok
[INFO] [stdout] test negation_with_member_and_naf_binding ... ok
[INFO] [stdout] test semicolon_comma_precedence ... ok
[INFO] [stdout] test catch_traps_builtin_errors ... ok
[INFO] [stdout] test catch_traps_and_binds ... ok
[INFO] [stdout] 
[INFO] [stdout] test result: ok. 13 passed; 0 failed; 0 ignored; 0 measured; 0 filtered out; finished in 0.60s
[INFO] [stdout] 
[INFO] [stdout] 
[INFO] [stdout] running 14 tests
[INFO] [stderr]      Running tests/control_arith.rs (/opt/rustwide/target/debug/deps/control_arith-102bdbda8078fe07)
[INFO] [stdout] test deep_backtracking_with_cut_under_small_stack ... ok
[INFO] [stdout] test cut_is_local_in_call_like_contexts ... ok
[INFO] [stdout] test is_evaluates_through_recursion ... ok
[INFO] [stdout] test cut_commits_to_first_clause ... ok
[INFO] [stdout] test float_literals_in_queries ... ok
[INFO] [stdout] test if_then_else_both_arms ... ok
[INFO] [stdout] test disjunction_enumerates_both_branches ... ok
[INFO] [stdout] test negation_as_failure ... ok
[INFO] [stdout] test arithmetic_errors_match_iso ... ok
[INFO] [stdout] test structural_equality_and_not_unify ... ok
[INFO] [stdout] test top_level_arithmetic_queries ... ok
[INFO] [stdout] test once_commits_to_first_solution ... ok
[INFO] [stdout] test arith_comparisons_and_indexing_coexist ... ok
[INFO] [stdout] test cut_is_transparent_in_disjunction_iso_rule ... ok
[INFO] [stdout] 
[INFO] [stdout] test result: ok. 14 passed; 0 failed; 0 ignored; 0 measured; 0 filtered out; finished in 1.54s
[INFO] [stdout] 
[INFO] [stderr]      Running tests/errors.rs (/opt/rustwide/target/debug/deps/errors-fe770c23668bfc17)
[INFO] [stdout] 
[INFO] [stdout] running 13 tests
[INFO] [stdout] test plgc_binary_exists ... ok
[INFO] [stdout] test missing_input_file_is_input_error_everywhere ... ok
[INFO] [stdout] test usage_and_directive_errors_exit_2 ... ok
[INFO] [stdout] test program_parse_errors_show_surface_lexemes ... ok
[INFO] [stdout] test try_build_accepts_valid_program ... ok
[INFO] [stdout] test ground_index_miss_fails ... ok
[INFO] [stdout] test dynamic_predicate_silently_fails ... ok
[INFO] [stdout] test valid_queries_still_parse ... ok
[INFO] [stdout] test undefined_in_rule_body_raises_when_reached ... ok
[INFO] [stdout] test query_parse_errors_exit_2 ... ok
[INFO] [stdout] test output_into_nonexistent_directory_is_created ... ok
[INFO] [stdout] test step_limit_is_uncatchable ... ok
[INFO] [stderr]      Running tests/fact_table.rs (/opt/rustwide/target/debug/deps/fact_table-56d849e67d22090e)
[INFO] [stdout] test undefined_predicate_is_existence_error ... ok
[INFO] [stdout] 
[INFO] [stdout] test result: ok. 13 passed; 0 failed; 0 ignored; 0 measured; 0 filtered out; finished in 1.41s
[INFO] [stdout] 
[INFO] [stdout] 
[INFO] [stdout] running 16 tests
[INFO] [stdout] test mixed_immediate_and_compound_columns ... ok
[INFO] [stdout] test list_column_restores ... ok
[INFO] [stdout] test big_int_column_restores ... ok
[INFO] [stdout] test compound_column_zero_full_scans ... ok
[INFO] [stdout] test compound_column_enumerates_and_partially_binds ... ok
[INFO] [stdout] test float_column_resolves_both_directions ... ok
[INFO] [stdout] test indexed_lookup_gathers_nonadjacent_rows_in_program_order ... ok
[INFO] [stdout] test enumerates_rows_in_program_order ... ok
[INFO] [stdout] test findall_re_enters_the_table ... ok
[INFO] [stdout] test int_column_resolves_both_directions ... ok
[INFO] [stdout] test recursive_rule_over_a_fact_table ... ok
[INFO] [stdout] test call_re_enters_the_table ... ok
[INFO] [stdout] test undefined_predicate_still_raises_existence_error ... ok
[INFO] [stdout] test limit_caps_table_enumeration ... ok
[INFO] [stdout] test ground_query_success_and_failure ... ok
[INFO] [stdout] test deep_ground_term_serializes_iteratively ... ok
[INFO] [stdout] 
[INFO] [stdout] test result: ok. 16 passed; 0 failed; 0 ignored; 0 measured; 0 filtered out; finished in 0.98s
[INFO] [stdout] 
[INFO] [stderr]      Running tests/facts_rules.rs (/opt/rustwide/target/debug/deps/facts_rules-6979fb155e0e20ea)
[INFO] [stdout] 
[INFO] [stdout] running 19 tests
[INFO] [stdout] test complex_recursive_query ... ok
[INFO] [stdout] test family_relationships ... ok
[INFO] [stdout] test arithmetic_pipeline ... ok
[INFO] [stdout] test call_n_errors ... ok
[INFO] [stdout] test once_limits_to_first_solution ... ok
[INFO] [stdout] test call_n_operator_atom_and_findall_inner_goal ... ok
[INFO] [stdout] test call_n_with_stdlib_member_and_nesting ... ok
[INFO] [stdout] test call_meta_predicate ... ok
[INFO] [stdout] test cut_in_try_solve_no_leak_after_once ... ok
[INFO] [stdout] test cut_in_once ... ok
[INFO] [stdout] test cut_in_negation_succeeds_with_unbound_var ... ok
[INFO] [stdout] test negation_as_failure_pipeline ... ok
[INFO] [stdout] test cut_prevents_all_alternatives ... ok
[INFO] [stdout] test cut_prevents_backtracking ... ok
[INFO] [stdout] test disjunction_in_rule ... ok
[INFO] [stdout] test if_then_else_in_rule ... ok
[INFO] [stdout] test if_then_else_keeps_bindings ... ok
[INFO] [stdout] test solution_limit_respected ... ok
[INFO] [stdout] test type_checking_in_rules ... ok
[INFO] [stderr]      Running tests/golden_ir.rs (/opt/rustwide/target/debug/deps/golden_ir-a1223a1950315423)
[INFO] [stdout] 
[INFO] [stdout] test result: ok. 19 passed; 0 failed; 0 ignored; 0 measured; 0 filtered out; finished in 2.18s
[INFO] [stdout] 
[INFO] [stdout] 
[INFO] [stdout] running 18 tests
[INFO] [stdout] test every_musttail_is_followed_by_ret ... ok
[INFO] [stdout] test first_arg_indexing_emits_switch ... ok
[INFO] [stdout] test big_integer_literals_box_at_runtime ... ok
[INFO] [stdout] test native_target_emits_main_not_plg_init ... ok
[INFO] [stdout] test metacall_compiles_to_resolve_trampoline ... ok
[INFO] [stdout] test fact_predicate_compiles_to_rodata_table ... ok
[INFO] [stdout] test reactor_target_emits_plg_init_and_no_main ... ok
[INFO] [stdout] test dynamic_only_predicates_register_fail_stub ... ok
[INFO] [stdout] test last_body_goal_restores_caller_continuation ... ok
[INFO] [stdout] test m4_control_builtins_emit_runtime_calls ... ok
[INFO] [stdout] test per_clause_multi_clause_predicate_pushes_choice_points ... ok
[INFO] [stdout] test m3_control_compiles_natively ... ok
[INFO] [stdout] test per_clause_fact_compiles_to_unify_and_continuation_jump ... ok
[INFO] [stdout] test m4_det_builtins_emit_inline_calls ... ok
[INFO] [stdout] test single_clause_predicate_pushes_no_choice_point ... ok
[INFO] [stdout] test tier1_wasm_target_emits_argc_argv_entry ... ok
[INFO] [stdout] test fact_predicate_with_non_immediate_columns_emits_a_blob ... ok
[INFO] [stdout] test fail_compiles_to_immediate_failure ... ok
[INFO] [stdout] 
[INFO] [stdout] test result: ok. 18 passed; 0 failed; 0 ignored; 0 measured; 0 filtered out; finished in 0.10s
[INFO] [stdout] 
[INFO] [stderr]      Running tests/integration.rs (/opt/rustwide/target/debug/deps/integration-43f9f2cb20de1e7d)
[INFO] [stdout] 
[INFO] [stdout] running 30 tests
[INFO] [stdout] test deep_findall_goal_fails_gracefully ... ok
[INFO] [stdout] test metacall_depth_error_is_uncatchable ... ok
[INFO] [stdout] test arithmetic_comparison_error_carries_source_location ... ok
[INFO] [stdout] test existence_error_in_disjunctive_body_carries_coarse_span ... ok
[INFO] [stdout] test deep_recursion_runs_in_constant_c_stack ... ok
[INFO] [stdout] test arithmetic_evaluation_error_carries_source_location ... ok
[INFO] [stdout] test every_raising_det_builtin_carries_provenance ... ok
[INFO] [stdout] test call1_recursion_runs_in_constant_c_stack ... ok
[INFO] [stdout] test existence_error_carries_source_location ... ok
[INFO] [stdout] test query_parse_error_exit_2 ... ok
[INFO] [stdout] test recursive_predicate_backtracks_through_both_clauses ... ok
[INFO] [stdout] test limit_and_exhausted_flag ... ok
[INFO] [stdout] test text_format ... ok
[INFO] [stdout] test arithmetic_type_error_carries_source_location ... ok
[INFO] [stdout] test dynamic_predicate_fails_silently ... ok
[INFO] [stdout] test conjunctive_query_shares_bindings ... ok
[INFO] [stdout] test ground_query_success_and_failure ... ok
[INFO] [stdout] test facts_enumerate_in_program_order ... ok
[INFO] [stdout] test rule_with_conjunction ... ok
[INFO] [stdout] test unknown_predicate_is_runtime_error_exit_3 ... ok
[INFO] [stdout] test metacall_depth_guard_fails_gracefully_not_sigsegv ... ok
[INFO] [stdout] test metacall_depth_limit_is_env_configurable ... ok
[INFO] [stdout] test query_side_type_check_error_has_no_location_suffix ... ok
[INFO] [stdout] test step_limit_is_uncatchable_resource_error ... ok
[INFO] [stdout] test query_side_arith_error_has_no_location_suffix ... ok
[INFO] [stdout] test type_check_builtin_error_carries_source_location ... ok
[INFO] [stdout] test structured_terms_in_facts_and_queries ... ok
[INFO] [stdout] test query_side_existence_error_has_no_location_suffix ... ok
[INFO] [stdout] test sort_type_error_carries_source_location ... ok
[INFO] [stdout] test undefined_in_rule_body_raises_when_reached ... ok
[INFO] [stdout] 
[INFO] [stdout] test result: ok. 30 passed; 0 failed; 0 ignored; 0 measured; 0 filtered out; finished in 5.04s
[INFO] [stdout] 
[INFO] [stderr]      Running tests/iso_atom_concat.rs (/opt/rustwide/target/debug/deps/iso_atom_concat-fb82668ec4fb9f34)
[INFO] [stdout] 
[INFO] [stdout] running 9 tests
[INFO] [stdout] test split_mode_works_inside_a_compiled_clause_body ... ok
[INFO] [stdout] test split_mode_reachable_via_metacall ... ok
[INFO] [stdout] test shared_variable_keeps_only_equal_halves ... ok
[INFO] [stdout] test both_unbound_enumerates_every_decomposition ... ok
[INFO] [stdout] test bound_non_atom_is_type_error ... ok
[INFO] [stdout] test known_prefix_or_suffix_selects_the_split ... ok
[INFO] [stdout] test unbound_with_unbound_c_is_instantiation_error ... ok
[INFO] [stdout] test unicode_splits_on_char_boundaries ... ok
[INFO] [stdout] test forward_assembly ... ok
[INFO] [stdout] 
[INFO] [stdout] test result: ok. 9 passed; 0 failed; 0 ignored; 0 measured; 0 filtered out; finished in 0.75s
[INFO] [stdout] 
[INFO] [stderr]      Running tests/lists_stdlib.rs (/opt/rustwide/target/debug/deps/lists_stdlib-834d65b67539706c)
[INFO] [stdout] 
[INFO] [stdout] running 18 tests
[INFO] [stdout] test cut_in_findall_stops_clause_iteration ... ok
[INFO] [stdout] test between_overflow_at_max ... ok
[INFO] [stdout] test between_in_rule_and_findall ... ok
[INFO] [stdout] test between_basic ... ok
[INFO] [stdout] test between_bound_x_fast_paths ... ok
[INFO] [stdout] test findall_filter_and_empty ... ok
[INFO] [stdout] test sort_in_rule ... ok
[INFO] [stdout] test length_findall_in_build_mode_collects_once ... ok
[INFO] [stdout] test length_negative_bound_fails_fast ... ok
[INFO] [stdout] test reverse_and_last ... ok
[INFO] [stdout] test length_build_mode_enumerates_once ... ok
[INFO] [stdout] test is_list_predicate ... ok
[INFO] [stdout] test list_operations ... ok
[INFO] [stdout] test succ_and_plus ... ok
[INFO] [stdout] test copy_term_fresh_vars_and_aliasing ... ok
[INFO] [stdout] test copy_term_ground_and_lists ... ok
[INFO] [stdout] test length_generate_and_test_completes ... ok
[INFO] [stdout] test findall_once_collects_one ... ok
[INFO] [stdout] 
[INFO] [stdout] test result: ok. 18 passed; 0 failed; 0 ignored; 0 measured; 0 filtered out; finished in 1.41s
[INFO] [stdout] 
[INFO] [stderr]      Running tests/operators.rs (/opt/rustwide/target/debug/deps/operators-eadac77cbe8e649d)
[INFO] [stdout] 
[INFO] [stdout] running 4 tests
[INFO] [stdout] test operator_atom_and_prefix_surface ... ok
[INFO] [stdout] test colon_operator ... ok
[INFO] [stdout] test infix_arithmetic_unaffected ... ok
[INFO] [stderr]      Running tests/terms_atoms.rs (/opt/rustwide/target/debug/deps/terms_atoms-e915d0dd652548c9)
[INFO] [stdout] test comparison_operator_as_atom ... ok
[INFO] [stdout] 
[INFO] [stdout] test result: ok. 4 passed; 0 failed; 0 ignored; 0 measured; 0 filtered out; finished in 0.51s
[INFO] [stdout] 
[INFO] [stdout] 
[INFO] [stdout] running 16 tests
[INFO] [stdout] test arg_in_range_and_out ... ok
[INFO] [stdout] test functor_and_univ_in_once ... ok
[INFO] [stdout] test univ_list_in_once ... ok
[INFO] [stdout] test functor_errors ... ok
[INFO] [stdout] test univ_number_construct_and_errors ... ok
[INFO] [stdout] test atom_chars_rejections ... ok
[INFO] [stdout] test atom_predicates ... ok
[INFO] [stdout] test compare_3 ... ok
[INFO] [stdout] test number_chars_codes_in_once_and_atomicity ... ok
[INFO] [stdout] test number_chars_and_codes ... ok
[INFO] [stdout] test functor_decompose_and_construct ... ok
[INFO] [stdout] test term_ordering_operators ... ok
[INFO] [stdout] test univ_decompose_and_construct ... ok
[INFO] [stdout] test number_chars_codes_error_terms ... ok
[INFO] [stdout] test structural_identity ... ok
[INFO] [stdout] test compare_compound_with_bound_vars ... ok
[INFO] [stderr]      Running unittests src/lib.rs (/opt/rustwide/target/debug/deps/patch_prolog_frontend-cc13c2d8e6b844fb)
[INFO] [stdout] 
[INFO] [stdout] test result: ok. 16 passed; 0 failed; 0 ignored; 0 measured; 0 filtered out; finished in 0.70s
[INFO] [stdout] 
[INFO] [stdout] 
[INFO] [stdout] running 70 tests
[INFO] [stdout] test error::tests::existence_error_indicator ... ok
[INFO] [stdout] test lint::tests::call_of_one_arg_is_checked_higher_arities_deferred ... ok
[INFO] [stdout] test lint::tests::recurses_into_disjunction_and_naf ... ok
[INFO] [stdout] test error::tests::other_errors_are_catchable ... ok
[INFO] [stdout] test lint::tests::defined_predicate_is_not_flagged ... ok
[INFO] [stdout] test error::tests::resource_steps_is_uncatchable ... ok
[INFO] [stdout] test error::tests::type_error_term_shape ... ok
[INFO] [stdout] test lint::tests::suggests_a_near_defined_name ... ok
[INFO] [stdout] test parser::query::tests::test_comparison_operators ... ok
[INFO] [stdout] test parser::query::tests::parse_error_span_covers_unexpected_token ... ok
[INFO] [stdout] test lint::tests::variable_goal_is_left_to_runtime ... ok
[INFO] [stdout] test lint::tests::flags_a_direct_undefined_call ... ok
[INFO] [stdout] test error::tests::instantiation_error_term_shape ... ok
[INFO] [stdout] test lint::tests::dynamic_declaration_suppresses ... ok
[INFO] [stdout] test lint::tests::builtins_and_inline_ops_not_flagged ... ok
[INFO] [stdout] test parser::query::tests::test_dynamic_directive_comma_chain_arg ... ok
[INFO] [stdout] test lint::tests::recurses_into_findall_goal_and_catch ... ok
[INFO] [stdout] test parser::query::tests::test_dynamic_directive_single ... ok
[INFO] [stdout] test parser::query::tests::test_head_tail_list ... ok
[INFO] [stdout] test parser::query::tests::test_empty_list ... ok
[INFO] [stdout] test parser::query::tests::test_io_format_rejects_improper_list ... ok
[INFO] [stdout] test parser::query::tests::test_multiple_clauses ... ok
[INFO] [stdout] test parser::query::tests::test_parse_atom ... ok
[INFO] [stdout] test parser::query::tests::test_negation ... ok
[INFO] [stdout] test parser::query::tests::test_io_format_directive_list ... ok
[INFO] [stdout] test parser::query::tests::test_io_format_directive_comma_chain ... ok
[INFO] [stdout] test parser::query::tests::test_io_format_directive_single_atom ... ok
[INFO] [stdout] test parser::query::tests::parse_error_span_points_at_end_of_input ... ok
[INFO] [stdout] test parser::query::tests::test_cut ... ok
[INFO] [stdout] test parser::query::tests::test_parenthesized_expr ... ok
[INFO] [stdout] test parser::query::tests::test_parse_error ... ok
[INFO] [stdout] test parser::query::tests::test_dynamic_directive_bad_arity_errors ... ok
[INFO] [stdout] test parser::query::tests::test_operator_precedence ... ok
[INFO] [stdout] test parser::query::tests::test_parse_compound ... ok
[INFO] [stdout] test parser::query::tests::test_unary_minus ... ok
[INFO] [stdout] test parser::query::tests::test_simple_list ... ok
[INFO] [stdout] test parser::query::tests::test_unknown_directive_errors ... ok
[INFO] [stdout] test parser::query::tests::test_parse_nested_compound ... ok
[INFO] [stdout] test parser::query::tests::test_is_expression ... ok
[INFO] [stdout] test parser::query::tests::test_parse_float ... ok
[INFO] [stdout] test parser::query::tests::test_parse_fact ... ok
[INFO] [stdout] test parser::query::tests::test_dynamic_directive_multiple_args ... ok
[INFO] [stdout] test error::tests::evaluation_error_zero_divisor_renders ... ok
[INFO] [stdout] test parser::query::tests::test_parse_rule ... ok
[INFO] [stdout] test source_map::tests::utf16_columns_count_code_units ... ok
[INFO] [stdout] test parser::query::tests::test_parse_integer ... ok
[INFO] [stdout] test parser::query::tests::test_parse_variable ... ok
[INFO] [stdout] test parser::query::tests::test_parse_program_ignores_directives ... ok
[INFO] [stdout] test parser::query::tests::test_io_format_no_parse_level_dedup ... ok
[INFO] [stdout] test tests::stdlib_predicates_include_list_helpers ... ok
[INFO] [stdout] test tokenizer::tests::test_empty_list ... ok
[INFO] [stdout] test tokenizer::tests::test_line_comment ... ok
[INFO] [stdout] test tokenizer::tests::test_atoms ... ok
[INFO] [stdout] test parser::query::tests::test_variable_scoping ... ok
[INFO] [stdout] test tokenizer::tests::test_block_comment ... ok
[INFO] [stdout] test tokenizer::tests::test_clause ... ok
[INFO] [stdout] test tokenizer::tests::test_cut ... ok
[INFO] [stdout] test source_map::tests::resolves_line_and_col ... ok
[INFO] [stdout] test tokenizer::tests::lexer_error_carries_span_not_a_trailer ... ok
[INFO] [stdout] test tokenizer::tests::test_arithmetic ... ok
[INFO] [stdout] test tokenizer::tests::test_list_syntax ... ok
[INFO] [stdout] test tests::stdlib_predicates_is_cached_and_stable ... ok
[INFO] [stdout] test tokenizer::tests::test_minus_operator ... ok
[INFO] [stdout] test tokenizer::tests::test_operators ... ok
[INFO] [stdout] test tokenizer::tests::test_punctuation ... ok
[INFO] [stdout] test tokenizer::tests::test_rule ... ok
[INFO] [stdout] test tokenizer::tests::test_numbers ... ok
[INFO] [stdout] test tokenizer::tests::test_quoted_atoms ... ok
[INFO] [stdout] test tokenizer::tests::unterminated_quote_points_at_end_of_input ... ok
[INFO] [stdout] test tokenizer::tests::test_variables ... ok
[INFO] [stdout] 
[INFO] [stdout] test result: ok. 70 passed; 0 failed; 0 ignored; 0 measured; 0 filtered out; finished in 0.01s
[INFO] [stdout] 
[INFO] [stderr]      Running unittests src/main.rs (/opt/rustwide/target/debug/deps/plgl-771fc12d08be67cb)
[INFO] [stdout] 
[INFO] [stdout] running 40 tests
[INFO] [stdout] test buffer::tests::position_to_byte_offset_handles_multibyte_ascii_mix ... ok
[INFO] [stdout] test buffer::tests::position_to_byte_offset_clamps_past_line_end ... ok
[INFO] [stdout] test buffer::tests::position_to_byte_offset_returns_none_for_line_past_end ... ok
[INFO] [stdout] test buffer::tests::parse_best_effort_recovers_after_unfinished_trailing_clause ... ok
[INFO] [stdout] test buffer::tests::parse_best_effort_handles_multiple_broken_clauses ... ok
[INFO] [stdout] test completion::tests::prefix_after_paren_starts_fresh ... ok
[INFO] [stdout] test buffer::tests::position_to_byte_offset_handles_emoji_surrogate_pair ... ok
[INFO] [stdout] test buffer::tests::parse_best_effort_recovers_above_and_below_a_broken_middle_clause ... ok
[INFO] [stdout] test completion::tests::completion_finds_stdlib_member ... ok
[INFO] [stdout] test completion::tests::prefix_with_multibyte_char_before_cursor_no_panic ... ok
[INFO] [stdout] test definition::tests::finds_atom_only_clause ... ok
[INFO] [stdout] test definition::tests::returns_first_clause_for_multi_clause_predicate ... ok
[INFO] [stdout] test definition::tests::finds_single_compound_definition ... ok
[INFO] [stdout] test completion::tests::prefix_at_end_of_word ... ok
[INFO] [stdout] test completion::tests::completion_finds_user_predicate_in_buffer ... ok
[INFO] [stdout] test completion::tests::prefix_at_start_of_line_is_empty ... ok
[INFO] [stdout] test completion::tests::completion_omits_operators_and_cut ... ok
[INFO] [stdout] test definition::tests::skips_partial_word_matches ... ok
[INFO] [stdout] test definition::tests::skips_builtins ... ok
[INFO] [stdout] test completion::tests::completion_filters_by_prefix ... ok
[INFO] [stdout] test completion::tests::completion_finds_builtin_findall ... ok
[INFO] [stdout] test definition::tests::skips_stdlib_predicates ... ok
[INFO] [stdout] test definition::tests::skips_comments_that_mention_the_name ... ok
[INFO] [stdout] test definition::tests::returns_none_when_no_definition_exists ... ok
[INFO] [stdout] test diagnostics::tests::diagnostic_uses_surface_lexeme_not_internal_variant ... ok
[INFO] [stdout] test diagnostics::tests::comment_mention_does_not_squiggle_only_the_real_call ... ok
[INFO] [stdout] test completion::tests::completion_user_predicate_shadows_stdlib ... ok
[INFO] [stdout] test diagnostics::tests::defined_and_builtin_calls_produce_no_warnings ... ok
[INFO] [stdout] test diagnostics::tests::good_buffer_has_no_diagnostics ... ok
[INFO] [stdout] test definition::tests::skips_uses_inside_clause_bodies ... ok
[INFO] [stdout] test hover::tests::hover_on_between_shows_doc ... ok
[INFO] [stdout] test diagnostics::tests::syntax_error_produces_positioned_diagnostic ... ok
[INFO] [stdout] test hover::tests::hover_on_builtin_shows_doc ... ok
[INFO] [stdout] test hover::tests::hover_on_unknown_word_returns_none ... ok
[INFO] [stdout] test hover::tests::hover_on_user_predicate_shows_clause_head ... ok
[INFO] [stdout] test hover::tests::hover_outside_a_word_returns_none ... ok
[INFO] [stdout] test diagnostics::tests::undefined_predicate_is_a_warning_on_the_call_site ... ok
[INFO] [stdout] test hover::tests::word_at_position_with_multibyte_char_before_cursor ... ok
[INFO] [stdout] test hover::tests::word_under_cursor_at_start ... ok
[INFO] [stdout] test hover::tests::word_under_cursor_in_middle ... ok
[INFO] [stdout] 
[INFO] [stdout] test result: ok. 40 passed; 0 failed; 0 ignored; 0 measured; 0 filtered out; finished in 0.01s
[INFO] [stdout] 
[INFO] [stderr]      Running unittests src/main.rs (/opt/rustwide/target/debug/deps/plgr-7896ee36f4ffc8ce)
[INFO] [stdout] 
[INFO] [stdout] running 42 tests
[INFO] [stdout] test app::tests::edit_after_tab_recomputes_from_scratch ... ok
[INFO] [stdout] test app::tests::non_tab_key_ends_the_cycle ... ok
[INFO] [stdout] test app::tests::replace_session_rejects_bad_source_and_keeps_buffer ... ok
[INFO] [stdout] test app::tests::replace_session_swaps_in_split_clauses ... ok
[INFO] [stdout] test completion::tests::command_candidates_by_prefix ... ok
[INFO] [stdout] test app::tests::plain_input_is_predicate_mode ... ok
[INFO] [stdout] test persist::tests::filename_is_collision_free_vs_underscore_paths ... ok
[INFO] [stdout] test app::tests::tab_cycles_through_command_candidates_and_wraps ... ok
[INFO] [stdout] test app::tests::empty_candidate_tab_is_a_no_op ... ok
[INFO] [stdout] test completion::tests::predicate_candidates_include_stdlib ... ok
[INFO] [stdout] test persist::tests::filename_encodes_separators_and_spaces ... ok
[INFO] [stdout] test app::tests::directive_line_is_predicate_mode_not_command ... ok
[INFO] [stdout] test persist::tests::strip_cwd_tag_passes_through_untagged_source ... ok
[INFO] [stdout] test persist::tests::strip_cwd_tag_removes_only_leading_metadata ... ok
[INFO] [stdout] test persist::tests::save_load_roundtrips_through_the_filesystem ... ok
[INFO] [stdout] test persist::tests::filename_is_injective_over_near_neighbours ... ok
[INFO] [stdout] test app::tests::command_mode_for_colon_lines ... ok
[INFO] [stdout] test completion::tests::command_candidates_empty_prefix_offers_all_sorted ... ok
[INFO] [stdout] test completion::tests::command_candidates_return_canonical_not_aliases ... ok
[INFO] [stdout] test completion::tests::predicate_candidates_filter_by_prefix ... ok
[INFO] [stdout] test app::tests::tab_cycles_through_predicate_candidates ... ok
[INFO] [stdout] test run::tests::partial_trailing_group_is_none ... ok
[INFO] [stdout] test rule3_guard::defines_no_solve_function ... ok
[INFO] [stdout] test run::tests::splits_multi_var_solutions_into_groups ... ok
[INFO] [stdout] test session::tests::commands_and_parse_meta_are_in_sync ... ok
[INFO] [stdout] test session::tests::block_comment_does_not_split_and_rides_with_clause ... ok
[INFO] [stdout] test run::tests::splits_single_var_one_per_line ... ok
[INFO] [stdout] test run::tests::value_containing_equals_is_kept_intact ... ok
[INFO] [stdout] test session::tests::commands_table_is_the_documented_surface ... ok
[INFO] [stdout] test rule3_guard::does_not_depend_on_the_solver_runtime ... ok
[INFO] [stdout] test session::tests::float_dot_is_not_a_boundary ... ok
[INFO] [stdout] test session::tests::dot_inside_quoted_atom_is_not_a_boundary ... ok
[INFO] [stdout] test session::tests::predicate_names_cover_heads_and_dynamic_decls ... ok
[INFO] [stdout] test session::tests::splits_multiple_clauses_in_order ... ok
[INFO] [stdout] test session::tests::directive_is_its_own_clause ... ok
[INFO] [stdout] test session::tests::keeps_clauses_spanning_multiple_lines ... ok
[INFO] [stdout] test run::tests::lhs_of_splits_on_first_equals ... ok
[INFO] [stdout] test session::tests::skips_comment_only_and_blank_spans ... ok
[INFO] [stdout] test run::tests::error_message_prefers_stdout_then_stderr ... ok
[INFO] [stdout] test run::tests::all_anonymous_solutions_are_true ... ok
[INFO] [stdout] test run::tests::no_solutions_is_empty_not_none ... ok
[INFO] [stderr] error: test failed, to rerun pass `-p patch-prolog-repl --bin plgr`
[INFO] [stdout] test run::tests::fetch_runs_a_real_compiled_binary ... FAILED
[INFO] [stdout] 
[INFO] [stdout] failures:
[INFO] [stdout] 
[INFO] [stdout] ---- run::tests::fetch_runs_a_real_compiled_binary stdout ----
[INFO] [stdout] 
[INFO] [stdout] thread 'run::tests::fetch_runs_a_real_compiled_binary' (3922) panicked at crates/repl/src/run.rs:313:9:
[INFO] [stdout] plgc not found: run `cargo build -p patch-prolog-compiler` or set $PLGC
[INFO] [stdout] stack backtrace:
[INFO] [stdout]    0:     0x5aa31159aa71 - std[70759c8f55707aa4]::backtrace_rs::backtrace::libunwind::trace
[INFO] [stdout]                                at /rustc/dfb0accb7f508ae8be965d8629557221c889dd98/library/std/src/../../backtrace/src/backtrace/libunwind.rs:117:9
[INFO] [stdout]    1:     0x5aa31159aa71 - std[70759c8f55707aa4]::backtrace_rs::backtrace::trace_unsynchronized::<std[70759c8f55707aa4]::sys::backtrace::_print_fmt::{closure#1}>
[INFO] [stdout]                                at /rustc/dfb0accb7f508ae8be965d8629557221c889dd98/library/std/src/../../backtrace/src/backtrace/mod.rs:66:14
[INFO] [stdout]    2:     0x5aa31159aa71 - std[70759c8f55707aa4]::sys::backtrace::_print_fmt
[INFO] [stdout]                                at /rustc/dfb0accb7f508ae8be965d8629557221c889dd98/library/std/src/sys/backtrace.rs:74:9
[INFO] [stdout]    3:     0x5aa31159aa71 - <<std[70759c8f55707aa4]::sys::backtrace::BacktraceLock>::print::DisplayBacktrace as core[df12db4294e9bfd3]::fmt::Display>::fmt
[INFO] [stdout]                                at /rustc/dfb0accb7f508ae8be965d8629557221c889dd98/library/std/src/sys/backtrace.rs:44:26
[INFO] [stdout]    4:     0x5aa3115b09aa - <core[df12db4294e9bfd3]::fmt::rt::Argument>::fmt
[INFO] [stdout]                                at /rustc/dfb0accb7f508ae8be965d8629557221c889dd98/library/core/src/fmt/rt.rs:152:76
[INFO] [stdout]    5:     0x5aa3115b09aa - core[df12db4294e9bfd3]::fmt::write
[INFO] [stdout]    6:     0x5aa31159f1fc - core[df12db4294e9bfd3]::io::write::default_write_fmt::<alloc[2182bb758b4b3781]::vec::Vec<u8>>
[INFO] [stdout]                                at /rustc/dfb0accb7f508ae8be965d8629557221c889dd98/library/core/src/io/write.rs:402:11
[INFO] [stdout]    7:     0x5aa31159f1fc - <alloc[2182bb758b4b3781]::vec::Vec<u8> as core[df12db4294e9bfd3]::io::write::Write>::write_fmt
[INFO] [stdout]                                at /rustc/dfb0accb7f508ae8be965d8629557221c889dd98/library/core/src/io/write.rs:335:13
[INFO] [stdout]    8:     0x5aa311574bc6 - <std[70759c8f55707aa4]::sys::backtrace::BacktraceLock>::print
[INFO] [stdout]                                at /rustc/dfb0accb7f508ae8be965d8629557221c889dd98/library/std/src/sys/backtrace.rs:47:9
[INFO] [stdout]    9:     0x5aa311574bc6 - std[70759c8f55707aa4]::panicking::default_hook::{closure#0}
[INFO] [stdout]                                at /rustc/dfb0accb7f508ae8be965d8629557221c889dd98/library/std/src/panicking.rs:292:27
[INFO] [stdout]   10:     0x5aa3115920b9 - std[70759c8f55707aa4]::panicking::default_hook
[INFO] [stdout]                                at /rustc/dfb0accb7f508ae8be965d8629557221c889dd98/library/std/src/panicking.rs:316:9
[INFO] [stdout]   11:     0x5aa3114ca720 - <alloc[2182bb758b4b3781]::boxed::Box<dyn for<'a, 'b> core[df12db4294e9bfd3]::ops::function::Fn<(&'a std[70759c8f55707aa4]::panic::PanicHookInfo<'b>,), Output = ()> + core[df12db4294e9bfd3]::marker::Send + core[df12db4294e9bfd3]::marker::Sync> as core[df12db4294e9bfd3]::ops::function::Fn<(&std[70759c8f55707aa4]::panic::PanicHookInfo,)>>::call
[INFO] [stdout]                                at /rustc/dfb0accb7f508ae8be965d8629557221c889dd98/library/alloc/src/boxed.rs:2334:9
[INFO] [stdout]   12:     0x5aa3114ca720 - test[9d35eded1c95d3be]::test_main_inner::<test[9d35eded1c95d3be]::test_main_static::{closure#0}>::{closure#0}
[INFO] [stdout]                                at /rustc/dfb0accb7f508ae8be965d8629557221c889dd98/library/test/src/lib.rs:155:21
[INFO] [stdout]   13:     0x5aa311592272 - <alloc[2182bb758b4b3781]::boxed::Box<dyn for<'a, 'b> core[df12db4294e9bfd3]::ops::function::Fn<(&'a std[70759c8f55707aa4]::panic::PanicHookInfo<'b>,), Output = ()> + core[df12db4294e9bfd3]::marker::Send + core[df12db4294e9bfd3]::marker::Sync> as core[df12db4294e9bfd3]::ops::function::Fn<(&std[70759c8f55707aa4]::panic::PanicHookInfo,)>>::call
[INFO] [stdout]                                at /rustc/dfb0accb7f508ae8be965d8629557221c889dd98/library/alloc/src/boxed.rs:2334:9
[INFO] [stdout]   14:     0x5aa311592272 - std[70759c8f55707aa4]::panicking::panic_with_hook
[INFO] [stdout]                                at /rustc/dfb0accb7f508ae8be965d8629557221c889dd98/library/std/src/panicking.rs:823:13
[INFO] [stdout]   15:     0x5aa311574ca4 - std[70759c8f55707aa4]::panicking::panic_handler::{closure#0}
[INFO] [stdout]                                at /rustc/dfb0accb7f508ae8be965d8629557221c889dd98/library/std/src/panicking.rs:681:13
[INFO] [stdout]   16:     0x5aa31156d519 - std[70759c8f55707aa4]::sys::backtrace::__rust_end_short_backtrace::<std[70759c8f55707aa4]::panicking::panic_handler::{closure#0}, !>
[INFO] [stdout]                                at /rustc/dfb0accb7f508ae8be965d8629557221c889dd98/library/std/src/sys/backtrace.rs:182:18
[INFO] [stdout]   17:     0x5aa31157590d - __rustc[8fa7c3cbc660c2b3]::rust_begin_unwind
[INFO] [stdout]                                at /rustc/dfb0accb7f508ae8be965d8629557221c889dd98/library/std/src/panicking.rs:679:5
[INFO] [stdout]   18:     0x5aa3115b119c - core[df12db4294e9bfd3]::panicking::panic_fmt
[INFO] [stdout]                                at /rustc/dfb0accb7f508ae8be965d8629557221c889dd98/library/core/src/panicking.rs:80:14
[INFO] [stdout]   19:     0x5aa3114a2f7f - plgr[4cadb25b2d34bcea]::run::tests::locate_plgc
[INFO] [stdout]                                at /opt/rustwide/workdir/crates/repl/src/run.rs:313:9
[INFO] [stdout]   20:     0x5aa3114a382f - plgr[4cadb25b2d34bcea]::run::tests::fetch_runs_a_real_compiled_binary
[INFO] [stdout]                                at /opt/rustwide/workdir/crates/repl/src/run.rs:325:39
[INFO] [stdout]   21:     0x5aa3114a18b7 - plgr[4cadb25b2d34bcea]::run::tests::fetch_runs_a_real_compiled_binary::{closure#0}
[INFO] [stdout]                                at /opt/rustwide/workdir/crates/repl/src/run.rs:321:43
[INFO] [stdout]   22:     0x5aa3114a6fb6 - <plgr[4cadb25b2d34bcea]::run::tests::fetch_runs_a_real_compiled_binary::{closure#0} as core[df12db4294e9bfd3]::ops::function::FnOnce<()>>::call_once
[INFO] [stdout]                                at /rustc/dfb0accb7f508ae8be965d8629557221c889dd98/library/core/src/ops/function.rs:250:5
[INFO] [stdout]   23:     0x5aa3114bda0b - <fn() -> core[df12db4294e9bfd3]::result::Result<(), alloc[2182bb758b4b3781]::string::String> as core[df12db4294e9bfd3]::ops::function::FnOnce<()>>::call_once
[INFO] [stdout]                                at /rustc/dfb0accb7f508ae8be965d8629557221c889dd98/library/core/src/ops/function.rs:250:5
[INFO] [stdout]   24:     0x5aa3114bda0b - test[9d35eded1c95d3be]::__rust_begin_short_backtrace::<core[df12db4294e9bfd3]::result::Result<(), alloc[2182bb758b4b3781]::string::String>, fn() -> core[df12db4294e9bfd3]::result::Result<(), alloc[2182bb758b4b3781]::string::String>>
[INFO] [stdout]                                at /rustc/dfb0accb7f508ae8be965d8629557221c889dd98/library/test/src/lib.rs:733:18
[INFO] [stdout]   25:     0x5aa3114cb075 - test[9d35eded1c95d3be]::run_test_in_process::{closure#0}
[INFO] [stdout]                                at /rustc/dfb0accb7f508ae8be965d8629557221c889dd98/library/test/src/lib.rs:756:74
[INFO] [stdout]   26:     0x5aa3114cb075 - <core[df12db4294e9bfd3]::panic::unwind_safe::AssertUnwindSafe<test[9d35eded1c95d3be]::run_test_in_process::{closure#0}> as core[df12db4294e9bfd3]::ops::function::FnOnce<()>>::call_once
[INFO] [stdout]                                at /rustc/dfb0accb7f508ae8be965d8629557221c889dd98/library/core/src/panic/unwind_safe.rs:275:9
[INFO] [stdout]   27:     0x5aa3114cb075 - std[70759c8f55707aa4]::panicking::catch_unwind::do_call::<core[df12db4294e9bfd3]::panic::unwind_safe::AssertUnwindSafe<test[9d35eded1c95d3be]::run_test_in_process::{closure#0}>, core[df12db4294e9bfd3]::result::Result<(), alloc[2182bb758b4b3781]::string::String>>
[INFO] [stdout]                                at /rustc/dfb0accb7f508ae8be965d8629557221c889dd98/library/std/src/panicking.rs:576:43
[INFO] [stdout]   28:     0x5aa3114cb075 - std[70759c8f55707aa4]::panicking::catch_unwind::<core[df12db4294e9bfd3]::result::Result<(), alloc[2182bb758b4b3781]::string::String>, core[df12db4294e9bfd3]::panic::unwind_safe::AssertUnwindSafe<test[9d35eded1c95d3be]::run_test_in_process::{closure#0}>>
[INFO] [stdout]                                at /rustc/dfb0accb7f508ae8be965d8629557221c889dd98/library/std/src/panicking.rs:544:19
[INFO] [stdout]   29:     0x5aa3114cb075 - std[70759c8f55707aa4]::panic::catch_unwind::<core[df12db4294e9bfd3]::panic::unwind_safe::AssertUnwindSafe<test[9d35eded1c95d3be]::run_test_in_process::{closure#0}>, core[df12db4294e9bfd3]::result::Result<(), alloc[2182bb758b4b3781]::string::String>>
[INFO] [stdout]                                at /rustc/dfb0accb7f508ae8be965d8629557221c889dd98/library/std/src/panic.rs:359:14
[INFO] [stdout]   30:     0x5aa3114cb075 - test[9d35eded1c95d3be]::run_test_in_process
[INFO] [stdout]                                at /rustc/dfb0accb7f508ae8be965d8629557221c889dd98/library/test/src/lib.rs:756:27
[INFO] [stdout]   31:     0x5aa3114cb075 - test[9d35eded1c95d3be]::run_test::{closure#0}
[INFO] [stdout]                                at /rustc/dfb0accb7f508ae8be965d8629557221c889dd98/library/test/src/lib.rs:677:43
[INFO] [stdout]   32:     0x5aa3114c4934 - test[9d35eded1c95d3be]::run_test::{closure#1}
[INFO] [stdout]                                at /rustc/dfb0accb7f508ae8be965d8629557221c889dd98/library/test/src/lib.rs:707:41
[INFO] [stdout]   33:     0x5aa3114c4934 - std[70759c8f55707aa4]::sys::backtrace::__rust_begin_short_backtrace::<test[9d35eded1c95d3be]::run_test::{closure#1}, ()>
[INFO] [stdout]                                at /rustc/dfb0accb7f508ae8be965d8629557221c889dd98/library/std/src/sys/backtrace.rs:166:18
[INFO] [stdout]   34:     0x5aa3114ce1d2 - std[70759c8f55707aa4]::thread::lifecycle::spawn_unchecked::<test[9d35eded1c95d3be]::run_test::{closure#1}, ()>::{closure#1}::{closure#0}
[INFO] [stdout]                                at /rustc/dfb0accb7f508ae8be965d8629557221c889dd98/library/std/src/thread/lifecycle.rs:70:13
[INFO] [stdout]   35:     0x5aa3114ce1d2 - <core[df12db4294e9bfd3]::panic::unwind_safe::AssertUnwindSafe<std[70759c8f55707aa4]::thread::lifecycle::spawn_unchecked<test[9d35eded1c95d3be]::run_test::{closure#1}, ()>::{closure#1}::{closure#0}> as core[df12db4294e9bfd3]::ops::function::FnOnce<()>>::call_once
[INFO] [stdout]                                at /rustc/dfb0accb7f508ae8be965d8629557221c889dd98/library/core/src/panic/unwind_safe.rs:275:9
[INFO] [stdout]   36:     0x5aa3114ce1d2 - std[70759c8f55707aa4]::panicking::catch_unwind::do_call::<core[df12db4294e9bfd3]::panic::unwind_safe::AssertUnwindSafe<std[70759c8f55707aa4]::thread::lifecycle::spawn_unchecked<test[9d35eded1c95d3be]::run_test::{closure#1}, ()>::{closure#1}::{closure#0}>, ()>
[INFO] [stdout]                                at /rustc/dfb0accb7f508ae8be965d8629557221c889dd98/library/std/src/panicking.rs:576:43
[INFO] [stdout]   37:     0x5aa3114ce1d2 - std[70759c8f55707aa4]::panicking::catch_unwind::<(), core[df12db4294e9bfd3]::panic::unwind_safe::AssertUnwindSafe<std[70759c8f55707aa4]::thread::lifecycle::spawn_unchecked<test[9d35eded1c95d3be]::run_test::{closure#1}, ()>::{closure#1}::{closure#0}>>
[INFO] [stdout]                                at /rustc/dfb0accb7f508ae8be965d8629557221c889dd98/library/std/src/panicking.rs:544:19
[INFO] [stdout]   38:     0x5aa3114ce1d2 - std[70759c8f55707aa4]::panic::catch_unwind::<core[df12db4294e9bfd3]::panic::unwind_safe::AssertUnwindSafe<std[70759c8f55707aa4]::thread::lifecycle::spawn_unchecked<test[9d35eded1c95d3be]::run_test::{closure#1}, ()>::{closure#1}::{closure#0}>, ()>
[INFO] [stdout]                                at /rustc/dfb0accb7f508ae8be965d8629557221c889dd98/library/std/src/panic.rs:359:14
[INFO] [stdout]   39:     0x5aa3114ce1d2 - std[70759c8f55707aa4]::thread::lifecycle::spawn_unchecked::<test[9d35eded1c95d3be]::run_test::{closure#1}, ()>::{closure#1}
[INFO] [stdout]                                at /rustc/dfb0accb7f508ae8be965d8629557221c889dd98/library/std/src/thread/lifecycle.rs:68:26
[INFO] [stdout]   40:     0x5aa3114ce1d2 - <std[70759c8f55707aa4]::thread::lifecycle::spawn_unchecked<test[9d35eded1c95d3be]::run_test::{closure#1}, ()>::{closure#1} as core[df12db4294e9bfd3]::ops::function::FnOnce<()>>::call_once::{shim:vtable#0}
[INFO] [stdout]                                at /rustc/dfb0accb7f508ae8be965d8629557221c889dd98/library/core/src/ops/function.rs:250:5
[INFO] [stdout]   41:     0x5aa311599de9 - <alloc[2182bb758b4b3781]::boxed::Box<dyn core[df12db4294e9bfd3]::ops::function::FnOnce<(), Output = ()> + core[df12db4294e9bfd3]::marker::Send> as core[df12db4294e9bfd3]::ops::function::FnOnce<()>>::call_once
[INFO] [stdout]                                at /rustc/dfb0accb7f508ae8be965d8629557221c889dd98/library/alloc/src/boxed.rs:2320:9
[INFO] [stdout]   42:     0x5aa311599de9 - <std[70759c8f55707aa4]::sys::thread::unix::Thread>::new::thread_start
[INFO] [stdout]                                at /rustc/dfb0accb7f508ae8be965d8629557221c889dd98/library/std/src/sys/thread/unix.rs:123:17
[INFO] [stdout]   43:     0x756b162bbdfa - <unknown>
[INFO] [stdout]   44:     0x756b1634f3d4 - clone
[INFO] [stdout]   45:                0x0 - <unknown>
[INFO] [stdout] 
[INFO] [stdout] 
[INFO] [stdout] failures:
[INFO] [stdout]     run::tests::fetch_runs_a_real_compiled_binary
[INFO] [stdout] 
[INFO] [stdout] test result: FAILED. 41 passed; 1 failed; 0 ignored; 0 measured; 0 filtered out; finished in 0.06s
[INFO] [stdout] 
[INFO] running `Command { std: "docker" "inspect" "0b96ee9f48fec0a910a6bebfc9aca7f84d45346d10b87a6ab157c902df2383be", kill_on_drop: false }`
[INFO] running `Command { std: "docker" "rm" "-f" "0b96ee9f48fec0a910a6bebfc9aca7f84d45346d10b87a6ab157c902df2383be", kill_on_drop: false }`
[INFO] [stdout] 0b96ee9f48fec0a910a6bebfc9aca7f84d45346d10b87a6ab157c902df2383be
