[INFO] cloning repository https://github.com/launchapp-dev/animus-plugin-testkit
[INFO] running `Command { std: "git" "-c" "credential.helper=" "-c" "credential.helper=/workspace/cargo-home/bin/git-credential-null" "clone" "--bare" "https://github.com/launchapp-dev/animus-plugin-testkit" "/workspace/cache/git-repos/https%3A%2F%2Fgithub.com%2Flaunchapp-dev%2Fanimus-plugin-testkit", kill_on_drop: false }`
[INFO] [stderr] Cloning into bare repository '/workspace/cache/git-repos/https%3A%2F%2Fgithub.com%2Flaunchapp-dev%2Fanimus-plugin-testkit'...
[INFO] running `Command { std: "git" "rev-parse" "HEAD", kill_on_drop: false }`
[INFO] [stdout] 2892c013c84df8423589c3d0a04df81c1da275e0
[INFO] testing launchapp-dev/animus-plugin-testkit against 1.100.0-beta.1 for beta-1.100-2
[INFO] running `Command { std: "git" "clone" "/workspace/cache/git-repos/https%3A%2F%2Fgithub.com%2Flaunchapp-dev%2Fanimus-plugin-testkit" "/workspace/builds/worker-0-tc2/source", kill_on_drop: false }`
[INFO] [stderr] Cloning into '/workspace/builds/worker-0-tc2/source'...
[INFO] [stderr] done.
[INFO] started tweaking git repo https://github.com/launchapp-dev/animus-plugin-testkit
[INFO] finished tweaking git repo https://github.com/launchapp-dev/animus-plugin-testkit
[INFO] tweaked toml for git repo https://github.com/launchapp-dev/animus-plugin-testkit written to /workspace/builds/worker-0-tc2/source/Cargo.toml
[INFO] validating manifest of git repo https://github.com/launchapp-dev/animus-plugin-testkit on toolchain 1.100.0-beta.1
[INFO] running `Command { std: CARGO_HOME="/workspace/cargo-home" RUSTUP_HOME="/workspace/rustup-home" "/workspace/cargo-home/bin/cargo" "+1.100.0-beta.1" "metadata" "--manifest-path" "Cargo.toml" "--no-deps", kill_on_drop: false }`
[INFO] crate git repo https://github.com/launchapp-dev/animus-plugin-testkit already has a lockfile, it will not be regenerated
[INFO] running `Command { std: CARGO_HOME="/workspace/cargo-home" RUSTUP_HOME="/workspace/rustup-home" "/workspace/cargo-home/bin/cargo" "+1.100.0-beta.1" "fetch" "--manifest-path" "Cargo.toml", kill_on_drop: false }`
[INFO] [stderr] warning: unused workspace dependency `animus-control-protocol`
[INFO] [stderr]   --> Cargo.toml:21:25
[INFO] [stderr]    |
[INFO] [stderr] 21 | [workspace.dependencies.animus-control-protocol]
[INFO] [stderr]    |                         ^^^^^^^^^^^^^^^^^^^^^^^
[INFO] [stderr]    |
[INFO] [stderr]    = note: `cargo::unused_workspace_dependencies` is set to `warn` by default
[INFO] [stderr] help: consider removing the workspace dependency `animus-control-protocol`
[INFO] [stderr] warning: unused workspace dependency `animus-subject-protocol`
[INFO] [stderr]   --> Cargo.toml:45:25
[INFO] [stderr]    |
[INFO] [stderr] 45 | [workspace.dependencies.animus-subject-protocol]
[INFO] [stderr]    |                         ^^^^^^^^^^^^^^^^^^^^^^^
[INFO] [stderr]    |
[INFO] [stderr] help: consider removing the workspace dependency `animus-subject-protocol`
[INFO] [stderr] warning: unused workspace dependency `animus-transport-protocol`
[INFO] [stderr]   --> Cargo.toml:49:25
[INFO] [stderr]    |
[INFO] [stderr] 49 | [workspace.dependencies.animus-transport-protocol]
[INFO] [stderr]    |                         ^^^^^^^^^^^^^^^^^^^^^^^^^
[INFO] [stderr]    |
[INFO] [stderr] help: consider removing the workspace dependency `animus-transport-protocol`
[INFO] [stderr] warning: unused workspace dependency `animus-trigger-protocol`
[INFO] [stderr]   --> Cargo.toml:53:25
[INFO] [stderr]    |
[INFO] [stderr] 53 | [workspace.dependencies.animus-trigger-protocol]
[INFO] [stderr]    |                         ^^^^^^^^^^^^^^^^^^^^^^^
[INFO] [stderr]    |
[INFO] [stderr] help: consider removing the workspace dependency `animus-trigger-protocol`
[INFO] [stderr] warning: unused workspace dependency `async-trait`
[INFO] [stderr]   --> Cargo.toml:11:1
[INFO] [stderr]    |
[INFO] [stderr] 11 | async-trait = "0.1"
[INFO] [stderr]    | ^^^^^^^^^^^
[INFO] [stderr]    |
[INFO] [stderr] help: consider removing the workspace dependency `async-trait`
[INFO] [stderr] warning: unused workspace dependency `futures`
[INFO] [stderr]   --> Cargo.toml:14:1
[INFO] [stderr]    |
[INFO] [stderr] 14 | futures = "0.3"
[INFO] [stderr]    | ^^^^^^^
[INFO] [stderr]    |
[INFO] [stderr] help: consider removing the workspace dependency `futures`
[INFO] [stderr] warning: unused workspace dependency `tower`
[INFO] [stderr]   --> Cargo.toml:19:1
[INFO] [stderr]    |
[INFO] [stderr] 19 | tower = "0.4"
[INFO] [stderr]    | ^^^^^
[INFO] [stderr]    |
[INFO] [stderr] help: consider removing the workspace dependency `tower`
[INFO] [stderr] warning: unused field `readme` in `workspace.package`
[INFO] [stderr]   --> Cargo.toml:82:1
[INFO] [stderr]    |
[INFO] [stderr] 82 | readme = "README.md"
[INFO] [stderr]    | ^^^^^^
[INFO] [stderr]    |
[INFO] [stderr]    = note: `cargo::unused_workspace_package_fields` is set to `warn` by default
[INFO] [stderr] help: consider removing the field `workspace.package.readme`
[INFO] [stderr] warning: workspace (manifest) generated 8 warnings
[INFO] [stderr] warning: `package.homepage` is redundant with `package.repository`
[INFO] [stderr]  --> crates/mock-cli-codex/Cargo.toml:7:1
[INFO] [stderr]   |
[INFO] [stderr] 7 | homepage.workspace = true
[INFO] [stderr]   | ^^^^^^^^
[INFO] [stderr] 8 | repository.workspace = true
[INFO] [stderr]   | ----------
[INFO] [stderr]   |
[INFO] [stderr]   = note: `cargo::redundant_homepage` is set to `warn` by default
[INFO] [stderr] help: consider removing `package.homepage`
[INFO] [stderr] warning: `mock-cli-codex` (manifest) generated 1 warning
[INFO] [stderr] warning: `package.homepage` is redundant with `package.repository`
[INFO] [stderr]  --> crates/transport-conformance/Cargo.toml:7:1
[INFO] [stderr]   |
[INFO] [stderr] 7 | homepage.workspace = true
[INFO] [stderr]   | ^^^^^^^^
[INFO] [stderr] 8 | repository.workspace = true
[INFO] [stderr]   | ----------
[INFO] [stderr]   |
[INFO] [stderr]   = note: `cargo::redundant_homepage` is set to `warn` by default
[INFO] [stderr] help: consider removing `package.homepage`
[INFO] [stderr] warning: `transport-conformance` (manifest) generated 1 warning
[INFO] [stderr] warning: `package.homepage` is redundant with `package.repository`
[INFO] [stderr]  --> crates/provider-conformance/Cargo.toml:7:1
[INFO] [stderr]   |
[INFO] [stderr] 7 | homepage.workspace = true
[INFO] [stderr]   | ^^^^^^^^
[INFO] [stderr] 8 | repository.workspace = true
[INFO] [stderr]   | ----------
[INFO] [stderr]   |
[INFO] [stderr]   = note: `cargo::redundant_homepage` is set to `warn` by default
[INFO] [stderr] help: consider removing `package.homepage`
[INFO] [stderr] warning: `provider-conformance` (manifest) generated 1 warning
[INFO] [stderr] warning: `package.homepage` is redundant with `package.repository`
[INFO] [stderr]  --> crates/mock-cli-opencode/Cargo.toml:7:1
[INFO] [stderr]   |
[INFO] [stderr] 7 | homepage.workspace = true
[INFO] [stderr]   | ^^^^^^^^
[INFO] [stderr] 8 | repository.workspace = true
[INFO] [stderr]   | ----------
[INFO] [stderr]   |
[INFO] [stderr]   = note: `cargo::redundant_homepage` is set to `warn` by default
[INFO] [stderr] help: consider removing `package.homepage`
[INFO] [stderr] warning: `mock-cli-opencode` (manifest) generated 1 warning
[INFO] [stderr] warning: `package.homepage` is redundant with `package.repository`
[INFO] [stderr]  --> crates/subject-conformance/Cargo.toml:7:1
[INFO] [stderr]   |
[INFO] [stderr] 7 | homepage.workspace = true
[INFO] [stderr]   | ^^^^^^^^
[INFO] [stderr] 8 | repository.workspace = true
[INFO] [stderr]   | ----------
[INFO] [stderr]   |
[INFO] [stderr]   = note: `cargo::redundant_homepage` is set to `warn` by default
[INFO] [stderr] help: consider removing `package.homepage`
[INFO] [stderr] warning: `subject-conformance` (manifest) generated 1 warning
[INFO] [stderr] warning: `package.homepage` is redundant with `package.repository`
[INFO] [stderr]  --> crates/testkit-core/Cargo.toml:7:1
[INFO] [stderr]   |
[INFO] [stderr] 7 | homepage.workspace = true
[INFO] [stderr]   | ^^^^^^^^
[INFO] [stderr] 8 | repository.workspace = true
[INFO] [stderr]   | ----------
[INFO] [stderr]   |
[INFO] [stderr]   = note: `cargo::redundant_homepage` is set to `warn` by default
[INFO] [stderr] help: consider removing `package.homepage`
[INFO] [stderr] warning: `testkit-core` (manifest) generated 1 warning
[INFO] [stderr] warning: `package.homepage` is redundant with `package.repository`
[INFO] [stderr]  --> crates/mock-cli-oai/Cargo.toml:7:1
[INFO] [stderr]   |
[INFO] [stderr] 7 | homepage.workspace = true
[INFO] [stderr]   | ^^^^^^^^
[INFO] [stderr] 8 | repository.workspace = true
[INFO] [stderr]   | ----------
[INFO] [stderr]   |
[INFO] [stderr]   = note: `cargo::redundant_homepage` is set to `warn` by default
[INFO] [stderr] help: consider removing `package.homepage`
[INFO] [stderr] warning: `mock-cli-oai` (manifest) generated 1 warning
[INFO] [stderr] warning: `package.homepage` is redundant with `package.repository`
[INFO] [stderr]  --> crates/log-storage-conformance/Cargo.toml:7:1
[INFO] [stderr]   |
[INFO] [stderr] 7 | homepage.workspace = true
[INFO] [stderr]   | ^^^^^^^^
[INFO] [stderr] 8 | repository.workspace = true
[INFO] [stderr]   | ----------
[INFO] [stderr]   |
[INFO] [stderr]   = note: `cargo::redundant_homepage` is set to `warn` by default
[INFO] [stderr] help: consider removing `package.homepage`
[INFO] [stderr] warning: `log-storage-conformance` (manifest) generated 1 warning
[INFO] [stderr] warning: `package.homepage` is redundant with `package.repository`
[INFO] [stderr]  --> crates/mock-cli-claude/Cargo.toml:7:1
[INFO] [stderr]   |
[INFO] [stderr] 7 | homepage.workspace = true
[INFO] [stderr]   | ^^^^^^^^
[INFO] [stderr] 8 | repository.workspace = true
[INFO] [stderr]   | ----------
[INFO] [stderr]   |
[INFO] [stderr]   = note: `cargo::redundant_homepage` is set to `warn` by default
[INFO] [stderr] help: consider removing `package.homepage`
[INFO] [stderr] warning: `mock-cli-claude` (manifest) generated 1 warning
[INFO] [stderr] warning: `package.homepage` is redundant with `package.repository`
[INFO] [stderr]  --> crates/trigger-conformance/Cargo.toml:7:1
[INFO] [stderr]   |
[INFO] [stderr] 7 | homepage.workspace = true
[INFO] [stderr]   | ^^^^^^^^
[INFO] [stderr] 8 | repository.workspace = true
[INFO] [stderr]   | ----------
[INFO] [stderr]   |
[INFO] [stderr]   = note: `cargo::redundant_homepage` is set to `warn` by default
[INFO] [stderr] help: consider removing `package.homepage`
[INFO] [stderr] warning: `trigger-conformance` (manifest) generated 1 warning
[INFO] [stderr] warning: `package.homepage` is redundant with `package.repository`
[INFO] [stderr]  --> crates/plugin-bench/Cargo.toml:7:1
[INFO] [stderr]   |
[INFO] [stderr] 7 | homepage.workspace = true
[INFO] [stderr]   | ^^^^^^^^
[INFO] [stderr] 8 | repository.workspace = true
[INFO] [stderr]   | ----------
[INFO] [stderr]   |
[INFO] [stderr]   = note: `cargo::redundant_homepage` is set to `warn` by default
[INFO] [stderr] help: consider removing `package.homepage`
[INFO] [stderr] warning: `plugin-bench` (manifest) generated 1 warning
[INFO] [stderr] warning: `package.homepage` is redundant with `package.repository`
[INFO] [stderr]  --> crates/mock-cli-gemini/Cargo.toml:7:1
[INFO] [stderr]   |
[INFO] [stderr] 7 | homepage.workspace = true
[INFO] [stderr]   | ^^^^^^^^
[INFO] [stderr] 8 | repository.workspace = true
[INFO] [stderr]   | ----------
[INFO] [stderr]   |
[INFO] [stderr]   = note: `cargo::redundant_homepage` is set to `warn` by default
[INFO] [stderr] help: consider removing `package.homepage`
[INFO] [stderr] warning: `mock-cli-gemini` (manifest) generated 1 warning
[INFO] [stderr] warning: `package.homepage` is redundant with `package.repository`
[INFO] [stderr]  --> crates/plugin-harness/Cargo.toml:7:1
[INFO] [stderr]   |
[INFO] [stderr] 7 | homepage.workspace = true
[INFO] [stderr]   | ^^^^^^^^
[INFO] [stderr] 8 | repository.workspace = true
[INFO] [stderr]   | ----------
[INFO] [stderr]   |
[INFO] [stderr]   = note: `cargo::redundant_homepage` is set to `warn` by default
[INFO] [stderr] help: consider removing `package.homepage`
[INFO] [stderr] warning: `plugin-harness` (manifest) generated 1 warning
[INFO] running `Command { std: "docker" "create" "-v" "/var/lib/crater-agent-workspace/builds/worker-0-tc2/source:/opt/rustwide/workdir:ro,Z" "-v" "/var/lib/crater-agent-workspace/builds/worker-0-tc2/target:/opt/rustwide/target:rw,Z" "-v" "/var/lib/crater-agent-workspace/cargo-home:/opt/rustwide/cargo-home:ro,Z" "-v" "/var/lib/crater-agent-workspace/rustup-home:/opt/rustwide/rustup-home:ro,Z" "-m" "1610612736" "--network" "none" "ghcr.io/rust-lang/crates-build-env/linux@sha256:3111399a4047eeb3a02b7a90e478d715f38a8c6669b5c4b49d30a17385265909" "sleep" "infinity", kill_on_drop: false }`
[INFO] [stdout] 54d7694e82e5f855c329b15144f12530d08d084b481ec574408b1ead69f8734b
[INFO] running `Command { std: "docker" "start" "54d7694e82e5f855c329b15144f12530d08d084b481ec574408b1ead69f8734b", kill_on_drop: false }`
[INFO] running `Command { std: "docker" "inspect" "54d7694e82e5f855c329b15144f12530d08d084b481ec574408b1ead69f8734b", kill_on_drop: false }`
[INFO] running `Command { std: "docker" "exec" "-e" "SOURCE_DIR=/opt/rustwide/workdir" "-e" "CARGO_HOME=/opt/rustwide/cargo-home" "-e" "RUSTUP_HOME=/opt/rustwide/rustup-home" "-e" "CARGO_TARGET_DIR=/opt/rustwide/target" "-w" "/opt/rustwide/workdir" "--user" "0:0" "54d7694e82e5f855c329b15144f12530d08d084b481ec574408b1ead69f8734b" "/opt/rustwide/cargo-home/bin/cargo" "+1.100.0-beta.1" "metadata" "--no-deps" "--format-version=1", kill_on_drop: false }`
[INFO] running `Command { std: "docker" "inspect" "54d7694e82e5f855c329b15144f12530d08d084b481ec574408b1ead69f8734b", kill_on_drop: false }`
[INFO] running `Command { std: "docker" "exec" "-e" "SOURCE_DIR=/opt/rustwide/workdir" "-e" "CARGO_HOME=/opt/rustwide/cargo-home" "-e" "RUSTUP_HOME=/opt/rustwide/rustup-home" "-e" "CARGO_TARGET_DIR=/opt/rustwide/target" "-e" "CARGO_INCREMENTAL=0" "-e" "RUST_BACKTRACE=full" "-e" "RUSTFLAGS=--cap-lints=warn" "-e" "RUSTDOCFLAGS=--cap-lints=warn" "-w" "/opt/rustwide/workdir" "--user" "0:0" "54d7694e82e5f855c329b15144f12530d08d084b481ec574408b1ead69f8734b" "/opt/rustwide/cargo-home/bin/cargo" "+1.100.0-beta.1" "build" "--frozen" "--message-format=json", kill_on_drop: false }`
[INFO] [stderr] warning: unused workspace dependency `animus-control-protocol`
[INFO] [stderr]   --> Cargo.toml:21:25
[INFO] [stderr]    |
[INFO] [stderr] 21 | [workspace.dependencies.animus-control-protocol]
[INFO] [stderr]    |                         ^^^^^^^^^^^^^^^^^^^^^^^
[INFO] [stderr]    |
[INFO] [stderr]    = note: `cargo::unused_workspace_dependencies` is set to `warn` by default
[INFO] [stderr] help: consider removing the workspace dependency `animus-control-protocol`
[INFO] [stderr] warning: unused workspace dependency `animus-subject-protocol`
[INFO] [stderr]   --> Cargo.toml:45:25
[INFO] [stderr]    |
[INFO] [stderr] 45 | [workspace.dependencies.animus-subject-protocol]
[INFO] [stderr]    |                         ^^^^^^^^^^^^^^^^^^^^^^^
[INFO] [stderr]    |
[INFO] [stderr] help: consider removing the workspace dependency `animus-subject-protocol`
[INFO] [stderr] warning: unused workspace dependency `animus-transport-protocol`
[INFO] [stderr]   --> Cargo.toml:49:25
[INFO] [stderr]    |
[INFO] [stderr] 49 | [workspace.dependencies.animus-transport-protocol]
[INFO] [stderr]    |                         ^^^^^^^^^^^^^^^^^^^^^^^^^
[INFO] [stderr]    |
[INFO] [stderr] help: consider removing the workspace dependency `animus-transport-protocol`
[INFO] [stderr] warning: unused workspace dependency `animus-trigger-protocol`
[INFO] [stderr]   --> Cargo.toml:53:25
[INFO] [stderr]    |
[INFO] [stderr] 53 | [workspace.dependencies.animus-trigger-protocol]
[INFO] [stderr]    |                         ^^^^^^^^^^^^^^^^^^^^^^^
[INFO] [stderr]    |
[INFO] [stderr] help: consider removing the workspace dependency `animus-trigger-protocol`
[INFO] [stderr] warning: unused workspace dependency `async-trait`
[INFO] [stderr]   --> Cargo.toml:11:1
[INFO] [stderr]    |
[INFO] [stderr] 11 | async-trait = "0.1"
[INFO] [stderr]    | ^^^^^^^^^^^
[INFO] [stderr]    |
[INFO] [stderr] help: consider removing the workspace dependency `async-trait`
[INFO] [stderr] warning: unused workspace dependency `futures`
[INFO] [stderr]   --> Cargo.toml:14:1
[INFO] [stderr]    |
[INFO] [stderr] 14 | futures = "0.3"
[INFO] [stderr]    | ^^^^^^^
[INFO] [stderr]    |
[INFO] [stderr] help: consider removing the workspace dependency `futures`
[INFO] [stderr] warning: unused workspace dependency `tower`
[INFO] [stderr]   --> Cargo.toml:19:1
[INFO] [stderr]    |
[INFO] [stderr] 19 | tower = "0.4"
[INFO] [stderr]    | ^^^^^
[INFO] [stderr]    |
[INFO] [stderr] help: consider removing the workspace dependency `tower`
[INFO] [stderr] warning: unused field `readme` in `workspace.package`
[INFO] [stderr]   --> Cargo.toml:82:1
[INFO] [stderr]    |
[INFO] [stderr] 82 | readme = "README.md"
[INFO] [stderr]    | ^^^^^^
[INFO] [stderr]    |
[INFO] [stderr]    = note: `cargo::unused_workspace_package_fields` is set to `warn` by default
[INFO] [stderr] help: consider removing the field `workspace.package.readme`
[INFO] [stderr] warning: workspace (manifest) generated 8 warnings
[INFO] [stderr] warning: `package.homepage` is redundant with `package.repository`
[INFO] [stderr]  --> crates/mock-cli-claude/Cargo.toml:7:1
[INFO] [stderr]   |
[INFO] [stderr] 7 | homepage.workspace = true
[INFO] [stderr]   | ^^^^^^^^
[INFO] [stderr] 8 | repository.workspace = true
[INFO] [stderr]   | ----------
[INFO] [stderr]   |
[INFO] [stderr]   = note: `cargo::redundant_homepage` is set to `warn` by default
[INFO] [stderr] help: consider removing `package.homepage`
[INFO] [stderr] warning: `mock-cli-claude` (manifest) generated 1 warning
[INFO] [stderr] warning: `package.homepage` is redundant with `package.repository`
[INFO] [stderr]  --> crates/trigger-conformance/Cargo.toml:7:1
[INFO] [stderr]   |
[INFO] [stderr] 7 | homepage.workspace = true
[INFO] [stderr]   | ^^^^^^^^
[INFO] [stderr] 8 | repository.workspace = true
[INFO] [stderr]   | ----------
[INFO] [stderr]   |
[INFO] [stderr]   = note: `cargo::redundant_homepage` is set to `warn` by default
[INFO] [stderr] help: consider removing `package.homepage`
[INFO] [stderr] warning: `trigger-conformance` (manifest) generated 1 warning
[INFO] [stderr] warning: `package.homepage` is redundant with `package.repository`
[INFO] [stderr]  --> crates/plugin-bench/Cargo.toml:7:1
[INFO] [stderr]   |
[INFO] [stderr] 7 | homepage.workspace = true
[INFO] [stderr]   | ^^^^^^^^
[INFO] [stderr] 8 | repository.workspace = true
[INFO] [stderr]   | ----------
[INFO] [stderr]   |
[INFO] [stderr]   = note: `cargo::redundant_homepage` is set to `warn` by default
[INFO] [stderr] help: consider removing `package.homepage`
[INFO] [stderr] warning: `plugin-bench` (manifest) generated 1 warning
[INFO] [stderr] warning: `package.homepage` is redundant with `package.repository`
[INFO] [stderr]  --> crates/mock-cli-gemini/Cargo.toml:7:1
[INFO] [stderr]   |
[INFO] [stderr] 7 | homepage.workspace = true
[INFO] [stderr]   | ^^^^^^^^
[INFO] [stderr] 8 | repository.workspace = true
[INFO] [stderr]   | ----------
[INFO] [stderr]   |
[INFO] [stderr]   = note: `cargo::redundant_homepage` is set to `warn` by default
[INFO] [stderr] help: consider removing `package.homepage`
[INFO] [stderr] warning: `mock-cli-gemini` (manifest) generated 1 warning
[INFO] [stderr] warning: `package.homepage` is redundant with `package.repository`
[INFO] [stderr]  --> crates/plugin-harness/Cargo.toml:7:1
[INFO] [stderr]   |
[INFO] [stderr] 7 | homepage.workspace = true
[INFO] [stderr]   | ^^^^^^^^
[INFO] [stderr] 8 | repository.workspace = true
[INFO] [stderr]   | ----------
[INFO] [stderr]   |
[INFO] [stderr]   = note: `cargo::redundant_homepage` is set to `warn` by default
[INFO] [stderr] help: consider removing `package.homepage`
[INFO] [stderr] warning: `plugin-harness` (manifest) generated 1 warning
[INFO] [stderr] warning: `package.homepage` is redundant with `package.repository`
[INFO] [stderr]  --> crates/mock-cli-codex/Cargo.toml:7:1
[INFO] [stderr]   |
[INFO] [stderr] 7 | homepage.workspace = true
[INFO] [stderr]   | ^^^^^^^^
[INFO] [stderr] 8 | repository.workspace = true
[INFO] [stderr]   | ----------
[INFO] [stderr]   |
[INFO] [stderr]   = note: `cargo::redundant_homepage` is set to `warn` by default
[INFO] [stderr] help: consider removing `package.homepage`
[INFO] [stderr] warning: `mock-cli-codex` (manifest) generated 1 warning
[INFO] [stderr] warning: `package.homepage` is redundant with `package.repository`
[INFO] [stderr]  --> crates/provider-conformance/Cargo.toml:7:1
[INFO] [stderr]   |
[INFO] [stderr] 7 | homepage.workspace = true
[INFO] [stderr]   | ^^^^^^^^
[INFO] [stderr] 8 | repository.workspace = true
[INFO] [stderr]   | ----------
[INFO] [stderr]   |
[INFO] [stderr]   = note: `cargo::redundant_homepage` is set to `warn` by default
[INFO] [stderr] help: consider removing `package.homepage`
[INFO] [stderr] warning: `provider-conformance` (manifest) generated 1 warning
[INFO] [stderr] warning: `package.homepage` is redundant with `package.repository`
[INFO] [stderr]  --> crates/transport-conformance/Cargo.toml:7:1
[INFO] [stderr]   |
[INFO] [stderr] 7 | homepage.workspace = true
[INFO] [stderr]   | ^^^^^^^^
[INFO] [stderr] 8 | repository.workspace = true
[INFO] [stderr]   | ----------
[INFO] [stderr]   |
[INFO] [stderr]   = note: `cargo::redundant_homepage` is set to `warn` by default
[INFO] [stderr] help: consider removing `package.homepage`
[INFO] [stderr] warning: `transport-conformance` (manifest) generated 1 warning
[INFO] [stderr] warning: `package.homepage` is redundant with `package.repository`
[INFO] [stderr]  --> crates/mock-cli-opencode/Cargo.toml:7:1
[INFO] [stderr]   |
[INFO] [stderr] 7 | homepage.workspace = true
[INFO] [stderr]   | ^^^^^^^^
[INFO] [stderr] 8 | repository.workspace = true
[INFO] [stderr]   | ----------
[INFO] [stderr]   |
[INFO] [stderr]   = note: `cargo::redundant_homepage` is set to `warn` by default
[INFO] [stderr] help: consider removing `package.homepage`
[INFO] [stderr] warning: `mock-cli-opencode` (manifest) generated 1 warning
[INFO] [stderr] warning: `package.homepage` is redundant with `package.repository`
[INFO] [stderr]  --> crates/subject-conformance/Cargo.toml:7:1
[INFO] [stderr]   |
[INFO] [stderr] 7 | homepage.workspace = true
[INFO] [stderr]   | ^^^^^^^^
[INFO] [stderr] 8 | repository.workspace = true
[INFO] [stderr]   | ----------
[INFO] [stderr]   |
[INFO] [stderr]   = note: `cargo::redundant_homepage` is set to `warn` by default
[INFO] [stderr] help: consider removing `package.homepage`
[INFO] [stderr] warning: `subject-conformance` (manifest) generated 1 warning
[INFO] [stderr] warning: `package.homepage` is redundant with `package.repository`
[INFO] [stderr]  --> crates/log-storage-conformance/Cargo.toml:7:1
[INFO] [stderr]   |
[INFO] [stderr] 7 | homepage.workspace = true
[INFO] [stderr]   | ^^^^^^^^
[INFO] [stderr] 8 | repository.workspace = true
[INFO] [stderr]   | ----------
[INFO] [stderr]   |
[INFO] [stderr]   = note: `cargo::redundant_homepage` is set to `warn` by default
[INFO] [stderr] help: consider removing `package.homepage`
[INFO] [stderr] warning: `log-storage-conformance` (manifest) generated 1 warning
[INFO] [stderr] warning: `package.homepage` is redundant with `package.repository`
[INFO] [stderr]  --> crates/mock-cli-oai/Cargo.toml:7:1
[INFO] [stderr]   |
[INFO] [stderr] 7 | homepage.workspace = true
[INFO] [stderr]   | ^^^^^^^^
[INFO] [stderr] 8 | repository.workspace = true
[INFO] [stderr]   | ----------
[INFO] [stderr]   |
[INFO] [stderr]   = note: `cargo::redundant_homepage` is set to `warn` by default
[INFO] [stderr] help: consider removing `package.homepage`
[INFO] [stderr] warning: `mock-cli-oai` (manifest) generated 1 warning
[INFO] [stderr] warning: `package.homepage` is redundant with `package.repository`
[INFO] [stderr]  --> crates/testkit-core/Cargo.toml:7:1
[INFO] [stderr]   |
[INFO] [stderr] 7 | homepage.workspace = true
[INFO] [stderr]   | ^^^^^^^^
[INFO] [stderr] 8 | repository.workspace = true
[INFO] [stderr]   | ----------
[INFO] [stderr]   |
[INFO] [stderr]   = note: `cargo::redundant_homepage` is set to `warn` by default
[INFO] [stderr] help: consider removing `package.homepage`
[INFO] [stderr] warning: `testkit-core` (manifest) generated 1 warning
[INFO] [stderr]    Compiling proc-macro2 v1.0.106
[INFO] [stderr]    Compiling quote v1.0.45
[INFO] [stderr]    Compiling serde_core v1.0.228
[INFO] [stderr]    Compiling libc v0.2.186
[INFO] [stderr]    Compiling zmij v1.0.21
[INFO] [stderr]    Compiling serde_json v1.0.150
[INFO] [stderr]    Compiling serde v1.0.228
[INFO] [stderr]    Compiling memchr v2.8.1
[INFO] [stderr]    Compiling bytes v1.11.1
[INFO] [stderr]    Compiling ref-cast v1.0.25
[INFO] [stderr]    Compiling anyhow v1.0.102
[INFO] [stderr]    Compiling futures-core v0.3.32
[INFO] [stderr]    Compiling getrandom v0.4.2
[INFO] [stderr]    Compiling num-traits v0.2.19
[INFO] [stderr]    Compiling unsafe-libyaml v0.2.11
[INFO] [stderr]    Compiling bitflags v2.11.1
[INFO] [stderr]    Compiling fastrand v2.4.1
[INFO] [stderr]    Compiling tracing-core v0.1.36
[INFO] [stderr]    Compiling log v0.4.30
[INFO] [stderr]    Compiling anstyle-parse v1.0.0
[INFO] [stderr]    Compiling anstyle v1.0.14
[INFO] [stderr]    Compiling rustix v1.1.4
[INFO] [stderr]    Compiling colorchoice v1.0.5
[INFO] [stderr]    Compiling clap_lex v1.1.0
[INFO] [stderr]    Compiling futures-task v0.3.32
[INFO] [stderr]    Compiling anstream v1.0.0
[INFO] [stderr]    Compiling slab v0.4.12
[INFO] [stderr]    Compiling colored v2.2.0
[INFO] [stderr]    Compiling futures-channel v0.3.32
[INFO] [stderr]    Compiling futures-util v0.3.32
[INFO] [stderr]    Compiling clap_builder v4.6.0
[INFO] [stderr]    Compiling http v1.4.1
[INFO] [stderr]    Compiling syn v2.0.117
[INFO] [stderr]    Compiling http-body v1.0.1
[INFO] [stderr]    Compiling http-body-util v0.1.3
[INFO] [stderr]    Compiling errno v0.3.14
[INFO] [stderr]    Compiling socket2 v0.6.4
[INFO] [stderr]    Compiling mio v1.2.1
[INFO] [stderr]    Compiling signal-hook-registry v1.4.8
[INFO] [stderr]    Compiling tempfile v3.27.0
[INFO] [stderr]    Compiling uuid v1.23.2
[INFO] [stderr]    Compiling serde_path_to_error v0.1.20
[INFO] [stderr]    Compiling serde_derive_internals v0.29.1
[INFO] [stderr]    Compiling mock-cli-opencode v0.3.0 (/opt/rustwide/workdir/crates/mock-cli-opencode)
[INFO] [stderr]    Compiling mock-cli-claude v0.3.0 (/opt/rustwide/workdir/crates/mock-cli-claude)
[INFO] [stderr]    Compiling mock-cli-codex v0.3.0 (/opt/rustwide/workdir/crates/mock-cli-codex)
[INFO] [stderr]    Compiling mock-cli-gemini v0.3.0 (/opt/rustwide/workdir/crates/mock-cli-gemini)
[INFO] [stderr]    Compiling serde_derive v1.0.228
[INFO] [stderr]    Compiling ref-cast-impl v1.0.25
[INFO] [stderr]    Compiling tokio-macros v2.7.0
[INFO] [stderr]    Compiling async-trait v0.1.89
[INFO] [stderr]    Compiling thiserror-impl v1.0.69
[INFO] [stderr]    Compiling tracing-attributes v0.1.31
[INFO] [stderr]    Compiling clap_derive v4.6.1
[INFO] [stderr]    Compiling schemars_derive v1.2.1
[INFO] [stderr]    Compiling tokio v1.52.3
[INFO] [stderr]    Compiling thiserror v1.0.69
[INFO] [stderr]    Compiling tracing v0.1.44
[INFO] [stderr]    Compiling axum-core v0.4.5
[INFO] [stderr]    Compiling clap v4.6.1
[INFO] [stderr]    Compiling schemars v1.2.1
[INFO] [stderr]    Compiling chrono v0.4.44
[INFO] [stderr]    Compiling serde_yaml v0.9.34+deprecated
[INFO] [stderr]    Compiling serde_urlencoded v0.7.1
[INFO] [stderr]    Compiling animus-plugin-protocol v0.1.14 (https://github.com/launchapp-dev/animus-protocol?tag=v0.1.14#aed9f42a)
[INFO] [stderr]    Compiling animus-provider-protocol v0.1.14 (https://github.com/launchapp-dev/animus-protocol?tag=v0.1.14#aed9f42a)
[INFO] [stderr]    Compiling animus-log-storage-protocol v0.1.14 (https://github.com/launchapp-dev/animus-protocol?tag=v0.1.14#aed9f42a)
[INFO] [stderr]    Compiling testkit-core v0.3.0 (/opt/rustwide/workdir/crates/testkit-core)
[INFO] [stderr]    Compiling provider-conformance v0.3.0 (/opt/rustwide/workdir/crates/provider-conformance)
[INFO] [stderr]    Compiling log-storage-conformance v0.3.0 (/opt/rustwide/workdir/crates/log-storage-conformance)
[INFO] [stderr]    Compiling trigger-conformance v0.3.0 (/opt/rustwide/workdir/crates/trigger-conformance)
[INFO] [stderr]    Compiling transport-conformance v0.3.0 (/opt/rustwide/workdir/crates/transport-conformance)
[INFO] [stderr]    Compiling subject-conformance v0.3.0 (/opt/rustwide/workdir/crates/subject-conformance)
[INFO] [stderr]    Compiling hyper v1.10.1
[INFO] [stderr]    Compiling animus-session-backend v0.1.14 (https://github.com/launchapp-dev/animus-protocol?tag=v0.1.14#aed9f42a)
[INFO] [stderr]    Compiling tower v0.5.3
[INFO] [stderr]    Compiling tokio-stream v0.1.18
[INFO] [stderr]    Compiling hyper-util v0.1.20
[INFO] [stderr]    Compiling plugin-harness v0.3.0 (/opt/rustwide/workdir/crates/plugin-harness)
[INFO] [stderr]    Compiling axum v0.7.9
[INFO] [stderr]    Compiling animus-plugin-smoke v0.1.0 (/opt/rustwide/workdir/fixtures/animus-plugin-smoke)
[INFO] [stderr]    Compiling plugin-bench v0.3.0 (/opt/rustwide/workdir/crates/plugin-bench)
[INFO] [stderr]    Compiling animus-plugin-runtime v0.1.14 (https://github.com/launchapp-dev/animus-protocol?tag=v0.1.14#aed9f42a)
[INFO] [stderr]    Compiling animus-provider-mock v0.1.0 (/opt/rustwide/workdir/fixtures/animus-provider-mock)
[INFO] [stderr]    Compiling mock-cli-oai v0.3.0 (/opt/rustwide/workdir/crates/mock-cli-oai)
[INFO] [stderr] warning: unused dependency `once_cell`
[INFO] [stderr]   --> crates/provider-conformance/Cargo.toml:18:1
[INFO] [stderr]    |
[INFO] [stderr] 18 | once_cell    = { workspace = true }
[INFO] [stderr]    | ^^^^^^^^^^^^^^^^^^^^^^^^^^^^^^^^^^^
[INFO] [stderr]    |
[INFO] [stderr]    = note: `cargo::unused_dependencies` is set to `warn` by default
[INFO] [stderr] help: consider removing the dependency on `once_cell`
[INFO] [stderr] warning: `provider-conformance` (manifest) generated 1 warning
[INFO] [stderr]     Finished `dev` profile [unoptimized + debuginfo] target(s) in 50.06s
[INFO] running `Command { std: "docker" "inspect" "54d7694e82e5f855c329b15144f12530d08d084b481ec574408b1ead69f8734b", kill_on_drop: false }`
[INFO] running `Command { std: "docker" "exec" "-e" "SOURCE_DIR=/opt/rustwide/workdir" "-e" "CARGO_HOME=/opt/rustwide/cargo-home" "-e" "RUSTUP_HOME=/opt/rustwide/rustup-home" "-e" "CARGO_TARGET_DIR=/opt/rustwide/target" "-e" "CARGO_INCREMENTAL=0" "-e" "RUST_BACKTRACE=full" "-e" "RUSTFLAGS=--cap-lints=warn" "-e" "RUSTDOCFLAGS=--cap-lints=warn" "-w" "/opt/rustwide/workdir" "--user" "0:0" "54d7694e82e5f855c329b15144f12530d08d084b481ec574408b1ead69f8734b" "/opt/rustwide/cargo-home/bin/cargo" "+1.100.0-beta.1" "test" "--frozen" "--no-run" "--message-format=json", kill_on_drop: false }`
[INFO] [stderr] warning: unused workspace dependency `animus-control-protocol`
[INFO] [stderr]   --> Cargo.toml:21:25
[INFO] [stderr]    |
[INFO] [stderr] 21 | [workspace.dependencies.animus-control-protocol]
[INFO] [stderr]    |                         ^^^^^^^^^^^^^^^^^^^^^^^
[INFO] [stderr]    |
[INFO] [stderr]    = note: `cargo::unused_workspace_dependencies` is set to `warn` by default
[INFO] [stderr] help: consider removing the workspace dependency `animus-control-protocol`
[INFO] [stderr] warning: unused workspace dependency `animus-subject-protocol`
[INFO] [stderr]   --> Cargo.toml:45:25
[INFO] [stderr]    |
[INFO] [stderr] 45 | [workspace.dependencies.animus-subject-protocol]
[INFO] [stderr]    |                         ^^^^^^^^^^^^^^^^^^^^^^^
[INFO] [stderr]    |
[INFO] [stderr] help: consider removing the workspace dependency `animus-subject-protocol`
[INFO] [stderr] warning: unused workspace dependency `animus-transport-protocol`
[INFO] [stderr]   --> Cargo.toml:49:25
[INFO] [stderr]    |
[INFO] [stderr] 49 | [workspace.dependencies.animus-transport-protocol]
[INFO] [stderr]    |                         ^^^^^^^^^^^^^^^^^^^^^^^^^
[INFO] [stderr]    |
[INFO] [stderr] help: consider removing the workspace dependency `animus-transport-protocol`
[INFO] [stderr] warning: unused workspace dependency `animus-trigger-protocol`
[INFO] [stderr]   --> Cargo.toml:53:25
[INFO] [stderr]    |
[INFO] [stderr] 53 | [workspace.dependencies.animus-trigger-protocol]
[INFO] [stderr]    |                         ^^^^^^^^^^^^^^^^^^^^^^^
[INFO] [stderr]    |
[INFO] [stderr] help: consider removing the workspace dependency `animus-trigger-protocol`
[INFO] [stderr] warning: unused workspace dependency `async-trait`
[INFO] [stderr]   --> Cargo.toml:11:1
[INFO] [stderr]    |
[INFO] [stderr] 11 | async-trait = "0.1"
[INFO] [stderr]    | ^^^^^^^^^^^
[INFO] [stderr]    |
[INFO] [stderr] help: consider removing the workspace dependency `async-trait`
[INFO] [stderr] warning: unused workspace dependency `futures`
[INFO] [stderr]   --> Cargo.toml:14:1
[INFO] [stderr]    |
[INFO] [stderr] 14 | futures = "0.3"
[INFO] [stderr]    | ^^^^^^^
[INFO] [stderr]    |
[INFO] [stderr] help: consider removing the workspace dependency `futures`
[INFO] [stderr] warning: unused workspace dependency `tower`
[INFO] [stderr]   --> Cargo.toml:19:1
[INFO] [stderr]    |
[INFO] [stderr] 19 | tower = "0.4"
[INFO] [stderr]    | ^^^^^
[INFO] [stderr]    |
[INFO] [stderr] help: consider removing the workspace dependency `tower`
[INFO] [stderr] warning: unused field `readme` in `workspace.package`
[INFO] [stderr]   --> Cargo.toml:82:1
[INFO] [stderr]    |
[INFO] [stderr] 82 | readme = "README.md"
[INFO] [stderr]    | ^^^^^^
[INFO] [stderr]    |
[INFO] [stderr]    = note: `cargo::unused_workspace_package_fields` is set to `warn` by default
[INFO] [stderr] help: consider removing the field `workspace.package.readme`
[INFO] [stderr] warning: workspace (manifest) generated 8 warnings
[INFO] [stderr] warning: `package.homepage` is redundant with `package.repository`
[INFO] [stderr]  --> crates/mock-cli-claude/Cargo.toml:7:1
[INFO] [stderr]   |
[INFO] [stderr] 7 | homepage.workspace = true
[INFO] [stderr]   | ^^^^^^^^
[INFO] [stderr] 8 | repository.workspace = true
[INFO] [stderr]   | ----------
[INFO] [stderr]   |
[INFO] [stderr]   = note: `cargo::redundant_homepage` is set to `warn` by default
[INFO] [stderr] help: consider removing `package.homepage`
[INFO] [stderr] warning: `mock-cli-claude` (manifest) generated 1 warning
[INFO] [stderr] warning: `package.homepage` is redundant with `package.repository`
[INFO] [stderr]  --> crates/trigger-conformance/Cargo.toml:7:1
[INFO] [stderr]   |
[INFO] [stderr] 7 | homepage.workspace = true
[INFO] [stderr]   | ^^^^^^^^
[INFO] [stderr] 8 | repository.workspace = true
[INFO] [stderr]   | ----------
[INFO] [stderr]   |
[INFO] [stderr]   = note: `cargo::redundant_homepage` is set to `warn` by default
[INFO] [stderr] help: consider removing `package.homepage`
[INFO] [stderr] warning: `trigger-conformance` (manifest) generated 1 warning
[INFO] [stderr] warning: `package.homepage` is redundant with `package.repository`
[INFO] [stderr]  --> crates/plugin-bench/Cargo.toml:7:1
[INFO] [stderr]   |
[INFO] [stderr] 7 | homepage.workspace = true
[INFO] [stderr]   | ^^^^^^^^
[INFO] [stderr] 8 | repository.workspace = true
[INFO] [stderr]   | ----------
[INFO] [stderr]   |
[INFO] [stderr]   = note: `cargo::redundant_homepage` is set to `warn` by default
[INFO] [stderr] help: consider removing `package.homepage`
[INFO] [stderr] warning: `plugin-bench` (manifest) generated 1 warning
[INFO] [stderr] warning: `package.homepage` is redundant with `package.repository`
[INFO] [stderr]  --> crates/mock-cli-gemini/Cargo.toml:7:1
[INFO] [stderr]   |
[INFO] [stderr] 7 | homepage.workspace = true
[INFO] [stderr]   | ^^^^^^^^
[INFO] [stderr] 8 | repository.workspace = true
[INFO] [stderr]   | ----------
[INFO] [stderr]   |
[INFO] [stderr]   = note: `cargo::redundant_homepage` is set to `warn` by default
[INFO] [stderr] help: consider removing `package.homepage`
[INFO] [stderr] warning: `mock-cli-gemini` (manifest) generated 1 warning
[INFO] [stderr] warning: `package.homepage` is redundant with `package.repository`
[INFO] [stderr]  --> crates/plugin-harness/Cargo.toml:7:1
[INFO] [stderr]   |
[INFO] [stderr] 7 | homepage.workspace = true
[INFO] [stderr]   | ^^^^^^^^
[INFO] [stderr] 8 | repository.workspace = true
[INFO] [stderr]   | ----------
[INFO] [stderr]   |
[INFO] [stderr]   = note: `cargo::redundant_homepage` is set to `warn` by default
[INFO] [stderr] help: consider removing `package.homepage`
[INFO] [stderr] warning: `plugin-harness` (manifest) generated 1 warning
[INFO] [stderr] warning: `package.homepage` is redundant with `package.repository`
[INFO] [stderr]  --> crates/mock-cli-codex/Cargo.toml:7:1
[INFO] [stderr]   |
[INFO] [stderr] 7 | homepage.workspace = true
[INFO] [stderr]   | ^^^^^^^^
[INFO] [stderr] 8 | repository.workspace = true
[INFO] [stderr]   | ----------
[INFO] [stderr]   |
[INFO] [stderr]   = note: `cargo::redundant_homepage` is set to `warn` by default
[INFO] [stderr] help: consider removing `package.homepage`
[INFO] [stderr] warning: `mock-cli-codex` (manifest) generated 1 warning
[INFO] [stderr] warning: `package.homepage` is redundant with `package.repository`
[INFO] [stderr]  --> crates/provider-conformance/Cargo.toml:7:1
[INFO] [stderr]   |
[INFO] [stderr] 7 | homepage.workspace = true
[INFO] [stderr]   | ^^^^^^^^
[INFO] [stderr] 8 | repository.workspace = true
[INFO] [stderr]   | ----------
[INFO] [stderr]   |
[INFO] [stderr]   = note: `cargo::redundant_homepage` is set to `warn` by default
[INFO] [stderr] help: consider removing `package.homepage`
[INFO] [stderr] warning: `provider-conformance` (manifest) generated 1 warning
[INFO] [stderr] warning: `package.homepage` is redundant with `package.repository`
[INFO] [stderr]  --> crates/transport-conformance/Cargo.toml:7:1
[INFO] [stderr]   |
[INFO] [stderr] 7 | homepage.workspace = true
[INFO] [stderr]   | ^^^^^^^^
[INFO] [stderr] 8 | repository.workspace = true
[INFO] [stderr]   | ----------
[INFO] [stderr]   |
[INFO] [stderr]   = note: `cargo::redundant_homepage` is set to `warn` by default
[INFO] [stderr] help: consider removing `package.homepage`
[INFO] [stderr] warning: `transport-conformance` (manifest) generated 1 warning
[INFO] [stderr] warning: `package.homepage` is redundant with `package.repository`
[INFO] [stderr]  --> crates/mock-cli-opencode/Cargo.toml:7:1
[INFO] [stderr]   |
[INFO] [stderr] 7 | homepage.workspace = true
[INFO] [stderr]   | ^^^^^^^^
[INFO] [stderr] 8 | repository.workspace = true
[INFO] [stderr]   | ----------
[INFO] [stderr]   |
[INFO] [stderr]   = note: `cargo::redundant_homepage` is set to `warn` by default
[INFO] [stderr] help: consider removing `package.homepage`
[INFO] [stderr] warning: `mock-cli-opencode` (manifest) generated 1 warning
[INFO] [stderr] warning: `package.homepage` is redundant with `package.repository`
[INFO] [stderr]  --> crates/subject-conformance/Cargo.toml:7:1
[INFO] [stderr]   |
[INFO] [stderr] 7 | homepage.workspace = true
[INFO] [stderr]   | ^^^^^^^^
[INFO] [stderr] 8 | repository.workspace = true
[INFO] [stderr]   | ----------
[INFO] [stderr]   |
[INFO] [stderr]   = note: `cargo::redundant_homepage` is set to `warn` by default
[INFO] [stderr] help: consider removing `package.homepage`
[INFO] [stderr] warning: `subject-conformance` (manifest) generated 1 warning
[INFO] [stderr] warning: `package.homepage` is redundant with `package.repository`
[INFO] [stderr]  --> crates/log-storage-conformance/Cargo.toml:7:1
[INFO] [stderr]   |
[INFO] [stderr] 7 | homepage.workspace = true
[INFO] [stderr]   | ^^^^^^^^
[INFO] [stderr] 8 | repository.workspace = true
[INFO] [stderr]   | ----------
[INFO] [stderr]   |
[INFO] [stderr]   = note: `cargo::redundant_homepage` is set to `warn` by default
[INFO] [stderr] help: consider removing `package.homepage`
[INFO] [stderr] warning: `log-storage-conformance` (manifest) generated 1 warning
[INFO] [stderr] warning: `package.homepage` is redundant with `package.repository`
[INFO] [stderr]  --> crates/mock-cli-oai/Cargo.toml:7:1
[INFO] [stderr]   |
[INFO] [stderr] 7 | homepage.workspace = true
[INFO] [stderr]   | ^^^^^^^^
[INFO] [stderr] 8 | repository.workspace = true
[INFO] [stderr]   | ----------
[INFO] [stderr]   |
[INFO] [stderr]   = note: `cargo::redundant_homepage` is set to `warn` by default
[INFO] [stderr] help: consider removing `package.homepage`
[INFO] [stderr] warning: `mock-cli-oai` (manifest) generated 1 warning
[INFO] [stderr] warning: `package.homepage` is redundant with `package.repository`
[INFO] [stderr]  --> crates/testkit-core/Cargo.toml:7:1
[INFO] [stderr]   |
[INFO] [stderr] 7 | homepage.workspace = true
[INFO] [stderr]   | ^^^^^^^^
[INFO] [stderr] 8 | repository.workspace = true
[INFO] [stderr]   | ----------
[INFO] [stderr]   |
[INFO] [stderr]   = note: `cargo::redundant_homepage` is set to `warn` by default
[INFO] [stderr] help: consider removing `package.homepage`
[INFO] [stderr] warning: `testkit-core` (manifest) generated 1 warning
[INFO] [stderr]    Compiling num-traits v0.2.19
[INFO] [stderr]    Compiling zerocopy v0.8.50
[INFO] [stderr]    Compiling zerocopy-derive v0.8.50
[INFO] [stderr]    Compiling either v1.16.0
[INFO] [stderr]    Compiling regex-syntax v0.8.10
[INFO] [stderr]    Compiling tinytemplate v1.2.1
[INFO] [stderr]    Compiling is-terminal v0.4.17
[INFO] [stderr]    Compiling animus-plugin-smoke v0.1.0 (/opt/rustwide/workdir/fixtures/animus-plugin-smoke)
[INFO] [stderr]    Compiling mock-cli-gemini v0.3.0 (/opt/rustwide/workdir/crates/mock-cli-gemini)
[INFO] [stderr]    Compiling animus-provider-mock v0.1.0 (/opt/rustwide/workdir/fixtures/animus-provider-mock)
[INFO] [stderr]    Compiling mock-cli-opencode v0.3.0 (/opt/rustwide/workdir/crates/mock-cli-opencode)
[INFO] [stderr]    Compiling mock-cli-claude v0.3.0 (/opt/rustwide/workdir/crates/mock-cli-claude)
[INFO] [stderr]    Compiling mock-cli-codex v0.3.0 (/opt/rustwide/workdir/crates/mock-cli-codex)
[INFO] [stderr]    Compiling mock-cli-oai v0.3.0 (/opt/rustwide/workdir/crates/mock-cli-oai)
[INFO] [stderr]    Compiling itertools v0.10.5
[INFO] [stderr]    Compiling rayon v1.12.0
[INFO] [stderr]    Compiling chrono v0.4.44
[INFO] [stderr]    Compiling plotters v0.3.7
[INFO] [stderr]    Compiling regex-automata v0.4.14
[INFO] [stderr]    Compiling criterion-plot v0.5.0
[INFO] [stderr]    Compiling testkit-core v0.3.0 (/opt/rustwide/workdir/crates/testkit-core)
[INFO] [stderr]    Compiling animus-log-storage-protocol v0.1.14 (https://github.com/launchapp-dev/animus-protocol?tag=v0.1.14#aed9f42a)
[INFO] [stderr]    Compiling trigger-conformance v0.3.0 (/opt/rustwide/workdir/crates/trigger-conformance)
[INFO] [stderr]    Compiling transport-conformance v0.3.0 (/opt/rustwide/workdir/crates/transport-conformance)
[INFO] [stderr]    Compiling subject-conformance v0.3.0 (/opt/rustwide/workdir/crates/subject-conformance)
[INFO] [stderr]    Compiling log-storage-conformance v0.3.0 (/opt/rustwide/workdir/crates/log-storage-conformance)
[INFO] [stderr]    Compiling provider-conformance v0.3.0 (/opt/rustwide/workdir/crates/provider-conformance)
[INFO] [stderr]    Compiling plugin-harness v0.3.0 (/opt/rustwide/workdir/crates/plugin-harness)
[INFO] [stderr]    Compiling regex v1.12.3
[INFO] [stderr]    Compiling half v2.7.1
[INFO] [stderr]    Compiling ciborium-ll v0.2.2
[INFO] [stderr]    Compiling ciborium v0.2.2
[INFO] [stderr]    Compiling criterion v0.5.1
[INFO] [stderr]    Compiling plugin-bench v0.3.0 (/opt/rustwide/workdir/crates/plugin-bench)
[INFO] [stderr] warning: unused dependency `criterion`
[INFO] [stderr]   --> crates/plugin-bench/Cargo.toml:29:1
[INFO] [stderr]    |
[INFO] [stderr] 29 | criterion  = { workspace = true }
[INFO] [stderr]    | ^^^^^^^^^^^^^^^^^^^^^^^^^^^^^^^^^
[INFO] [stderr]    |
[INFO] [stderr]    = note: `cargo::unused_dependencies` is set to `warn` by default
[INFO] [stderr] help: consider removing the dependency on `criterion`
[INFO] [stderr] warning: `plugin-bench` (manifest) generated 1 warning
[INFO] [stderr] warning: unused dependency `once_cell`
[INFO] [stderr]   --> crates/provider-conformance/Cargo.toml:18:1
[INFO] [stderr]    |
[INFO] [stderr] 18 | once_cell    = { workspace = true }
[INFO] [stderr]    | ^^^^^^^^^^^^^^^^^^^^^^^^^^^^^^^^^^^
[INFO] [stderr]    |
[INFO] [stderr]    = note: `cargo::unused_dependencies` is set to `warn` by default
[INFO] [stderr] help: consider removing the dependency on `once_cell`
[INFO] [stderr] warning: `provider-conformance` (manifest) generated 1 warning
[INFO] [stderr]     Finished `test` profile [unoptimized + debuginfo] target(s) in 34.93s
[INFO] running `Command { std: "docker" "inspect" "54d7694e82e5f855c329b15144f12530d08d084b481ec574408b1ead69f8734b", kill_on_drop: false }`
[INFO] running `Command { std: "docker" "exec" "-e" "SOURCE_DIR=/opt/rustwide/workdir" "-e" "CARGO_HOME=/opt/rustwide/cargo-home" "-e" "RUSTUP_HOME=/opt/rustwide/rustup-home" "-e" "CARGO_TARGET_DIR=/opt/rustwide/target" "-e" "CARGO_INCREMENTAL=0" "-e" "RUST_BACKTRACE=full" "-e" "RUSTFLAGS=--cap-lints=warn" "-e" "RUSTDOCFLAGS=--cap-lints=warn" "-w" "/opt/rustwide/workdir" "--user" "0:0" "54d7694e82e5f855c329b15144f12530d08d084b481ec574408b1ead69f8734b" "/opt/rustwide/cargo-home/bin/cargo" "+1.100.0-beta.1" "test" "--frozen", kill_on_drop: false }`
[INFO] [stderr] warning: unused workspace dependency `animus-control-protocol`
[INFO] [stderr]   --> Cargo.toml:21:25
[INFO] [stderr]    |
[INFO] [stderr] 21 | [workspace.dependencies.animus-control-protocol]
[INFO] [stderr]    |                         ^^^^^^^^^^^^^^^^^^^^^^^
[INFO] [stderr]    |
[INFO] [stderr]    = note: `cargo::unused_workspace_dependencies` is set to `warn` by default
[INFO] [stderr] help: consider removing the workspace dependency `animus-control-protocol`
[INFO] [stderr] warning: unused workspace dependency `animus-subject-protocol`
[INFO] [stderr]   --> Cargo.toml:45:25
[INFO] [stderr]    |
[INFO] [stderr] 45 | [workspace.dependencies.animus-subject-protocol]
[INFO] [stderr]    |                         ^^^^^^^^^^^^^^^^^^^^^^^
[INFO] [stderr]    |
[INFO] [stderr] help: consider removing the workspace dependency `animus-subject-protocol`
[INFO] [stderr] warning: unused workspace dependency `animus-transport-protocol`
[INFO] [stderr]   --> Cargo.toml:49:25
[INFO] [stderr]    |
[INFO] [stderr] 49 | [workspace.dependencies.animus-transport-protocol]
[INFO] [stderr]    |                         ^^^^^^^^^^^^^^^^^^^^^^^^^
[INFO] [stderr]    |
[INFO] [stderr] help: consider removing the workspace dependency `animus-transport-protocol`
[INFO] [stderr] warning: unused workspace dependency `animus-trigger-protocol`
[INFO] [stderr]   --> Cargo.toml:53:25
[INFO] [stderr]    |
[INFO] [stderr] 53 | [workspace.dependencies.animus-trigger-protocol]
[INFO] [stderr]    |                         ^^^^^^^^^^^^^^^^^^^^^^^
[INFO] [stderr]    |
[INFO] [stderr] help: consider removing the workspace dependency `animus-trigger-protocol`
[INFO] [stderr] warning: unused workspace dependency `async-trait`
[INFO] [stderr]   --> Cargo.toml:11:1
[INFO] [stderr]    |
[INFO] [stderr] 11 | async-trait = "0.1"
[INFO] [stderr]    | ^^^^^^^^^^^
[INFO] [stderr]    |
[INFO] [stderr] help: consider removing the workspace dependency `async-trait`
[INFO] [stderr] warning: unused workspace dependency `futures`
[INFO] [stderr]   --> Cargo.toml:14:1
[INFO] [stderr]    |
[INFO] [stderr] 14 | futures = "0.3"
[INFO] [stderr]    | ^^^^^^^
[INFO] [stderr]    |
[INFO] [stderr] help: consider removing the workspace dependency `futures`
[INFO] [stderr] warning: unused workspace dependency `tower`
[INFO] [stderr]   --> Cargo.toml:19:1
[INFO] [stderr]    |
[INFO] [stderr] 19 | tower = "0.4"
[INFO] [stderr]    | ^^^^^
[INFO] [stderr]    |
[INFO] [stderr] help: consider removing the workspace dependency `tower`
[INFO] [stderr] warning: unused field `readme` in `workspace.package`
[INFO] [stderr]   --> Cargo.toml:82:1
[INFO] [stderr]    |
[INFO] [stderr] 82 | readme = "README.md"
[INFO] [stderr]    | ^^^^^^
[INFO] [stderr]    |
[INFO] [stderr]    = note: `cargo::unused_workspace_package_fields` is set to `warn` by default
[INFO] [stderr] help: consider removing the field `workspace.package.readme`
[INFO] [stderr] warning: workspace (manifest) generated 8 warnings
[INFO] [stderr] warning: `package.homepage` is redundant with `package.repository`
[INFO] [stderr]  --> crates/mock-cli-claude/Cargo.toml:7:1
[INFO] [stderr]   |
[INFO] [stderr] 7 | homepage.workspace = true
[INFO] [stderr]   | ^^^^^^^^
[INFO] [stderr] 8 | repository.workspace = true
[INFO] [stderr]   | ----------
[INFO] [stderr]   |
[INFO] [stderr]   = note: `cargo::redundant_homepage` is set to `warn` by default
[INFO] [stderr] help: consider removing `package.homepage`
[INFO] [stderr] warning: `mock-cli-claude` (manifest) generated 1 warning
[INFO] [stderr] warning: `package.homepage` is redundant with `package.repository`
[INFO] [stderr]  --> crates/trigger-conformance/Cargo.toml:7:1
[INFO] [stderr]   |
[INFO] [stderr] 7 | homepage.workspace = true
[INFO] [stderr]   | ^^^^^^^^
[INFO] [stderr] 8 | repository.workspace = true
[INFO] [stderr]   | ----------
[INFO] [stderr]   |
[INFO] [stderr]   = note: `cargo::redundant_homepage` is set to `warn` by default
[INFO] [stderr] help: consider removing `package.homepage`
[INFO] [stderr] warning: `trigger-conformance` (manifest) generated 1 warning
[INFO] [stderr] warning: `package.homepage` is redundant with `package.repository`
[INFO] [stderr]  --> crates/plugin-bench/Cargo.toml:7:1
[INFO] [stderr]   |
[INFO] [stderr] 7 | homepage.workspace = true
[INFO] [stderr]   | ^^^^^^^^
[INFO] [stderr] 8 | repository.workspace = true
[INFO] [stderr]   | ----------
[INFO] [stderr]   |
[INFO] [stderr]   = note: `cargo::redundant_homepage` is set to `warn` by default
[INFO] [stderr] help: consider removing `package.homepage`
[INFO] [stderr] warning: `plugin-bench` (manifest) generated 1 warning
[INFO] [stderr] warning: `package.homepage` is redundant with `package.repository`
[INFO] [stderr]  --> crates/mock-cli-gemini/Cargo.toml:7:1
[INFO] [stderr]   |
[INFO] [stderr] 7 | homepage.workspace = true
[INFO] [stderr]   | ^^^^^^^^
[INFO] [stderr] 8 | repository.workspace = true
[INFO] [stderr]   | ----------
[INFO] [stderr]   |
[INFO] [stderr]   = note: `cargo::redundant_homepage` is set to `warn` by default
[INFO] [stderr] help: consider removing `package.homepage`
[INFO] [stderr] warning: `mock-cli-gemini` (manifest) generated 1 warning
[INFO] [stderr] warning: `package.homepage` is redundant with `package.repository`
[INFO] [stderr]  --> crates/plugin-harness/Cargo.toml:7:1
[INFO] [stderr]   |
[INFO] [stderr] 7 | homepage.workspace = true
[INFO] [stderr]   | ^^^^^^^^
[INFO] [stderr] 8 | repository.workspace = true
[INFO] [stderr]   | ----------
[INFO] [stderr]   |
[INFO] [stderr]   = note: `cargo::redundant_homepage` is set to `warn` by default
[INFO] [stderr] help: consider removing `package.homepage`
[INFO] [stderr] warning: `plugin-harness` (manifest) generated 1 warning
[INFO] [stderr] warning: `package.homepage` is redundant with `package.repository`
[INFO] [stderr]  --> crates/mock-cli-codex/Cargo.toml:7:1
[INFO] [stderr]   |
[INFO] [stderr] 7 | homepage.workspace = true
[INFO] [stderr]   | ^^^^^^^^
[INFO] [stderr] 8 | repository.workspace = true
[INFO] [stderr]   | ----------
[INFO] [stderr]   |
[INFO] [stderr]   = note: `cargo::redundant_homepage` is set to `warn` by default
[INFO] [stderr] help: consider removing `package.homepage`
[INFO] [stderr] warning: `mock-cli-codex` (manifest) generated 1 warning
[INFO] [stderr] warning: `package.homepage` is redundant with `package.repository`
[INFO] [stderr]  --> crates/provider-conformance/Cargo.toml:7:1
[INFO] [stderr]   |
[INFO] [stderr] 7 | homepage.workspace = true
[INFO] [stderr]   | ^^^^^^^^
[INFO] [stderr] 8 | repository.workspace = true
[INFO] [stderr]   | ----------
[INFO] [stderr]   |
[INFO] [stderr]   = note: `cargo::redundant_homepage` is set to `warn` by default
[INFO] [stderr] help: consider removing `package.homepage`
[INFO] [stderr] warning: `provider-conformance` (manifest) generated 1 warning
[INFO] [stderr] warning: `package.homepage` is redundant with `package.repository`
[INFO] [stderr]  --> crates/transport-conformance/Cargo.toml:7:1
[INFO] [stderr]   |
[INFO] [stderr] 7 | homepage.workspace = true
[INFO] [stderr]   | ^^^^^^^^
[INFO] [stderr] 8 | repository.workspace = true
[INFO] [stderr]   | ----------
[INFO] [stderr]   |
[INFO] [stderr]   = note: `cargo::redundant_homepage` is set to `warn` by default
[INFO] [stderr] help: consider removing `package.homepage`
[INFO] [stderr] warning: `transport-conformance` (manifest) generated 1 warning
[INFO] [stderr] warning: `package.homepage` is redundant with `package.repository`
[INFO] [stderr]  --> crates/mock-cli-opencode/Cargo.toml:7:1
[INFO] [stderr]   |
[INFO] [stderr] 7 | homepage.workspace = true
[INFO] [stderr]   | ^^^^^^^^
[INFO] [stderr] 8 | repository.workspace = true
[INFO] [stderr]   | ----------
[INFO] [stderr]   |
[INFO] [stderr]   = note: `cargo::redundant_homepage` is set to `warn` by default
[INFO] [stderr] help: consider removing `package.homepage`
[INFO] [stderr] warning: `mock-cli-opencode` (manifest) generated 1 warning
[INFO] [stderr] warning: `package.homepage` is redundant with `package.repository`
[INFO] [stderr]  --> crates/subject-conformance/Cargo.toml:7:1
[INFO] [stderr]   |
[INFO] [stderr] 7 | homepage.workspace = true
[INFO] [stderr]   | ^^^^^^^^
[INFO] [stderr] 8 | repository.workspace = true
[INFO] [stderr]   | ----------
[INFO] [stderr]   |
[INFO] [stderr]   = note: `cargo::redundant_homepage` is set to `warn` by default
[INFO] [stderr] help: consider removing `package.homepage`
[INFO] [stderr] warning: `subject-conformance` (manifest) generated 1 warning
[INFO] [stderr] warning: `package.homepage` is redundant with `package.repository`
[INFO] [stderr]  --> crates/log-storage-conformance/Cargo.toml:7:1
[INFO] [stderr]   |
[INFO] [stderr] 7 | homepage.workspace = true
[INFO] [stderr]   | ^^^^^^^^
[INFO] [stderr] 8 | repository.workspace = true
[INFO] [stderr]   | ----------
[INFO] [stderr]   |
[INFO] [stderr]   = note: `cargo::redundant_homepage` is set to `warn` by default
[INFO] [stderr] help: consider removing `package.homepage`
[INFO] [stderr] warning: `log-storage-conformance` (manifest) generated 1 warning
[INFO] [stderr] warning: `package.homepage` is redundant with `package.repository`
[INFO] [stderr]  --> crates/mock-cli-oai/Cargo.toml:7:1
[INFO] [stderr]   |
[INFO] [stderr] 7 | homepage.workspace = true
[INFO] [stderr]   | ^^^^^^^^
[INFO] [stderr] 8 | repository.workspace = true
[INFO] [stderr]   | ----------
[INFO] [stderr]   |
[INFO] [stderr]   = note: `cargo::redundant_homepage` is set to `warn` by default
[INFO] [stderr] help: consider removing `package.homepage`
[INFO] [stderr] warning: `mock-cli-oai` (manifest) generated 1 warning
[INFO] [stderr] warning: `package.homepage` is redundant with `package.repository`
[INFO] [stderr]  --> crates/testkit-core/Cargo.toml:7:1
[INFO] [stderr]   |
[INFO] [stderr] 7 | homepage.workspace = true
[INFO] [stderr]   | ^^^^^^^^
[INFO] [stderr] 8 | repository.workspace = true
[INFO] [stderr]   | ----------
[INFO] [stderr]   |
[INFO] [stderr]   = note: `cargo::redundant_homepage` is set to `warn` by default
[INFO] [stderr] help: consider removing `package.homepage`
[INFO] [stderr] warning: `testkit-core` (manifest) generated 1 warning
[INFO] [stderr] warning: unused dependency `criterion`
[INFO] [stderr]   --> crates/plugin-bench/Cargo.toml:29:1
[INFO] [stderr]    |
[INFO] [stderr] 29 | criterion  = { workspace = true }
[INFO] [stderr]    | ^^^^^^^^^^^^^^^^^^^^^^^^^^^^^^^^^
[INFO] [stderr]    |
[INFO] [stderr]    = note: `cargo::unused_dependencies` is set to `warn` by default
[INFO] [stderr] help: consider removing the dependency on `criterion`
[INFO] [stderr] warning: `plugin-bench` (manifest) generated 1 warning
[INFO] [stderr] warning: unused dependency `once_cell`
[INFO] [stderr]   --> crates/provider-conformance/Cargo.toml:18:1
[INFO] [stderr]    |
[INFO] [stderr] 18 | once_cell    = { workspace = true }
[INFO] [stderr]    | ^^^^^^^^^^^^^^^^^^^^^^^^^^^^^^^^^^^
[INFO] [stderr]    |
[INFO] [stderr]    = note: `cargo::unused_dependencies` is set to `warn` by default
[INFO] [stderr] help: consider removing the dependency on `once_cell`
[INFO] [stderr] warning: `provider-conformance` (manifest) generated 1 warning
[INFO] [stderr]     Finished `test` profile [unoptimized + debuginfo] target(s) in 0.32s
[INFO] [stderr]      Running unittests src/main.rs (/opt/rustwide/target/debug/build/animus-plugin-smoke/00978924b2a1cab7/out/animus_plugin_smoke-00978924b2a1cab7)
[INFO] [stderr]      Running unittests src/main.rs (/opt/rustwide/target/debug/build/animus-provider-mock/174685539f1ee730/out/animus_provider_mock-174685539f1ee730)
[INFO] [stdout] 
[INFO] [stdout] running 0 tests
[INFO] [stdout] 
[INFO] [stdout] test result: ok. 0 passed; 0 failed; 0 ignored; 0 measured; 0 filtered out; finished in 0.00s
[INFO] [stdout] 
[INFO] [stdout] 
[INFO] [stdout] running 0 tests
[INFO] [stdout] 
[INFO] [stdout] test result: ok. 0 passed; 0 failed; 0 ignored; 0 measured; 0 filtered out; finished in 0.00s
[INFO] [stdout] 
[INFO] [stderr]      Running unittests src/lib.rs (/opt/rustwide/target/debug/build/log-storage-conformance/321a3355256e9b89/out/log_storage_conformance-321a3355256e9b89)
[INFO] [stdout] 
[INFO] [stdout] running 5 tests
[INFO] [stdout] test tests::filtered_query_targets_unique_entry ... ok
[INFO] [stdout] test tests::log_event_entry_decodes_matching_entry ... ok
[INFO] [stdout] test tests::baseline_scenarios_are_stable ... ok
[INFO] [stdout] test tests::log_event_entry_ignores_other_tail_ids ... ok
[INFO] [stdout] test tests::handshake_classifier_passes_only_log_storage_backend_kind ... ok
[INFO] [stdout] 
[INFO] [stdout] test result: ok. 5 passed; 0 failed; 0 ignored; 0 measured; 0 filtered out; finished in 0.01s
[INFO] [stdout] 
[INFO] [stderr]      Running unittests src/main.rs (/opt/rustwide/target/debug/build/mock-cli-claude/4c590c1e506f3200/out/mock_claude-4c590c1e506f3200)
[INFO] [stdout] 
[INFO] [stdout] running 0 tests
[INFO] [stdout] 
[INFO] [stdout] test result: ok. 0 passed; 0 failed; 0 ignored; 0 measured; 0 filtered out; finished in 0.00s
[INFO] [stdout] 
[INFO] [stderr]      Running unittests src/main.rs (/opt/rustwide/target/debug/build/mock-cli-codex/937b41d7caa3b3ed/out/mock_codex-937b41d7caa3b3ed)
[INFO] [stdout] 
[INFO] [stdout] running 0 tests
[INFO] [stdout] 
[INFO] [stdout] test result: ok. 0 passed; 0 failed; 0 ignored; 0 measured; 0 filtered out; finished in 0.00s
[INFO] [stdout] 
[INFO] [stderr]      Running unittests src/main.rs (/opt/rustwide/target/debug/build/mock-cli-gemini/2d089a463b007578/out/mock_gemini-2d089a463b007578)
[INFO] [stdout] 
[INFO] [stdout] running 0 tests
[INFO] [stdout] 
[INFO] [stdout] test result: ok. 0 passed; 0 failed; 0 ignored; 0 measured; 0 filtered out; finished in 0.00s
[INFO] [stdout] 
[INFO] [stderr]      Running unittests src/main.rs (/opt/rustwide/target/debug/build/mock-cli-oai/7d97a9f8540ce102/out/mock_oai-7d97a9f8540ce102)
[INFO] [stdout] 
[INFO] [stdout] running 0 tests
[INFO] [stdout] 
[INFO] [stdout] test result: ok. 0 passed; 0 failed; 0 ignored; 0 measured; 0 filtered out; finished in 0.00s
[INFO] [stdout] 
[INFO] [stderr]      Running unittests src/main.rs (/opt/rustwide/target/debug/build/mock-cli-opencode/262fabea4a69b761/out/mock_opencode-262fabea4a69b761)
[INFO] [stdout] 
[INFO] [stdout] running 0 tests
[INFO] [stdout] 
[INFO] [stdout] test result: ok. 0 passed; 0 failed; 0 ignored; 0 measured; 0 filtered out; finished in 0.00s
[INFO] [stdout] 
[INFO] [stderr]      Running unittests src/main.rs (/opt/rustwide/target/debug/build/plugin-bench/a6c2586095b70a14/out/animus_plugin_bench-a6c2586095b70a14)
[INFO] [stdout] 
[INFO] [stdout] running 6 tests
[INFO] [stdout] test tests::summary_stats_returns_none_for_empty_samples ... ok
[INFO] [stdout] test tests::summary_stats_computes_percentiles_averages_and_throughput ... ok
[INFO] [stdout] test tests::summary_stats_handles_zero_total_duration ... ok
[INFO] [stdout] test tests::suite_presets_are_stable ... ok
[INFO] [stdout] test tests::scenario_resolution_preserves_legacy_default ... ok
[INFO] [stdout] test tests::csv_field_quotes_delimiters_and_quotes ... ok
[INFO] [stdout] 
[INFO] [stdout] test result: ok. 6 passed; 0 failed; 0 ignored; 0 measured; 0 filtered out; finished in 0.00s
[INFO] [stdout] 
[INFO] [stderr]      Running unittests src/lib.rs (/opt/rustwide/target/debug/build/plugin-harness/3c3f96fd0c333843/out/plugin_harness-3c3f96fd0c333843)
[INFO] [stdout] 
[INFO] [stdout] running 5 tests
[INFO] [stdout] test protocol::tests::validate_accepts_ordered_subsequence_and_response_expectations ... ok
[INFO] [stdout] test protocol::tests::decode_notification_maps_known_wire_methods ... ok
[INFO] [stdout] test protocol::tests::validate_allows_one_final_output_to_satisfy_multiple_output_markers ... ok
[INFO] [stdout] test protocol::tests::validate_rejects_missing_ordered_notification ... ok
[INFO] [stdout] test protocol::tests::validate_rejects_response_mismatches ... ok
[INFO] [stdout] 
[INFO] [stdout] test result: ok. 5 passed; 0 failed; 0 ignored; 0 measured; 0 filtered out; finished in 0.01s
[INFO] [stdout] 
[INFO] [stderr]      Running unittests src/main.rs (/opt/rustwide/target/debug/build/plugin-harness/179acba5d2cda435/out/animus_plugin_harness-179acba5d2cda435)
[INFO] [stdout] 
[INFO] [stdout] running 0 tests
[INFO] [stdout] 
[INFO] [stdout] test result: ok. 0 passed; 0 failed; 0 ignored; 0 measured; 0 filtered out; finished in 0.00s
[INFO] [stdout] 
[INFO] [stderr]      Running unittests src/bin/fake_cancellable_plugin.rs (/opt/rustwide/target/debug/build/plugin-harness/db54f579d0edd580/out/fake_cancellable_plugin-db54f579d0edd580)
[INFO] [stdout] 
[INFO] [stdout] running 0 tests
[INFO] [stdout] 
[INFO] [stdout] test result: ok. 0 passed; 0 failed; 0 ignored; 0 measured; 0 filtered out; finished in 0.00s
[INFO] [stdout] 
[INFO] [stderr]      Running tests/cancellation.rs (/opt/rustwide/target/debug/build/plugin-harness/6f1a524493049857/out/cancellation-6f1a524493049857)
[INFO] [stdout] 
[INFO] [stdout] running 1 test
[INFO] [stdout] test cancellation_dispatcher_drives_cancel_and_passes ... FAILED
[INFO] [stderr] error: test failed, to rerun pass `-p plugin-harness --test cancellation`
[INFO] [stdout] 
[INFO] [stdout] failures:
[INFO] [stdout] 
[INFO] [stdout] ---- cancellation_dispatcher_drives_cancel_and_passes stdout ----
[INFO] [stdout] 
[INFO] [stdout] thread 'cancellation_dispatcher_drives_cancel_and_passes' (2710) panicked at crates/plugin-harness/tests/cancellation.rs:17:5:
[INFO] [stdout] expected fake-cancellable-plugin at /opt/rustwide/target/debug/build/plugin-harness/6f1a524493049857/out/fake-cancellable-plugin
[INFO] [stdout] stack backtrace:
[INFO] [stdout]    0:     0x566b8516b501 - std[617be2ca0a6fd877]::backtrace_rs::backtrace::libunwind::trace
[INFO] [stdout]                                at /rustc/e3feeb59cd1bdd011a2bfcc0747b55125d9b8527/library/std/src/../../backtrace/src/backtrace/libunwind.rs:117:9
[INFO] [stdout]    1:     0x566b8516b501 - std[617be2ca0a6fd877]::backtrace_rs::backtrace::trace_unsynchronized::<std[617be2ca0a6fd877]::sys::backtrace::_print_fmt::{closure#1}>
[INFO] [stdout]                                at /rustc/e3feeb59cd1bdd011a2bfcc0747b55125d9b8527/library/std/src/../../backtrace/src/backtrace/mod.rs:66:14
[INFO] [stdout]    2:     0x566b8516b501 - std[617be2ca0a6fd877]::sys::backtrace::_print_fmt
[INFO] [stdout]                                at /rustc/e3feeb59cd1bdd011a2bfcc0747b55125d9b8527/library/std/src/sys/backtrace.rs:74:9
[INFO] [stdout]    3:     0x566b8516b501 - <<std[617be2ca0a6fd877]::sys::backtrace::BacktraceLock>::print::DisplayBacktrace as core[a373ad73a504971]::fmt::Display>::fmt
[INFO] [stdout]                                at /rustc/e3feeb59cd1bdd011a2bfcc0747b55125d9b8527/library/std/src/sys/backtrace.rs:44:26
[INFO] [stdout]    4:     0x566b851818da - <core[a373ad73a504971]::fmt::rt::Argument>::fmt
[INFO] [stdout]                                at /rustc/e3feeb59cd1bdd011a2bfcc0747b55125d9b8527/library/core/src/fmt/rt.rs:152:76
[INFO] [stdout]    5:     0x566b851818da - core[a373ad73a504971]::fmt::write
[INFO] [stdout]    6:     0x566b8517067c - core[a373ad73a504971]::io::write::default_write_fmt::<alloc[2e1b2a31b91974c5]::vec::Vec<u8>>
[INFO] [stdout]                                at /rustc/e3feeb59cd1bdd011a2bfcc0747b55125d9b8527/library/core/src/io/write.rs:402:11
[INFO] [stdout]    7:     0x566b8517067c - <alloc[2e1b2a31b91974c5]::vec::Vec<u8> as core[a373ad73a504971]::io::write::Write>::write_fmt
[INFO] [stdout]                                at /rustc/e3feeb59cd1bdd011a2bfcc0747b55125d9b8527/library/core/src/io/write.rs:335:13
[INFO] [stdout]    8:     0x566b85143bd6 - <std[617be2ca0a6fd877]::sys::backtrace::BacktraceLock>::print
[INFO] [stdout]                                at /rustc/e3feeb59cd1bdd011a2bfcc0747b55125d9b8527/library/std/src/sys/backtrace.rs:47:9
[INFO] [stdout]    9:     0x566b85143bd6 - std[617be2ca0a6fd877]::panicking::default_hook::{closure#0}
[INFO] [stdout]                                at /rustc/e3feeb59cd1bdd011a2bfcc0747b55125d9b8527/library/std/src/panicking.rs:289:27
[INFO] [stdout]   10:     0x566b85161f09 - std[617be2ca0a6fd877]::panicking::default_hook
[INFO] [stdout]                                at /rustc/e3feeb59cd1bdd011a2bfcc0747b55125d9b8527/library/std/src/panicking.rs:313:9
[INFO] [stdout]   11:     0x566b85020120 - <alloc[2e1b2a31b91974c5]::boxed::Box<dyn for<'a, 'b> core[a373ad73a504971]::ops::function::Fn<(&'a std[617be2ca0a6fd877]::panic::PanicHookInfo<'b>,), Output = ()> + core[a373ad73a504971]::marker::Sync + core[a373ad73a504971]::marker::Send> as core[a373ad73a504971]::ops::function::Fn<(&std[617be2ca0a6fd877]::panic::PanicHookInfo,)>>::call
[INFO] [stdout]                                at /rustc/e3feeb59cd1bdd011a2bfcc0747b55125d9b8527/library/alloc/src/boxed.rs:2328:9
[INFO] [stdout]   12:     0x566b85020120 - test[aada8e7e76ba119b]::test_main_inner::{closure#0}
[INFO] [stdout]                                at /rustc/e3feeb59cd1bdd011a2bfcc0747b55125d9b8527/library/test/src/lib.rs:137:21
[INFO] [stdout]   13:     0x566b85162232 - <alloc[2e1b2a31b91974c5]::boxed::Box<dyn for<'a, 'b> core[a373ad73a504971]::ops::function::Fn<(&'a std[617be2ca0a6fd877]::panic::PanicHookInfo<'b>,), Output = ()> + core[a373ad73a504971]::marker::Sync + core[a373ad73a504971]::marker::Send> as core[a373ad73a504971]::ops::function::Fn<(&std[617be2ca0a6fd877]::panic::PanicHookInfo,)>>::call
[INFO] [stdout]                                at /rustc/e3feeb59cd1bdd011a2bfcc0747b55125d9b8527/library/alloc/src/boxed.rs:2328:9
[INFO] [stdout]   14:     0x566b85162232 - std[617be2ca0a6fd877]::panicking::panic_with_hook
[INFO] [stdout]                                at /rustc/e3feeb59cd1bdd011a2bfcc0747b55125d9b8527/library/std/src/panicking.rs:819:13
[INFO] [stdout]   15:     0x566b85143c82 - std[617be2ca0a6fd877]::panicking::panic_handler::{closure#0}
[INFO] [stdout]                                at /rustc/e3feeb59cd1bdd011a2bfcc0747b55125d9b8527/library/std/src/panicking.rs:685:13
[INFO] [stdout]   16:     0x566b8513c239 - std[617be2ca0a6fd877]::sys::backtrace::__rust_end_short_backtrace::<std[617be2ca0a6fd877]::panicking::panic_handler::{closure#0}, !>
[INFO] [stdout]                                at /rustc/e3feeb59cd1bdd011a2bfcc0747b55125d9b8527/library/std/src/sys/backtrace.rs:182:18
[INFO] [stdout]   17:     0x566b85144c4d - __rustc[ea4f61d10b84890b]::rust_begin_unwind
[INFO] [stdout]                                at /rustc/e3feeb59cd1bdd011a2bfcc0747b55125d9b8527/library/std/src/panicking.rs:676:5
[INFO] [stdout]   18:     0x566b851820fc - core[a373ad73a504971]::panicking::panic_fmt
[INFO] [stdout]                                at /rustc/e3feeb59cd1bdd011a2bfcc0747b55125d9b8527/library/core/src/panicking.rs:80:14
[INFO] [stdout]   19:     0x566b84f91e15 - cancellation[6a125d7ba4fa9233]::fake_plugin_binary
[INFO] [stdout]                                at /opt/rustwide/workdir/crates/plugin-harness/tests/cancellation.rs:17:5
[INFO] [stdout]   20:     0x566b84f914d0 - cancellation[6a125d7ba4fa9233]::cancellation_dispatcher_drives_cancel_and_passes::{closure#0}
[INFO] [stdout]                                at /opt/rustwide/workdir/crates/plugin-harness/tests/cancellation.rs:51:18
[INFO] [stdout]   21:     0x566b84f93a82 - <core[a373ad73a504971]::pin::Pin<&mut dyn core[a373ad73a504971]::future::future::Future<Output = ()>> as core[a373ad73a504971]::future::future::Future>::poll
[INFO] [stdout]                                at /rustc/e3feeb59cd1bdd011a2bfcc0747b55125d9b8527/library/core/src/future/future.rs:133:9
[INFO] [stdout]   22:     0x566b84f8edad - <tokio[acca9f0e1fb83c23]::runtime::park::CachedParkThread>::block_on::<core[a373ad73a504971]::pin::Pin<&mut dyn core[a373ad73a504971]::future::future::Future<Output = ()>>>::{closure#0}
[INFO] [stdout]                                at /opt/rustwide/cargo-home/registry/src/index.crates.io-1949cf8c6b5b557f/tokio-1.52.3/src/runtime/park.rs:284:71
[INFO] [stdout]   23:     0x566b84f8c07e - tokio[acca9f0e1fb83c23]::task::coop::with_budget::<core[a373ad73a504971]::task::poll::Poll<()>, <tokio[acca9f0e1fb83c23]::runtime::park::CachedParkThread>::block_on<core[a373ad73a504971]::pin::Pin<&mut dyn core[a373ad73a504971]::future::future::Future<Output = ()>>>::{closure#0}>
[INFO] [stdout]                                at /opt/rustwide/cargo-home/registry/src/index.crates.io-1949cf8c6b5b557f/tokio-1.52.3/src/task/coop/mod.rs:167:5
[INFO] [stdout]   24:     0x566b84f8c07e - tokio[acca9f0e1fb83c23]::task::coop::budget::<core[a373ad73a504971]::task::poll::Poll<()>, <tokio[acca9f0e1fb83c23]::runtime::park::CachedParkThread>::block_on<core[a373ad73a504971]::pin::Pin<&mut dyn core[a373ad73a504971]::future::future::Future<Output = ()>>>::{closure#0}>
[INFO] [stdout]                                at /opt/rustwide/cargo-home/registry/src/index.crates.io-1949cf8c6b5b557f/tokio-1.52.3/src/task/coop/mod.rs:133:5
[INFO] [stdout]   25:     0x566b84f8c07e - <tokio[acca9f0e1fb83c23]::runtime::park::CachedParkThread>::block_on::<core[a373ad73a504971]::pin::Pin<&mut dyn core[a373ad73a504971]::future::future::Future<Output = ()>>>
[INFO] [stdout]                                at /opt/rustwide/cargo-home/registry/src/index.crates.io-1949cf8c6b5b557f/tokio-1.52.3/src/runtime/park.rs:284:31
[INFO] [stdout]   26:     0x566b84f899c6 - <tokio[acca9f0e1fb83c23]::runtime::context::blocking::BlockingRegionGuard>::block_on::<core[a373ad73a504971]::pin::Pin<&mut dyn core[a373ad73a504971]::future::future::Future<Output = ()>>>
[INFO] [stdout]                                at /opt/rustwide/cargo-home/registry/src/index.crates.io-1949cf8c6b5b557f/tokio-1.52.3/src/runtime/context/blocking.rs:66:14
[INFO] [stdout]   27:     0x566b84f8e3d8 - <tokio[acca9f0e1fb83c23]::runtime::scheduler::multi_thread::MultiThread>::block_on::<core[a373ad73a504971]::pin::Pin<&mut dyn core[a373ad73a504971]::future::future::Future<Output = ()>>>::{closure#0}
[INFO] [stdout]                                at /opt/rustwide/cargo-home/registry/src/index.crates.io-1949cf8c6b5b557f/tokio-1.52.3/src/runtime/scheduler/multi_thread/mod.rs:92:22
[INFO] [stdout]   28:     0x566b84f8e053 - tokio[acca9f0e1fb83c23]::runtime::context::runtime::enter_runtime::<<tokio[acca9f0e1fb83c23]::runtime::scheduler::multi_thread::MultiThread>::block_on<core[a373ad73a504971]::pin::Pin<&mut dyn core[a373ad73a504971]::future::future::Future<Output = ()>>>::{closure#0}, ()>
[INFO] [stdout]                                at /opt/rustwide/cargo-home/registry/src/index.crates.io-1949cf8c6b5b557f/tokio-1.52.3/src/runtime/context/runtime.rs:65:16
[INFO] [stdout]   29:     0x566b84f89b14 - <tokio[acca9f0e1fb83c23]::runtime::scheduler::multi_thread::MultiThread>::block_on::<core[a373ad73a504971]::pin::Pin<&mut dyn core[a373ad73a504971]::future::future::Future<Output = ()>>>
[INFO] [stdout]                                at /opt/rustwide/cargo-home/registry/src/index.crates.io-1949cf8c6b5b557f/tokio-1.52.3/src/runtime/scheduler/multi_thread/mod.rs:91:9
[INFO] [stdout]   30:     0x566b84f8944f - <tokio[acca9f0e1fb83c23]::runtime::runtime::Runtime>::block_on_inner::<core[a373ad73a504971]::pin::Pin<&mut dyn core[a373ad73a504971]::future::future::Future<Output = ()>>>
[INFO] [stdout]                                at /opt/rustwide/cargo-home/registry/src/index.crates.io-1949cf8c6b5b557f/tokio-1.52.3/src/runtime/runtime.rs:373:50
[INFO] [stdout]   31:     0x566b84f895cb - <tokio[acca9f0e1fb83c23]::runtime::runtime::Runtime>::block_on::<core[a373ad73a504971]::pin::Pin<&mut dyn core[a373ad73a504971]::future::future::Future<Output = ()>>>
[INFO] [stdout]                                at /opt/rustwide/cargo-home/registry/src/index.crates.io-1949cf8c6b5b557f/tokio-1.52.3/src/runtime/runtime.rs:345:18
[INFO] [stdout]   32:     0x566b84f92650 - cancellation[6a125d7ba4fa9233]::cancellation_dispatcher_drives_cancel_and_passes
[INFO] [stdout]                                at /opt/rustwide/workdir/crates/plugin-harness/tests/cancellation.rs:63:6
[INFO] [stdout]   33:     0x566b84f91447 - cancellation[6a125d7ba4fa9233]::cancellation_dispatcher_drives_cancel_and_passes::{closure#0}
[INFO] [stdout]                                at /opt/rustwide/workdir/crates/plugin-harness/tests/cancellation.rs:50:60
[INFO] [stdout]   34:     0x566b84f94056 - <cancellation[6a125d7ba4fa9233]::cancellation_dispatcher_drives_cancel_and_passes::{closure#0} as core[a373ad73a504971]::ops::function::FnOnce<()>>::call_once
[INFO] [stdout]                                at /rustc/e3feeb59cd1bdd011a2bfcc0747b55125d9b8527/library/core/src/ops/function.rs:250:5
[INFO] [stdout]   35:     0x566b8501356b - <fn() -> core[a373ad73a504971]::result::Result<(), alloc[2e1b2a31b91974c5]::string::String> as core[a373ad73a504971]::ops::function::FnOnce<()>>::call_once
[INFO] [stdout]                                at /rustc/e3feeb59cd1bdd011a2bfcc0747b55125d9b8527/library/core/src/ops/function.rs:250:5
[INFO] [stdout]   36:     0x566b8501356b - test[aada8e7e76ba119b]::__rust_begin_short_backtrace::<core[a373ad73a504971]::result::Result<(), alloc[2e1b2a31b91974c5]::string::String>, fn() -> core[a373ad73a504971]::result::Result<(), alloc[2e1b2a31b91974c5]::string::String>>
[INFO] [stdout]                                at /rustc/e3feeb59cd1bdd011a2bfcc0747b55125d9b8527/library/test/src/lib.rs:701:18
[INFO] [stdout]   37:     0x566b85020745 - test[aada8e7e76ba119b]::run_test_in_process::{closure#0}
[INFO] [stdout]                                at /rustc/e3feeb59cd1bdd011a2bfcc0747b55125d9b8527/library/test/src/lib.rs:724:74
[INFO] [stdout]   38:     0x566b85020745 - <core[a373ad73a504971]::panic::unwind_safe::AssertUnwindSafe<test[aada8e7e76ba119b]::run_test_in_process::{closure#0}> as core[a373ad73a504971]::ops::function::FnOnce<()>>::call_once
[INFO] [stdout]                                at /rustc/e3feeb59cd1bdd011a2bfcc0747b55125d9b8527/library/core/src/panic/unwind_safe.rs:275:9
[INFO] [stdout]   39:     0x566b85020745 - std[617be2ca0a6fd877]::panicking::catch_unwind::do_call::<core[a373ad73a504971]::panic::unwind_safe::AssertUnwindSafe<test[aada8e7e76ba119b]::run_test_in_process::{closure#0}>, core[a373ad73a504971]::result::Result<(), alloc[2e1b2a31b91974c5]::string::String>>
[INFO] [stdout]                                at /rustc/e3feeb59cd1bdd011a2bfcc0747b55125d9b8527/library/std/src/panicking.rs:573:43
[INFO] [stdout]   40:     0x566b85020745 - std[617be2ca0a6fd877]::panicking::catch_unwind::<core[a373ad73a504971]::result::Result<(), alloc[2e1b2a31b91974c5]::string::String>, core[a373ad73a504971]::panic::unwind_safe::AssertUnwindSafe<test[aada8e7e76ba119b]::run_test_in_process::{closure#0}>>
[INFO] [stdout]                                at /rustc/e3feeb59cd1bdd011a2bfcc0747b55125d9b8527/library/std/src/panicking.rs:541:19
[INFO] [stdout]   41:     0x566b85020745 - std[617be2ca0a6fd877]::panic::catch_unwind::<core[a373ad73a504971]::panic::unwind_safe::AssertUnwindSafe<test[aada8e7e76ba119b]::run_test_in_process::{closure#0}>, core[a373ad73a504971]::result::Result<(), alloc[2e1b2a31b91974c5]::string::String>>
[INFO] [stdout]                                at /rustc/e3feeb59cd1bdd011a2bfcc0747b55125d9b8527/library/std/src/panic.rs:359:14
[INFO] [stdout]   42:     0x566b85020745 - test[aada8e7e76ba119b]::run_test_in_process
[INFO] [stdout]                                at /rustc/e3feeb59cd1bdd011a2bfcc0747b55125d9b8527/library/test/src/lib.rs:724:27
[INFO] [stdout]   43:     0x566b85020745 - test[aada8e7e76ba119b]::run_test::{closure#0}
[INFO] [stdout]                                at /rustc/e3feeb59cd1bdd011a2bfcc0747b55125d9b8527/library/test/src/lib.rs:645:43
[INFO] [stdout]   44:     0x566b8501a034 - test[aada8e7e76ba119b]::run_test::{closure#1}
[INFO] [stdout]                                at /rustc/e3feeb59cd1bdd011a2bfcc0747b55125d9b8527/library/test/src/lib.rs:675:41
[INFO] [stdout]   45:     0x566b8501a034 - std[617be2ca0a6fd877]::sys::backtrace::__rust_begin_short_backtrace::<test[aada8e7e76ba119b]::run_test::{closure#1}, ()>
[INFO] [stdout]                                at /rustc/e3feeb59cd1bdd011a2bfcc0747b55125d9b8527/library/std/src/sys/backtrace.rs:166:18
[INFO] [stdout]   46:     0x566b850237d2 - std[617be2ca0a6fd877]::thread::lifecycle::spawn_unchecked::<test[aada8e7e76ba119b]::run_test::{closure#1}, ()>::{closure#1}::{closure#0}
[INFO] [stdout]                                at /rustc/e3feeb59cd1bdd011a2bfcc0747b55125d9b8527/library/std/src/thread/lifecycle.rs:70:13
[INFO] [stdout]   47:     0x566b850237d2 - <core[a373ad73a504971]::panic::unwind_safe::AssertUnwindSafe<std[617be2ca0a6fd877]::thread::lifecycle::spawn_unchecked<test[aada8e7e76ba119b]::run_test::{closure#1}, ()>::{closure#1}::{closure#0}> as core[a373ad73a504971]::ops::function::FnOnce<()>>::call_once
[INFO] [stdout]                                at /rustc/e3feeb59cd1bdd011a2bfcc0747b55125d9b8527/library/core/src/panic/unwind_safe.rs:275:9
[INFO] [stdout]   48:     0x566b850237d2 - std[617be2ca0a6fd877]::panicking::catch_unwind::do_call::<core[a373ad73a504971]::panic::unwind_safe::AssertUnwindSafe<std[617be2ca0a6fd877]::thread::lifecycle::spawn_unchecked<test[aada8e7e76ba119b]::run_test::{closure#1}, ()>::{closure#1}::{closure#0}>, ()>
[INFO] [stdout]                                at /rustc/e3feeb59cd1bdd011a2bfcc0747b55125d9b8527/library/std/src/panicking.rs:573:43
[INFO] [stdout]   49:     0x566b850237d2 - std[617be2ca0a6fd877]::panicking::catch_unwind::<(), core[a373ad73a504971]::panic::unwind_safe::AssertUnwindSafe<std[617be2ca0a6fd877]::thread::lifecycle::spawn_unchecked<test[aada8e7e76ba119b]::run_test::{closure#1}, ()>::{closure#1}::{closure#0}>>
[INFO] [stdout]                                at /rustc/e3feeb59cd1bdd011a2bfcc0747b55125d9b8527/library/std/src/panicking.rs:541:19
[INFO] [stdout]   50:     0x566b850237d2 - std[617be2ca0a6fd877]::panic::catch_unwind::<core[a373ad73a504971]::panic::unwind_safe::AssertUnwindSafe<std[617be2ca0a6fd877]::thread::lifecycle::spawn_unchecked<test[aada8e7e76ba119b]::run_test::{closure#1}, ()>::{closure#1}::{closure#0}>, ()>
[INFO] [stdout]                                at /rustc/e3feeb59cd1bdd011a2bfcc0747b55125d9b8527/library/std/src/panic.rs:359:14
[INFO] [stdout]   51:     0x566b850237d2 - std[617be2ca0a6fd877]::thread::lifecycle::spawn_unchecked::<test[aada8e7e76ba119b]::run_test::{closure#1}, ()>::{closure#1}
[INFO] [stdout]                                at /rustc/e3feeb59cd1bdd011a2bfcc0747b55125d9b8527/library/std/src/thread/lifecycle.rs:68:26
[INFO] [stdout]   52:     0x566b850237d2 - <std[617be2ca0a6fd877]::thread::lifecycle::spawn_unchecked<test[aada8e7e76ba119b]::run_test::{closure#1}, ()>::{closure#1} as core[a373ad73a504971]::ops::function::FnOnce<()>>::call_once::{shim:vtable#0}
[INFO] [stdout]                                at /rustc/e3feeb59cd1bdd011a2bfcc0747b55125d9b8527/library/core/src/ops/function.rs:250:5
[INFO] [stdout]   53:     0x566b8516a6cf - <alloc[2e1b2a31b91974c5]::boxed::Box<dyn core[a373ad73a504971]::ops::function::FnOnce<(), Output = ()> + core[a373ad73a504971]::marker::Send> as core[a373ad73a504971]::ops::function::FnOnce<()>>::call_once
[INFO] [stdout]                                at /rustc/e3feeb59cd1bdd011a2bfcc0747b55125d9b8527/library/alloc/src/boxed.rs:2314:9
[INFO] [stdout]   54:     0x566b8516a6cf - <std[617be2ca0a6fd877]::sys::thread::unix::Thread>::new::thread_start
[INFO] [stdout]                                at /rustc/e3feeb59cd1bdd011a2bfcc0747b55125d9b8527/library/std/src/sys/thread/unix.rs:127:17
[INFO] [stdout]   55:     0x784b7ba70dfa - <unknown>
[INFO] [stdout]   56:     0x784b7bb043d4 - clone
[INFO] [stdout]   57:                0x0 - <unknown>
[INFO] [stdout] 
[INFO] [stdout] 
[INFO] [stdout] failures:
[INFO] [stdout]     cancellation_dispatcher_drives_cancel_and_passes
[INFO] [stdout] 
[INFO] [stdout] test result: FAILED. 0 passed; 1 failed; 0 ignored; 0 measured; 0 filtered out; finished in 0.14s
[INFO] [stdout] 
[INFO] running `Command { std: "docker" "inspect" "54d7694e82e5f855c329b15144f12530d08d084b481ec574408b1ead69f8734b", kill_on_drop: false }`
[INFO] running `Command { std: "docker" "rm" "-f" "54d7694e82e5f855c329b15144f12530d08d084b481ec574408b1ead69f8734b", kill_on_drop: false }`
[INFO] [stdout] 54d7694e82e5f855c329b15144f12530d08d084b481ec574408b1ead69f8734b
