[INFO] cloning repository https://github.com/klab365/medi-rs
[INFO] running `Command { std: "git" "-c" "credential.helper=" "-c" "credential.helper=/workspace/cargo-home/bin/git-credential-null" "clone" "--bare" "https://github.com/klab365/medi-rs" "/workspace/cache/git-repos/https%3A%2F%2Fgithub.com%2Fklab365%2Fmedi-rs", kill_on_drop: false }`
[INFO] [stderr] Cloning into bare repository '/workspace/cache/git-repos/https%3A%2F%2Fgithub.com%2Fklab365%2Fmedi-rs'...
[INFO] running `Command { std: "git" "rev-parse" "HEAD", kill_on_drop: false }`
[INFO] [stdout] 73ac114c7c301413468a66c40acc2cd60bed6580
[INFO] testing klab365/medi-rs against 1.100.0-beta.1 for beta-1.100-2
[INFO] running `Command { std: "git" "clone" "/workspace/cache/git-repos/https%3A%2F%2Fgithub.com%2Fklab365%2Fmedi-rs" "/workspace/builds/worker-3-tc2/source", kill_on_drop: false }`
[INFO] [stderr] Cloning into '/workspace/builds/worker-3-tc2/source'...
[INFO] [stderr] done.
[INFO] started tweaking git repo https://github.com/klab365/medi-rs
[INFO] finished tweaking git repo https://github.com/klab365/medi-rs
[INFO] tweaked toml for git repo https://github.com/klab365/medi-rs written to /workspace/builds/worker-3-tc2/source/Cargo.toml
[INFO] validating manifest of git repo https://github.com/klab365/medi-rs on toolchain 1.100.0-beta.1
[INFO] running `Command { std: CARGO_HOME="/workspace/cargo-home" RUSTUP_HOME="/workspace/rustup-home" "/workspace/cargo-home/bin/cargo" "+1.100.0-beta.1" "metadata" "--manifest-path" "Cargo.toml" "--no-deps", kill_on_drop: false }`
[INFO] crate git repo https://github.com/klab365/medi-rs already has a lockfile, it will not be regenerated
[INFO] running `Command { std: CARGO_HOME="/workspace/cargo-home" RUSTUP_HOME="/workspace/rustup-home" "/workspace/cargo-home/bin/cargo" "+1.100.0-beta.1" "fetch" "--manifest-path" "Cargo.toml", kill_on_drop: false }`
[INFO] [stderr] warning: unused field `authors` in `workspace.package`
[INFO] [stderr]   --> Cargo.toml:14:1
[INFO] [stderr]    |
[INFO] [stderr] 14 | authors = ["Burak <burak.kizilkaya@outlook.com>"]
[INFO] [stderr]    | ^^^^^^^
[INFO] [stderr]    |
[INFO] [stderr]    = note: `cargo::unused_workspace_package_fields` is set to `warn` by default
[INFO] [stderr] help: consider removing the field `workspace.package.authors`
[INFO] [stderr] warning: workspace (manifest) generated 1 warning
[INFO] [stderr] warning: `package.homepage` is redundant with `package.repository`
[INFO] [stderr]  --> src/medi-rs-macros/Cargo.toml:7:1
[INFO] [stderr]   |
[INFO] [stderr] 7 | homepage.workspace = true
[INFO] [stderr]   | ^^^^^^^^
[INFO] [stderr] 8 | repository.workspace = true
[INFO] [stderr]   | ----------
[INFO] [stderr]   |
[INFO] [stderr]   = note: `cargo::redundant_homepage` is set to `warn` by default
[INFO] [stderr] help: consider removing `package.homepage`
[INFO] [stderr] warning: `medi-rs-macros` (manifest) generated 1 warning
[INFO] [stderr] warning: `package.homepage` is redundant with `package.repository`
[INFO] [stderr]  --> src/medi-rs/Cargo.toml:7:1
[INFO] [stderr]   |
[INFO] [stderr] 7 | homepage.workspace = true
[INFO] [stderr]   | ^^^^^^^^
[INFO] [stderr] 8 | repository.workspace = true
[INFO] [stderr]   | ----------
[INFO] [stderr]   |
[INFO] [stderr]   = note: `cargo::redundant_homepage` is set to `warn` by default
[INFO] [stderr] help: consider removing `package.homepage`
[INFO] [stderr] warning: `medi-rs` (manifest) generated 1 warning
[INFO] running `Command { std: "docker" "create" "-v" "/var/lib/crater-agent-workspace/builds/worker-3-tc2/source:/opt/rustwide/workdir:ro,Z" "-v" "/var/lib/crater-agent-workspace/builds/worker-3-tc2/target:/opt/rustwide/target:rw,Z" "-v" "/var/lib/crater-agent-workspace/cargo-home:/opt/rustwide/cargo-home:ro,Z" "-v" "/var/lib/crater-agent-workspace/rustup-home:/opt/rustwide/rustup-home:ro,Z" "-m" "1610612736" "--network" "none" "ghcr.io/rust-lang/crates-build-env/linux@sha256:3111399a4047eeb3a02b7a90e478d715f38a8c6669b5c4b49d30a17385265909" "sleep" "infinity", kill_on_drop: false }`
[INFO] [stdout] 86231ed58b30aa4adc5804ac7c7f19c24004595764b5792c8b67c2fb19245543
[INFO] running `Command { std: "docker" "start" "86231ed58b30aa4adc5804ac7c7f19c24004595764b5792c8b67c2fb19245543", kill_on_drop: false }`
[INFO] running `Command { std: "docker" "inspect" "86231ed58b30aa4adc5804ac7c7f19c24004595764b5792c8b67c2fb19245543", kill_on_drop: false }`
[INFO] running `Command { std: "docker" "exec" "-e" "SOURCE_DIR=/opt/rustwide/workdir" "-e" "CARGO_HOME=/opt/rustwide/cargo-home" "-e" "RUSTUP_HOME=/opt/rustwide/rustup-home" "-e" "CARGO_TARGET_DIR=/opt/rustwide/target" "-w" "/opt/rustwide/workdir" "--user" "0:0" "86231ed58b30aa4adc5804ac7c7f19c24004595764b5792c8b67c2fb19245543" "/opt/rustwide/cargo-home/bin/cargo" "+1.100.0-beta.1" "metadata" "--no-deps" "--format-version=1", kill_on_drop: false }`
[INFO] running `Command { std: "docker" "inspect" "86231ed58b30aa4adc5804ac7c7f19c24004595764b5792c8b67c2fb19245543", kill_on_drop: false }`
[INFO] running `Command { std: "docker" "exec" "-e" "SOURCE_DIR=/opt/rustwide/workdir" "-e" "CARGO_HOME=/opt/rustwide/cargo-home" "-e" "RUSTUP_HOME=/opt/rustwide/rustup-home" "-e" "CARGO_TARGET_DIR=/opt/rustwide/target" "-e" "CARGO_INCREMENTAL=0" "-e" "RUST_BACKTRACE=full" "-e" "RUSTFLAGS=--cap-lints=warn" "-e" "RUSTDOCFLAGS=--cap-lints=warn" "-w" "/opt/rustwide/workdir" "--user" "0:0" "86231ed58b30aa4adc5804ac7c7f19c24004595764b5792c8b67c2fb19245543" "/opt/rustwide/cargo-home/bin/cargo" "+1.100.0-beta.1" "build" "--frozen" "--message-format=json", kill_on_drop: false }`
[INFO] [stderr] warning: unused field `authors` in `workspace.package`
[INFO] [stderr]   --> Cargo.toml:14:1
[INFO] [stderr]    |
[INFO] [stderr] 14 | authors = ["Burak <burak.kizilkaya@outlook.com>"]
[INFO] [stderr]    | ^^^^^^^
[INFO] [stderr]    |
[INFO] [stderr]    = note: `cargo::unused_workspace_package_fields` is set to `warn` by default
[INFO] [stderr] help: consider removing the field `workspace.package.authors`
[INFO] [stderr] warning: workspace (manifest) generated 1 warning
[INFO] [stderr] warning: `package.homepage` is redundant with `package.repository`
[INFO] [stderr]  --> src/medi-rs-macros/Cargo.toml:7:1
[INFO] [stderr]   |
[INFO] [stderr] 7 | homepage.workspace = true
[INFO] [stderr]   | ^^^^^^^^
[INFO] [stderr] 8 | repository.workspace = true
[INFO] [stderr]   | ----------
[INFO] [stderr]   |
[INFO] [stderr]   = note: `cargo::redundant_homepage` is set to `warn` by default
[INFO] [stderr] help: consider removing `package.homepage`
[INFO] [stderr] warning: `medi-rs-macros` (manifest) generated 1 warning
[INFO] [stderr] warning: `package.homepage` is redundant with `package.repository`
[INFO] [stderr]  --> src/medi-rs/Cargo.toml:7:1
[INFO] [stderr]   |
[INFO] [stderr] 7 | homepage.workspace = true
[INFO] [stderr]   | ^^^^^^^^
[INFO] [stderr] 8 | repository.workspace = true
[INFO] [stderr]   | ----------
[INFO] [stderr]   |
[INFO] [stderr]   = note: `cargo::redundant_homepage` is set to `warn` by default
[INFO] [stderr] help: consider removing `package.homepage`
[INFO] [stderr] warning: `medi-rs` (manifest) generated 1 warning
[INFO] [stderr]    Compiling futures-sink v0.3.34
[INFO] [stderr]    Compiling futures-core v0.3.34
[INFO] [stderr]    Compiling futures-task v0.3.34
[INFO] [stderr]    Compiling futures-io v0.3.34
[INFO] [stderr]    Compiling syn v3.0.6
[INFO] [stderr]    Compiling futures-channel v0.3.34
[INFO] [stderr]    Compiling futures-util v0.3.34
[INFO] [stderr]    Compiling futures v0.3.34
[INFO] [stderr]    Compiling medi-rs-macros v3.0.0 (/opt/rustwide/workdir/src/medi-rs-macros)
[INFO] [stderr]    Compiling medi-rs v3.0.0 (/opt/rustwide/workdir/src/medi-rs)
[INFO] [stderr]     Finished `dev` profile [unoptimized + debuginfo] target(s) in 5.92s
[INFO] running `Command { std: "docker" "inspect" "86231ed58b30aa4adc5804ac7c7f19c24004595764b5792c8b67c2fb19245543", kill_on_drop: false }`
[INFO] running `Command { std: "docker" "exec" "-e" "SOURCE_DIR=/opt/rustwide/workdir" "-e" "CARGO_HOME=/opt/rustwide/cargo-home" "-e" "RUSTUP_HOME=/opt/rustwide/rustup-home" "-e" "CARGO_TARGET_DIR=/opt/rustwide/target" "-e" "CARGO_INCREMENTAL=0" "-e" "RUST_BACKTRACE=full" "-e" "RUSTFLAGS=--cap-lints=warn" "-e" "RUSTDOCFLAGS=--cap-lints=warn" "-w" "/opt/rustwide/workdir" "--user" "0:0" "86231ed58b30aa4adc5804ac7c7f19c24004595764b5792c8b67c2fb19245543" "/opt/rustwide/cargo-home/bin/cargo" "+1.100.0-beta.1" "test" "--frozen" "--no-run" "--message-format=json", kill_on_drop: false }`
[INFO] [stderr] warning: unused field `authors` in `workspace.package`
[INFO] [stderr]   --> Cargo.toml:14:1
[INFO] [stderr]    |
[INFO] [stderr] 14 | authors = ["Burak <burak.kizilkaya@outlook.com>"]
[INFO] [stderr]    | ^^^^^^^
[INFO] [stderr]    |
[INFO] [stderr]    = note: `cargo::unused_workspace_package_fields` is set to `warn` by default
[INFO] [stderr] help: consider removing the field `workspace.package.authors`
[INFO] [stderr] warning: workspace (manifest) generated 1 warning
[INFO] [stderr] warning: `package.homepage` is redundant with `package.repository`
[INFO] [stderr]  --> src/medi-rs-macros/Cargo.toml:7:1
[INFO] [stderr]   |
[INFO] [stderr] 7 | homepage.workspace = true
[INFO] [stderr]   | ^^^^^^^^
[INFO] [stderr] 8 | repository.workspace = true
[INFO] [stderr]   | ----------
[INFO] [stderr]   |
[INFO] [stderr]   = note: `cargo::redundant_homepage` is set to `warn` by default
[INFO] [stderr] help: consider removing `package.homepage`
[INFO] [stderr] warning: `medi-rs-macros` (manifest) generated 1 warning
[INFO] [stderr] warning: `package.homepage` is redundant with `package.repository`
[INFO] [stderr]  --> src/medi-rs/Cargo.toml:7:1
[INFO] [stderr]   |
[INFO] [stderr] 7 | homepage.workspace = true
[INFO] [stderr]   | ^^^^^^^^
[INFO] [stderr] 8 | repository.workspace = true
[INFO] [stderr]   | ----------
[INFO] [stderr]   |
[INFO] [stderr]   = note: `cargo::redundant_homepage` is set to `warn` by default
[INFO] [stderr] help: consider removing `package.homepage`
[INFO] [stderr] warning: `medi-rs` (manifest) generated 1 warning
[INFO] [stderr]    Compiling syn v3.0.6
[INFO] [stderr]    Compiling serde_core v1.0.229
[INFO] [stderr]    Compiling memchr v2.8.3
[INFO] [stderr]    Compiling syn v2.0.119
[INFO] [stderr]    Compiling futures-sink v0.3.34
[INFO] [stderr]    Compiling futures-core v0.3.34
[INFO] [stderr]    Compiling futures-task v0.3.34
[INFO] [stderr]    Compiling libc v0.2.189
[INFO] [stderr]    Compiling slab v0.4.12
[INFO] [stderr]    Compiling futures-io v0.3.34
[INFO] [stderr]    Compiling rand_core v0.10.1
[INFO] [stderr]    Compiling serde v1.0.229
[INFO] [stderr]    Compiling getrandom v0.4.3
[INFO] [stderr]    Compiling winnow v1.0.4
[INFO] [stderr]    Compiling target-tuple v1.0.2
[INFO] [stderr]    Compiling embassy-executor v0.10.0
[INFO] [stderr]    Compiling anyhow v1.0.104
[INFO] [stderr]    Compiling futures-channel v0.3.34
[INFO] [stderr]    Compiling thiserror v2.0.21
[INFO] [stderr]    Compiling toml_writer v1.1.2+spec-1.1.0
[INFO] [stderr]    Compiling litrs v1.0.0
[INFO] [stderr]    Compiling cpufeatures v0.3.1
[INFO] [stderr]    Compiling chacha20 v0.10.2
[INFO] [stderr]    Compiling glob v0.3.4
[INFO] [stderr]    Compiling embassy-executor-timer-queue v0.1.0
[INFO] [stderr]    Compiling cordyceps v0.3.5
[INFO] [stderr]    Compiling critical-section v1.2.0
[INFO] [stderr]    Compiling toml_parser v1.1.3+spec-1.1.0
[INFO] [stderr]    Compiling document-features v0.2.12
[INFO] [stderr]    Compiling rand v0.10.3
[INFO] [stderr]    Compiling darling_core v0.20.11
[INFO] [stderr]    Compiling toml_datetime v1.1.1+spec-1.1.0
[INFO] [stderr]    Compiling serde_spanned v1.1.1
[INFO] [stderr]    Compiling serde_json v1.0.151
[INFO] [stderr]    Compiling toml v1.1.5+spec-1.1.0
[INFO] [stderr]    Compiling futures-macro v0.3.34
[INFO] [stderr]    Compiling medi-rs-macros v3.0.0 (/opt/rustwide/workdir/src/medi-rs-macros)
[INFO] [stderr]    Compiling thiserror-impl v2.0.21
[INFO] [stderr]    Compiling tokio-macros v2.7.2
[INFO] [stderr]    Compiling serde_derive v1.0.229
[INFO] [stderr]    Compiling async-trait v0.1.92
[INFO] [stderr]    Compiling tokio v1.53.1
[INFO] [stderr]    Compiling futures-util v0.3.34
[INFO] [stderr]    Compiling darling_macro v0.20.11
[INFO] [stderr]    Compiling darling v0.20.11
[INFO] [stderr]    Compiling embassy-executor-macros v0.8.0
[INFO] [stderr]    Compiling trybuild v1.0.121
[INFO] [stderr]    Compiling futures-executor v0.3.34
[INFO] [stderr]    Compiling futures v0.3.34
[INFO] [stderr]    Compiling medi-rs v3.0.0 (/opt/rustwide/workdir/src/medi-rs)
[INFO] [stderr]     Finished `test` profile [unoptimized + debuginfo] target(s) in 29.03s
[INFO] running `Command { std: "docker" "inspect" "86231ed58b30aa4adc5804ac7c7f19c24004595764b5792c8b67c2fb19245543", kill_on_drop: false }`
[INFO] running `Command { std: "docker" "exec" "-e" "SOURCE_DIR=/opt/rustwide/workdir" "-e" "CARGO_HOME=/opt/rustwide/cargo-home" "-e" "RUSTUP_HOME=/opt/rustwide/rustup-home" "-e" "CARGO_TARGET_DIR=/opt/rustwide/target" "-e" "CARGO_INCREMENTAL=0" "-e" "RUST_BACKTRACE=full" "-e" "RUSTFLAGS=--cap-lints=warn" "-e" "RUSTDOCFLAGS=--cap-lints=warn" "-w" "/opt/rustwide/workdir" "--user" "0:0" "86231ed58b30aa4adc5804ac7c7f19c24004595764b5792c8b67c2fb19245543" "/opt/rustwide/cargo-home/bin/cargo" "+1.100.0-beta.1" "test" "--frozen", kill_on_drop: false }`
[INFO] [stderr] warning: unused field `authors` in `workspace.package`
[INFO] [stderr]   --> Cargo.toml:14:1
[INFO] [stderr]    |
[INFO] [stderr] 14 | authors = ["Burak <burak.kizilkaya@outlook.com>"]
[INFO] [stderr]    | ^^^^^^^
[INFO] [stderr]    |
[INFO] [stderr]    = note: `cargo::unused_workspace_package_fields` is set to `warn` by default
[INFO] [stderr] help: consider removing the field `workspace.package.authors`
[INFO] [stderr] warning: workspace (manifest) generated 1 warning
[INFO] [stderr] warning: `package.homepage` is redundant with `package.repository`
[INFO] [stderr]  --> src/medi-rs-macros/Cargo.toml:7:1
[INFO] [stderr]   |
[INFO] [stderr] 7 | homepage.workspace = true
[INFO] [stderr]   | ^^^^^^^^
[INFO] [stderr] 8 | repository.workspace = true
[INFO] [stderr]   | ----------
[INFO] [stderr]   |
[INFO] [stderr]   = note: `cargo::redundant_homepage` is set to `warn` by default
[INFO] [stderr] help: consider removing `package.homepage`
[INFO] [stderr] warning: `medi-rs-macros` (manifest) generated 1 warning
[INFO] [stderr] warning: `package.homepage` is redundant with `package.repository`
[INFO] [stderr]  --> src/medi-rs/Cargo.toml:7:1
[INFO] [stderr]   |
[INFO] [stderr] 7 | homepage.workspace = true
[INFO] [stderr]   | ^^^^^^^^
[INFO] [stderr] 8 | repository.workspace = true
[INFO] [stderr]   | ----------
[INFO] [stderr]   |
[INFO] [stderr]   = note: `cargo::redundant_homepage` is set to `warn` by default
[INFO] [stderr] help: consider removing `package.homepage`
[INFO] [stderr] warning: `medi-rs` (manifest) generated 1 warning
[INFO] [stderr]     Finished `test` profile [unoptimized + debuginfo] target(s) in 0.14s
[INFO] [stderr]      Running unittests src/lib.rs (/opt/rustwide/target/debug/build/medi-rs/729474d61d0071e2/out/medi_rs-729474d61d0071e2)
[INFO] [stdout] 
[INFO] [stdout] running 2 tests
[INFO] [stdout] test tlist::tests::gets_nested_resource ... ok
[INFO] [stdout] test tlist::tests::gets_head_resource ... ok
[INFO] [stdout] 
[INFO] [stdout] test result: ok. 2 passed; 0 failed; 0 ignored; 0 measured; 0 filtered out; finished in 0.00s
[INFO] [stdout] 
[INFO] [stderr]      Running tests/01_test_ping_pong_request_response.rs (/opt/rustwide/target/debug/build/medi-rs/9eb5d61acf532f9d/out/01_test_ping_pong_request_response-9eb5d61acf532f9d)
[INFO] [stdout] 
[INFO] [stdout] running 0 tests
[INFO] [stdout] 
[INFO] [stdout] test result: ok. 0 passed; 0 failed; 0 ignored; 0 measured; 0 filtered out; finished in 0.00s
[INFO] [stdout] 
[INFO] [stderr]      Running tests/02_test_duration_request_response.rs (/opt/rustwide/target/debug/build/medi-rs/9341d06ae09411c5/out/02_test_duration_request_response-9341d06ae09411c5)
[INFO] [stdout] 
[INFO] [stdout] running 0 tests
[INFO] [stdout] 
[INFO] [stdout] test result: ok. 0 passed; 0 failed; 0 ignored; 0 measured; 0 filtered out; finished in 0.00s
[INFO] [stdout] 
[INFO] [stderr]      Running tests/03_test_request_with_resource.rs (/opt/rustwide/target/debug/build/medi-rs/d3fc4297ed1b7618/out/03_test_request_with_resource-d3fc4297ed1b7618)
[INFO] [stdout] 
[INFO] [stdout] running 0 tests
[INFO] [stdout] 
[INFO] [stdout] test result: ok. 0 passed; 0 failed; 0 ignored; 0 measured; 0 filtered out; finished in 0.00s
[INFO] [stdout] 
[INFO] [stderr]      Running tests/04_test_dependency_injection.rs (/opt/rustwide/target/debug/build/medi-rs/f16d0116929e5740/out/04_test_dependency_injection-f16d0116929e5740)
[INFO] [stdout] 
[INFO] [stdout] running 0 tests
[INFO] [stdout] 
[INFO] [stdout] test result: ok. 0 passed; 0 failed; 0 ignored; 0 measured; 0 filtered out; finished in 0.00s
[INFO] [stdout] 
[INFO] [stderr]      Running tests/05_test_error_handling.rs (/opt/rustwide/target/debug/build/medi-rs/7f032344d6f14571/out/05_test_error_handling-7f032344d6f14571)
[INFO] [stdout] 
[INFO] [stdout] running 0 tests
[INFO] [stdout] 
[INFO] [stdout] test result: ok. 0 passed; 0 failed; 0 ignored; 0 measured; 0 filtered out; finished in 0.00s
[INFO] [stdout] 
[INFO] [stderr]      Running tests/06_test_bus_as_resource.rs (/opt/rustwide/target/debug/build/medi-rs/96a49eba6cd86003/out/06_test_bus_as_resource-96a49eba6cd86003)
[INFO] [stderr]      Running tests/07_test_event.rs (/opt/rustwide/target/debug/build/medi-rs/a996ef1a112ad643/out/07_test_event-a996ef1a112ad643)
[INFO] [stdout] 
[INFO] [stdout] running 0 tests
[INFO] [stdout] 
[INFO] [stdout] test result: ok. 0 passed; 0 failed; 0 ignored; 0 measured; 0 filtered out; finished in 0.00s
[INFO] [stdout] 
[INFO] [stdout] 
[INFO] [stdout] running 0 tests
[INFO] [stdout] 
[INFO] [stdout] test result: ok. 0 passed; 0 failed; 0 ignored; 0 measured; 0 filtered out; finished in 0.00s
[INFO] [stdout] 
[INFO] [stderr]      Running tests/08_test_async_dependency.rs (/opt/rustwide/target/debug/build/medi-rs/13b161d887cce59a/out/08_test_async_dependency-13b161d887cce59a)
[INFO] [stdout] 
[INFO] [stdout] running 0 tests
[INFO] [stdout] 
[INFO] [stdout] test result: ok. 0 passed; 0 failed; 0 ignored; 0 measured; 0 filtered out; finished in 0.00s
[INFO] [stdout] 
[INFO] [stderr]      Running tests/09_test_command_return_types.rs (/opt/rustwide/target/debug/build/medi-rs/4dcd4c7610651ba4/out/09_test_command_return_types-4dcd4c7610651ba4)
[INFO] [stdout] 
[INFO] [stdout] running 0 tests
[INFO] [stdout] 
[INFO] [stdout] test result: ok. 0 passed; 0 failed; 0 ignored; 0 measured; 0 filtered out; finished in 0.00s
[INFO] [stdout] 
[INFO] [stderr]      Running tests/10_test_generated_mediator.rs (/opt/rustwide/target/debug/build/medi-rs/e92b9532190c61e0/out/10_test_generated_mediator-e92b9532190c61e0)
[INFO] [stdout] 
[INFO] [stdout] running 0 tests
[INFO] [stdout] 
[INFO] [stdout] test result: ok. 0 passed; 0 failed; 0 ignored; 0 measured; 0 filtered out; finished in 0.00s
[INFO] [stdout] 
[INFO] [stderr]      Running tests/11_test_module_composition.rs (/opt/rustwide/target/debug/build/medi-rs/320849933e8ac352/out/11_test_module_composition-320849933e8ac352)
[INFO] [stderr]      Running tests/12_test_macro_diagnostics.rs (/opt/rustwide/target/debug/build/medi-rs/ce931af138e39a05/out/12_test_macro_diagnostics-ce931af138e39a05)
[INFO] [stdout] 
[INFO] [stdout] running 0 tests
[INFO] [stdout] 
[INFO] [stdout] test result: ok. 0 passed; 0 failed; 0 ignored; 0 measured; 0 filtered out; finished in 0.00s
[INFO] [stdout] 
[INFO] [stdout] 
[INFO] [stdout] running 1 test
[INFO] [stderr] warning: `package.homepage` is redundant with `package.repository`
[INFO] [stderr]  --> /opt/rustwide/workdir/src/medi-rs-macros/Cargo.toml:7:1
[INFO] [stderr]   |
[INFO] [stderr] 7 | homepage.workspace = true
[INFO] [stderr]   | ^^^^^^^^
[INFO] [stderr] 8 | repository.workspace = true
[INFO] [stderr]   | ----------
[INFO] [stderr]   |
[INFO] [stderr]   = note: `cargo::redundant_homepage` is set to `warn` by default
[INFO] [stderr] help: consider removing `package.homepage`
[INFO] [stderr] warning: `medi-rs-macros` (manifest) generated 1 warning
[INFO] [stderr] warning: `package.homepage` is redundant with `package.repository`
[INFO] [stderr]  --> /opt/rustwide/workdir/src/medi-rs/Cargo.toml:7:1
[INFO] [stderr]   |
[INFO] [stderr] 7 | homepage.workspace = true
[INFO] [stderr]   | ^^^^^^^^
[INFO] [stderr] 8 | repository.workspace = true
[INFO] [stderr]   | ----------
[INFO] [stderr]   |
[INFO] [stderr]   = note: `cargo::redundant_homepage` is set to `warn` by default
[INFO] [stderr] help: consider removing `package.homepage`
[INFO] [stderr] warning: `medi-rs` (manifest) generated 1 warning
[INFO] [stderr]    Compiling proc-macro2 v1.0.107
[INFO] [stderr]    Compiling unicode-ident v1.0.24
[INFO] [stderr]    Compiling quote v1.0.47
[INFO] [stderr]    Compiling ident_case v1.0.1
[INFO] [stderr]     Checking futures-core v0.3.34
[INFO] [stderr]     Checking pin-project-lite v0.2.17
[INFO] [stderr]    Compiling fnv v1.0.7
[INFO] [stderr]     Checking futures-sink v0.3.34
[INFO] [stderr]    Compiling strsim v0.11.1
[INFO] [stderr]     Checking memchr v2.8.3
[INFO] [stderr]    Compiling libc v0.2.189
[INFO] [stderr]     Checking futures-io v0.3.34
[INFO] [stderr]     Checking futures-task v0.3.34
[INFO] [stderr]     Checking slab v0.4.12
[INFO] [stderr]     Checking rand_core v0.10.1
[INFO] [stderr]    Compiling getrandom v0.4.3
[INFO] [stderr]     Checking cfg-if v1.0.4
[INFO] [stderr]    Compiling anyhow v1.0.104
[INFO] [stderr]    Compiling thiserror v2.0.21
[INFO] [stderr]    Compiling litrs v1.0.0
[INFO] [stderr]     Checking cpufeatures v0.3.1
[INFO] [stderr]     Checking futures-channel v0.3.34
[INFO] [stderr]    Compiling embassy-executor v0.10.0
[INFO] [stderr]     Checking critical-section v1.2.0
[INFO] [stderr]     Checking embassy-executor-timer-queue v0.1.0
[INFO] [stderr]     Checking cordyceps v0.3.5
[INFO] [stderr]     Checking chacha20 v0.10.2
[INFO] [stderr]    Compiling document-features v0.2.12
[INFO] [stderr]    Compiling syn v3.0.6
[INFO] [stderr]    Compiling syn v2.0.119
[INFO] [stderr]     Checking rand v0.10.3
[INFO] [stderr]    Compiling futures-macro v0.3.34
[INFO] [stderr]    Compiling thiserror-impl v2.0.21
[INFO] [stderr]    Compiling tokio-macros v2.7.2
[INFO] [stderr]    Compiling medi-rs-macros v3.0.0 (/opt/rustwide/workdir/src/medi-rs-macros)
[INFO] [stderr]    Compiling async-trait v0.1.92
[INFO] [stderr]    Compiling darling_core v0.20.11
[INFO] [stderr]     Checking tokio v1.53.1
[INFO] [stderr]     Checking futures-util v0.3.34
[INFO] [stderr]    Compiling darling_macro v0.20.11
[INFO] [stderr]    Compiling darling v0.20.11
[INFO] [stderr]    Compiling embassy-executor-macros v0.8.0
[INFO] [stderr]     Checking futures-executor v0.3.34
[INFO] [stderr]     Checking futures v0.3.34
[INFO] [stderr]     Checking medi-rs v3.0.0 (/opt/rustwide/workdir/src/medi-rs)
[INFO] [stderr]     Checking medi-rs-tests v0.0.0 (/opt/rustwide/target/tests/trybuild/medi-rs)
[INFO] [stderr]     Finished `dev` profile [unoptimized + debuginfo] target(s) in 24.52s
[INFO] [stderr] 
[INFO] [stderr] 
[INFO] [stderr] test tests/ui/duplicate_command.rs ... mismatch
[INFO] [stderr] 
[INFO] [stderr] EXPECTED:
[INFO] [stderr] ┈┈┈┈┈┈┈┈┈┈┈┈┈┈┈┈┈┈┈┈┈┈┈┈┈┈┈┈┈┈┈┈┈┈┈┈┈┈┈┈┈┈┈┈┈┈┈┈┈┈┈┈┈┈┈┈┈┈┈┈
[INFO] [stderr] error: duplicate command registration for `CreateUser`
[INFO] [stderr]   --> tests/ui/duplicate_command.rs:17:20
[INFO] [stderr]    |
[INFO] [stderr] 17 |           commands { CreateUser => create_user_again; }
[INFO] [stderr]    |                      ^^^^^^^^^^
[INFO] [stderr] ...
[INFO] [stderr] 24 | / mediator! {
[INFO] [stderr] 25 | |     pub struct AppMediator {
[INFO] [stderr] 26 | |         event_queue_capacity: 16;
[INFO] [stderr] 27 | |         event_workers: 1;
[INFO] [stderr] ...  |
[INFO] [stderr] 30 | | }
[INFO] [stderr]    | |_- in this macro invocation
[INFO] [stderr]    |
[INFO] [stderr]    = note: this error originates in the macro `second_manifest` which comes from the expansion of the macro `mediator` (in Nightly builds, run with -Z macro-backtrace for more info)
[INFO] [stderr] 
[INFO] [stderr] error: first command registration for `CreateUser` is here
[INFO] [stderr]   --> tests/ui/duplicate_command.rs:8:20
[INFO] [stderr]    |
[INFO] [stderr]  8 |           commands { CreateUser => create_user; }
[INFO] [stderr]    |                      ^^^^^^^^^^
[INFO] [stderr] ...
[INFO] [stderr] 24 | / mediator! {
[INFO] [stderr] 25 | |     pub struct AppMediator {
[INFO] [stderr] 26 | |         event_queue_capacity: 16;
[INFO] [stderr] 27 | |         event_workers: 1;
[INFO] [stderr] ...  |
[INFO] [stderr] 30 | | }
[INFO] [stderr]    | |_- in this macro invocation
[INFO] [stderr]    |
[INFO] [stderr]    = note: this error originates in the macro `first_manifest` which comes from the expansion of the macro `mediator` (in Nightly builds, run with -Z macro-backtrace for more info)
[INFO] [stderr] ┈┈┈┈┈┈┈┈┈┈┈┈┈┈┈┈┈┈┈┈┈┈┈┈┈┈┈┈┈┈┈┈┈┈┈┈┈┈┈┈┈┈┈┈┈┈┈┈┈┈┈┈┈┈┈┈┈┈┈┈
[INFO] [stderr] 
[INFO] [stderr] ACTUAL OUTPUT:
[INFO] [stderr] ┈┈┈┈┈┈┈┈┈┈┈┈┈┈┈┈┈┈┈┈┈┈┈┈┈┈┈┈┈┈┈┈┈┈┈┈┈┈┈┈┈┈┈┈┈┈┈┈┈┈┈┈┈┈┈┈┈┈┈┈
[INFO] [stderr] error: duplicate command registration for `CreateUser`
[INFO] [stderr]   --> tests/ui/duplicate_command.rs:17:20
[INFO] [stderr]    |
[INFO] [stderr] 15 | /     medi_module! {
[INFO] [stderr] 16 | |         manifest second_manifest;
[INFO] [stderr] 17 | |         commands { CreateUser => create_user_again; }
[INFO] [stderr]    | |                    ^^^^^^^^^^
[INFO] [stderr] 18 | |     }
[INFO] [stderr]    | |_____- this error originates in the macro `second_manifest` which comes from the expansion of the macro `mediator`
[INFO] [stderr] ...
[INFO] [stderr] 24 | / mediator! {
[INFO] [stderr] 25 | |     pub struct AppMediator {
[INFO] [stderr] 26 | |         event_queue_capacity: 16;
[INFO] [stderr] 27 | |         event_workers: 1;
[INFO] [stderr] ...  |
[INFO] [stderr] 30 | | }
[INFO] [stderr]    | |_- in this macro invocation
[INFO] [stderr] 
[INFO] [stderr] error: first command registration for `CreateUser` is here
[INFO] [stderr]   --> tests/ui/duplicate_command.rs:8:20
[INFO] [stderr]    |
[INFO] [stderr]  6 | /     medi_module! {
[INFO] [stderr]  7 | |         manifest first_manifest;
[INFO] [stderr]  8 | |         commands { CreateUser => create_user; }
[INFO] [stderr]    | |                    ^^^^^^^^^^
[INFO] [stderr]  9 | |     }
[INFO] [stderr]    | |_____- this error originates in the macro `first_manifest` which comes from the expansion of the macro `mediator`
[INFO] [stderr] ...
[INFO] [stderr] 24 | / mediator! {
[INFO] [stderr] 25 | |     pub struct AppMediator {
[INFO] [stderr] 26 | |         event_queue_capacity: 16;
[INFO] [stderr] 27 | |         event_workers: 1;
[INFO] [stderr] ...  |
[INFO] [stderr] 30 | | }
[INFO] [stderr]    | |_- in this macro invocation
[INFO] [stderr] ┈┈┈┈┈┈┈┈┈┈┈┈┈┈┈┈┈┈┈┈┈┈┈┈┈┈┈┈┈┈┈┈┈┈┈┈┈┈┈┈┈┈┈┈┈┈┈┈┈┈┈┈┈┈┈┈┈┈┈┈
[INFO] [stderr] note: If the actual output is the correct output you can bless it by rerunning
[INFO] [stderr]       your test with the environment variable TRYBUILD=overwrite
[INFO] [stderr] 
[INFO] [stderr] test tests/ui/duplicate_resource.rs ... mismatch
[INFO] [stderr] 
[INFO] [stderr] EXPECTED:
[INFO] [stderr] ┈┈┈┈┈┈┈┈┈┈┈┈┈┈┈┈┈┈┈┈┈┈┈┈┈┈┈┈┈┈┈┈┈┈┈┈┈┈┈┈┈┈┈┈┈┈┈┈┈┈┈┈┈┈┈┈┈┈┈┈
[INFO] [stderr] error: duplicate resource registration for `Database`
[INFO] [stderr]   --> tests/ui/duplicate_resource.rs:17:31
[INFO] [stderr]    |
[INFO] [stderr] 17 |           resources { database: Database; }
[INFO] [stderr]    |                                 ^^^^^^^^
[INFO] [stderr] ...
[INFO] [stderr] 24 | / mediator! {
[INFO] [stderr] 25 | |     pub struct AppMediator {
[INFO] [stderr] 26 | |         event_queue_capacity: 16;
[INFO] [stderr] 27 | |         event_workers: 1;
[INFO] [stderr] ...  |
[INFO] [stderr] 30 | | }
[INFO] [stderr]    | |_- in this macro invocation
[INFO] [stderr]    |
[INFO] [stderr]    = note: this error originates in the macro `second_manifest` which comes from the expansion of the macro `mediator` (in Nightly builds, run with -Z macro-backtrace for more info)
[INFO] [stderr] 
[INFO] [stderr] error: first resource registration for `Database` is here
[INFO] [stderr]   --> tests/ui/duplicate_resource.rs:8:31
[INFO] [stderr]    |
[INFO] [stderr]  8 |           resources { database: Database; }
[INFO] [stderr]    |                                 ^^^^^^^^
[INFO] [stderr] ...
[INFO] [stderr] 24 | / mediator! {
[INFO] [stderr] 25 | |     pub struct AppMediator {
[INFO] [stderr] 26 | |         event_queue_capacity: 16;
[INFO] [stderr] 27 | |         event_workers: 1;
[INFO] [stderr] ...  |
[INFO] [stderr] 30 | | }
[INFO] [stderr]    | |_- in this macro invocation
[INFO] [stderr]    |
[INFO] [stderr]    = note: this error originates in the macro `first_manifest` which comes from the expansion of the macro `mediator` (in Nightly builds, run with -Z macro-backtrace for more info)
[INFO] [stderr] 
[INFO] [stderr] error: duplicate builder resource name `database`
[INFO] [stderr]   --> tests/ui/duplicate_resource.rs:17:21
[INFO] [stderr]    |
[INFO] [stderr] 17 |           resources { database: Database; }
[INFO] [stderr]    |                       ^^^^^^^^
[INFO] [stderr] ...
[INFO] [stderr] 24 | / mediator! {
[INFO] [stderr] 25 | |     pub struct AppMediator {
[INFO] [stderr] 26 | |         event_queue_capacity: 16;
[INFO] [stderr] 27 | |         event_workers: 1;
[INFO] [stderr] ...  |
[INFO] [stderr] 30 | | }
[INFO] [stderr]    | |_- in this macro invocation
[INFO] [stderr]    |
[INFO] [stderr]    = note: this error originates in the macro `second_manifest` which comes from the expansion of the macro `mediator` (in Nightly builds, run with -Z macro-backtrace for more info)
[INFO] [stderr] 
[INFO] [stderr] error: first builder resource name `database` is here
[INFO] [stderr]   --> tests/ui/duplicate_resource.rs:8:21
[INFO] [stderr]    |
[INFO] [stderr]  8 |           resources { database: Database; }
[INFO] [stderr]    |                       ^^^^^^^^
[INFO] [stderr] ...
[INFO] [stderr] 24 | / mediator! {
[INFO] [stderr] 25 | |     pub struct AppMediator {
[INFO] [stderr] 26 | |         event_queue_capacity: 16;
[INFO] [stderr] 27 | |         event_workers: 1;
[INFO] [stderr] ...  |
[INFO] [stderr] 30 | | }
[INFO] [stderr]    | |_- in this macro invocation
[INFO] [stderr]    |
[INFO] [stderr]    = note: this error originates in the macro `first_manifest` which comes from the expansion of the macro `mediator` (in Nightly builds, run with -Z macro-backtrace for more info)
[INFO] [stderr] ┈┈┈┈┈┈┈┈┈┈┈┈┈┈┈┈┈┈┈┈┈┈┈┈┈┈┈┈┈┈┈┈┈┈┈┈┈┈┈┈┈┈┈┈┈┈┈┈┈┈┈┈┈┈┈┈┈┈┈┈
[INFO] [stderr] 
[INFO] [stderr] ACTUAL OUTPUT:
[INFO] [stderr] ┈┈┈┈┈┈┈┈┈┈┈┈┈┈┈┈┈┈┈┈┈┈┈┈┈┈┈┈┈┈┈┈┈┈┈┈┈┈┈┈┈┈┈┈┈┈┈┈┈┈┈┈┈┈┈┈┈┈┈┈
[INFO] [stderr] error: duplicate resource registration for `Database`
[INFO] [stderr]   --> tests/ui/duplicate_resource.rs:17:31
[INFO] [stderr]    |
[INFO] [stderr] 15 | /     medi_module! {
[INFO] [stderr] 16 | |         manifest second_manifest;
[INFO] [stderr] 17 | |         resources { database: Database; }
[INFO] [stderr]    | |                               ^^^^^^^^
[INFO] [stderr] 18 | |     }
[INFO] [stderr]    | |_____- this error originates in the macro `second_manifest` which comes from the expansion of the macro `mediator`
[INFO] [stderr] ...
[INFO] [stderr] 24 | / mediator! {
[INFO] [stderr] 25 | |     pub struct AppMediator {
[INFO] [stderr] 26 | |         event_queue_capacity: 16;
[INFO] [stderr] 27 | |         event_workers: 1;
[INFO] [stderr] ...  |
[INFO] [stderr] 30 | | }
[INFO] [stderr]    | |_- in this macro invocation
[INFO] [stderr] 
[INFO] [stderr] error: first resource registration for `Database` is here
[INFO] [stderr]   --> tests/ui/duplicate_resource.rs:8:31
[INFO] [stderr]    |
[INFO] [stderr]  6 | /     medi_module! {
[INFO] [stderr]  7 | |         manifest first_manifest;
[INFO] [stderr]  8 | |         resources { database: Database; }
[INFO] [stderr]    | |                               ^^^^^^^^
[INFO] [stderr]  9 | |     }
[INFO] [stderr]    | |_____- this error originates in the macro `first_manifest` which comes from the expansion of the macro `mediator`
[INFO] [stderr] ...
[INFO] [stderr] 24 | / mediator! {
[INFO] [stderr] 25 | |     pub struct AppMediator {
[INFO] [stderr] 26 | |         event_queue_capacity: 16;
[INFO] [stderr] 27 | |         event_workers: 1;
[INFO] [stderr] ...  |
[INFO] [stderr] 30 | | }
[INFO] [stderr]    | |_- in this macro invocation
[INFO] [stderr] 
[INFO] [stderr] error: duplicate builder resource name `database`
[INFO] [stderr]   --> tests/ui/duplicate_resource.rs:17:21
[INFO] [stderr]    |
[INFO] [stderr] 15 | /     medi_module! {
[INFO] [stderr] 16 | |         manifest second_manifest;
[INFO] [stderr] 17 | |         resources { database: Database; }
[INFO] [stderr]    | |                     ^^^^^^^^
[INFO] [stderr] 18 | |     }
[INFO] [stderr]    | |_____- this error originates in the macro `second_manifest` which comes from the expansion of the macro `mediator`
[INFO] [stderr] ...
[INFO] [stderr] 24 | / mediator! {
[INFO] [stderr] 25 | |     pub struct AppMediator {
[INFO] [stderr] 26 | |         event_queue_capacity: 16;
[INFO] [stderr] 27 | |         event_workers: 1;
[INFO] [stderr] ...  |
[INFO] [stderr] 30 | | }
[INFO] [stderr]    | |_- in this macro invocation
[INFO] [stderr] 
[INFO] [stderr] error: first builder resource name `database` is here
[INFO] [stderr]   --> tests/ui/duplicate_resource.rs:8:21
[INFO] [stderr]    |
[INFO] [stderr]  6 | /     medi_module! {
[INFO] [stderr]  7 | |         manifest first_manifest;
[INFO] [stderr]  8 | |         resources { database: Database; }
[INFO] [stderr]    | |                     ^^^^^^^^
[INFO] [stderr]  9 | |     }
[INFO] [stderr]    | |_____- this error originates in the macro `first_manifest` which comes from the expansion of the macro `mediator`
[INFO] [stderr] ...
[INFO] [stderr] 24 | / mediator! {
[INFO] [stderr] 25 | |     pub struct AppMediator {
[INFO] [stderr] 26 | |         event_queue_capacity: 16;
[INFO] [stderr] 27 | |         event_workers: 1;
[INFO] [stderr] ...  |
[INFO] [stderr] 30 | | }
[INFO] [stderr]    | |_- in this macro invocation
[INFO] [stderr] ┈┈┈┈┈┈┈┈┈┈┈┈┈┈┈┈┈┈┈┈┈┈┈┈┈┈┈┈┈┈┈┈┈┈┈┈┈┈┈┈┈┈┈┈┈┈┈┈┈┈┈┈┈┈┈┈┈┈┈┈
[INFO] [stderr] note: If the actual output is the correct output you can bless it by rerunning
[INFO] [stderr]       your test with the environment variable TRYBUILD=overwrite
[INFO] [stderr] 
[INFO] [stderr] test tests/ui/unnamed_resource.rs ... ok
[INFO] [stderr] test tests/ui/missing_resource.rs ... mismatch
[INFO] [stderr] 
[INFO] [stderr] EXPECTED:
[INFO] [stderr] ┈┈┈┈┈┈┈┈┈┈┈┈┈┈┈┈┈┈┈┈┈┈┈┈┈┈┈┈┈┈┈┈┈┈┈┈┈┈┈┈┈┈┈┈┈┈┈┈┈┈┈┈┈┈┈┈┈┈┈┈
[INFO] [stderr] error[E0277]: the trait bound `(): medi_rs::tlist::Get<UserRepository, _>` is not satisfied
[INFO] [stderr]   --> tests/ui/missing_resource.rs:19:5
[INFO] [stderr]    |
[INFO] [stderr] 19 | /     medi_module! {
[INFO] [stderr] 20 | |         manifest users_manifest;
[INFO] [stderr] 21 | |         commands { CreateUser => create_user; }
[INFO] [stderr]    | |                                  ----------- required by a bound introduced by this call
[INFO] [stderr] 22 | |     }
[INFO] [stderr]    | |_____^ the trait `medi_rs::tlist::Get<UserRepository, _>` is not implemented for `()`
[INFO] [stderr] ...
[INFO] [stderr] 27 | / mediator! {
[INFO] [stderr] 28 | |     pub struct AppMediator {
[INFO] [stderr] 29 | |         event_queue_capacity: 16;
[INFO] [stderr] 30 | |         event_workers: 1;
[INFO] [stderr] ...  |
[INFO] [stderr] 33 | | }
[INFO] [stderr]    | |_- in this macro invocation
[INFO] [stderr]    |
[INFO] [stderr] help: the following other types implement trait `medi_rs::tlist::Get<T, I>`
[INFO] [stderr]   --> src/tlist.rs
[INFO] [stderr]    |
[INFO] [stderr]    | / impl<T, Tail> Get<T, Here> for (T, Tail)
[INFO] [stderr]    | | where
[INFO] [stderr]    | |     T: Clone,
[INFO] [stderr]    | |_____________^ `(T, Tail)` implements `medi_rs::tlist::Get<T, medi_rs::tlist::Here>`
[INFO] [stderr] ...
[INFO] [stderr]    | / impl<T, Head, Tail, I> Get<T, There<I>> for (Head, Tail)
[INFO] [stderr]    | | where
[INFO] [stderr]    | |     Tail: Get<T, I>,
[INFO] [stderr]    | |____________________^ `(Head, Tail)` implements `medi_rs::tlist::Get<T, medi_rs::tlist::There<I>>`
[INFO] [stderr] note: required by a bound in `__medi_handler_create_user`
[INFO] [stderr]   --> tests/ui/missing_resource.rs:11:1
[INFO] [stderr]    |
[INFO] [stderr] 11 | #[medi_handler]
[INFO] [stderr]    | ^^^^^^^^^^^^^^^ required by this bound in `__medi_handler_create_user`
[INFO] [stderr]    = note: this error originates in the macro `$crate::__medi_rs_finalize_composition` which comes from the expansion of the attribute macro `medi_handler` (in Nightly builds, run with -Z macro-backtrace for more info)
[INFO] [stderr] 
[INFO] [stderr] error[E0277]: the trait bound `(): medi_rs::tlist::Get<UserRepository, _>` is not satisfied
[INFO] [stderr]   --> tests/ui/missing_resource.rs:21:34
[INFO] [stderr]    |
[INFO] [stderr] 21 |           commands { CreateUser => create_user; }
[INFO] [stderr]    |                                    ^^^^^^^^^^^ the trait `medi_rs::tlist::Get<UserRepository, _>` is not implemented for `()`
[INFO] [stderr] ...
[INFO] [stderr] 27 | / mediator! {
[INFO] [stderr] 28 | |     pub struct AppMediator {
[INFO] [stderr] 29 | |         event_queue_capacity: 16;
[INFO] [stderr] 30 | |         event_workers: 1;
[INFO] [stderr] ...  |
[INFO] [stderr] 33 | | }
[INFO] [stderr]    | |_- in this macro invocation
[INFO] [stderr]    |
[INFO] [stderr] help: the following other types implement trait `medi_rs::tlist::Get<T, I>`
[INFO] [stderr]   --> src/tlist.rs
[INFO] [stderr]    |
[INFO] [stderr]    | / impl<T, Tail> Get<T, Here> for (T, Tail)
[INFO] [stderr]    | | where
[INFO] [stderr]    | |     T: Clone,
[INFO] [stderr]    | |_____________^ `(T, Tail)` implements `medi_rs::tlist::Get<T, medi_rs::tlist::Here>`
[INFO] [stderr] ...
[INFO] [stderr]    | / impl<T, Head, Tail, I> Get<T, There<I>> for (Head, Tail)
[INFO] [stderr]    | | where
[INFO] [stderr]    | |     Tail: Get<T, I>,
[INFO] [stderr]    | |____________________^ `(Head, Tail)` implements `medi_rs::tlist::Get<T, medi_rs::tlist::There<I>>`
[INFO] [stderr] note: required by a bound in `__medi_handler_create_user`
[INFO] [stderr]   --> tests/ui/missing_resource.rs:11:1
[INFO] [stderr]    |
[INFO] [stderr] 11 | #[medi_handler]
[INFO] [stderr]    | ^^^^^^^^^^^^^^^ required by this bound in `__medi_handler_create_user`
[INFO] [stderr]    = note: this error originates in the macro `users_manifest` which comes from the expansion of the attribute macro `medi_handler` (in Nightly builds, run with -Z macro-backtrace for more info)
[INFO] [stderr] ┈┈┈┈┈┈┈┈┈┈┈┈┈┈┈┈┈┈┈┈┈┈┈┈┈┈┈┈┈┈┈┈┈┈┈┈┈┈┈┈┈┈┈┈┈┈┈┈┈┈┈┈┈┈┈┈┈┈┈┈
[INFO] [stderr] 
[INFO] [stderr] ACTUAL OUTPUT:
[INFO] [stderr] ┈┈┈┈┈┈┈┈┈┈┈┈┈┈┈┈┈┈┈┈┈┈┈┈┈┈┈┈┈┈┈┈┈┈┈┈┈┈┈┈┈┈┈┈┈┈┈┈┈┈┈┈┈┈┈┈┈┈┈┈
[INFO] [stderr] error[E0277]: the trait bound `(): medi_rs::tlist::Get<UserRepository, _>` is not satisfied
[INFO] [stderr]   --> tests/ui/missing_resource.rs:19:5
[INFO] [stderr]    |
[INFO] [stderr] 19 | /     medi_module! {
[INFO] [stderr] 20 | |         manifest users_manifest;
[INFO] [stderr] 21 | |         commands { CreateUser => create_user; }
[INFO] [stderr]    | |                                  ----------- required by a bound introduced by this call
[INFO] [stderr] 22 | |     }
[INFO] [stderr]    | |_____^ the trait `medi_rs::tlist::Get<UserRepository, _>` is not implemented for `()`
[INFO] [stderr] ...
[INFO] [stderr] 27 | / mediator! {
[INFO] [stderr] 28 | |     pub struct AppMediator {
[INFO] [stderr] 29 | |         event_queue_capacity: 16;
[INFO] [stderr] 30 | |         event_workers: 1;
[INFO] [stderr] ...  |
[INFO] [stderr] 33 | | }
[INFO] [stderr]    | |_- in this macro invocation
[INFO] [stderr]    |
[INFO] [stderr] help: the following other types implement trait `medi_rs::tlist::Get<T, I>`
[INFO] [stderr]   --> src/tlist.rs
[INFO] [stderr]    |
[INFO] [stderr]    | / impl<T, Tail> Get<T, Here> for (T, Tail)
[INFO] [stderr]    | | where
[INFO] [stderr]    | |     T: Clone,
[INFO] [stderr]    | |_____________^ `(T, Tail)` implements `medi_rs::tlist::Get<T, medi_rs::tlist::Here>`
[INFO] [stderr] ...
[INFO] [stderr]    | / impl<T, Head, Tail, I> Get<T, There<I>> for (Head, Tail)
[INFO] [stderr]    | | where
[INFO] [stderr]    | |     Tail: Get<T, I>,
[INFO] [stderr]    | |____________________^ `(Head, Tail)` implements `medi_rs::tlist::Get<T, medi_rs::tlist::There<I>>`
[INFO] [stderr] note: required by a bound in `__medi_handler_create_user`
[INFO] [stderr]   --> tests/ui/missing_resource.rs:11:1
[INFO] [stderr]    |
[INFO] [stderr] 11 | #[medi_handler]
[INFO] [stderr]    | ^^^^^^^^^^^^^^^ required by this bound in `__medi_handler_create_user`
[INFO] [stderr]    = note: this error originates in the macro `$crate::__medi_rs_finalize_composition` which comes from the expansion of the attribute macro `medi_handler` (in Nightly builds, run with -Z macro-backtrace for more info)
[INFO] [stderr] 
[INFO] [stderr] error[E0277]: the trait bound `(): medi_rs::tlist::Get<UserRepository, _>` is not satisfied
[INFO] [stderr]   --> tests/ui/missing_resource.rs:21:34
[INFO] [stderr]    |
[INFO] [stderr] 19 | /     medi_module! {
[INFO] [stderr] 20 | |         manifest users_manifest;
[INFO] [stderr] 21 | |         commands { CreateUser => create_user; }
[INFO] [stderr]    | |                                  ^^^^^^^^^^^ the trait `medi_rs::tlist::Get<UserRepository, _>` is not implemented for `()`
[INFO] [stderr] 22 | |     }
[INFO] [stderr]    | |_____- this error originates in the macro `users_manifest` which comes from the expansion of the attribute macro `medi_handler`
[INFO] [stderr] ...
[INFO] [stderr] 27 | / mediator! {
[INFO] [stderr] 28 | |     pub struct AppMediator {
[INFO] [stderr] 29 | |         event_queue_capacity: 16;
[INFO] [stderr] 30 | |         event_workers: 1;
[INFO] [stderr] ...  |
[INFO] [stderr] 33 | | }
[INFO] [stderr]    | |_- in this macro invocation
[INFO] [stderr]    |
[INFO] [stderr] help: the following other types implement trait `medi_rs::tlist::Get<T, I>`
[INFO] [stderr]   --> src/tlist.rs
[INFO] [stderr]    |
[INFO] [stderr]    | / impl<T, Tail> Get<T, Here> for (T, Tail)
[INFO] [stderr]    | | where
[INFO] [stderr]    | |     T: Clone,
[INFO] [stderr]    | |_____________^ `(T, Tail)` implements `medi_rs::tlist::Get<T, medi_rs::tlist::Here>`
[INFO] [stderr] ...
[INFO] [stderr]    | / impl<T, Head, Tail, I> Get<T, There<I>> for (Head, Tail)
[INFO] [stderr]    | | where
[INFO] [stderr]    | |     Tail: Get<T, I>,
[INFO] [stderr]    | |____________________^ `(Head, Tail)` implements `medi_rs::tlist::Get<T, medi_rs::tlist::There<I>>`
[INFO] [stderr] note: required by a bound in `__medi_handler_create_user`
[INFO] [stderr]   --> tests/ui/missing_resource.rs:11:1
[INFO] [stderr]    |
[INFO] [stderr] 11 | #[medi_handler]
[INFO] [stderr]    | ^^^^^^^^^^^^^^^ required by this bound in `__medi_handler_create_user`
[INFO] [stderr] ┈┈┈┈┈┈┈┈┈┈┈┈┈┈┈┈┈┈┈┈┈┈┈┈┈┈┈┈┈┈┈┈┈┈┈┈┈┈┈┈┈┈┈┈┈┈┈┈┈┈┈┈┈┈┈┈┈┈┈┈
[INFO] [stderr] note: If the actual output is the correct output you can bless it by rerunning
[INFO] [stderr]       your test with the environment variable TRYBUILD=overwrite
[INFO] [stderr] 
[INFO] [stderr] test tests/ui/handler_without_message.rs ... ok
[INFO] [stderr] test tests/ui/non_async_handler.rs ... ok
[INFO] [stderr] test tests/ui/handler_with_receiver.rs ... ok
[INFO] [stderr] test tests/ui/invalid_handler_attribute.rs ... ok
[INFO] [stderr] test tests/ui/duplicate_stream.rs ... mismatch
[INFO] [stderr] 
[INFO] [stderr] EXPECTED:
[INFO] [stderr] ┈┈┈┈┈┈┈┈┈┈┈┈┈┈┈┈┈┈┈┈┈┈┈┈┈┈┈┈┈┈┈┈┈┈┈┈┈┈┈┈┈┈┈┈┈┈┈┈┈┈┈┈┈┈┈┈┈┈┈┈
[INFO] [stderr] error: duplicate stream registration for `SearchUsers`
[INFO] [stderr]   --> tests/ui/duplicate_stream.rs:17:19
[INFO] [stderr]    |
[INFO] [stderr] 17 |           streams { SearchUsers => search_users_again; }
[INFO] [stderr]    |                     ^^^^^^^^^^^
[INFO] [stderr] ...
[INFO] [stderr] 24 | / mediator! {
[INFO] [stderr] 25 | |     pub struct AppMediator {
[INFO] [stderr] 26 | |         event_queue_capacity: 16;
[INFO] [stderr] 27 | |         event_workers: 1;
[INFO] [stderr] ...  |
[INFO] [stderr] 30 | | }
[INFO] [stderr]    | |_- in this macro invocation
[INFO] [stderr]    |
[INFO] [stderr]    = note: this error originates in the macro `second_manifest` which comes from the expansion of the macro `mediator` (in Nightly builds, run with -Z macro-backtrace for more info)
[INFO] [stderr] 
[INFO] [stderr] error: first stream registration for `SearchUsers` is here
[INFO] [stderr]   --> tests/ui/duplicate_stream.rs:8:19
[INFO] [stderr]    |
[INFO] [stderr]  8 |           streams { SearchUsers => search_users; }
[INFO] [stderr]    |                     ^^^^^^^^^^^
[INFO] [stderr] ...
[INFO] [stderr] 24 | / mediator! {
[INFO] [stderr] 25 | |     pub struct AppMediator {
[INFO] [stderr] 26 | |         event_queue_capacity: 16;
[INFO] [stderr] 27 | |         event_workers: 1;
[INFO] [stderr] ...  |
[INFO] [stderr] 30 | | }
[INFO] [stderr]    | |_- in this macro invocation
[INFO] [stderr]    |
[INFO] [stderr]    = note: this error originates in the macro `first_manifest` which comes from the expansion of the macro `mediator` (in Nightly builds, run with -Z macro-backtrace for more info)
[INFO] [stderr] ┈┈┈┈┈┈┈┈┈┈┈┈┈┈┈┈┈┈┈┈┈┈┈┈┈┈┈┈┈┈┈┈┈┈┈┈┈┈┈┈┈┈┈┈┈┈┈┈┈┈┈┈┈┈┈┈┈┈┈┈
[INFO] [stderr] 
[INFO] [stderr] ACTUAL OUTPUT:
[INFO] [stderr] ┈┈┈┈┈┈┈┈┈┈┈┈┈┈┈┈┈┈┈┈┈┈┈┈┈┈┈┈┈┈┈┈┈┈┈┈┈┈┈┈┈┈┈┈┈┈┈┈┈┈┈┈┈┈┈┈┈┈┈┈
[INFO] [stderr] error: duplicate stream registration for `SearchUsers`
[INFO] [stderr]   --> tests/ui/duplicate_stream.rs:17:19
[INFO] [stderr]    |
[INFO] [stderr] 15 | /     medi_module! {
[INFO] [stderr] 16 | |         manifest second_manifest;
[INFO] [stderr] 17 | |         streams { SearchUsers => search_users_again; }
[INFO] [stderr]    | |                   ^^^^^^^^^^^
[INFO] [stderr] 18 | |     }
[INFO] [stderr]    | |_____- this error originates in the macro `second_manifest` which comes from the expansion of the macro `mediator`
[INFO] [stderr] ...
[INFO] [stderr] 24 | / mediator! {
[INFO] [stderr] 25 | |     pub struct AppMediator {
[INFO] [stderr] 26 | |         event_queue_capacity: 16;
[INFO] [stderr] 27 | |         event_workers: 1;
[INFO] [stderr] ...  |
[INFO] [stderr] 30 | | }
[INFO] [stderr]    | |_- in this macro invocation
[INFO] [stderr] 
[INFO] [stderr] error: first stream registration for `SearchUsers` is here
[INFO] [stderr]   --> tests/ui/duplicate_stream.rs:8:19
[INFO] [stderr]    |
[INFO] [stderr]  6 | /     medi_module! {
[INFO] [stderr]  7 | |         manifest first_manifest;
[INFO] [stderr]  8 | |         streams { SearchUsers => search_users; }
[INFO] [stderr]    | |                   ^^^^^^^^^^^
[INFO] [stderr]  9 | |     }
[INFO] [stderr]    | |_____- this error originates in the macro `first_manifest` which comes from the expansion of the macro `mediator`
[INFO] [stderr] ...
[INFO] [stderr] 24 | / mediator! {
[INFO] [stderr] 25 | |     pub struct AppMediator {
[INFO] [stderr] 26 | |         event_queue_capacity: 16;
[INFO] [stderr] 27 | |         event_workers: 1;
[INFO] [stderr] ...  |
[INFO] [stderr] 30 | | }
[INFO] [stderr]    | |_- in this macro invocation
[INFO] [stderr] ┈┈┈┈┈┈┈┈┈┈┈┈┈┈┈┈┈┈┈┈┈┈┈┈┈┈┈┈┈┈┈┈┈┈┈┈┈┈┈┈┈┈┈┈┈┈┈┈┈┈┈┈┈┈┈┈┈┈┈┈
[INFO] [stderr] note: If the actual output is the correct output you can bless it by rerunning
[INFO] [stderr]       your test with the environment variable TRYBUILD=overwrite
[INFO] [stderr] 
[INFO] [stderr] test tests/ui/duplicate_stream_in_module.rs ... mismatch
[INFO] [stderr] 
[INFO] [stderr] EXPECTED:
[INFO] [stderr] ┈┈┈┈┈┈┈┈┈┈┈┈┈┈┈┈┈┈┈┈┈┈┈┈┈┈┈┈┈┈┈┈┈┈┈┈┈┈┈┈┈┈┈┈┈┈┈┈┈┈┈┈┈┈┈┈┈┈┈┈
[INFO] [stderr] error: duplicate stream registration for `SearchUsers`
[INFO] [stderr]   --> tests/ui/duplicate_stream_in_module.rs:7:9
[INFO] [stderr]    |
[INFO] [stderr]  7 |           SearchUsers => search_users_again;
[INFO] [stderr]    |           ^^^^^^^^^^^
[INFO] [stderr] ...
[INFO] [stderr] 11 | / mediator! {
[INFO] [stderr] 12 | |     pub struct AppMediator {
[INFO] [stderr] 13 | |         event_queue_capacity: 16;
[INFO] [stderr] 14 | |         event_workers: 1;
[INFO] [stderr] ...  |
[INFO] [stderr] 17 | | }
[INFO] [stderr]    | |_- in this macro invocation
[INFO] [stderr]    |
[INFO] [stderr]    = note: this error originates in the macro `users_manifest` which comes from the expansion of the macro `mediator` (in Nightly builds, run with -Z macro-backtrace for more info)
[INFO] [stderr] 
[INFO] [stderr] error: first stream registration for `SearchUsers` is here
[INFO] [stderr]   --> tests/ui/duplicate_stream_in_module.rs:6:9
[INFO] [stderr]    |
[INFO] [stderr]  6 |           SearchUsers => search_users;
[INFO] [stderr]    |           ^^^^^^^^^^^
[INFO] [stderr] ...
[INFO] [stderr] 11 | / mediator! {
[INFO] [stderr] 12 | |     pub struct AppMediator {
[INFO] [stderr] 13 | |         event_queue_capacity: 16;
[INFO] [stderr] 14 | |         event_workers: 1;
[INFO] [stderr] ...  |
[INFO] [stderr] 17 | | }
[INFO] [stderr]    | |_- in this macro invocation
[INFO] [stderr]    |
[INFO] [stderr]    = note: this error originates in the macro `users_manifest` which comes from the expansion of the macro `mediator` (in Nightly builds, run with -Z macro-backtrace for more info)
[INFO] [stderr] ┈┈┈┈┈┈┈┈┈┈┈┈┈┈┈┈┈┈┈┈┈┈┈┈┈┈┈┈┈┈┈┈┈┈┈┈┈┈┈┈┈┈┈┈┈┈┈┈┈┈┈┈┈┈┈┈┈┈┈┈
[INFO] [stderr] 
[INFO] [stderr] ACTUAL OUTPUT:
[INFO] [stderr] ┈┈┈┈┈┈┈┈┈┈┈┈┈┈┈┈┈┈┈┈┈┈┈┈┈┈┈┈┈┈┈┈┈┈┈┈┈┈┈┈┈┈┈┈┈┈┈┈┈┈┈┈┈┈┈┈┈┈┈┈
[INFO] [stderr] error: duplicate stream registration for `SearchUsers`
[INFO] [stderr]   --> tests/ui/duplicate_stream_in_module.rs:7:9
[INFO] [stderr]    |
[INFO] [stderr]  3 | / medi_module! {
[INFO] [stderr]  4 | |     manifest users_manifest;
[INFO] [stderr]  5 | |     streams {
[INFO] [stderr]  6 | |         SearchUsers => search_users;
[INFO] [stderr]  7 | |         SearchUsers => search_users_again;
[INFO] [stderr]    | |         ^^^^^^^^^^^
[INFO] [stderr]  8 | |     }
[INFO] [stderr]  9 | | }
[INFO] [stderr]    | |_- this error originates in the macro `users_manifest` which comes from the expansion of the macro `mediator`
[INFO] [stderr] 10 |
[INFO] [stderr] 11 | / mediator! {
[INFO] [stderr] 12 | |     pub struct AppMediator {
[INFO] [stderr] 13 | |         event_queue_capacity: 16;
[INFO] [stderr] 14 | |         event_workers: 1;
[INFO] [stderr] ...  |
[INFO] [stderr] 17 | | }
[INFO] [stderr]    | |_- in this macro invocation
[INFO] [stderr] 
[INFO] [stderr] error: first stream registration for `SearchUsers` is here
[INFO] [stderr]   --> tests/ui/duplicate_stream_in_module.rs:6:9
[INFO] [stderr]    |
[INFO] [stderr]  3 | / medi_module! {
[INFO] [stderr]  4 | |     manifest users_manifest;
[INFO] [stderr]  5 | |     streams {
[INFO] [stderr]  6 | |         SearchUsers => search_users;
[INFO] [stderr]    | |         ^^^^^^^^^^^
[INFO] [stderr] ...  |
[INFO] [stderr]  9 | | }
[INFO] [stderr]    | |_- this error originates in the macro `users_manifest` which comes from the expansion of the macro `mediator`
[INFO] [stderr] 10 |
[INFO] [stderr] 11 | / mediator! {
[INFO] [stderr] 12 | |     pub struct AppMediator {
[INFO] [stderr] 13 | |         event_queue_capacity: 16;
[INFO] [stderr] 14 | |         event_workers: 1;
[INFO] [stderr] ...  |
[INFO] [stderr] 17 | | }
[INFO] [stderr]    | |_- in this macro invocation
[INFO] [stderr] ┈┈┈┈┈┈┈┈┈┈┈┈┈┈┈┈┈┈┈┈┈┈┈┈┈┈┈┈┈┈┈┈┈┈┈┈┈┈┈┈┈┈┈┈┈┈┈┈┈┈┈┈┈┈┈┈┈┈┈┈
[INFO] [stderr] note: If the actual output is the correct output you can bless it by rerunning
[INFO] [stderr]       your test with the environment variable TRYBUILD=overwrite
[INFO] [stderr] 
[INFO] [stderr] test tests/ui/stream_handler_without_sender.rs ... ok
[INFO] [stderr] test tests/ui/non_async_stream_handler.rs ... ok
[INFO] [stderr] test tests/ui/stream_request_without_item_type.rs ... ok
[INFO] [stderr] 
[INFO] [stderr] 
[INFO] [stdout] test invalid_module_compositions_fail_to_compile ... FAILED
[INFO] [stdout] 
[INFO] [stdout] failures:
[INFO] [stdout] 
[INFO] [stdout] ---- invalid_module_compositions_fail_to_compile stdout ----
[INFO] [stdout] 
[INFO] [stdout] thread 'invalid_module_compositions_fail_to_compile' (1851) panicked at /opt/rustwide/cargo-home/registry/src/index.crates.io-1949cf8c6b5b557f/trybuild-1.0.121/src/run.rs:103:13:
[INFO] [stdout] 5 of 13 tests failed
[INFO] [stdout] stack backtrace:
[INFO] [stdout]    0:     0x59dca29174d1 - std[617be2ca0a6fd877]::backtrace_rs::backtrace::libunwind::trace
[INFO] [stdout]                                at /rustc/e3feeb59cd1bdd011a2bfcc0747b55125d9b8527/library/std/src/../../backtrace/src/backtrace/libunwind.rs:117:9
[INFO] [stdout]    1:     0x59dca29174d1 - std[617be2ca0a6fd877]::backtrace_rs::backtrace::trace_unsynchronized::<std[617be2ca0a6fd877]::sys::backtrace::_print_fmt::{closure#1}>
[INFO] [stdout]                                at /rustc/e3feeb59cd1bdd011a2bfcc0747b55125d9b8527/library/std/src/../../backtrace/src/backtrace/mod.rs:66:14
[INFO] [stdout]    2:     0x59dca29174d1 - std[617be2ca0a6fd877]::sys::backtrace::_print_fmt
[INFO] [stdout]                                at /rustc/e3feeb59cd1bdd011a2bfcc0747b55125d9b8527/library/std/src/sys/backtrace.rs:74:9
[INFO] [stdout]    3:     0x59dca29174d1 - <<std[617be2ca0a6fd877]::sys::backtrace::BacktraceLock>::print::DisplayBacktrace as core[a373ad73a504971]::fmt::Display>::fmt
[INFO] [stdout]                                at /rustc/e3feeb59cd1bdd011a2bfcc0747b55125d9b8527/library/std/src/sys/backtrace.rs:44:26
[INFO] [stdout]    4:     0x59dca292d91a - <core[a373ad73a504971]::fmt::rt::Argument>::fmt
[INFO] [stdout]                                at /rustc/e3feeb59cd1bdd011a2bfcc0747b55125d9b8527/library/core/src/fmt/rt.rs:152:76
[INFO] [stdout]    5:     0x59dca292d91a - core[a373ad73a504971]::fmt::write
[INFO] [stdout]    6:     0x59dca291bd1c - core[a373ad73a504971]::io::write::default_write_fmt::<alloc[2e1b2a31b91974c5]::vec::Vec<u8>>
[INFO] [stdout]                                at /rustc/e3feeb59cd1bdd011a2bfcc0747b55125d9b8527/library/core/src/io/write.rs:402:11
[INFO] [stdout]    7:     0x59dca291bd1c - <alloc[2e1b2a31b91974c5]::vec::Vec<u8> as core[a373ad73a504971]::io::write::Write>::write_fmt
[INFO] [stdout]                                at /rustc/e3feeb59cd1bdd011a2bfcc0747b55125d9b8527/library/core/src/io/write.rs:335:13
[INFO] [stdout]    8:     0x59dca28f0936 - <std[617be2ca0a6fd877]::sys::backtrace::BacktraceLock>::print
[INFO] [stdout]                                at /rustc/e3feeb59cd1bdd011a2bfcc0747b55125d9b8527/library/std/src/sys/backtrace.rs:47:9
[INFO] [stdout]    9:     0x59dca28f0936 - std[617be2ca0a6fd877]::panicking::default_hook::{closure#0}
[INFO] [stdout]                                at /rustc/e3feeb59cd1bdd011a2bfcc0747b55125d9b8527/library/std/src/panicking.rs:289:27
[INFO] [stdout]   10:     0x59dca290ea79 - std[617be2ca0a6fd877]::panicking::default_hook
[INFO] [stdout]                                at /rustc/e3feeb59cd1bdd011a2bfcc0747b55125d9b8527/library/std/src/panicking.rs:313:9
[INFO] [stdout]   11:     0x59dca28a8080 - <alloc[2e1b2a31b91974c5]::boxed::Box<dyn for<'a, 'b> core[a373ad73a504971]::ops::function::Fn<(&'a std[617be2ca0a6fd877]::panic::PanicHookInfo<'b>,), Output = ()> + core[a373ad73a504971]::marker::Sync + core[a373ad73a504971]::marker::Send> as core[a373ad73a504971]::ops::function::Fn<(&std[617be2ca0a6fd877]::panic::PanicHookInfo,)>>::call
[INFO] [stdout]                                at /rustc/e3feeb59cd1bdd011a2bfcc0747b55125d9b8527/library/alloc/src/boxed.rs:2328:9
[INFO] [stdout]   12:     0x59dca28a8080 - test[aada8e7e76ba119b]::test_main_inner::{closure#0}
[INFO] [stdout]                                at /rustc/e3feeb59cd1bdd011a2bfcc0747b55125d9b8527/library/test/src/lib.rs:137:21
[INFO] [stdout]   13:     0x59dca290ec32 - <alloc[2e1b2a31b91974c5]::boxed::Box<dyn for<'a, 'b> core[a373ad73a504971]::ops::function::Fn<(&'a std[617be2ca0a6fd877]::panic::PanicHookInfo<'b>,), Output = ()> + core[a373ad73a504971]::marker::Sync + core[a373ad73a504971]::marker::Send> as core[a373ad73a504971]::ops::function::Fn<(&std[617be2ca0a6fd877]::panic::PanicHookInfo,)>>::call
[INFO] [stdout]                                at /rustc/e3feeb59cd1bdd011a2bfcc0747b55125d9b8527/library/alloc/src/boxed.rs:2328:9
[INFO] [stdout]   14:     0x59dca290ec32 - std[617be2ca0a6fd877]::panicking::panic_with_hook
[INFO] [stdout]                                at /rustc/e3feeb59cd1bdd011a2bfcc0747b55125d9b8527/library/std/src/panicking.rs:819:13
[INFO] [stdout]   15:     0x59dca28f09e2 - std[617be2ca0a6fd877]::panicking::panic_handler::{closure#0}
[INFO] [stdout]                                at /rustc/e3feeb59cd1bdd011a2bfcc0747b55125d9b8527/library/std/src/panicking.rs:685:13
[INFO] [stdout]   16:     0x59dca28e9239 - std[617be2ca0a6fd877]::sys::backtrace::__rust_end_short_backtrace::<std[617be2ca0a6fd877]::panicking::panic_handler::{closure#0}, !>
[INFO] [stdout]                                at /rustc/e3feeb59cd1bdd011a2bfcc0747b55125d9b8527/library/std/src/sys/backtrace.rs:182:18
[INFO] [stdout]   17:     0x59dca28f15ed - __rustc[ea4f61d10b84890b]::rust_begin_unwind
[INFO] [stdout]                                at /rustc/e3feeb59cd1bdd011a2bfcc0747b55125d9b8527/library/std/src/panicking.rs:676:5
[INFO] [stdout]   18:     0x59dca292e10c - core[a373ad73a504971]::panicking::panic_fmt
[INFO] [stdout]                                at /rustc/e3feeb59cd1bdd011a2bfcc0747b55125d9b8527/library/core/src/panicking.rs:80:14
[INFO] [stdout]   19:     0x59dca27a5904 - <trybuild[30f2d422b3685f51]::Runner>::run
[INFO] [stdout]                                at /opt/rustwide/cargo-home/registry/src/index.crates.io-1949cf8c6b5b557f/trybuild-1.0.121/src/run.rs:103:13
[INFO] [stdout]   20:     0x59dca27b0e68 - <trybuild[30f2d422b3685f51]::TestCases as core[a373ad73a504971]::ops::drop::Drop>::drop
[INFO] [stdout]                                at /opt/rustwide/cargo-home/registry/src/index.crates.io-1949cf8c6b5b557f/trybuild-1.0.121/src/lib.rs:342:38
[INFO] [stdout]   21:     0x59dca2682867 - core[a373ad73a504971]::ptr::drop_glue::<trybuild[30f2d422b3685f51]::TestCases>
[INFO] [stdout]                                at /rustc/e3feeb59cd1bdd011a2bfcc0747b55125d9b8527/library/core/src/ptr/mod.rs:848:1
[INFO] [stdout]   22:     0x59dca2682b96 - 12_test_macro_diagnostics[75481087dd6e7a34]::invalid_module_compositions_fail_to_compile
[INFO] [stdout]                                at /opt/rustwide/workdir/src/medi-rs/tests/12_test_macro_diagnostics.rs:17:1
[INFO] [stdout]   23:     0x59dca26829c7 - 12_test_macro_diagnostics[75481087dd6e7a34]::invalid_module_compositions_fail_to_compile::{closure#0}
[INFO] [stdout]                                at /opt/rustwide/workdir/src/medi-rs/tests/12_test_macro_diagnostics.rs:2:49
[INFO] [stdout]   24:     0x59dca2682ff6 - <12_test_macro_diagnostics[75481087dd6e7a34]::invalid_module_compositions_fail_to_compile::{closure#0} as core[a373ad73a504971]::ops::function::FnOnce<()>>::call_once
[INFO] [stdout]                                at /rustc/e3feeb59cd1bdd011a2bfcc0747b55125d9b8527/library/core/src/ops/function.rs:250:5
[INFO] [stdout]   25:     0x59dca289b4cb - <fn() -> core[a373ad73a504971]::result::Result<(), alloc[2e1b2a31b91974c5]::string::String> as core[a373ad73a504971]::ops::function::FnOnce<()>>::call_once
[INFO] [stdout]                                at /rustc/e3feeb59cd1bdd011a2bfcc0747b55125d9b8527/library/core/src/ops/function.rs:250:5
[INFO] [stdout]   26:     0x59dca289b4cb - test[aada8e7e76ba119b]::__rust_begin_short_backtrace::<core[a373ad73a504971]::result::Result<(), alloc[2e1b2a31b91974c5]::string::String>, fn() -> core[a373ad73a504971]::result::Result<(), alloc[2e1b2a31b91974c5]::string::String>>
[INFO] [stdout]                                at /rustc/e3feeb59cd1bdd011a2bfcc0747b55125d9b8527/library/test/src/lib.rs:701:18
[INFO] [stdout]   27:     0x59dca28a86a5 - test[aada8e7e76ba119b]::run_test_in_process::{closure#0}
[INFO] [stdout]                                at /rustc/e3feeb59cd1bdd011a2bfcc0747b55125d9b8527/library/test/src/lib.rs:724:74
[INFO] [stdout]   28:     0x59dca28a86a5 - <core[a373ad73a504971]::panic::unwind_safe::AssertUnwindSafe<test[aada8e7e76ba119b]::run_test_in_process::{closure#0}> as core[a373ad73a504971]::ops::function::FnOnce<()>>::call_once
[INFO] [stdout]                                at /rustc/e3feeb59cd1bdd011a2bfcc0747b55125d9b8527/library/core/src/panic/unwind_safe.rs:275:9
[INFO] [stdout]   29:     0x59dca28a86a5 - std[617be2ca0a6fd877]::panicking::catch_unwind::do_call::<core[a373ad73a504971]::panic::unwind_safe::AssertUnwindSafe<test[aada8e7e76ba119b]::run_test_in_process::{closure#0}>, core[a373ad73a504971]::result::Result<(), alloc[2e1b2a31b91974c5]::string::String>>
[INFO] [stdout]                                at /rustc/e3feeb59cd1bdd011a2bfcc0747b55125d9b8527/library/std/src/panicking.rs:573:43
[INFO] [stdout]   30:     0x59dca28a86a5 - std[617be2ca0a6fd877]::panicking::catch_unwind::<core[a373ad73a504971]::result::Result<(), alloc[2e1b2a31b91974c5]::string::String>, core[a373ad73a504971]::panic::unwind_safe::AssertUnwindSafe<test[aada8e7e76ba119b]::run_test_in_process::{closure#0}>>
[INFO] [stdout]                                at /rustc/e3feeb59cd1bdd011a2bfcc0747b55125d9b8527/library/std/src/panicking.rs:541:19
[INFO] [stdout]   31:     0x59dca28a86a5 - std[617be2ca0a6fd877]::panic::catch_unwind::<core[a373ad73a504971]::panic::unwind_safe::AssertUnwindSafe<test[aada8e7e76ba119b]::run_test_in_process::{closure#0}>, core[a373ad73a504971]::result::Result<(), alloc[2e1b2a31b91974c5]::string::String>>
[INFO] [stdout]                                at /rustc/e3feeb59cd1bdd011a2bfcc0747b55125d9b8527/library/std/src/panic.rs:359:14
[INFO] [stdout]   32:     0x59dca28a86a5 - test[aada8e7e76ba119b]::run_test_in_process
[INFO] [stdout]                                at /rustc/e3feeb59cd1bdd011a2bfcc0747b55125d9b8527/library/test/src/lib.rs:724:27
[INFO] [stdout]   33:     0x59dca28a86a5 - test[aada8e7e76ba119b]::run_test::{closure#0}
[INFO] [stdout]                                at /rustc/e3feeb59cd1bdd011a2bfcc0747b55125d9b8527/library/test/src/lib.rs:645:43
[INFO] [stdout]   34:     0x59dca28a1f94 - test[aada8e7e76ba119b]::run_test::{closure#1}
[INFO] [stdout]                                at /rustc/e3feeb59cd1bdd011a2bfcc0747b55125d9b8527/library/test/src/lib.rs:675:41
[INFO] [stdout]   35:     0x59dca28a1f94 - std[617be2ca0a6fd877]::sys::backtrace::__rust_begin_short_backtrace::<test[aada8e7e76ba119b]::run_test::{closure#1}, ()>
[INFO] [stdout]                                at /rustc/e3feeb59cd1bdd011a2bfcc0747b55125d9b8527/library/std/src/sys/backtrace.rs:166:18
[INFO] [stdout]   36:     0x59dca28ab732 - std[617be2ca0a6fd877]::thread::lifecycle::spawn_unchecked::<test[aada8e7e76ba119b]::run_test::{closure#1}, ()>::{closure#1}::{closure#0}
[INFO] [stdout]                                at /rustc/e3feeb59cd1bdd011a2bfcc0747b55125d9b8527/library/std/src/thread/lifecycle.rs:70:13
[INFO] [stdout]   37:     0x59dca28ab732 - <core[a373ad73a504971]::panic::unwind_safe::AssertUnwindSafe<std[617be2ca0a6fd877]::thread::lifecycle::spawn_unchecked<test[aada8e7e76ba119b]::run_test::{closure#1}, ()>::{closure#1}::{closure#0}> as core[a373ad73a504971]::ops::function::FnOnce<()>>::call_once
[INFO] [stdout]                                at /rustc/e3feeb59cd1bdd011a2bfcc0747b55125d9b8527/library/core/src/panic/unwind_safe.rs:275:9
[INFO] [stdout]   38:     0x59dca28ab732 - std[617be2ca0a6fd877]::panicking::catch_unwind::do_call::<core[a373ad73a504971]::panic::unwind_safe::AssertUnwindSafe<std[617be2ca0a6fd877]::thread::lifecycle::spawn_unchecked<test[aada8e7e76ba119b]::run_test::{closure#1}, ()>::{closure#1}::{closure#0}>, ()>
[INFO] [stdout]                                at /rustc/e3feeb59cd1bdd011a2bfcc0747b55125d9b8527/library/std/src/panicking.rs:573:43
[INFO] [stdout]   39:     0x59dca28ab732 - std[617be2ca0a6fd877]::panicking::catch_unwind::<(), core[a373ad73a504971]::panic::unwind_safe::AssertUnwindSafe<std[617be2ca0a6fd877]::thread::lifecycle::spawn_unchecked<test[aada8e7e76ba119b]::run_test::{closure#1}, ()>::{closure#1}::{closure#0}>>
[INFO] [stdout]                                at /rustc/e3feeb59cd1bdd011a2bfcc0747b55125d9b8527/library/std/src/panicking.rs:541:19
[INFO] [stdout]   40:     0x59dca28ab732 - std[617be2ca0a6fd877]::panic::catch_unwind::<core[a373ad73a504971]::panic::unwind_safe::AssertUnwindSafe<std[617be2ca0a6fd877]::thread::lifecycle::spawn_unchecked<test[aada8e7e76ba119b]::run_test::{closure#1}, ()>::{closure#1}::{closure#0}>, ()>
[INFO] [stdout]                                at /rustc/e3feeb59cd1bdd011a2bfcc0747b55125d9b8527/library/std/src/panic.rs:359:14
[INFO] [stdout]   41:     0x59dca28ab732 - std[617be2ca0a6fd877]::thread::lifecycle::spawn_unchecked::<test[aada8e7e76ba119b]::run_test::{closure#1}, ()>::{closure#1}
[INFO] [stdout]                                at /rustc/e3feeb59cd1bdd011a2bfcc0747b55125d9b8527/library/std/src/thread/lifecycle.rs:68:26
[INFO] [stdout]   42:     0x59dca28ab732 - <std[617be2ca0a6fd877]::thread::lifecycle::spawn_unchecked<test[aada8e7e76ba119b]::run_test::{closure#1}, ()>::{closure#1} as core[a373ad73a504971]::ops::function::FnOnce<()>>::call_once::{shim:vtable#0}
[INFO] [stdout]                                at /rustc/e3feeb59cd1bdd011a2bfcc0747b55125d9b8527/library/core/src/ops/function.rs:250:5
[INFO] [stdout]   43:     0x59dca291672f - <alloc[2e1b2a31b91974c5]::boxed::Box<dyn core[a373ad73a504971]::ops::function::FnOnce<(), Output = ()> + core[a373ad73a504971]::marker::Send> as core[a373ad73a504971]::ops::function::FnOnce<()>>::call_once
[INFO] [stdout]                                at /rustc/e3feeb59cd1bdd011a2bfcc0747b55125d9b8527/library/alloc/src/boxed.rs:2314:9
[INFO] [stdout]   44:     0x59dca291672f - <std[617be2ca0a6fd877]::sys::thread::unix::Thread>::new::thread_start
[INFO] [stdout]                                at /rustc/e3feeb59cd1bdd011a2bfcc0747b55125d9b8527/library/std/src/sys/thread/unix.rs:127:17
[INFO] [stdout]   45:     0x705ad24f2dfa - <unknown>
[INFO] [stdout]   46:     0x705ad25863d4 - clone
[INFO] [stdout]   47:                0x0 - <unknown>
[INFO] [stdout] 
[INFO] [stdout] 
[INFO] [stdout] failures:
[INFO] [stdout]     invalid_module_compositions_fail_to_compile
[INFO] [stdout] 
[INFO] [stdout] test result: FAILED. 0 passed; 1 failed; 0 ignored; 0 measured; 0 filtered out; finished in 31.94s
[INFO] [stdout] 
[INFO] [stderr] error: test failed, to rerun pass `-p medi-rs --test 12_test_macro_diagnostics`
[INFO] running `Command { std: "docker" "inspect" "86231ed58b30aa4adc5804ac7c7f19c24004595764b5792c8b67c2fb19245543", kill_on_drop: false }`
[INFO] running `Command { std: "docker" "rm" "-f" "86231ed58b30aa4adc5804ac7c7f19c24004595764b5792c8b67c2fb19245543", kill_on_drop: false }`
[INFO] [stdout] 86231ed58b30aa4adc5804ac7c7f19c24004595764b5792c8b67c2fb19245543
