[INFO] cloning repository https://github.com/kandada/fastbrowser
[INFO] running `Command { std: "git" "-c" "credential.helper=" "-c" "credential.helper=/workspace/cargo-home/bin/git-credential-null" "clone" "--bare" "https://github.com/kandada/fastbrowser" "/workspace/cache/git-repos/https%3A%2F%2Fgithub.com%2Fkandada%2Ffastbrowser", kill_on_drop: false }`
[INFO] [stderr] Cloning into bare repository '/workspace/cache/git-repos/https%3A%2F%2Fgithub.com%2Fkandada%2Ffastbrowser'...
[INFO] running `Command { std: "git" "rev-parse" "HEAD", kill_on_drop: false }`
[INFO] [stdout] df45fbea05541a2f9451226146f0c34f6184de4c
[INFO] testing kandada/fastbrowser against 1.100.0-beta.1 for beta-1.100-2
[INFO] running `Command { std: "git" "clone" "/workspace/cache/git-repos/https%3A%2F%2Fgithub.com%2Fkandada%2Ffastbrowser" "/workspace/builds/worker-0-tc2/source", kill_on_drop: false }`
[INFO] [stderr] Cloning into '/workspace/builds/worker-0-tc2/source'...
[INFO] [stderr] done.
[INFO] started tweaking git repo https://github.com/kandada/fastbrowser
[INFO] finished tweaking git repo https://github.com/kandada/fastbrowser
[INFO] tweaked toml for git repo https://github.com/kandada/fastbrowser written to /workspace/builds/worker-0-tc2/source/Cargo.toml
[INFO] validating manifest of git repo https://github.com/kandada/fastbrowser on toolchain 1.100.0-beta.1
[INFO] running `Command { std: CARGO_HOME="/workspace/cargo-home" RUSTUP_HOME="/workspace/rustup-home" "/workspace/cargo-home/bin/cargo" "+1.100.0-beta.1" "metadata" "--manifest-path" "Cargo.toml" "--no-deps", kill_on_drop: false }`
[INFO] crate git repo https://github.com/kandada/fastbrowser already has a lockfile, it will not be regenerated
[INFO] running `Command { std: CARGO_HOME="/workspace/cargo-home" RUSTUP_HOME="/workspace/rustup-home" "/workspace/cargo-home/bin/cargo" "+1.100.0-beta.1" "fetch" "--manifest-path" "Cargo.toml", kill_on_drop: false }`
[INFO] running `Command { std: "docker" "create" "-v" "/var/lib/crater-agent-workspace/builds/worker-0-tc2/source:/opt/rustwide/workdir:ro,Z" "-v" "/var/lib/crater-agent-workspace/builds/worker-0-tc2/target:/opt/rustwide/target:rw,Z" "-v" "/var/lib/crater-agent-workspace/cargo-home:/opt/rustwide/cargo-home:ro,Z" "-v" "/var/lib/crater-agent-workspace/rustup-home:/opt/rustwide/rustup-home:ro,Z" "-m" "1610612736" "--network" "none" "ghcr.io/rust-lang/crates-build-env/linux@sha256:3111399a4047eeb3a02b7a90e478d715f38a8c6669b5c4b49d30a17385265909" "sleep" "infinity", kill_on_drop: false }`
[INFO] [stdout] d962c69ba573691b9580ac49588d0eaff8e1d9869a95ed73a8061ee68b5d37ed
[INFO] running `Command { std: "docker" "start" "d962c69ba573691b9580ac49588d0eaff8e1d9869a95ed73a8061ee68b5d37ed", kill_on_drop: false }`
[INFO] running `Command { std: "docker" "inspect" "d962c69ba573691b9580ac49588d0eaff8e1d9869a95ed73a8061ee68b5d37ed", kill_on_drop: false }`
[INFO] running `Command { std: "docker" "exec" "-e" "SOURCE_DIR=/opt/rustwide/workdir" "-e" "CARGO_HOME=/opt/rustwide/cargo-home" "-e" "RUSTUP_HOME=/opt/rustwide/rustup-home" "-e" "CARGO_TARGET_DIR=/opt/rustwide/target" "-w" "/opt/rustwide/workdir" "--user" "0:0" "d962c69ba573691b9580ac49588d0eaff8e1d9869a95ed73a8061ee68b5d37ed" "/opt/rustwide/cargo-home/bin/cargo" "+1.100.0-beta.1" "metadata" "--no-deps" "--format-version=1", kill_on_drop: false }`
[INFO] running `Command { std: "docker" "inspect" "d962c69ba573691b9580ac49588d0eaff8e1d9869a95ed73a8061ee68b5d37ed", kill_on_drop: false }`
[INFO] running `Command { std: "docker" "exec" "-e" "SOURCE_DIR=/opt/rustwide/workdir" "-e" "CARGO_HOME=/opt/rustwide/cargo-home" "-e" "RUSTUP_HOME=/opt/rustwide/rustup-home" "-e" "CARGO_TARGET_DIR=/opt/rustwide/target" "-e" "CARGO_INCREMENTAL=0" "-e" "RUST_BACKTRACE=full" "-e" "RUSTFLAGS=--cap-lints=warn" "-e" "RUSTDOCFLAGS=--cap-lints=warn" "-w" "/opt/rustwide/workdir" "--user" "0:0" "d962c69ba573691b9580ac49588d0eaff8e1d9869a95ed73a8061ee68b5d37ed" "/opt/rustwide/cargo-home/bin/cargo" "+1.100.0-beta.1" "build" "--frozen" "--message-format=json", kill_on_drop: false }`
[INFO] [stderr]    Compiling proc-macro2 v1.0.107
[INFO] [stderr]    Compiling unicode-ident v1.0.24
[INFO] [stderr]    Compiling quote v1.0.47
[INFO] [stderr]    Compiling stable_deref_trait v1.2.1
[INFO] [stderr]    Compiling litemap v0.8.3
[INFO] [stderr]    Compiling shlex v2.0.1
[INFO] [stderr]    Compiling writeable v0.6.4
[INFO] [stderr]    Compiling find-msvc-tools v0.1.11
[INFO] [stderr]    Compiling icu_properties_data v2.3.0
[INFO] [stderr]    Compiling icu_normalizer_data v2.3.0
[INFO] [stderr]    Compiling libc v0.2.189
[INFO] [stderr]    Compiling zeroize v1.9.0
[INFO] [stderr]    Compiling simd-adler32 v0.3.10
[INFO] [stderr]    Compiling smallvec v1.15.2
[INFO] [stderr]    Compiling cc v1.4.4
[INFO] [stderr]    Compiling rustls-pki-types v1.15.1
[INFO] [stderr]    Compiling crc32fast v1.5.1
[INFO] [stderr]    Compiling autocfg v1.5.1
[INFO] [stderr]    Compiling adler2 v2.0.1
[INFO] [stderr]    Compiling serde_core v1.0.229
[INFO] [stderr]    Compiling miniz_oxide v0.8.9
[INFO] [stderr]    Compiling percent-encoding v2.3.2
[INFO] [stderr]    Compiling zmij v1.0.23
[INFO] [stderr]    Compiling num-traits v0.2.19
[INFO] [stderr]    Compiling rustls v0.23.43
[INFO] [stderr]    Compiling form_urlencoded v1.2.2
[INFO] [stderr]    Compiling webpki-roots v1.0.9
[INFO] [stderr]    Compiling fdeflate v0.3.7
[INFO] [stderr]    Compiling serde v1.0.229
[INFO] [stderr]    Compiling syn v2.0.119
[INFO] [stderr]    Compiling syn v3.0.4
[INFO] [stderr]    Compiling flate2 v1.1.9
[INFO] [stderr]    Compiling serde_json v1.0.151
[INFO] [stderr]    Compiling pxfm v0.1.30
[INFO] [stderr]    Compiling getrandom v0.2.17
[INFO] [stderr]    Compiling ring v0.17.14
[INFO] [stderr]    Compiling once_cell v1.21.4
[INFO] [stderr]    Compiling zune-core v0.5.3
[INFO] [stderr]    Compiling bitflags v2.13.1
[INFO] [stderr]    Compiling log v0.4.34
[INFO] [stderr]    Compiling zune-jpeg v0.5.15
[INFO] [stderr]    Compiling png v0.18.1
[INFO] [stderr]    Compiling webpki-roots v0.26.11
[INFO] [stderr]    Compiling byteorder-lite v0.1.0
[INFO] [stderr]    Compiling memchr v2.8.3
[INFO] [stderr]    Compiling bytemuck v1.25.2
[INFO] [stderr]    Compiling itoa v1.0.18
[INFO] [stderr]    Compiling fastbrowser v0.1.7 (/opt/rustwide/workdir)
[INFO] [stderr]    Compiling synstructure v0.13.2
[INFO] [stderr]    Compiling zerovec-derive v0.11.6
[INFO] [stderr]    Compiling displaydoc v0.2.7
[INFO] [stderr]    Compiling serde_derive v1.0.229
[INFO] [stderr]    Compiling moxcms v0.8.1
[INFO] [stderr]    Compiling zerofrom-derive v0.1.7
[INFO] [stderr]    Compiling yoke-derive v0.8.2
[INFO] [stderr]    Compiling zerofrom v0.1.8
[INFO] [stderr]    Compiling yoke v0.8.3
[INFO] [stderr]    Compiling zerovec v0.11.8
[INFO] [stderr]    Compiling zerotrie v0.2.5
[INFO] [stderr]    Compiling tinystr v0.8.4
[INFO] [stderr]    Compiling potential_utf v0.1.6
[INFO] [stderr]    Compiling icu_collections v2.3.0
[INFO] [stderr]    Compiling icu_locale_core v2.3.0
[INFO] [stderr]    Compiling rustls-webpki v0.103.15
[INFO] [stderr]    Compiling icu_provider v2.3.1
[INFO] [stderr]    Compiling icu_normalizer v2.3.0
[INFO] [stderr]    Compiling icu_properties v2.3.0
[INFO] [stderr]    Compiling image v0.25.10
[INFO] [stderr]    Compiling idna_adapter v1.2.2
[INFO] [stderr]    Compiling idna v1.1.0
[INFO] [stderr]    Compiling url v2.5.8
[INFO] [stderr]    Compiling ureq v2.12.1
[INFO] [stdout] warning: constant `HINT_CHROMIUM_CDP_URL` is never used
[INFO] [stdout]   --> src/engines/mod.rs:86:7
[INFO] [stdout]    |
[INFO] [stdout] 86 | const HINT_CHROMIUM_CDP_URL: &str = "start Chrome/Chromium with --remote-debugging-port=9222 and pass its ws devtools endpoint as cd...
[INFO] [stdout]    |       ^^^^^^^^^^^^^^^^^^^^^
[INFO] [stdout]    |
[INFO] [stdout]    = note: `#[warn(dead_code)]` (part of `#[warn(unused)]`) on by default
[INFO] [stdout] 
[INFO] [stdout] 
[INFO] [stdout] warning: constant `HINT_BUNDLED` is never used
[INFO] [stdout]   --> src/engines/mod.rs:87:7
[INFO] [stdout]    |
[INFO] [stdout] 87 | const HINT_BUNDLED: &str =
[INFO] [stdout]    |       ^^^^^^^^^^^^
[INFO] [stdout] 
[INFO] [stdout] 
[INFO] [stdout] warning: constant `HINT_SYSTEM` is never used
[INFO] [stdout]   --> src/engines/mod.rs:89:7
[INFO] [stdout]    |
[INFO] [stdout] 89 | const HINT_SYSTEM: &str = "install Chrome/Edge/Chromium (or set CHROME_PATH). The default browser is only usable when it is CDP-capa...
[INFO] [stdout]    |       ^^^^^^^^^^^
[INFO] [stdout] 
[INFO] [stdout] 
[INFO] [stderr]     Finished `dev` profile [unoptimized + debuginfo] target(s) in 1m 30s
[INFO] running `Command { std: "docker" "inspect" "d962c69ba573691b9580ac49588d0eaff8e1d9869a95ed73a8061ee68b5d37ed", kill_on_drop: false }`
[INFO] running `Command { std: "docker" "exec" "-e" "SOURCE_DIR=/opt/rustwide/workdir" "-e" "CARGO_HOME=/opt/rustwide/cargo-home" "-e" "RUSTUP_HOME=/opt/rustwide/rustup-home" "-e" "CARGO_TARGET_DIR=/opt/rustwide/target" "-e" "CARGO_INCREMENTAL=0" "-e" "RUST_BACKTRACE=full" "-e" "RUSTFLAGS=--cap-lints=warn" "-e" "RUSTDOCFLAGS=--cap-lints=warn" "-w" "/opt/rustwide/workdir" "--user" "0:0" "d962c69ba573691b9580ac49588d0eaff8e1d9869a95ed73a8061ee68b5d37ed" "/opt/rustwide/cargo-home/bin/cargo" "+1.100.0-beta.1" "test" "--frozen" "--no-run" "--message-format=json", kill_on_drop: false }`
[INFO] [stderr]    Compiling bitflags v2.13.1
[INFO] [stderr]    Compiling getrandom v0.4.3
[INFO] [stderr]    Compiling rustix v1.1.4
[INFO] [stderr]    Compiling linux-raw-sys v0.12.1
[INFO] [stderr]    Compiling fastrand v2.5.0
[INFO] [stderr]    Compiling png v0.18.1
[INFO] [stderr]    Compiling image v0.25.10
[INFO] [stderr]    Compiling tempfile v3.27.0
[INFO] [stderr]    Compiling fastbrowser v0.1.7 (/opt/rustwide/workdir)
[INFO] [stdout] warning: constant `HINT_CHROMIUM_CDP_URL` is never used
[INFO] [stdout]   --> src/engines/mod.rs:86:7
[INFO] [stdout]    |
[INFO] [stdout] 86 | const HINT_CHROMIUM_CDP_URL: &str = "start Chrome/Chromium with --remote-debugging-port=9222 and pass its ws devtools endpoint as cd...
[INFO] [stdout]    |       ^^^^^^^^^^^^^^^^^^^^^
[INFO] [stdout]    |
[INFO] [stdout]    = note: `#[warn(dead_code)]` (part of `#[warn(unused)]`) on by default
[INFO] [stdout] 
[INFO] [stdout] 
[INFO] [stdout] warning: constant `HINT_BUNDLED` is never used
[INFO] [stdout]   --> src/engines/mod.rs:87:7
[INFO] [stdout]    |
[INFO] [stdout] 87 | const HINT_BUNDLED: &str =
[INFO] [stdout]    |       ^^^^^^^^^^^^
[INFO] [stdout] 
[INFO] [stdout] 
[INFO] [stdout] warning: constant `HINT_SYSTEM` is never used
[INFO] [stdout]   --> src/engines/mod.rs:89:7
[INFO] [stdout]    |
[INFO] [stdout] 89 | const HINT_SYSTEM: &str = "install Chrome/Edge/Chromium (or set CHROME_PATH). The default browser is only usable when it is CDP-capa...
[INFO] [stdout]    |       ^^^^^^^^^^^
[INFO] [stdout] 
[INFO] [stdout] 
[INFO] [stdout] warning: constant `HINT_CHROMIUM_CDP_URL` is never used
[INFO] [stdout]   --> src/engines/mod.rs:86:7
[INFO] [stdout]    |
[INFO] [stdout] 86 | const HINT_CHROMIUM_CDP_URL: &str = "start Chrome/Chromium with --remote-debugging-port=9222 and pass its ws devtools endpoint as cd...
[INFO] [stdout]    |       ^^^^^^^^^^^^^^^^^^^^^
[INFO] [stdout]    |
[INFO] [stdout]    = note: `#[warn(dead_code)]` (part of `#[warn(unused)]`) on by default
[INFO] [stdout] 
[INFO] [stdout] 
[INFO] [stdout] warning: constant `HINT_BUNDLED` is never used
[INFO] [stdout]   --> src/engines/mod.rs:87:7
[INFO] [stdout]    |
[INFO] [stdout] 87 | const HINT_BUNDLED: &str =
[INFO] [stdout]    |       ^^^^^^^^^^^^
[INFO] [stdout] 
[INFO] [stdout] 
[INFO] [stdout] warning: constant `HINT_SYSTEM` is never used
[INFO] [stdout]   --> src/engines/mod.rs:89:7
[INFO] [stdout]    |
[INFO] [stdout] 89 | const HINT_SYSTEM: &str = "install Chrome/Edge/Chromium (or set CHROME_PATH). The default browser is only usable when it is CDP-capa...
[INFO] [stdout]    |       ^^^^^^^^^^^
[INFO] [stdout] 
[INFO] [stdout] 
[INFO] [stderr]     Finished `test` profile [unoptimized + debuginfo] target(s) in 54.22s
[INFO] running `Command { std: "docker" "inspect" "d962c69ba573691b9580ac49588d0eaff8e1d9869a95ed73a8061ee68b5d37ed", kill_on_drop: false }`
[INFO] running `Command { std: "docker" "exec" "-e" "SOURCE_DIR=/opt/rustwide/workdir" "-e" "CARGO_HOME=/opt/rustwide/cargo-home" "-e" "RUSTUP_HOME=/opt/rustwide/rustup-home" "-e" "CARGO_TARGET_DIR=/opt/rustwide/target" "-e" "CARGO_INCREMENTAL=0" "-e" "RUST_BACKTRACE=full" "-e" "RUSTFLAGS=--cap-lints=warn" "-e" "RUSTDOCFLAGS=--cap-lints=warn" "-w" "/opt/rustwide/workdir" "--user" "0:0" "d962c69ba573691b9580ac49588d0eaff8e1d9869a95ed73a8061ee68b5d37ed" "/opt/rustwide/cargo-home/bin/cargo" "+1.100.0-beta.1" "test" "--frozen", kill_on_drop: false }`
[INFO] [stderr] warning: constant `HINT_CHROMIUM_CDP_URL` is never used
[INFO] [stderr]   --> src/engines/mod.rs:86:7
[INFO] [stderr]    |
[INFO] [stderr] 86 | const HINT_CHROMIUM_CDP_URL: &str = "start Chrome/Chromium with --remote-debugging-port=9222 and pass its ws devtools endpoint as cd...
[INFO] [stderr]    |       ^^^^^^^^^^^^^^^^^^^^^
[INFO] [stderr]    |
[INFO] [stderr]    = note: `#[warn(dead_code)]` (part of `#[warn(unused)]`) on by default
[INFO] [stderr] 
[INFO] [stderr] warning: constant `HINT_BUNDLED` is never used
[INFO] [stderr]   --> src/engines/mod.rs:87:7
[INFO] [stderr]    |
[INFO] [stderr] 87 | const HINT_BUNDLED: &str =
[INFO] [stderr]    |       ^^^^^^^^^^^^
[INFO] [stderr] 
[INFO] [stderr] warning: constant `HINT_SYSTEM` is never used
[INFO] [stderr]   --> src/engines/mod.rs:89:7
[INFO] [stderr]    |
[INFO] [stderr] 89 | const HINT_SYSTEM: &str = "install Chrome/Edge/Chromium (or set CHROME_PATH). The default browser is only usable when it is CDP-capa...
[INFO] [stderr]    |       ^^^^^^^^^^^
[INFO] [stderr] 
[INFO] [stderr] warning: `fastbrowser` (lib) generated 3 warnings
[INFO] [stderr] warning: `fastbrowser` (lib test) generated 3 warnings (3 duplicates)
[INFO] [stderr]     Finished `test` profile [unoptimized + debuginfo] target(s) in 0.27s
[INFO] [stderr]      Running unittests src/lib.rs (/opt/rustwide/target/debug/build/fastbrowser/1b1f769dcc2ea069/out/fastbrowser-1b1f769dcc2ea069)
[INFO] [stdout] 
[INFO] [stdout] running 251 tests
[INFO] [stdout] test audit::tests::records_ok_and_err ... ok
[INFO] [stdout] test audit::tests::sensitive_params_are_redacted ... ok
[INFO] [stdout] test audit::tests::replay_python_script ... ok
[INFO] [stdout] test bridge::runtime::tests::ensure_tab_creates_when_missing ... ok
[INFO] [stdout] test bridge::runtime::tests::ensure_tab_url_reports_creation_vs_reuse ... ok
[INFO] [stdout] test audit::tests::bounded_and_clear ... ok
[INFO] [stdout] test bridge::runtime::tests::ensure_tab_reuses_existing ... ok
[INFO] [stdout] test bridge::runtime::tests::open_and_call_tools ... ok
[INFO] [stdout] test bridge::runtime::tests::status_reports_engine_selection ... ok
[INFO] [stdout] test bridge::runtime::tests::navigate_without_tab_creates_one_with_url ... ok
[INFO] [stdout] test bridge::runtime::tests::unknown_tool_errors ... ok
[INFO] [stdout] test engine::cookie::tests::cookie_matches_domain_and_path ... ok
[INFO] [stdout] test engine::cookie::tests::cookie_matches_ports_and_paths ... ok
[INFO] [stdout] test bridge::runtime::tests::concurrent_first_tools_single_tab ... ok
[INFO] [stdout] test engine::cookie::tests::request_header ... ok
[INFO] [stdout] test audit::tests::oversized_results_are_capped ... ok
[INFO] [stdout] test engine::error::tests::error_kind_display ... ok
[INFO] [stdout] test engine::events::tests::event_json_shape ... ok
[INFO] [stdout] test engine::cookie::tests::set_cookie_parse_basic ... ok
[INFO] [stdout] test engine::cookie::tests::set_cookie_parse_edge_cases ... ok
[INFO] [stdout] test engine::error::tests::error_json_shape ... ok
[INFO] [stdout] test bridge::runtime::tests::tool_list_and_status ... ok
[INFO] [stdout] test engine::host::tests::noop_surface_ops_errors ... ok
[INFO] [stdout] test engine::events::tests::event_names ... ok
[INFO] [stdout] test engine::host::tests::noop_ops_errors ... ok
[INFO] [stdout] test engine::host::tests::sink_is_object_safe ... ok
[INFO] [stdout] test engine::inject::tests::accessibility_js_skips_non_rendered_tags ... ok
[INFO] [stdout] test engine::inject::tests::element_links_js_scopes_to_the_element ... ok
[INFO] [stdout] test engine::inject::tests::accessibility_js_has_robustness_features ... ok
[INFO] [stdout] test engine::inject::tests::fb_find_and_action_js ... ok
[INFO] [stdout] test engine::inject::tests::element_exists_js_uses_shared_engine ... ok
[INFO] [stdout] test engine::inject::tests::extract_js_shape ... ok
[INFO] [stdout] test engine::inject::tests::fb_query_exposes_all ... ok
[INFO] [stdout] test engine::inject::tests::fb_query_all_returns_empty_array_on_no_match ... ok
[INFO] [stdout] test engine::inject::tests::fb_query_js_has_aria_dialects_and_helpers ... ok
[INFO] [stdout] test bridge::runtime::tests::ensure_tab_concurrent_single_tab ... ok
[INFO] [stdout] test bridge::runtime::tests::ensure_tab_recreates_after_close ... ok
[INFO] [stdout] test engine::inject::tests::live_resolve_clears_stale_marker_and_routes_through_query ... ok
[INFO] [stdout] test engine::inject::tests::live_resolve_handles_snapshot_kind ... ok
[INFO] [stdout] test engine::inject::tests::element_info_js_returns_attrs_and_visibility ... ok
[INFO] [stdout] test engine::inject::tests::parses_legacy_array ... ok
[INFO] [stdout] test engine::input::tests::from_conversions ... ok
[INFO] [stdout] test engine::inject::tests::parses_v3_with_frames ... ok
[INFO] [stdout] test engine::input::tests::mouse_click_defaults ... ok
[INFO] [stdout] test engine::inject::tests::focused_text_js_sets_value_and_handles_clear ... ok
[INFO] [stdout] test engine::inject::tests::input_event_js_synthesizes_dom_events ... ok
[INFO] [stdout] test engine::notify::tests::notifier_wakes_waiter ... ok
[INFO] [stdout] test engine::snapshot::tests::display_id_never_exposes_live_sentinel ... ok
[INFO] [stdout] test engine::inject::tests::point_action_js_uses_element_from_point ... ok
[INFO] [stdout] test engine::inject::tests::parses_cross_origin_frame ... ok
[INFO] [stdout] test engine::input::tests::swipe_vector ... ok
[INFO] [stdout] test engine::inject::tests::rejects_non_string ... ok
[INFO] [stdout] test engine::notify::tests::notifier_no_lost_wakeup_when_notified_before_wait ... ok
[INFO] [stdout] test engine::snapshot::tests::selector_dialect_extended_prefixes_route_to_js_engine ... ok
[INFO] [stdout] test engine::snapshot::tests::element_by_id ... ok
[INFO] [stdout] test engine::snapshot::tests::playwright_selector_routing ... ok
[INFO] [stdout] test engine::snapshot::tests::element_ref_display_is_clean ... ok
[INFO] [stdout] test engine::snapshot::tests::selector_dialect_id_testid_nth ... ok
[INFO] [stdout] test engine::snapshot::tests::llm_text_contains_element ... ok
[INFO] [stdout] test engine::snapshot::tests::selector_dialect_parsing ... ok
[INFO] [stdout] test engine::snapshot::tests::snapshot_ref_parsing ... ok
[INFO] [stdout] test engine::surface::tests::action_names ... ok
[INFO] [stdout] test engine::surface::tests::capabilities_merge ... ok
[INFO] [stdout] test engine::snapshot::tests::matches_ref_by_role ... ok
[INFO] [stdout] test engine::surface::tests::interesting_only_false_keeps_containers ... ok
[INFO] [stdout] test engine::surface::tests::node_count_matches_flatten ... ok
[INFO] [stdout] test engine::surface::tests::prune_drops_empty_container_but_keeps_structure ... ok
[INFO] [stdout] test engine::surface::tests::prune_drops_pure_empty_group ... ok
[INFO] [stdout] test engine::surface::tests::prune_no_text_cap_when_zero ... ok
[INFO] [stdout] test engine::surface::tests::prune_truncates_long_fields ... ok
[INFO] [stdout] test engine::surface::tests::ref_helpers ... ok
[INFO] [stdout] test engine::surface::tests::surface_action_serde_roundtrip ... ok
[INFO] [stdout] test engine::surface::tests::llm_text_renders_tree ... ok
[INFO] [stdout] test engine::surface::tests::prune_respects_max_depth ... ok
[INFO] [stdout] test engine::surface::tests::surface_event_serde_and_helpers ... ok
[INFO] [stdout] test engine::surface::tests::prune_respects_max_nodes ... ok
[INFO] [stdout] test engine::surface::tests::surface_kind_namespace ... ok
[INFO] [stdout] test engine::surface::tests::ref_helpers_edge_cases ... ok
[INFO] [stdout] test engine::surface::tests::ui_node_serde_omits_empty_collections ... ok
[INFO] [stdout] test engine::tab::tests::tab_id_serde_roundtrip ... ok
[INFO] [stdout] test engine::tab::tests::tab_options_default ... ok
[INFO] [stdout] test engine::view::tests::image_validity_and_base64 ... ok
[INFO] [stdout] test engines::mock::tests::coordinate_click_hits_element ... ok
[INFO] [stdout] test engines::mock::tests::click_link_navigates ... ok
[INFO] [stdout] test engines::mock::tests::cookies_and_storage ... ok
[INFO] [stdout] test engines::mock::tests::create_and_snapshot ... ok
[INFO] [stdout] test engines::mock::tests::element_ops_on_non_inputs ... ok
[INFO] [stdout] test engine::view::tests::rect_center_and_contains ... ok
[INFO] [stdout] test engine::view::tests::viewport_scale ... ok
[INFO] [stdout] test engines::mock::tests::events_drained_and_sinked ... ok
[INFO] [stdout] test engines::mock::tests::block_and_intercept ... ok
[INFO] [stdout] test engines::mock::tests::input_event_edge_cases ... ok
[INFO] [stdout] test engines::mock::tests::js_eval_support ... ok
[INFO] [stdout] test engines::mock::tests::navigate_changes_page ... ok
[INFO] [stdout] test engines::mock::tests::set_value_and_click_checkbox ... ok
[INFO] [stdout] test engines::mock::tests::history_edge_cases ... ok
[INFO] [stdout] test engines::mock::tests::js_eval_edge_cases ... ok
[INFO] [stdout] test engines::mock::tests::tab_lifecycle_edge_cases ... ok
[INFO] [stdout] test engines::mock::tests::type_text_appends_without_clear ... ok
[INFO] [stdout] test engines::mock::tests::history_back_forward ... ok
[INFO] [stdout] test engines::mock::tests::storage_and_clear ... ok
[INFO] [stdout] test engines::mock::tests::wait_any_event_wakes_on_any_tab_push ... ok
[INFO] [stdout] test engines::mock::tests::wait_event_wakes_on_push ... ok
[INFO] [stdout] test engines::tests::auto_with_bad_cdp_url_falls_back ... ok
[INFO] [stdout] test engines::tests::auto_without_cdp_and_ops_falls_back ... ok
[INFO] [stdout] test engines::tests::auto_with_webview_ops ... ok
[INFO] [stdout] test engines::tests::finalize_mock_errors_when_fallback_disabled ... ok
[INFO] [stdout] test engines::tests::finalize_mock_reports_degraded_with_hint ... ok
[INFO] [stdout] test engines::tests::mock_always_available ... ok
[INFO] [stdout] test engines::tests::unknown_engine_errors ... ok
[INFO] [stdout] test engines::tests::webkit_alias_requires_ops ... ok
[INFO] [stdout] test engines::tests::webview_without_ops_errors ... ok
[INFO] [stdout] test log::tests::log_macros_compile ... ok
[INFO] [stdout] test png::tests::decode_rgba_png ... ok
[INFO] [stdout] test png::tests::jpeg_dimensions_from_sof ... ok
[INFO] [stdout] test png::tests::png_dimensions_from_header ... ok
[INFO] [stdout] test png::tests::rejects_bad_input ... ok
[INFO] [stdout] test sdk::device_callback::tests::permission_table ... ok
[INFO] [stdout] test sdk::ffi::tests::bad_init_errors ... ok
[INFO] [stdout] test engine::notify::tests::notifier_times_out ... ok
[INFO] [stdout] test engines::tests::normalize_engine_aliases ... ok
[INFO] [stdout] test sdk::ffi::tests::version_string ... ok
[INFO] [stdout] test sdk::plugin::tests::sink_registry ... ok
[INFO] [stdout] test engines::mock::tests::wait_any_event_times_out_without_push ... ok
[INFO] [stdout] test engines::mock::tests::wait_event_times_out_without_push ... ok
[INFO] [stdout] test sdk::tests::not_initialized_errors ... ok
[INFO] [stdout] test sdk::tests::clear_state_isolates_tasks ... ok
[INFO] [stdout] test bridge::runtime::tests::concurrent_navigate_and_read_single_tab_with_url ... ok
[INFO] [stdout] test sdk::tests::info_and_status ... ok
[INFO] [stdout] test sdk::tests::shutdown_resets ... ok
[INFO] [stdout] test sdk::tests::session_save_load_restores_state ... ok
[INFO] [stdout] test sdk::tests::rendering_mode_switch ... ok
[INFO] [stdout] test session::cookie::tests::parse_set_cookie_headers ... ok
[INFO] [stdout] test session::manager::tests::delete_profile_unbinds_and_switches_active ... ok
[INFO] [stdout] test session::manager::tests::profile_lifecycle_and_isolation ... ok
[INFO] [stdout] test session::cookie::tests::jar_filters_by_host_path ... ok
[INFO] [stdout] test session::profile::tests::profile_serde ... ok
[INFO] [stdout] test session::session_store::tests::capture_save_load_apply_roundtrip ... ok
[INFO] [stdout] test sdk::tests::open_and_tool_flow ... ok
[INFO] [stdout] test session::storage::tests::origin_extraction ... ok
[INFO] [stdout] test session::session_store::tests::config_includes_browser_use_fields ... ok
[INFO] [stdout] test tools::advanced::tests::css_and_net ... ok
[INFO] [stdout] test tools::advanced::tests::js_and_xpath ... ok
[INFO] [stdout] test tools::advanced::tests::wrap_script_leaves_iife_untouched ... ok
[INFO] [stdout] test tools::advanced::tests::wrap_script_returns_last_statement_value ... ok
[INFO] [stdout] test tools::agent::tests::modifier_order ... ok
[INFO] [stdout] test tools::agent::tests::parse_combo_parts ... ok
[INFO] [stdout] test tools::agent::tests::printable_keys ... ok
[INFO] [stdout] test tools::aliases::tests::browser_open_family_aliases_to_navigate ... ok
[INFO] [stdout] test tools::aliases::tests::camel_case_param_fallback ... ok
[INFO] [stdout] test tools::advanced::tests::wrap_script_handles_return ... ok
[INFO] [stdout] test tools::aliases::tests::extended_page_and_webdriver_aliases ... ok
[INFO] [stdout] test tools::aliases::tests::extended_param_aliases ... ok
[INFO] [stdout] test tools::aliases::tests::coerce_single_string_to_array ... ok
[INFO] [stdout] test tools::aliases::tests::index_alias_maps_to_id ... ok
[INFO] [stdout] test tools::aliases::tests::console_and_network_aliases ... ok
[INFO] [stdout] test tools::aliases::tests::max_alias_targets_max_nodes_when_declared ... ok
[INFO] [stdout] test tools::aliases::tests::library_param_aliases ... ok
[INFO] [stdout] test tools::aliases::tests::navigate_aliases ... ok
[INFO] [stdout] test tools::aliases::tests::query_aliases_to_contains_for_assert_title ... ok
[INFO] [stdout] test tools::aliases::tests::resolves_known_aliases_and_keeps_canonical ... ok
[INFO] [stdout] test tools::aliases::tests::well_known_library_tool_aliases ... ok
[INFO] [stdout] test tools::cookies::tests::clear_all_and_dump ... ok
[INFO] [stdout] test tools::aliases::tests::normalizes_params_by_declared_names ... ok
[INFO] [stdout] test tools::aliases::tests::query_and_text_aliases_resolve_by_declared_target ... ok
[INFO] [stdout] test tools::cookies::tests::cookie_set_accepts_url ... ok
[INFO] [stdout] test tools::cookies::tests::storage_roundtrip ... ok
[INFO] [stdout] test tools::dialog::tests::dialog_accept_false_dismisses ... ok
[INFO] [stdout] test tools::dialog::tests::dialog_roundtrip ... ok
[INFO] [stdout] test tools::cookies::tests::cookie_roundtrip ... ok
[INFO] [stdout] test tools::extract::tests::chrome_asset_filter ... ok
[INFO] [stdout] test tools::download::tests::download_writes_bytes_verbatim ... ok
[INFO] [stdout] test tools::extract::tests::extract_json_via_js ... ok
[INFO] [stdout] test tools::extract::tests::extract_text_and_links_declare_element_scope ... ok
[INFO] [stdout] test tools::download::tests::download_sends_referer_and_browser_ua ... ok
[INFO] [stdout] test tools::extract::tests::find_elements_no_match_is_empty_array_not_error ... ok
[INFO] [stdout] test tools::extract::tests::text_links_images_table ... ok
[INFO] [stdout] test tools::extract::tests::find_elements_accepts_role_and_name ... ok
[INFO] [stdout] test tools::form::tests::extract_forms_lists_controls ... ok
[INFO] [stdout] test tools::form::tests::fill_form_sets_values ... ok
[INFO] [stdout] test tools::form::tests::fill_target_resolves_kinds ... ok
[INFO] [stdout] test tools::form::tests::select_and_checkbox ... ok
[INFO] [stdout] test tools::form::tests::select_option_accepts_label ... ok
[INFO] [stdout] test tools::form::tests::upload_file_tool ... ok
[INFO] [stdout] test tools::interact::tests::click_link_navigates ... ok
[INFO] [stdout] test tools::interact::tests::drag_between_elements ... ok
[INFO] [stdout] test tools::interact::tests::extended_interactions ... ok
[INFO] [stdout] test tools::interact::tests::press_and_scroll_ok ... ok
[INFO] [stdout] test tools::interact::tests::scroll_accepts_x_y_aliases ... ok
[INFO] [stdout] test tools::interact::tests::swipe_ok ... ok
[INFO] [stdout] test tools::interact::tests::type_append_without_clear ... ok
[INFO] [stdout] test tools::interact::tests::type_into_input ... ok
[INFO] [stdout] test tools::nav::tests::navigate_rejects_unsupported_scheme ... ok
[INFO] [stdout] test tools::nav::tests::navigate_requires_url ... ok
[INFO] [stdout] test tools::nav::tests::back_and_forward_report_live_url_and_title ... ok
[INFO] [stdout] test tools::nav::tests::navigate_then_back ... ok
[INFO] [stdout] test tools::nav::tests::norm_url_treats_equivalent_urls_as_same ... ok
[INFO] [stdout] test tools::interact::tests::click_coords_dispatches_at_coordinates ... ok
[INFO] [stdout] test tools::nav::tests::stale_navigation_detects_silently_ignored_loads ... ok
[INFO] [stdout] test tools::network::tests::interceptor_tools_error_on_mock ... ok
[INFO] [stdout] test tools::network::tests::list_pending_empty_on_mock ... ok
[INFO] [stdout] test tools::page::tests::accessibility_tree ... ok
[INFO] [stdout] test tools::page::tests::accessibility_tree_char_budget_bounds_output ... ok
[INFO] [stdout] test tools::page::tests::ax_quality_flags_glyph_per_node_trees ... ok
[INFO] [stdout] test tools::page::tests::clamp_ax_depth_limits_levels ... ok
[INFO] [stdout] test tools::page::tests::compact_ax_node_drops_geometry_and_rounds_when_kept ... ok
[INFO] [stdout] test tools::page::tests::console_and_network_logs_read_persistent_buffer ... ok
[INFO] [stdout] test tools::page::tests::count_ax_nodes_counts_tree ... ok
[INFO] [stdout] test tools::page::tests::element_introspection ... ok
[INFO] [stdout] test tools::page::tests::filter_ax_node_drops_noise ... ok
[INFO] [stdout] test tools::page::tests::logs_survive_drain_events ... ok
[INFO] [stdout] test tools::page::tests::accessibility_tree_view_and_geometry_controls ... ok
[INFO] [stdout] test tools::page::tests::prune_ax_node_caps_nested_tree ... ok
[INFO] [stdout] test tools::page::tests::screenshot_element_crops ... ok
[INFO] [stdout] test sdk::tests::snapshot_screenshot_view ... ok
[INFO] [stdout] test tools::page::tests::set_scroll_position_aliases ... ok
[INFO] [stdout] test tools::pdf::tests::save_pdf_writes_file ... ok
[INFO] [stdout] test tools::registry::tests::capability_filtering_hides_unsupported_tools ... ok
[INFO] [stdout] test tools::registry::tests::element_and_tab_tools_declare_their_aliases ... ok
[INFO] [stdout] test tools::registry::tests::list_is_json_array_of_specs ... ok
[INFO] [stdout] test tools::registry::tests::registry_has_all_domains ... ok
[INFO] [stdout] test tools::registry::tests::suggest_prefers_prefix_match ... ok
[INFO] [stdout] test tools::registry::tests::tool_supported_by_caps ... ok
[INFO] [stdout] test tools::tabs::tests::find_duplicate_close_others ... ok
[INFO] [stdout] test tools::tabs::tests::get_active_tab_follows_switch_tab ... ok
[INFO] [stdout] test tools::tabs::tests::get_active_tab_reports_current ... ok
[INFO] [stdout] test tools::tabs::tests::switch_and_get_tab_accept_id_alias ... ok
[INFO] [stdout] test tools::tabs::tests::tab_lifecycle ... ok
[INFO] [stdout] test tools::tool::tests::capped_text_and_array ... ok
[INFO] [stdout] test tools::tool::tests::cross_tool_hint_points_at_the_right_tool ... ok
[INFO] [stdout] test tools::tool::tests::enrich_missing_required_appends_cross_tool_hint ... ok
[INFO] [stdout] test tools::tool::tests::resolve_target_accepts_role_and_name ... ok
[INFO] [stdout] test tools::tool::tests::resolve_target_supports_dialects ... ok
[INFO] [stdout] test tools::tool::tests::surface_js_error_detects_host_exception_shape ... ok
[INFO] [stdout] test tools::tool::tests::target_from_str_kinds ... ok
[INFO] [stdout] test tools::wait::tests::assert_url_and_title ... ok
[INFO] [stdout] test tools::wait::tests::load_state_and_condition ... ok
[INFO] [stdout] test tools::wait::tests::navigation_wait ... ok
[INFO] [stdout] test tools::wait::tests::same_url_distinguishes_stale_page_from_target ... ok
[INFO] [stdout] test tools::page::tests::page_analysis_tools ... ok
[INFO] [stdout] test tools::wait::tests::wait_and_assert ... ok
[INFO] [stdout] test tools::wait::tests::wait_for_navigation_returns_immediately_when_already_loaded ... ok
[INFO] [stdout] test tools::wait::tests::url_gate_accepts_redirects_but_not_the_old_page ... ok
[INFO] [stdout] test engines::mock::tests::screenshot_and_frame ... ok
[INFO] [stdout] test tools::wait::tests::wait_for_text_wakes_on_background_event ... ok
[INFO] [stdout] test tools::wait::tests::wait_timeout_errors ... ok
[INFO] [stdout] test tools::page::tests::ax_big_tree_is_bounded_by_default_but_full_available ... ok
[INFO] [stdout] test engines::mock::tests::frame_stream_pushes_and_stops ... FAILED
[INFO] [stdout] test sdk::ffi::tests::init_and_call ... ok
[INFO] [stdout] test sdk::ffi::tests::error_returns_json_error ... ok
[INFO] [stdout] test tools::page::tests::screenshot_format_encodes_png_and_jpeg ... ok
[INFO] [stdout] 
[INFO] [stdout] failures:
[INFO] [stdout] 
[INFO] [stdout] ---- engines::mock::tests::frame_stream_pushes_and_stops stdout ----
[INFO] [stdout] 
[INFO] [stdout] thread 'engines::mock::tests::frame_stream_pushes_and_stops' (2389) panicked at src/engines/mock.rs:2168:9:
[INFO] [stdout] expected >= 2 frames
[INFO] [stdout] stack backtrace:
[INFO] [stdout]    0:     0x59b44e4c9d51 - std[617be2ca0a6fd877]::backtrace_rs::backtrace::libunwind::trace
[INFO] [stdout]                                at /rustc/e3feeb59cd1bdd011a2bfcc0747b55125d9b8527/library/std/src/../../backtrace/src/backtrace/libunwind.rs:117:9
[INFO] [stdout]    1:     0x59b44e4c9d51 - std[617be2ca0a6fd877]::backtrace_rs::backtrace::trace_unsynchronized::<std[617be2ca0a6fd877]::sys::backtrace::_print_fmt::{closure#1}>
[INFO] [stdout]                                at /rustc/e3feeb59cd1bdd011a2bfcc0747b55125d9b8527/library/std/src/../../backtrace/src/backtrace/mod.rs:66:14
[INFO] [stdout]    2:     0x59b44e4c9d51 - std[617be2ca0a6fd877]::sys::backtrace::_print_fmt
[INFO] [stdout]                                at /rustc/e3feeb59cd1bdd011a2bfcc0747b55125d9b8527/library/std/src/sys/backtrace.rs:74:9
[INFO] [stdout]    3:     0x59b44e4c9d51 - <<std[617be2ca0a6fd877]::sys::backtrace::BacktraceLock>::print::DisplayBacktrace as core[a373ad73a504971]::fmt::Display>::fmt
[INFO] [stdout]                                at /rustc/e3feeb59cd1bdd011a2bfcc0747b55125d9b8527/library/std/src/sys/backtrace.rs:44:26
[INFO] [stdout]    4:     0x59b44e4e1b4a - <core[a373ad73a504971]::fmt::rt::Argument>::fmt
[INFO] [stdout]                                at /rustc/e3feeb59cd1bdd011a2bfcc0747b55125d9b8527/library/core/src/fmt/rt.rs:152:76
[INFO] [stdout]    5:     0x59b44e4e1b4a - core[a373ad73a504971]::fmt::write
[INFO] [stdout]    6:     0x59b44e4ce92c - core[a373ad73a504971]::io::write::default_write_fmt::<alloc[2e1b2a31b91974c5]::vec::Vec<u8>>
[INFO] [stdout]                                at /rustc/e3feeb59cd1bdd011a2bfcc0747b55125d9b8527/library/core/src/io/write.rs:402:11
[INFO] [stdout]    7:     0x59b44e4ce92c - <alloc[2e1b2a31b91974c5]::vec::Vec<u8> as core[a373ad73a504971]::io::write::Write>::write_fmt
[INFO] [stdout]                                at /rustc/e3feeb59cd1bdd011a2bfcc0747b55125d9b8527/library/core/src/io/write.rs:335:13
[INFO] [stdout]    8:     0x59b44e4a2b16 - <std[617be2ca0a6fd877]::sys::backtrace::BacktraceLock>::print
[INFO] [stdout]                                at /rustc/e3feeb59cd1bdd011a2bfcc0747b55125d9b8527/library/std/src/sys/backtrace.rs:47:9
[INFO] [stdout]    9:     0x59b44e4a2b16 - std[617be2ca0a6fd877]::panicking::default_hook::{closure#0}
[INFO] [stdout]                                at /rustc/e3feeb59cd1bdd011a2bfcc0747b55125d9b8527/library/std/src/panicking.rs:289:27
[INFO] [stdout]   10:     0x59b44e4c0d89 - std[617be2ca0a6fd877]::panicking::default_hook
[INFO] [stdout]                                at /rustc/e3feeb59cd1bdd011a2bfcc0747b55125d9b8527/library/std/src/panicking.rs:313:9
[INFO] [stdout]   11:     0x59b44e39a600 - <alloc[2e1b2a31b91974c5]::boxed::Box<dyn for<'a, 'b> core[a373ad73a504971]::ops::function::Fn<(&'a std[617be2ca0a6fd877]::panic::PanicHookInfo<'b>,), Output = ()> + core[a373ad73a504971]::marker::Sync + core[a373ad73a504971]::marker::Send> as core[a373ad73a504971]::ops::function::Fn<(&std[617be2ca0a6fd877]::panic::PanicHookInfo,)>>::call
[INFO] [stdout]                                at /rustc/e3feeb59cd1bdd011a2bfcc0747b55125d9b8527/library/alloc/src/boxed.rs:2328:9
[INFO] [stdout]   12:     0x59b44e39a600 - test[aada8e7e76ba119b]::test_main_inner::{closure#0}
[INFO] [stdout]                                at /rustc/e3feeb59cd1bdd011a2bfcc0747b55125d9b8527/library/test/src/lib.rs:137:21
[INFO] [stdout]   13:     0x59b44e4c0f42 - <alloc[2e1b2a31b91974c5]::boxed::Box<dyn for<'a, 'b> core[a373ad73a504971]::ops::function::Fn<(&'a std[617be2ca0a6fd877]::panic::PanicHookInfo<'b>,), Output = ()> + core[a373ad73a504971]::marker::Sync + core[a373ad73a504971]::marker::Send> as core[a373ad73a504971]::ops::function::Fn<(&std[617be2ca0a6fd877]::panic::PanicHookInfo,)>>::call
[INFO] [stdout]                                at /rustc/e3feeb59cd1bdd011a2bfcc0747b55125d9b8527/library/alloc/src/boxed.rs:2328:9
[INFO] [stdout]   14:     0x59b44e4c0f42 - std[617be2ca0a6fd877]::panicking::panic_with_hook
[INFO] [stdout]                                at /rustc/e3feeb59cd1bdd011a2bfcc0747b55125d9b8527/library/std/src/panicking.rs:819:13
[INFO] [stdout]   15:     0x59b44e4a2bf4 - std[617be2ca0a6fd877]::panicking::panic_handler::{closure#0}
[INFO] [stdout]                                at /rustc/e3feeb59cd1bdd011a2bfcc0747b55125d9b8527/library/std/src/panicking.rs:678:13
[INFO] [stdout]   16:     0x59b44e49b549 - std[617be2ca0a6fd877]::sys::backtrace::__rust_end_short_backtrace::<std[617be2ca0a6fd877]::panicking::panic_handler::{closure#0}, !>
[INFO] [stdout]                                at /rustc/e3feeb59cd1bdd011a2bfcc0747b55125d9b8527/library/std/src/sys/backtrace.rs:182:18
[INFO] [stdout]   17:     0x59b44e4a39bd - __rustc[ea4f61d10b84890b]::rust_begin_unwind
[INFO] [stdout]                                at /rustc/e3feeb59cd1bdd011a2bfcc0747b55125d9b8527/library/std/src/panicking.rs:676:5
[INFO] [stdout]   18:     0x59b44e4e233c - core[a373ad73a504971]::panicking::panic_fmt
[INFO] [stdout]                                at /rustc/e3feeb59cd1bdd011a2bfcc0747b55125d9b8527/library/core/src/panicking.rs:80:14
[INFO] [stdout]   19:     0x59b44df78be2 - fastbrowser[f4814b29c29849be]::engines::mock::tests::frame_stream_pushes_and_stops
[INFO] [stdout]                                at /opt/rustwide/workdir/src/engines/mock.rs:2168:9
[INFO] [stdout]   20:     0x59b44df59ce7 - fastbrowser[f4814b29c29849be]::engines::mock::tests::frame_stream_pushes_and_stops::{closure#0}
[INFO] [stdout]                                at /opt/rustwide/workdir/src/engines/mock.rs:2142:39
[INFO] [stdout]   21:     0x59b44e0c4396 - <fastbrowser[f4814b29c29849be]::engines::mock::tests::frame_stream_pushes_and_stops::{closure#0} as core[a373ad73a504971]::ops::function::FnOnce<()>>::call_once
[INFO] [stdout]                                at /rustc/e3feeb59cd1bdd011a2bfcc0747b55125d9b8527/library/core/src/ops/function.rs:250:5
[INFO] [stdout]   22:     0x59b44e38da4b - <fn() -> core[a373ad73a504971]::result::Result<(), alloc[2e1b2a31b91974c5]::string::String> as core[a373ad73a504971]::ops::function::FnOnce<()>>::call_once
[INFO] [stdout]                                at /rustc/e3feeb59cd1bdd011a2bfcc0747b55125d9b8527/library/core/src/ops/function.rs:250:5
[INFO] [stdout]   23:     0x59b44e38da4b - test[aada8e7e76ba119b]::__rust_begin_short_backtrace::<core[a373ad73a504971]::result::Result<(), alloc[2e1b2a31b91974c5]::string::String>, fn() -> core[a373ad73a504971]::result::Result<(), alloc[2e1b2a31b91974c5]::string::String>>
[INFO] [stdout]                                at /rustc/e3feeb59cd1bdd011a2bfcc0747b55125d9b8527/library/test/src/lib.rs:701:18
[INFO] [stdout]   24:     0x59b44e39ac25 - test[aada8e7e76ba119b]::run_test_in_process::{closure#0}
[INFO] [stdout]                                at /rustc/e3feeb59cd1bdd011a2bfcc0747b55125d9b8527/library/test/src/lib.rs:724:74
[INFO] [stdout]   25:     0x59b44e39ac25 - <core[a373ad73a504971]::panic::unwind_safe::AssertUnwindSafe<test[aada8e7e76ba119b]::run_test_in_process::{closure#0}> as core[a373ad73a504971]::ops::function::FnOnce<()>>::call_once
[INFO] [stdout]                                at /rustc/e3feeb59cd1bdd011a2bfcc0747b55125d9b8527/library/core/src/panic/unwind_safe.rs:275:9
[INFO] [stdout]   26:     0x59b44e39ac25 - std[617be2ca0a6fd877]::panicking::catch_unwind::do_call::<core[a373ad73a504971]::panic::unwind_safe::AssertUnwindSafe<test[aada8e7e76ba119b]::run_test_in_process::{closure#0}>, core[a373ad73a504971]::result::Result<(), alloc[2e1b2a31b91974c5]::string::String>>
[INFO] [stdout]                                at /rustc/e3feeb59cd1bdd011a2bfcc0747b55125d9b8527/library/std/src/panicking.rs:573:43
[INFO] [stdout]   27:     0x59b44e39ac25 - std[617be2ca0a6fd877]::panicking::catch_unwind::<core[a373ad73a504971]::result::Result<(), alloc[2e1b2a31b91974c5]::string::String>, core[a373ad73a504971]::panic::unwind_safe::AssertUnwindSafe<test[aada8e7e76ba119b]::run_test_in_process::{closure#0}>>
[INFO] [stdout]                                at /rustc/e3feeb59cd1bdd011a2bfcc0747b55125d9b8527/library/std/src/panicking.rs:541:19
[INFO] [stdout]   28:     0x59b44e39ac25 - std[617be2ca0a6fd877]::panic::catch_unwind::<core[a373ad73a504971]::panic::unwind_safe::AssertUnwindSafe<test[aada8e7e76ba119b]::run_test_in_process::{closure#0}>, core[a373ad73a504971]::result::Result<(), alloc[2e1b2a31b91974c5]::string::String>>
[INFO] [stdout]                                at /rustc/e3feeb59cd1bdd011a2bfcc0747b55125d9b8527/library/std/src/panic.rs:359:14
[INFO] [stdout]   29:     0x59b44e39ac25 - test[aada8e7e76ba119b]::run_test_in_process
[INFO] [stdout]                                at /rustc/e3feeb59cd1bdd011a2bfcc0747b55125d9b8527/library/test/src/lib.rs:724:27
[INFO] [stdout]   30:     0x59b44e39ac25 - test[aada8e7e76ba119b]::run_test::{closure#0}
[INFO] [stdout]                                at /rustc/e3feeb59cd1bdd011a2bfcc0747b55125d9b8527/library/test/src/lib.rs:645:43
[INFO] [stdout]   31:     0x59b44e394514 - test[aada8e7e76ba119b]::run_test::{closure#1}
[INFO] [stdout]                                at /rustc/e3feeb59cd1bdd011a2bfcc0747b55125d9b8527/library/test/src/lib.rs:675:41
[INFO] [stdout]   32:     0x59b44e394514 - std[617be2ca0a6fd877]::sys::backtrace::__rust_begin_short_backtrace::<test[aada8e7e76ba119b]::run_test::{closure#1}, ()>
[INFO] [stdout]                                at /rustc/e3feeb59cd1bdd011a2bfcc0747b55125d9b8527/library/std/src/sys/backtrace.rs:166:18
[INFO] [stdout]   33:     0x59b44e39dcb2 - std[617be2ca0a6fd877]::thread::lifecycle::spawn_unchecked::<test[aada8e7e76ba119b]::run_test::{closure#1}, ()>::{closure#1}::{closure#0}
[INFO] [stdout]                                at /rustc/e3feeb59cd1bdd011a2bfcc0747b55125d9b8527/library/std/src/thread/lifecycle.rs:70:13
[INFO] [stdout]   34:     0x59b44e39dcb2 - <core[a373ad73a504971]::panic::unwind_safe::AssertUnwindSafe<std[617be2ca0a6fd877]::thread::lifecycle::spawn_unchecked<test[aada8e7e76ba119b]::run_test::{closure#1}, ()>::{closure#1}::{closure#0}> as core[a373ad73a504971]::ops::function::FnOnce<()>>::call_once
[INFO] [stdout]                                at /rustc/e3feeb59cd1bdd011a2bfcc0747b55125d9b8527/library/core/src/panic/unwind_safe.rs:275:9
[INFO] [stdout]   35:     0x59b44e39dcb2 - std[617be2ca0a6fd877]::panicking::catch_unwind::do_call::<core[a373ad73a504971]::panic::unwind_safe::AssertUnwindSafe<std[617be2ca0a6fd877]::thread::lifecycle::spawn_unchecked<test[aada8e7e76ba119b]::run_test::{closure#1}, ()>::{closure#1}::{closure#0}>, ()>
[INFO] [stdout]                                at /rustc/e3feeb59cd1bdd011a2bfcc0747b55125d9b8527/library/std/src/panicking.rs:573:43
[INFO] [stdout]   36:     0x59b44e39dcb2 - std[617be2ca0a6fd877]::panicking::catch_unwind::<(), core[a373ad73a504971]::panic::unwind_safe::AssertUnwindSafe<std[617be2ca0a6fd877]::thread::lifecycle::spawn_unchecked<test[aada8e7e76ba119b]::run_test::{closure#1}, ()>::{closure#1}::{closure#0}>>
[INFO] [stdout]                                at /rustc/e3feeb59cd1bdd011a2bfcc0747b55125d9b8527/library/std/src/panicking.rs:541:19
[INFO] [stdout]   37:     0x59b44e39dcb2 - std[617be2ca0a6fd877]::panic::catch_unwind::<core[a373ad73a504971]::panic::unwind_safe::AssertUnwindSafe<std[617be2ca0a6fd877]::thread::lifecycle::spawn_unchecked<test[aada8e7e76ba119b]::run_test::{closure#1}, ()>::{closure#1}::{closure#0}>, ()>
[INFO] [stdout]                                at /rustc/e3feeb59cd1bdd011a2bfcc0747b55125d9b8527/library/std/src/panic.rs:359:14
[INFO] [stdout]   38:     0x59b44e39dcb2 - std[617be2ca0a6fd877]::thread::lifecycle::spawn_unchecked::<test[aada8e7e76ba119b]::run_test::{closure#1}, ()>::{closure#1}
[INFO] [stdout]                                at /rustc/e3feeb59cd1bdd011a2bfcc0747b55125d9b8527/library/std/src/thread/lifecycle.rs:68:26
[INFO] [stdout]   39:     0x59b44e39dcb2 - <std[617be2ca0a6fd877]::thread::lifecycle::spawn_unchecked<test[aada8e7e76ba119b]::run_test::{closure#1}, ()>::{closure#1} as core[a373ad73a504971]::ops::function::FnOnce<()>>::call_once::{shim:vtable#0}
[INFO] [stdout]                                at /rustc/e3feeb59cd1bdd011a2bfcc0747b55125d9b8527/library/core/src/ops/function.rs:250:5
[INFO] [stdout]   40:     0x59b44e4c891f - <alloc[2e1b2a31b91974c5]::boxed::Box<dyn core[a373ad73a504971]::ops::function::FnOnce<(), Output = ()> + core[a373ad73a504971]::marker::Send> as core[a373ad73a504971]::ops::function::FnOnce<()>>::call_once
[INFO] [stdout]                                at /rustc/e3feeb59cd1bdd011a2bfcc0747b55125d9b8527/library/alloc/src/boxed.rs:2314:9
[INFO] [stdout]   41:     0x59b44e4c891f - <std[617be2ca0a6fd877]::sys::thread::unix::Thread>::new::thread_start
[INFO] [stdout]                                at /rustc/e3feeb59cd1bdd011a2bfcc0747b55125d9b8527/library/std/src/sys/thread/unix.rs:127:17
[INFO] [stdout]   42:     0x7f2ae1468dfa - <unknown>
[INFO] [stdout]   43:     0x7f2ae14fc3d4 - clone
[INFO] [stdout]   44:                0x0 - <unknown>
[INFO] [stdout] 
[INFO] [stdout] 
[INFO] [stdout] failures:
[INFO] [stdout]     engines::mock::tests::frame_stream_pushes_and_stops
[INFO] [stdout] 
[INFO] [stdout] test result: FAILED. 250 passed; 1 failed; 0 ignored; 0 measured; 0 filtered out; finished in 1.37s
[INFO] [stdout] 
[INFO] [stderr] error: test failed, to rerun pass `--lib`
[INFO] running `Command { std: "docker" "inspect" "d962c69ba573691b9580ac49588d0eaff8e1d9869a95ed73a8061ee68b5d37ed", kill_on_drop: false }`
[INFO] running `Command { std: "docker" "rm" "-f" "d962c69ba573691b9580ac49588d0eaff8e1d9869a95ed73a8061ee68b5d37ed", kill_on_drop: false }`
[INFO] [stdout] d962c69ba573691b9580ac49588d0eaff8e1d9869a95ed73a8061ee68b5d37ed
