[INFO] cloning repository https://github.com/joshuarli/fastermod
[INFO] running `Command { std: "git" "-c" "credential.helper=" "-c" "credential.helper=/workspace/cargo-home/bin/git-credential-null" "clone" "--bare" "https://github.com/joshuarli/fastermod" "/workspace/cache/git-repos/https%3A%2F%2Fgithub.com%2Fjoshuarli%2Ffastermod", kill_on_drop: false }`
[INFO] [stderr] Cloning into bare repository '/workspace/cache/git-repos/https%3A%2F%2Fgithub.com%2Fjoshuarli%2Ffastermod'...
[INFO] running `Command { std: "git" "rev-parse" "HEAD", kill_on_drop: false }`
[INFO] [stdout] 4df7a8e8e3cd3095ae3708abcafc15017e4ea53f
[INFO] testing joshuarli/fastermod against 1.100.0-beta.1 for beta-1.100-2
[INFO] running `Command { std: "git" "clone" "/workspace/cache/git-repos/https%3A%2F%2Fgithub.com%2Fjoshuarli%2Ffastermod" "/workspace/builds/worker-5-tc2/source", kill_on_drop: false }`
[INFO] [stderr] Cloning into '/workspace/builds/worker-5-tc2/source'...
[INFO] [stderr] done.
[INFO] removed /workspace/builds/worker-5-tc2/source/rust-toolchain.toml
[INFO] started tweaking git repo https://github.com/joshuarli/fastermod
[INFO] finished tweaking git repo https://github.com/joshuarli/fastermod
[INFO] tweaked toml for git repo https://github.com/joshuarli/fastermod written to /workspace/builds/worker-5-tc2/source/Cargo.toml
[INFO] validating manifest of git repo https://github.com/joshuarli/fastermod on toolchain 1.100.0-beta.1
[INFO] running `Command { std: CARGO_HOME="/workspace/cargo-home" RUSTUP_HOME="/workspace/rustup-home" "/workspace/cargo-home/bin/cargo" "+1.100.0-beta.1" "metadata" "--manifest-path" "Cargo.toml" "--no-deps", kill_on_drop: false }`
[INFO] crate git repo https://github.com/joshuarli/fastermod already has a lockfile, it will not be regenerated
[INFO] running `Command { std: CARGO_HOME="/workspace/cargo-home" RUSTUP_HOME="/workspace/rustup-home" "/workspace/cargo-home/bin/cargo" "+1.100.0-beta.1" "fetch" "--manifest-path" "Cargo.toml", kill_on_drop: false }`
[INFO] running `Command { std: "docker" "create" "-v" "/var/lib/crater-agent-workspace/builds/worker-5-tc2/source:/opt/rustwide/workdir:ro,Z" "-v" "/var/lib/crater-agent-workspace/builds/worker-5-tc2/target:/opt/rustwide/target:rw,Z" "-v" "/var/lib/crater-agent-workspace/cargo-home:/opt/rustwide/cargo-home:ro,Z" "-v" "/var/lib/crater-agent-workspace/rustup-home:/opt/rustwide/rustup-home:ro,Z" "-m" "1610612736" "--network" "none" "ghcr.io/rust-lang/crates-build-env/linux@sha256:3111399a4047eeb3a02b7a90e478d715f38a8c6669b5c4b49d30a17385265909" "sleep" "infinity", kill_on_drop: false }`
[INFO] [stdout] a7838aa9013ae56c6a81114a5a99995e49bb7f0912e922a71d3b061840179f72
[INFO] running `Command { std: "docker" "start" "a7838aa9013ae56c6a81114a5a99995e49bb7f0912e922a71d3b061840179f72", kill_on_drop: false }`
[INFO] running `Command { std: "docker" "inspect" "a7838aa9013ae56c6a81114a5a99995e49bb7f0912e922a71d3b061840179f72", kill_on_drop: false }`
[INFO] running `Command { std: "docker" "exec" "-e" "SOURCE_DIR=/opt/rustwide/workdir" "-e" "CARGO_HOME=/opt/rustwide/cargo-home" "-e" "RUSTUP_HOME=/opt/rustwide/rustup-home" "-e" "CARGO_TARGET_DIR=/opt/rustwide/target" "-w" "/opt/rustwide/workdir" "--user" "0:0" "a7838aa9013ae56c6a81114a5a99995e49bb7f0912e922a71d3b061840179f72" "/opt/rustwide/cargo-home/bin/cargo" "+1.100.0-beta.1" "metadata" "--no-deps" "--format-version=1", kill_on_drop: false }`
[INFO] running `Command { std: "docker" "inspect" "a7838aa9013ae56c6a81114a5a99995e49bb7f0912e922a71d3b061840179f72", kill_on_drop: false }`
[INFO] running `Command { std: "docker" "exec" "-e" "SOURCE_DIR=/opt/rustwide/workdir" "-e" "CARGO_HOME=/opt/rustwide/cargo-home" "-e" "RUSTUP_HOME=/opt/rustwide/rustup-home" "-e" "CARGO_TARGET_DIR=/opt/rustwide/target" "-e" "CARGO_INCREMENTAL=0" "-e" "RUST_BACKTRACE=full" "-e" "RUSTFLAGS=--cap-lints=warn" "-e" "RUSTDOCFLAGS=--cap-lints=warn" "-w" "/opt/rustwide/workdir" "--user" "0:0" "a7838aa9013ae56c6a81114a5a99995e49bb7f0912e922a71d3b061840179f72" "/opt/rustwide/cargo-home/bin/cargo" "+1.100.0-beta.1" "build" "--frozen" "--message-format=json", kill_on_drop: false }`
[INFO] [stderr]    Compiling memchr v2.8.0
[INFO] [stderr]    Compiling regex-syntax v0.8.10
[INFO] [stderr]    Compiling log v0.4.29
[INFO] [stderr]    Compiling libc v0.2.185
[INFO] [stderr]    Compiling serde_core v1.0.228
[INFO] [stderr]    Compiling crossbeam-utils v0.8.21
[INFO] [stderr]    Compiling cfg-if v1.0.4
[INFO] [stderr]    Compiling zmij v1.0.21
[INFO] [stderr]    Compiling serde v1.0.228
[INFO] [stderr]    Compiling serde_json v1.0.149
[INFO] [stderr]    Compiling itoa v1.0.18
[INFO] [stderr]    Compiling termcolor v1.4.1
[INFO] [stderr]    Compiling foldhash v0.1.5
[INFO] [stderr]    Compiling same-file v1.0.6
[INFO] [stderr]    Compiling rustix v1.1.4
[INFO] [stderr]    Compiling bitflags v2.11.1
[INFO] [stderr]    Compiling encoding_rs v0.8.35
[INFO] [stderr]    Compiling hashbrown v0.15.5
[INFO] [stderr]    Compiling walkdir v2.5.0
[INFO] [stderr]    Compiling linux-raw-sys v0.12.1
[INFO] [stderr]    Compiling regex-lite v0.1.9
[INFO] [stderr]    Compiling lexopt v0.3.2
[INFO] [stderr]    Compiling crossbeam-epoch v0.9.18
[INFO] [stderr]    Compiling aho-corasick v1.1.4
[INFO] [stderr]    Compiling grep-matcher v0.1.8
[INFO] [stderr]    Compiling imara-histogram-diff v0.1.0 (/opt/rustwide/workdir/imara-histogram-diff)
[INFO] [stderr]    Compiling crossbeam-deque v0.8.6
[INFO] [stderr]    Compiling memmap2 v0.9.10
[INFO] [stderr]    Compiling encoding_rs_io v0.1.7
[INFO] [stderr]    Compiling regex-automata v0.4.14
[INFO] [stderr]    Compiling bstr v1.12.1
[INFO] [stderr]    Compiling globset v0.4.18
[INFO] [stderr]    Compiling grep-searcher v0.1.16
[INFO] [stderr]    Compiling grep-regex v0.1.14
[INFO] [stderr]    Compiling grep-printer v0.2.2
[INFO] [stderr]    Compiling grep-cli v0.1.12
[INFO] [stderr]    Compiling ignore v0.4.25
[INFO] [stderr]    Compiling grep v0.3.2
[INFO] [stderr]    Compiling fastermod v0.0.1 (/opt/rustwide/workdir)
[INFO] [stderr]     Finished `dev` profile [unoptimized] target(s) in 15.87s
[INFO] running `Command { std: "docker" "inspect" "a7838aa9013ae56c6a81114a5a99995e49bb7f0912e922a71d3b061840179f72", kill_on_drop: false }`
[INFO] running `Command { std: "docker" "exec" "-e" "SOURCE_DIR=/opt/rustwide/workdir" "-e" "CARGO_HOME=/opt/rustwide/cargo-home" "-e" "RUSTUP_HOME=/opt/rustwide/rustup-home" "-e" "CARGO_TARGET_DIR=/opt/rustwide/target" "-e" "CARGO_INCREMENTAL=0" "-e" "RUST_BACKTRACE=full" "-e" "RUSTFLAGS=--cap-lints=warn" "-e" "RUSTDOCFLAGS=--cap-lints=warn" "-w" "/opt/rustwide/workdir" "--user" "0:0" "a7838aa9013ae56c6a81114a5a99995e49bb7f0912e922a71d3b061840179f72" "/opt/rustwide/cargo-home/bin/cargo" "+1.100.0-beta.1" "test" "--frozen" "--no-run" "--message-format=json", kill_on_drop: false }`
[INFO] [stderr]    Compiling proc-macro2 v1.0.106
[INFO] [stderr]    Compiling quote v1.0.45
[INFO] [stderr]    Compiling unicode-ident v1.0.24
[INFO] [stderr]    Compiling miniserde v0.1.46
[INFO] [stderr]    Compiling rustybench-macros v0.1.0
[INFO] [stderr]    Compiling syn v3.0.3
[INFO] [stderr]    Compiling mini-internal v0.1.46
[INFO] [stderr]    Compiling rustybench v0.1.0
[INFO] [stderr]    Compiling fastermod v0.0.1 (/opt/rustwide/workdir)
[INFO] [stderr]     Finished `test` profile [unoptimized] target(s) in 8.37s
[INFO] running `Command { std: "docker" "inspect" "a7838aa9013ae56c6a81114a5a99995e49bb7f0912e922a71d3b061840179f72", kill_on_drop: false }`
[INFO] running `Command { std: "docker" "exec" "-e" "SOURCE_DIR=/opt/rustwide/workdir" "-e" "CARGO_HOME=/opt/rustwide/cargo-home" "-e" "RUSTUP_HOME=/opt/rustwide/rustup-home" "-e" "CARGO_TARGET_DIR=/opt/rustwide/target" "-e" "CARGO_INCREMENTAL=0" "-e" "RUST_BACKTRACE=full" "-e" "RUSTFLAGS=--cap-lints=warn" "-e" "RUSTDOCFLAGS=--cap-lints=warn" "-w" "/opt/rustwide/workdir" "--user" "0:0" "a7838aa9013ae56c6a81114a5a99995e49bb7f0912e922a71d3b061840179f72" "/opt/rustwide/cargo-home/bin/cargo" "+1.100.0-beta.1" "test" "--frozen", kill_on_drop: false }`
[INFO] [stderr]     Finished `test` profile [unoptimized] target(s) in 0.08s
[INFO] [stderr]      Running unittests src/lib.rs (/opt/rustwide/target/debug/build/fastermod/6f17fccd999e07ed/out/fastermod-6f17fccd999e07ed)
[INFO] [stdout] 
[INFO] [stdout] running 17 tests
[INFO] [stdout] test tests::test_index_to_row_col ... ok
[INFO] [stdout] test tests::test_diff_no_changes ... ok
[INFO] [stdout] test tests::test_diff_with_unchanged_line_in_middle ... ok
[INFO] [stdout] test tests::test_diff_context_preserves_insertions_and_removals ... ok
[INFO] [stdout] test tests::test_diff_context_does_not_change_for_large_unchanged_prefix ... ok
[INFO] [stdout] [2J[31m[39m[32m[39mtest tests::test_replacement_matches_search ... ok
[INFO] [stdout] [2J[31m[39m[32m[39m[2J[31m[39mtest tests::test_zero_length_replacement ... ok
[INFO] [stdout] [2J[31m[39m[32m[39m[2J[31m[39m[32m[39m[2J[31m[39m[32m[39mtest tests::test_zero_length_match ... ok
[INFO] [stdout] test tests::test_glob_matches ... FAILED
[INFO] [stdout] test tests::test_hidden_files ... FAILED
[INFO] [stdout] test tests::test_empty_contents ... FAILED
[INFO] [stdout] test tests::test_print_changed_files ... FAILED
[INFO] [stdout] test tests::test_replace_next_to_unicode_character ... FAILED
[INFO] [stdout] test tests::test_fixed_strings ... FAILED
[INFO] [stdout] test tests::test_simple_replace_all ... FAILED
[INFO] [stdout] test tests::test_no_ignore_files ... FAILED
[INFO] [stderr] error: test failed, to rerun pass `--lib`
[INFO] [stdout] test tests::test_dollar_sign_in_replacement_string_with_fixed_strings ... FAILED
[INFO] [stdout] 
[INFO] [stdout] failures:
[INFO] [stdout] 
[INFO] [stdout] ---- tests::test_glob_matches stdout ----
[INFO] [stdout] 
[INFO] [stdout] thread 'tests::test_glob_matches' (1028) panicked at src/main.rs:1311:41:
[INFO] [stdout] called `Result::unwrap()` on an `Err` value: Os { code: 2, kind: NotFound, message: "No such file or directory" }
[INFO] [stdout] stack backtrace:
[INFO] [stdout]    0:     0x627305c92ea1 - <<std[617be2ca0a6fd877]::sys::backtrace::BacktraceLock>::print::DisplayBacktrace as core[a373ad73a504971]::fmt::Display>::fmt
[INFO] [stdout]    1:     0x627305ca806a - core[a373ad73a504971]::fmt::write
[INFO] [stdout]    2:     0x627305c973dc - <alloc[2e1b2a31b91974c5]::vec::Vec<u8> as core[a373ad73a504971]::io::write::Write>::write_fmt
[INFO] [stdout]    3:     0x627305c6cfd6 - std[617be2ca0a6fd877]::panicking::default_hook::{closure#0}
[INFO] [stdout]    4:     0x627305c8a879 - std[617be2ca0a6fd877]::panicking::default_hook
[INFO] [stdout]    5:     0x627305c24d20 - test[aada8e7e76ba119b]::test_main_inner::{closure#0}
[INFO] [stdout]    6:     0x627305c8aa32 - std[617be2ca0a6fd877]::panicking::panic_with_hook
[INFO] [stdout]    7:     0x627305c6d082 - std[617be2ca0a6fd877]::panicking::panic_handler::{closure#0}
[INFO] [stdout]    8:     0x627305c65a69 - std[617be2ca0a6fd877]::sys::backtrace::__rust_end_short_backtrace::<std[617be2ca0a6fd877]::panicking::panic_handler::{closure#0}, !>
[INFO] [stdout]    9:     0x627305c6dd0d - __rustc[ea4f61d10b84890b]::rust_begin_unwind
[INFO] [stdout]   10:     0x627305ca888c - core[a373ad73a504971]::panicking::panic_fmt
[INFO] [stdout]   11:     0x627305ca85e2 - core[a373ad73a504971]::result::unwrap_failed
[INFO] [stdout]   12:     0x627305bb7db2 - fastermod[6a68541353a737e0]::tests::assert_fastermod::<[&str; 7usize], &str>
[INFO] [stdout]   13:     0x627305bbb94c - fastermod[6a68541353a737e0]::tests::test_glob_matches
[INFO] [stdout]   14:     0x627305bba5e3 - fastermod[6a68541353a737e0]::tests::test_glob_matches::{closure#0}
[INFO] [stdout]   15:     0x627305bc8036 - <fastermod[6a68541353a737e0]::tests::test_glob_matches::{closure#0} as core[a373ad73a504971]::ops::function::FnOnce<()>>::call_once
[INFO] [stdout]   16:     0x627305c1816b - test[aada8e7e76ba119b]::__rust_begin_short_backtrace::<core[a373ad73a504971]::result::Result<(), alloc[2e1b2a31b91974c5]::string::String>, fn() -> core[a373ad73a504971]::result::Result<(), alloc[2e1b2a31b91974c5]::string::String>>
[INFO] [stdout]   17:     0x627305c25345 - test[aada8e7e76ba119b]::run_test::{closure#0}
[INFO] [stdout]   18:     0x627305c1ec34 - std[617be2ca0a6fd877]::sys::backtrace::__rust_begin_short_backtrace::<test[aada8e7e76ba119b]::run_test::{closure#1}, ()>
[INFO] [stdout]   19:     0x627305c283d2 - <std[617be2ca0a6fd877]::thread::lifecycle::spawn_unchecked<test[aada8e7e76ba119b]::run_test::{closure#1}, ()>::{closure#1} as core[a373ad73a504971]::ops::function::FnOnce<()>>::call_once::{shim:vtable#0}
[INFO] [stdout]   20:     0x627305c921bf - <std[617be2ca0a6fd877]::sys::thread::unix::Thread>::new::thread_start
[INFO] [stdout]   21:     0x7b586889cdfa - <unknown>
[INFO] [stdout]   22:     0x7b58689303d4 - clone
[INFO] [stdout]   23:                0x0 - <unknown>
[INFO] [stdout] 
[INFO] [stdout] ---- tests::test_hidden_files stdout ----
[INFO] [stdout] 
[INFO] [stdout] thread 'tests::test_hidden_files' (1029) panicked at src/main.rs:1311:41:
[INFO] [stdout] called `Result::unwrap()` on an `Err` value: Os { code: 2, kind: NotFound, message: "No such file or directory" }
[INFO] [stdout] stack backtrace:
[INFO] [stdout]    0:     0x627305c92ea1 - <<std[617be2ca0a6fd877]::sys::backtrace::BacktraceLock>::print::DisplayBacktrace as core[a373ad73a504971]::fmt::Display>::fmt
[INFO] [stdout]    1:     0x627305ca806a - core[a373ad73a504971]::fmt::write
[INFO] [stdout]    2:     0x627305c973dc - <alloc[2e1b2a31b91974c5]::vec::Vec<u8> as core[a373ad73a504971]::io::write::Write>::write_fmt
[INFO] [stdout]    3:     0x627305c6cfd6 - std[617be2ca0a6fd877]::panicking::default_hook::{closure#0}
[INFO] [stdout]    4:     0x627305c8a879 - std[617be2ca0a6fd877]::panicking::default_hook
[INFO] [stdout]    5:     0x627305c24d20 - test[aada8e7e76ba119b]::test_main_inner::{closure#0}
[INFO] [stdout]    6:     0x627305c8aa32 - std[617be2ca0a6fd877]::panicking::panic_with_hook
[INFO] [stdout]    7:     0x627305c6d082 - std[617be2ca0a6fd877]::panicking::panic_handler::{closure#0}
[INFO] [stdout]    8:     0x627305c65a69 - std[617be2ca0a6fd877]::sys::backtrace::__rust_end_short_backtrace::<std[617be2ca0a6fd877]::panicking::panic_handler::{closure#0}, !>
[INFO] [stdout]    9:     0x627305c6dd0d - __rustc[ea4f61d10b84890b]::rust_begin_unwind
[INFO] [stdout]   10:     0x627305ca888c - core[a373ad73a504971]::panicking::panic_fmt
[INFO] [stdout]   11:     0x627305ca85e2 - core[a373ad73a504971]::result::unwrap_failed
[INFO] [stdout]   12:     0x627305bb87f7 - fastermod[6a68541353a737e0]::tests::assert_fastermod::<core[a373ad73a504971]::iter::adapters::copied::Copied<core[a373ad73a504971]::slice::iter::Iter<&str>>, &str>
[INFO] [stdout]   13:     0x627305bbc275 - fastermod[6a68541353a737e0]::tests::test_hidden_files
[INFO] [stdout]   14:     0x627305bba613 - fastermod[6a68541353a737e0]::tests::test_hidden_files::{closure#0}
[INFO] [stdout]   15:     0x627305bc8056 - <fastermod[6a68541353a737e0]::tests::test_hidden_files::{closure#0} as core[a373ad73a504971]::ops::function::FnOnce<()>>::call_once
[INFO] [stdout]   16:     0x627305c1816b - test[aada8e7e76ba119b]::__rust_begin_short_backtrace::<core[a373ad73a504971]::result::Result<(), alloc[2e1b2a31b91974c5]::string::String>, fn() -> core[a373ad73a504971]::result::Result<(), alloc[2e1b2a31b91974c5]::string::String>>
[INFO] [stdout]   17:     0x627305c25345 - test[aada8e7e76ba119b]::run_test::{closure#0}
[INFO] [stdout]   18:     0x627305c1ec34 - std[617be2ca0a6fd877]::sys::backtrace::__rust_begin_short_backtrace::<test[aada8e7e76ba119b]::run_test::{closure#1}, ()>
[INFO] [stdout]   19:     0x627305c283d2 - <std[617be2ca0a6fd877]::thread::lifecycle::spawn_unchecked<test[aada8e7e76ba119b]::run_test::{closure#1}, ()>::{closure#1} as core[a373ad73a504971]::ops::function::FnOnce<()>>::call_once::{shim:vtable#0}
[INFO] [stdout]   20:     0x627305c921bf - <std[617be2ca0a6fd877]::sys::thread::unix::Thread>::new::thread_start
[INFO] [stdout]   21:     0x7b586889cdfa - <unknown>
[INFO] [stdout]   22:     0x7b58689303d4 - clone
[INFO] [stdout]   23:                0x0 - <unknown>
[INFO] [stdout] 
[INFO] [stdout] ---- tests::test_empty_contents stdout ----
[INFO] [stdout] 
[INFO] [stdout] thread 'tests::test_empty_contents' (1026) panicked at src/main.rs:1311:41:
[INFO] [stdout] called `Result::unwrap()` on an `Err` value: Os { code: 2, kind: NotFound, message: "No such file or directory" }
[INFO] [stdout] stack backtrace:
[INFO] [stdout]    0:     0x627305c92ea1 - <<std[617be2ca0a6fd877]::sys::backtrace::BacktraceLock>::print::DisplayBacktrace as core[a373ad73a504971]::fmt::Display>::fmt
[INFO] [stdout]    1:     0x627305ca806a - core[a373ad73a504971]::fmt::write
[INFO] [stdout]    2:     0x627305c973dc - <alloc[2e1b2a31b91974c5]::vec::Vec<u8> as core[a373ad73a504971]::io::write::Write>::write_fmt
[INFO] [stdout]    3:     0x627305c6cfd6 - std[617be2ca0a6fd877]::panicking::default_hook::{closure#0}
[INFO] [stdout]    4:     0x627305c8a879 - std[617be2ca0a6fd877]::panicking::default_hook
[INFO] [stdout]    5:     0x627305c24d20 - test[aada8e7e76ba119b]::test_main_inner::{closure#0}
[INFO] [stdout]    6:     0x627305c8aa32 - std[617be2ca0a6fd877]::panicking::panic_with_hook
[INFO] [stdout]    7:     0x627305c6d082 - std[617be2ca0a6fd877]::panicking::panic_handler::{closure#0}
[INFO] [stdout]    8:     0x627305c65a69 - std[617be2ca0a6fd877]::sys::backtrace::__rust_end_short_backtrace::<std[617be2ca0a6fd877]::panicking::panic_handler::{closure#0}, !>
[INFO] [stdout]    9:     0x627305c6dd0d - __rustc[ea4f61d10b84890b]::rust_begin_unwind
[INFO] [stdout]   10:     0x627305ca888c - core[a373ad73a504971]::panicking::panic_fmt
[INFO] [stdout]   11:     0x627305ca85e2 - core[a373ad73a504971]::result::unwrap_failed
[INFO] [stdout]   12:     0x627305bb5e1e - fastermod[6a68541353a737e0]::tests::assert_fastermod::<[&str; 4usize], &str>
[INFO] [stdout]   13:     0x627305bbca30 - fastermod[6a68541353a737e0]::tests::test_empty_contents
[INFO] [stdout]   14:     0x627305bba673 - fastermod[6a68541353a737e0]::tests::test_empty_contents::{closure#0}
[INFO] [stdout]   15:     0x627305bc8096 - <fastermod[6a68541353a737e0]::tests::test_empty_contents::{closure#0} as core[a373ad73a504971]::ops::function::FnOnce<()>>::call_once
[INFO] [stdout]   16:     0x627305c1816b - test[aada8e7e76ba119b]::__rust_begin_short_backtrace::<core[a373ad73a504971]::result::Result<(), alloc[2e1b2a31b91974c5]::string::String>, fn() -> core[a373ad73a504971]::result::Result<(), alloc[2e1b2a31b91974c5]::string::String>>
[INFO] [stdout]   17:     0x627305c25345 - test[aada8e7e76ba119b]::run_test::{closure#0}
[INFO] [stdout]   18:     0x627305c1ec34 - std[617be2ca0a6fd877]::sys::backtrace::__rust_begin_short_backtrace::<test[aada8e7e76ba119b]::run_test::{closure#1}, ()>
[INFO] [stdout]   19:     0x627305c283d2 - <std[617be2ca0a6fd877]::thread::lifecycle::spawn_unchecked<test[aada8e7e76ba119b]::run_test::{closure#1}, ()>::{closure#1} as core[a373ad73a504971]::ops::function::FnOnce<()>>::call_once::{shim:vtable#0}
[INFO] [stdout]   20:     0x627305c921bf - <std[617be2ca0a6fd877]::sys::thread::unix::Thread>::new::thread_start
[INFO] [stdout]   21:     0x7b586889cdfa - <unknown>
[INFO] [stdout]   22:     0x7b58689303d4 - clone
[INFO] [stdout]   23:                0x0 - <unknown>
[INFO] [stdout] 
[INFO] [stdout] ---- tests::test_print_changed_files stdout ----
[INFO] [stdout] 
[INFO] [stdout] thread 'tests::test_print_changed_files' (1032) panicked at src/main.rs:1311:41:
[INFO] [stdout] called `Result::unwrap()` on an `Err` value: Os { code: 2, kind: NotFound, message: "No such file or directory" }
[INFO] [stdout] stack backtrace:
[INFO] [stdout]    0:     0x627305c92ea1 - <<std[617be2ca0a6fd877]::sys::backtrace::BacktraceLock>::print::DisplayBacktrace as core[a373ad73a504971]::fmt::Display>::fmt
[INFO] [stdout]    1:     0x627305ca806a - core[a373ad73a504971]::fmt::write
[INFO] [stdout]    2:     0x627305c973dc - <alloc[2e1b2a31b91974c5]::vec::Vec<u8> as core[a373ad73a504971]::io::write::Write>::write_fmt
[INFO] [stdout]    3:     0x627305c6cfd6 - std[617be2ca0a6fd877]::panicking::default_hook::{closure#0}
[INFO] [stdout]    4:     0x627305c8a879 - std[617be2ca0a6fd877]::panicking::default_hook
[INFO] [stdout]    5:     0x627305c24d20 - test[aada8e7e76ba119b]::test_main_inner::{closure#0}
[INFO] [stdout]    6:     0x627305c8aa32 - std[617be2ca0a6fd877]::panicking::panic_with_hook
[INFO] [stdout]    7:     0x627305c6d082 - std[617be2ca0a6fd877]::panicking::panic_handler::{closure#0}
[INFO] [stdout]    8:     0x627305c65a69 - std[617be2ca0a6fd877]::sys::backtrace::__rust_end_short_backtrace::<std[617be2ca0a6fd877]::panicking::panic_handler::{closure#0}, !>
[INFO] [stdout]    9:     0x627305c6dd0d - __rustc[ea4f61d10b84890b]::rust_begin_unwind
[INFO] [stdout]   10:     0x627305ca888c - core[a373ad73a504971]::panicking::panic_fmt
[INFO] [stdout]   11:     0x627305ca85e2 - core[a373ad73a504971]::result::unwrap_failed
[INFO] [stdout]   12:     0x627305bb7326 - fastermod[6a68541353a737e0]::tests::assert_fastermod::<[&str; 6usize], &str>
[INFO] [stdout]   13:     0x627305bbe2e1 - fastermod[6a68541353a737e0]::tests::test_print_changed_files
[INFO] [stdout]   14:     0x627305bba793 - fastermod[6a68541353a737e0]::tests::test_print_changed_files::{closure#0}
[INFO] [stdout]   15:     0x627305bc8156 - <fastermod[6a68541353a737e0]::tests::test_print_changed_files::{closure#0} as core[a373ad73a504971]::ops::function::FnOnce<()>>::call_once
[INFO] [stdout]   16:     0x627305c1816b - test[aada8e7e76ba119b]::__rust_begin_short_backtrace::<core[a373ad73a504971]::result::Result<(), alloc[2e1b2a31b91974c5]::string::String>, fn() -> core[a373ad73a504971]::result::Result<(), alloc[2e1b2a31b91974c5]::string::String>>
[INFO] [stdout]   17:     0x627305c25345 - test[aada8e7e76ba119b]::run_test::{closure#0}
[INFO] [stdout]   18:     0x627305c1ec34 - std[617be2ca0a6fd877]::sys::backtrace::__rust_begin_short_backtrace::<test[aada8e7e76ba119b]::run_test::{closure#1}, ()>
[INFO] [stdout]   19:     0x627305c283d2 - <std[617be2ca0a6fd877]::thread::lifecycle::spawn_unchecked<test[aada8e7e76ba119b]::run_test::{closure#1}, ()>::{closure#1} as core[a373ad73a504971]::ops::function::FnOnce<()>>::call_once::{shim:vtable#0}
[INFO] [stdout]   20:     0x627305c921bf - <std[617be2ca0a6fd877]::sys::thread::unix::Thread>::new::thread_start
[INFO] [stdout]   21:     0x7b586889cdfa - <unknown>
[INFO] [stdout]   22:     0x7b58689303d4 - clone
[INFO] [stdout]   23:                0x0 - <unknown>
[INFO] [stdout] 
[INFO] [stdout] ---- tests::test_replace_next_to_unicode_character stdout ----
[INFO] [stdout] 
[INFO] [stdout] thread 'tests::test_replace_next_to_unicode_character' (1033) panicked at src/main.rs:1311:41:
[INFO] [stdout] called `Result::unwrap()` on an `Err` value: Os { code: 2, kind: NotFound, message: "No such file or directory" }
[INFO] [stdout] stack backtrace:
[INFO] [stdout]    0:     0x627305c92ea1 - <<std[617be2ca0a6fd877]::sys::backtrace::BacktraceLock>::print::DisplayBacktrace as core[a373ad73a504971]::fmt::Display>::fmt
[INFO] [stdout]    1:     0x627305ca806a - core[a373ad73a504971]::fmt::write
[INFO] [stdout]    2:     0x627305c973dc - <alloc[2e1b2a31b91974c5]::vec::Vec<u8> as core[a373ad73a504971]::io::write::Write>::write_fmt
[INFO] [stdout]    3:     0x627305c6cfd6 - std[617be2ca0a6fd877]::panicking::default_hook::{closure#0}
[INFO] [stdout]    4:     0x627305c8a879 - std[617be2ca0a6fd877]::panicking::default_hook
[INFO] [stdout]    5:     0x627305c24d20 - test[aada8e7e76ba119b]::test_main_inner::{closure#0}
[INFO] [stdout]    6:     0x627305c8aa32 - std[617be2ca0a6fd877]::panicking::panic_with_hook
[INFO] [stdout]    7:     0x627305c6d082 - std[617be2ca0a6fd877]::panicking::panic_handler::{closure#0}
[INFO] [stdout]    8:     0x627305c65a69 - std[617be2ca0a6fd877]::sys::backtrace::__rust_end_short_backtrace::<std[617be2ca0a6fd877]::panicking::panic_handler::{closure#0}, !>
[INFO] [stdout]    9:     0x627305c6dd0d - __rustc[ea4f61d10b84890b]::rust_begin_unwind
[INFO] [stdout]   10:     0x627305ca888c - core[a373ad73a504971]::panicking::panic_fmt
[INFO] [stdout]   11:     0x627305ca85e2 - core[a373ad73a504971]::result::unwrap_failed
[INFO] [stdout]   12:     0x627305bb5e1e - fastermod[6a68541353a737e0]::tests::assert_fastermod::<[&str; 4usize], &str>
[INFO] [stdout]   13:     0x627305bbf5e8 - fastermod[6a68541353a737e0]::tests::test_replace_next_to_unicode_character
[INFO] [stdout]   14:     0x627305bba823 - fastermod[6a68541353a737e0]::tests::test_replace_next_to_unicode_character::{closure#0}
[INFO] [stdout]   15:     0x627305bc81b6 - <fastermod[6a68541353a737e0]::tests::test_replace_next_to_unicode_character::{closure#0} as core[a373ad73a504971]::ops::function::FnOnce<()>>::call_once
[INFO] [stdout]   16:     0x627305c1816b - test[aada8e7e76ba119b]::__rust_begin_short_backtrace::<core[a373ad73a504971]::result::Result<(), alloc[2e1b2a31b91974c5]::string::String>, fn() -> core[a373ad73a504971]::result::Result<(), alloc[2e1b2a31b91974c5]::string::String>>
[INFO] [stdout]   17:     0x627305c25345 - test[aada8e7e76ba119b]::run_test::{closure#0}
[INFO] [stdout]   18:     0x627305c1ec34 - std[617be2ca0a6fd877]::sys::backtrace::__rust_begin_short_backtrace::<test[aada8e7e76ba119b]::run_test::{closure#1}, ()>
[INFO] [stdout]   19:     0x627305c283d2 - <std[617be2ca0a6fd877]::thread::lifecycle::spawn_unchecked<test[aada8e7e76ba119b]::run_test::{closure#1}, ()>::{closure#1} as core[a373ad73a504971]::ops::function::FnOnce<()>>::call_once::{shim:vtable#0}
[INFO] [stdout]   20:     0x627305c921bf - <std[617be2ca0a6fd877]::sys::thread::unix::Thread>::new::thread_start
[INFO] [stdout]   21:     0x7b586889cdfa - <unknown>
[INFO] [stdout]   22:     0x7b58689303d4 - clone
[INFO] [stdout]   23:                0x0 - <unknown>
[INFO] [stdout] 
[INFO] [stdout] ---- tests::test_fixed_strings stdout ----
[INFO] [stdout] 
[INFO] [stdout] thread 'tests::test_fixed_strings' (1027) panicked at src/main.rs:1311:41:
[INFO] [stdout] called `Result::unwrap()` on an `Err` value: Os { code: 2, kind: NotFound, message: "No such file or directory" }
[INFO] [stdout] stack backtrace:
[INFO] [stdout]    0:     0x627305c92ea1 - <<std[617be2ca0a6fd877]::sys::backtrace::BacktraceLock>::print::DisplayBacktrace as core[a373ad73a504971]::fmt::Display>::fmt
[INFO] [stdout]    1:     0x627305ca806a - core[a373ad73a504971]::fmt::write
[INFO] [stdout]    2:     0x627305c973dc - <alloc[2e1b2a31b91974c5]::vec::Vec<u8> as core[a373ad73a504971]::io::write::Write>::write_fmt
[INFO] [stdout]    3:     0x627305c6cfd6 - std[617be2ca0a6fd877]::panicking::default_hook::{closure#0}
[INFO] [stdout]    4:     0x627305c8a879 - std[617be2ca0a6fd877]::panicking::default_hook
[INFO] [stdout]    5:     0x627305c24d20 - test[aada8e7e76ba119b]::test_main_inner::{closure#0}
[INFO] [stdout]    6:     0x627305c8aa32 - std[617be2ca0a6fd877]::panicking::panic_with_hook
[INFO] [stdout]    7:     0x627305c6d082 - std[617be2ca0a6fd877]::panicking::panic_handler::{closure#0}
[INFO] [stdout]    8:     0x627305c65a69 - std[617be2ca0a6fd877]::sys::backtrace::__rust_end_short_backtrace::<std[617be2ca0a6fd877]::panicking::panic_handler::{closure#0}, !>
[INFO] [stdout]    9:     0x627305c6dd0d - __rustc[ea4f61d10b84890b]::rust_begin_unwind
[INFO] [stdout]   10:     0x627305ca888c - core[a373ad73a504971]::panicking::panic_fmt
[INFO] [stdout]   11:     0x627305ca85e2 - core[a373ad73a504971]::result::unwrap_failed
[INFO] [stdout]   12:     0x627305bb7326 - fastermod[6a68541353a737e0]::tests::assert_fastermod::<[&str; 6usize], &str>
[INFO] [stdout]   13:     0x627305bbc6f6 - fastermod[6a68541353a737e0]::tests::test_fixed_strings
[INFO] [stdout]   14:     0x627305bba643 - fastermod[6a68541353a737e0]::tests::test_fixed_strings::{closure#0}
[INFO] [stdout]   15:     0x627305bc8076 - <fastermod[6a68541353a737e0]::tests::test_fixed_strings::{closure#0} as core[a373ad73a504971]::ops::function::FnOnce<()>>::call_once
[INFO] [stdout]   16:     0x627305c1816b - test[aada8e7e76ba119b]::__rust_begin_short_backtrace::<core[a373ad73a504971]::result::Result<(), alloc[2e1b2a31b91974c5]::string::String>, fn() -> core[a373ad73a504971]::result::Result<(), alloc[2e1b2a31b91974c5]::string::String>>
[INFO] [stdout]   17:     0x627305c25345 - test[aada8e7e76ba119b]::run_test::{closure#0}
[INFO] [stdout]   18:     0x627305c1ec34 - std[617be2ca0a6fd877]::sys::backtrace::__rust_begin_short_backtrace::<test[aada8e7e76ba119b]::run_test::{closure#1}, ()>
[INFO] [stdout]   19:     0x627305c283d2 - <std[617be2ca0a6fd877]::thread::lifecycle::spawn_unchecked<test[aada8e7e76ba119b]::run_test::{closure#1}, ()>::{closure#1} as core[a373ad73a504971]::ops::function::FnOnce<()>>::call_once::{shim:vtable#0}
[INFO] [stdout]   20:     0x627305c921bf - <std[617be2ca0a6fd877]::sys::thread::unix::Thread>::new::thread_start
[INFO] [stdout]   21:     0x7b586889cdfa - <unknown>
[INFO] [stdout]   22:     0x7b58689303d4 - clone
[INFO] [stdout]   23:                0x0 - <unknown>
[INFO] [stdout] 
[INFO] [stdout] ---- tests::test_simple_replace_all stdout ----
[INFO] [stdout] 
[INFO] [stdout] thread 'tests::test_simple_replace_all' (1035) panicked at src/main.rs:1311:41:
[INFO] [stdout] called `Result::unwrap()` on an `Err` value: Os { code: 2, kind: NotFound, message: "No such file or directory" }
[INFO] [stdout] stack backtrace:
[INFO] [stdout]    0:     0x627305c92ea1 - <<std[617be2ca0a6fd877]::sys::backtrace::BacktraceLock>::print::DisplayBacktrace as core[a373ad73a504971]::fmt::Display>::fmt
[INFO] [stdout]    1:     0x627305ca806a - core[a373ad73a504971]::fmt::write
[INFO] [stdout]    2:     0x627305c973dc - <alloc[2e1b2a31b91974c5]::vec::Vec<u8> as core[a373ad73a504971]::io::write::Write>::write_fmt
[INFO] [stdout]    3:     0x627305c6cfd6 - std[617be2ca0a6fd877]::panicking::default_hook::{closure#0}
[INFO] [stdout]    4:     0x627305c8a879 - std[617be2ca0a6fd877]::panicking::default_hook
[INFO] [stdout]    5:     0x627305c24d20 - test[aada8e7e76ba119b]::test_main_inner::{closure#0}
[INFO] [stdout]    6:     0x627305c8aa32 - std[617be2ca0a6fd877]::panicking::panic_with_hook
[INFO] [stdout]    7:     0x627305c6d082 - std[617be2ca0a6fd877]::panicking::panic_handler::{closure#0}
[INFO] [stdout]    8:     0x627305c65a69 - std[617be2ca0a6fd877]::sys::backtrace::__rust_end_short_backtrace::<std[617be2ca0a6fd877]::panicking::panic_handler::{closure#0}, !>
[INFO] [stdout]    9:     0x627305c6dd0d - __rustc[ea4f61d10b84890b]::rust_begin_unwind
[INFO] [stdout]   10:     0x627305ca888c - core[a373ad73a504971]::panicking::panic_fmt
[INFO] [stdout]   11:     0x627305ca85e2 - core[a373ad73a504971]::result::unwrap_failed
[INFO] [stdout]   12:     0x627305bb689a - fastermod[6a68541353a737e0]::tests::assert_fastermod::<[&str; 5usize], &str>
[INFO] [stdout]   13:     0x627305bbdcc2 - fastermod[6a68541353a737e0]::tests::test_simple_replace_all
[INFO] [stdout]   14:     0x627305bba763 - fastermod[6a68541353a737e0]::tests::test_simple_replace_all::{closure#0}
[INFO] [stdout]   15:     0x627305bc8136 - <fastermod[6a68541353a737e0]::tests::test_simple_replace_all::{closure#0} as core[a373ad73a504971]::ops::function::FnOnce<()>>::call_once
[INFO] [stdout]   16:     0x627305c1816b - test[aada8e7e76ba119b]::__rust_begin_short_backtrace::<core[a373ad73a504971]::result::Result<(), alloc[2e1b2a31b91974c5]::string::String>, fn() -> core[a373ad73a504971]::result::Result<(), alloc[2e1b2a31b91974c5]::string::String>>
[INFO] [stdout]   17:     0x627305c25345 - test[aada8e7e76ba119b]::run_test::{closure#0}
[INFO] [stdout]   18:     0x627305c1ec34 - std[617be2ca0a6fd877]::sys::backtrace::__rust_begin_short_backtrace::<test[aada8e7e76ba119b]::run_test::{closure#1}, ()>
[INFO] [stdout]   19:     0x627305c283d2 - <std[617be2ca0a6fd877]::thread::lifecycle::spawn_unchecked<test[aada8e7e76ba119b]::run_test::{closure#1}, ()>::{closure#1} as core[a373ad73a504971]::ops::function::FnOnce<()>>::call_once::{shim:vtable#0}
[INFO] [stdout]   20:     0x627305c921bf - <std[617be2ca0a6fd877]::sys::thread::unix::Thread>::new::thread_start
[INFO] [stdout]   21:     0x7b586889cdfa - <unknown>
[INFO] [stdout]   22:     0x7b58689303d4 - clone
[INFO] [stdout]   23:                0x0 - <unknown>
[INFO] [stdout] 
[INFO] [stdout] ---- tests::test_no_ignore_files stdout ----
[INFO] [stdout] 
[INFO] [stdout] thread 'tests::test_no_ignore_files' (1031) panicked at src/main.rs:1311:41:
[INFO] [stdout] called `Result::unwrap()` on an `Err` value: Os { code: 2, kind: NotFound, message: "No such file or directory" }
[INFO] [stdout] stack backtrace:
[INFO] [stdout]    0:     0x627305c92ea1 - <<std[617be2ca0a6fd877]::sys::backtrace::BacktraceLock>::print::DisplayBacktrace as core[a373ad73a504971]::fmt::Display>::fmt
[INFO] [stdout]    1:     0x627305ca806a - core[a373ad73a504971]::fmt::write
[INFO] [stdout]    2:     0x627305c973dc - <alloc[2e1b2a31b91974c5]::vec::Vec<u8> as core[a373ad73a504971]::io::write::Write>::write_fmt
[INFO] [stdout]    3:     0x627305c6cfd6 - std[617be2ca0a6fd877]::panicking::default_hook::{closure#0}
[INFO] [stdout]    4:     0x627305c8a879 - std[617be2ca0a6fd877]::panicking::default_hook
[INFO] [stdout]    5:     0x627305c24d20 - test[aada8e7e76ba119b]::test_main_inner::{closure#0}
[INFO] [stdout]    6:     0x627305c8aa32 - std[617be2ca0a6fd877]::panicking::panic_with_hook
[INFO] [stdout]    7:     0x627305c6d082 - std[617be2ca0a6fd877]::panicking::panic_handler::{closure#0}
[INFO] [stdout]    8:     0x627305c65a69 - std[617be2ca0a6fd877]::sys::backtrace::__rust_end_short_backtrace::<std[617be2ca0a6fd877]::panicking::panic_handler::{closure#0}, !>
[INFO] [stdout]    9:     0x627305c6dd0d - __rustc[ea4f61d10b84890b]::rust_begin_unwind
[INFO] [stdout]   10:     0x627305ca888c - core[a373ad73a504971]::panicking::panic_fmt
[INFO] [stdout]   11:     0x627305ca85e2 - core[a373ad73a504971]::result::unwrap_failed
[INFO] [stdout]   12:     0x627305bb87f7 - fastermod[6a68541353a737e0]::tests::assert_fastermod::<core[a373ad73a504971]::iter::adapters::copied::Copied<core[a373ad73a504971]::slice::iter::Iter<&str>>, &str>
[INFO] [stdout]   13:     0x627305bbcf4c - fastermod[6a68541353a737e0]::tests::test_no_ignore_files
[INFO] [stdout]   14:     0x627305bba6d3 - fastermod[6a68541353a737e0]::tests::test_no_ignore_files::{closure#0}
[INFO] [stdout]   15:     0x627305bc80d6 - <fastermod[6a68541353a737e0]::tests::test_no_ignore_files::{closure#0} as core[a373ad73a504971]::ops::function::FnOnce<()>>::call_once
[INFO] [stdout]   16:     0x627305c1816b - test[aada8e7e76ba119b]::__rust_begin_short_backtrace::<core[a373ad73a504971]::result::Result<(), alloc[2e1b2a31b91974c5]::string::String>, fn() -> core[a373ad73a504971]::result::Result<(), alloc[2e1b2a31b91974c5]::string::String>>
[INFO] [stdout]   17:     0x627305c25345 - test[aada8e7e76ba119b]::run_test::{closure#0}
[INFO] [stdout]   18:     0x627305c1ec34 - std[617be2ca0a6fd877]::sys::backtrace::__rust_begin_short_backtrace::<test[aada8e7e76ba119b]::run_test::{closure#1}, ()>
[INFO] [stdout]   19:     0x627305c283d2 - <std[617be2ca0a6fd877]::thread::lifecycle::spawn_unchecked<test[aada8e7e76ba119b]::run_test::{closure#1}, ()>::{closure#1} as core[a373ad73a504971]::ops::function::FnOnce<()>>::call_once::{shim:vtable#0}
[INFO] [stdout]   20:     0x627305c921bf - <std[617be2ca0a6fd877]::sys::thread::unix::Thread>::new::thread_start
[INFO] [stdout]   21:     0x7b586889cdfa - <unknown>
[INFO] [stdout]   22:     0x7b58689303d4 - clone
[INFO] [stdout]   23:                0x0 - <unknown>
[INFO] [stdout] 
[INFO] [stdout] ---- tests::test_dollar_sign_in_replacement_string_with_fixed_strings stdout ----
[INFO] [stdout] 
[INFO] [stdout] thread 'tests::test_dollar_sign_in_replacement_string_with_fixed_strings' (1025) panicked at src/main.rs:1311:41:
[INFO] [stdout] called `Result::unwrap()` on an `Err` value: Os { code: 2, kind: NotFound, message: "No such file or directory" }
[INFO] [stdout] stack backtrace:
[INFO] [stdout]    0:     0x627305c92ea1 - <<std[617be2ca0a6fd877]::sys::backtrace::BacktraceLock>::print::DisplayBacktrace as core[a373ad73a504971]::fmt::Display>::fmt
[INFO] [stdout]    1:     0x627305ca806a - core[a373ad73a504971]::fmt::write
[INFO] [stdout]    2:     0x627305c973dc - <alloc[2e1b2a31b91974c5]::vec::Vec<u8> as core[a373ad73a504971]::io::write::Write>::write_fmt
[INFO] [stdout]    3:     0x627305c6cfd6 - std[617be2ca0a6fd877]::panicking::default_hook::{closure#0}
[INFO] [stdout]    4:     0x627305c8a879 - std[617be2ca0a6fd877]::panicking::default_hook
[INFO] [stdout]    5:     0x627305c24d20 - test[aada8e7e76ba119b]::test_main_inner::{closure#0}
[INFO] [stdout]    6:     0x627305c8aa32 - std[617be2ca0a6fd877]::panicking::panic_with_hook
[INFO] [stdout]    7:     0x627305c6d082 - std[617be2ca0a6fd877]::panicking::panic_handler::{closure#0}
[INFO] [stdout]    8:     0x627305c65a69 - std[617be2ca0a6fd877]::sys::backtrace::__rust_end_short_backtrace::<std[617be2ca0a6fd877]::panicking::panic_handler::{closure#0}, !>
[INFO] [stdout]    9:     0x627305c6dd0d - __rustc[ea4f61d10b84890b]::rust_begin_unwind
[INFO] [stdout]   10:     0x627305ca888c - core[a373ad73a504971]::panicking::panic_fmt
[INFO] [stdout]   11:     0x627305ca85e2 - core[a373ad73a504971]::result::unwrap_failed
[INFO] [stdout]   12:     0x627305bb689a - fastermod[6a68541353a737e0]::tests::assert_fastermod::<[&str; 5usize], &str>
[INFO] [stdout]   13:     0x627305bc00b8 - fastermod[6a68541353a737e0]::tests::test_dollar_sign_in_replacement_string_with_fixed_strings
[INFO] [stdout]   14:     0x627305bba8b3 - fastermod[6a68541353a737e0]::tests::test_dollar_sign_in_replacement_string_with_fixed_strings::{closure#0}
[INFO] [stdout]   15:     0x627305bc8216 - <fastermod[6a68541353a737e0]::tests::test_dollar_sign_in_replacement_string_with_fixed_strings::{closure#0} as core[a373ad73a504971]::ops::function::FnOnce<()>>::call_once
[INFO] [stdout]   16:     0x627305c1816b - test[aada8e7e76ba119b]::__rust_begin_short_backtrace::<core[a373ad73a504971]::result::Result<(), alloc[2e1b2a31b91974c5]::string::String>, fn() -> core[a373ad73a504971]::result::Result<(), alloc[2e1b2a31b91974c5]::string::String>>
[INFO] [stdout]   17:     0x627305c25345 - test[aada8e7e76ba119b]::run_test::{closure#0}
[INFO] [stdout]   18:     0x627305c1ec34 - std[617be2ca0a6fd877]::sys::backtrace::__rust_begin_short_backtrace::<test[aada8e7e76ba119b]::run_test::{closure#1}, ()>
[INFO] [stdout]   19:     0x627305c283d2 - <std[617be2ca0a6fd877]::thread::lifecycle::spawn_unchecked<test[aada8e7e76ba119b]::run_test::{closure#1}, ()>::{closure#1} as core[a373ad73a504971]::ops::function::FnOnce<()>>::call_once::{shim:vtable#0}
[INFO] [stdout]   20:     0x627305c921bf - <std[617be2ca0a6fd877]::sys::thread::unix::Thread>::new::thread_start
[INFO] [stdout]   21:     0x7b586889cdfa - <unknown>
[INFO] [stdout]   22:     0x7b58689303d4 - clone
[INFO] [stdout]   23:                0x0 - <unknown>
[INFO] [stdout] 
[INFO] [stdout] 
[INFO] [stdout] failures:
[INFO] [stdout]     tests::test_dollar_sign_in_replacement_string_with_fixed_strings
[INFO] [stdout]     tests::test_empty_contents
[INFO] [stdout]     tests::test_fixed_strings
[INFO] [stdout]     tests::test_glob_matches
[INFO] [stdout]     tests::test_hidden_files
[INFO] [stdout]     tests::test_no_ignore_files
[INFO] [stdout]     tests::test_print_changed_files
[INFO] [stdout]     tests::test_replace_next_to_unicode_character
[INFO] [stdout]     tests::test_simple_replace_all
[INFO] [stdout] 
[INFO] [stdout] test result: FAILED. 8 passed; 9 failed; 0 ignored; 0 measured; 0 filtered out; finished in 0.22s
[INFO] [stdout] 
[INFO] running `Command { std: "docker" "inspect" "a7838aa9013ae56c6a81114a5a99995e49bb7f0912e922a71d3b061840179f72", kill_on_drop: false }`
[INFO] running `Command { std: "docker" "rm" "-f" "a7838aa9013ae56c6a81114a5a99995e49bb7f0912e922a71d3b061840179f72", kill_on_drop: false }`
[INFO] [stdout] a7838aa9013ae56c6a81114a5a99995e49bb7f0912e922a71d3b061840179f72
