[INFO] cloning repository https://github.com/jkviaanix/rocket-mortgage
[INFO] running `Command { std: "git" "-c" "credential.helper=" "-c" "credential.helper=/workspace/cargo-home/bin/git-credential-null" "clone" "--bare" "https://github.com/jkviaanix/rocket-mortgage" "/workspace/cache/git-repos/https%3A%2F%2Fgithub.com%2Fjkviaanix%2Frocket-mortgage", kill_on_drop: false }`
[INFO] [stderr] Cloning into bare repository '/workspace/cache/git-repos/https%3A%2F%2Fgithub.com%2Fjkviaanix%2Frocket-mortgage'...
[INFO] running `Command { std: "git" "rev-parse" "HEAD", kill_on_drop: false }`
[INFO] [stdout] d6f95f19f69e776d35b875e38b2b69b24a283579
[INFO] testing jkviaanix/rocket-mortgage against 1.100.0-beta.1 for beta-1.100-2
[INFO] running `Command { std: "git" "clone" "/workspace/cache/git-repos/https%3A%2F%2Fgithub.com%2Fjkviaanix%2Frocket-mortgage" "/workspace/builds/worker-4-tc2/source", kill_on_drop: false }`
[INFO] [stderr] Cloning into '/workspace/builds/worker-4-tc2/source'...
[INFO] [stderr] done.
[INFO] removed /workspace/builds/worker-4-tc2/source/.cargo/config.toml
[INFO] removed /workspace/builds/worker-4-tc2/source/rust-toolchain.toml
[INFO] started tweaking git repo https://github.com/jkviaanix/rocket-mortgage
[INFO] finished tweaking git repo https://github.com/jkviaanix/rocket-mortgage
[INFO] tweaked toml for git repo https://github.com/jkviaanix/rocket-mortgage written to /workspace/builds/worker-4-tc2/source/Cargo.toml
[INFO] validating manifest of git repo https://github.com/jkviaanix/rocket-mortgage on toolchain 1.100.0-beta.1
[INFO] running `Command { std: CARGO_HOME="/workspace/cargo-home" RUSTUP_HOME="/workspace/rustup-home" "/workspace/cargo-home/bin/cargo" "+1.100.0-beta.1" "metadata" "--manifest-path" "Cargo.toml" "--no-deps", kill_on_drop: false }`
[INFO] crate git repo https://github.com/jkviaanix/rocket-mortgage already has a lockfile, it will not be regenerated
[INFO] running `Command { std: CARGO_HOME="/workspace/cargo-home" RUSTUP_HOME="/workspace/rustup-home" "/workspace/cargo-home/bin/cargo" "+1.100.0-beta.1" "fetch" "--manifest-path" "Cargo.toml", kill_on_drop: false }`
[INFO] [stderr] warning: unused workspace dependency `anyhow`
[INFO] [stderr]   --> Cargo.toml:23:1
[INFO] [stderr]    |
[INFO] [stderr] 23 | anyhow = "1.0.104"
[INFO] [stderr]    | ^^^^^^
[INFO] [stderr]    |
[INFO] [stderr]    = note: `cargo::unused_workspace_dependencies` is set to `warn` by default
[INFO] [stderr] help: consider removing the workspace dependency `anyhow`
[INFO] [stderr] warning: unused workspace dependency `bytes`
[INFO] [stderr]   --> Cargo.toml:26:1
[INFO] [stderr]    |
[INFO] [stderr] 26 | bytes = "1.12.1"
[INFO] [stderr]    | ^^^^^
[INFO] [stderr]    |
[INFO] [stderr] help: consider removing the workspace dependency `bytes`
[INFO] [stderr] warning: unused workspace dependency `clap`
[INFO] [stderr]   --> Cargo.toml:37:25
[INFO] [stderr]    |
[INFO] [stderr] 37 | [workspace.dependencies.clap]
[INFO] [stderr]    |                         ^^^^
[INFO] [stderr]    |
[INFO] [stderr] help: consider removing the workspace dependency `clap`
[INFO] [stderr] warning: unused workspace dependency `criterion`
[INFO] [stderr]   --> Cargo.toml:27:1
[INFO] [stderr]    |
[INFO] [stderr] 27 | criterion = "0.8.2"
[INFO] [stderr]    | ^^^^^^^^^
[INFO] [stderr]    |
[INFO] [stderr] help: consider removing the workspace dependency `criterion`
[INFO] [stderr] warning: unused workspace dependency `rand`
[INFO] [stderr]   --> Cargo.toml:31:1
[INFO] [stderr]    |
[INFO] [stderr] 31 | rand = "0.10.2"
[INFO] [stderr]    | ^^^^
[INFO] [stderr]    |
[INFO] [stderr] help: consider removing the workspace dependency `rand`
[INFO] [stderr] warning: unused workspace dependency `tokio`
[INFO] [stderr]   --> Cargo.toml:64:25
[INFO] [stderr]    |
[INFO] [stderr] 64 | [workspace.dependencies.tokio]
[INFO] [stderr]    |                         ^^^^^
[INFO] [stderr]    |
[INFO] [stderr] help: consider removing the workspace dependency `tokio`
[INFO] [stderr] warning: workspace (manifest) generated 6 warnings
[INFO] [stderr]     Blocking waiting for file lock on package cache
[INFO] [stderr]     Blocking waiting for file lock on package cache
[INFO] running `Command { std: "docker" "create" "-v" "/var/lib/crater-agent-workspace/builds/worker-4-tc2/source:/opt/rustwide/workdir:ro,Z" "-v" "/var/lib/crater-agent-workspace/builds/worker-4-tc2/target:/opt/rustwide/target:rw,Z" "-v" "/var/lib/crater-agent-workspace/cargo-home:/opt/rustwide/cargo-home:ro,Z" "-v" "/var/lib/crater-agent-workspace/rustup-home:/opt/rustwide/rustup-home:ro,Z" "-m" "1610612736" "--network" "none" "ghcr.io/rust-lang/crates-build-env/linux@sha256:3111399a4047eeb3a02b7a90e478d715f38a8c6669b5c4b49d30a17385265909" "sleep" "infinity", kill_on_drop: false }`
[INFO] [stdout] fdaf22cac8ad631866ca0f8665fb953112f2f95e9103519fdbb61517557540b8
[INFO] running `Command { std: "docker" "start" "fdaf22cac8ad631866ca0f8665fb953112f2f95e9103519fdbb61517557540b8", kill_on_drop: false }`
[INFO] running `Command { std: "docker" "inspect" "fdaf22cac8ad631866ca0f8665fb953112f2f95e9103519fdbb61517557540b8", kill_on_drop: false }`
[INFO] running `Command { std: "docker" "exec" "-e" "SOURCE_DIR=/opt/rustwide/workdir" "-e" "CARGO_HOME=/opt/rustwide/cargo-home" "-e" "RUSTUP_HOME=/opt/rustwide/rustup-home" "-e" "CARGO_TARGET_DIR=/opt/rustwide/target" "-w" "/opt/rustwide/workdir" "--user" "0:0" "fdaf22cac8ad631866ca0f8665fb953112f2f95e9103519fdbb61517557540b8" "/opt/rustwide/cargo-home/bin/cargo" "+1.100.0-beta.1" "metadata" "--no-deps" "--format-version=1", kill_on_drop: false }`
[INFO] running `Command { std: "docker" "inspect" "fdaf22cac8ad631866ca0f8665fb953112f2f95e9103519fdbb61517557540b8", kill_on_drop: false }`
[INFO] running `Command { std: "docker" "exec" "-e" "SOURCE_DIR=/opt/rustwide/workdir" "-e" "CARGO_HOME=/opt/rustwide/cargo-home" "-e" "RUSTUP_HOME=/opt/rustwide/rustup-home" "-e" "CARGO_TARGET_DIR=/opt/rustwide/target" "-e" "CARGO_INCREMENTAL=0" "-e" "RUST_BACKTRACE=full" "-e" "RUSTFLAGS=--cap-lints=warn" "-e" "RUSTDOCFLAGS=--cap-lints=warn" "-w" "/opt/rustwide/workdir" "--user" "0:0" "fdaf22cac8ad631866ca0f8665fb953112f2f95e9103519fdbb61517557540b8" "/opt/rustwide/cargo-home/bin/cargo" "+1.100.0-beta.1" "build" "--frozen" "--message-format=json", kill_on_drop: false }`
[INFO] [stderr] warning: unused workspace dependency `anyhow`
[INFO] [stderr]   --> Cargo.toml:23:1
[INFO] [stderr]    |
[INFO] [stderr] 23 | anyhow = "1.0.104"
[INFO] [stderr]    | ^^^^^^
[INFO] [stderr]    |
[INFO] [stderr]    = note: `cargo::unused_workspace_dependencies` is set to `warn` by default
[INFO] [stderr] help: consider removing the workspace dependency `anyhow`
[INFO] [stderr] warning: unused workspace dependency `bytes`
[INFO] [stderr]   --> Cargo.toml:26:1
[INFO] [stderr]    |
[INFO] [stderr] 26 | bytes = "1.12.1"
[INFO] [stderr]    | ^^^^^
[INFO] [stderr]    |
[INFO] [stderr] help: consider removing the workspace dependency `bytes`
[INFO] [stderr] warning: unused workspace dependency `clap`
[INFO] [stderr]   --> Cargo.toml:37:25
[INFO] [stderr]    |
[INFO] [stderr] 37 | [workspace.dependencies.clap]
[INFO] [stderr]    |                         ^^^^
[INFO] [stderr]    |
[INFO] [stderr] help: consider removing the workspace dependency `clap`
[INFO] [stderr] warning: unused workspace dependency `criterion`
[INFO] [stderr]   --> Cargo.toml:27:1
[INFO] [stderr]    |
[INFO] [stderr] 27 | criterion = "0.8.2"
[INFO] [stderr]    | ^^^^^^^^^
[INFO] [stderr]    |
[INFO] [stderr] help: consider removing the workspace dependency `criterion`
[INFO] [stderr] warning: unused workspace dependency `rand`
[INFO] [stderr]   --> Cargo.toml:31:1
[INFO] [stderr]    |
[INFO] [stderr] 31 | rand = "0.10.2"
[INFO] [stderr]    | ^^^^
[INFO] [stderr]    |
[INFO] [stderr] help: consider removing the workspace dependency `rand`
[INFO] [stderr] warning: unused workspace dependency `tokio`
[INFO] [stderr]   --> Cargo.toml:64:25
[INFO] [stderr]    |
[INFO] [stderr] 64 | [workspace.dependencies.tokio]
[INFO] [stderr]    |                         ^^^^^
[INFO] [stderr]    |
[INFO] [stderr] help: consider removing the workspace dependency `tokio`
[INFO] [stderr] warning: workspace (manifest) generated 6 warnings
[INFO] [stderr]    Compiling proc-macro2 v1.0.107
[INFO] [stderr]    Compiling quote v1.0.47
[INFO] [stderr]    Compiling serde_core v1.0.229
[INFO] [stderr]    Compiling libc v0.2.189
[INFO] [stderr]    Compiling once_cell v1.21.4
[INFO] [stderr]    Compiling rustversion v1.0.23
[INFO] [stderr]    Compiling parking_lot_core v0.9.12
[INFO] [stderr]    Compiling smallvec v1.16.1
[INFO] [stderr]    Compiling thiserror v2.0.20
[INFO] [stderr]    Compiling rustc-hash v2.1.3
[INFO] [stderr]    Compiling serde v1.0.229
[INFO] [stderr]    Compiling pin-project-lite v0.2.17
[INFO] [stderr]    Compiling zmij v1.0.23
[INFO] [stderr]    Compiling serde_json v1.0.151
[INFO] [stderr]    Compiling base64 v0.23.1
[INFO] [stderr]    Compiling regex-syntax v0.8.11
[INFO] [stderr]    Compiling memchr v2.8.3
[INFO] [stderr]    Compiling itoa v1.0.18
[INFO] [stderr]    Compiling winnow v1.0.4
[INFO] [stderr]    Compiling log v0.4.34
[INFO] [stderr]    Compiling sharded-slab v0.1.7
[INFO] [stderr]    Compiling thread_local v1.1.10
[INFO] [stderr]    Compiling nu-ansi-term v0.50.3
[INFO] [stderr]    Compiling toml_writer v1.1.2+spec-1.1.0
[INFO] [stderr]    Compiling tracing-core v0.1.36
[INFO] [stderr]    Compiling toml_parser v1.1.3+spec-1.1.0
[INFO] [stderr]    Compiling arc-swap v1.9.2
[INFO] [stderr]    Compiling tracing-log v0.2.0
[INFO] [stderr]    Compiling syn v3.0.5
[INFO] [stderr]    Compiling syn v2.0.119
[INFO] [stderr]    Compiling regex-automata v0.4.18
[INFO] [stderr]    Compiling socket2 v0.6.5
[INFO] [stderr]    Compiling parking_lot v0.12.5
[INFO] [stderr]    Compiling thiserror-impl v2.0.20
[INFO] [stderr]    Compiling serde_derive v1.0.229
[INFO] [stderr]    Compiling toml_datetime v1.1.1+spec-1.1.0
[INFO] [stderr]    Compiling serde_spanned v1.1.1
[INFO] [stderr]    Compiling toml v1.1.6+spec-1.1.0
[INFO] [stderr]    Compiling rtpd-core v0.1.0 (/opt/rustwide/workdir/crates/rtpd-core)
[INFO] [stderr]    Compiling matchers v0.2.0
[INFO] [stderr]    Compiling tracing-serde v0.2.0
[INFO] [stderr]    Compiling zeroize_derive v1.5.0
[INFO] [stderr]    Compiling tracing-attributes v0.1.31
[INFO] [stderr]    Compiling zeroize v1.9.0
[INFO] [stderr]    Compiling rtpd-srtp v0.1.0 (/opt/rustwide/workdir/crates/rtpd-srtp)
[INFO] [stderr]    Compiling rtpd-sdp v0.1.0 (/opt/rustwide/workdir/crates/rtpd-sdp)
[INFO] [stderr]    Compiling tracing v0.1.44
[INFO] [stderr]    Compiling rtpd-media v0.1.0 (/opt/rustwide/workdir/crates/rtpd-media)
[INFO] [stderr]    Compiling rtpd-ng v0.1.0 (/opt/rustwide/workdir/crates/rtpd-ng)
[INFO] [stderr]    Compiling tracing-subscriber v0.3.23
[INFO] [stderr]    Compiling rtpd v0.1.0 (/opt/rustwide/workdir/crates/rtpd)
[INFO] [stderr]     Finished `dev` profile [unoptimized + debuginfo] target(s) in 24.53s
[INFO] running `Command { std: "docker" "inspect" "fdaf22cac8ad631866ca0f8665fb953112f2f95e9103519fdbb61517557540b8", kill_on_drop: false }`
[INFO] running `Command { std: "docker" "exec" "-e" "SOURCE_DIR=/opt/rustwide/workdir" "-e" "CARGO_HOME=/opt/rustwide/cargo-home" "-e" "RUSTUP_HOME=/opt/rustwide/rustup-home" "-e" "CARGO_TARGET_DIR=/opt/rustwide/target" "-e" "CARGO_INCREMENTAL=0" "-e" "RUST_BACKTRACE=full" "-e" "RUSTFLAGS=--cap-lints=warn" "-e" "RUSTDOCFLAGS=--cap-lints=warn" "-w" "/opt/rustwide/workdir" "--user" "0:0" "fdaf22cac8ad631866ca0f8665fb953112f2f95e9103519fdbb61517557540b8" "/opt/rustwide/cargo-home/bin/cargo" "+1.100.0-beta.1" "test" "--frozen" "--no-run" "--message-format=json", kill_on_drop: false }`
[INFO] [stderr] warning: unused workspace dependency `anyhow`
[INFO] [stderr]   --> Cargo.toml:23:1
[INFO] [stderr]    |
[INFO] [stderr] 23 | anyhow = "1.0.104"
[INFO] [stderr]    | ^^^^^^
[INFO] [stderr]    |
[INFO] [stderr]    = note: `cargo::unused_workspace_dependencies` is set to `warn` by default
[INFO] [stderr] help: consider removing the workspace dependency `anyhow`
[INFO] [stderr] warning: unused workspace dependency `bytes`
[INFO] [stderr]   --> Cargo.toml:26:1
[INFO] [stderr]    |
[INFO] [stderr] 26 | bytes = "1.12.1"
[INFO] [stderr]    | ^^^^^
[INFO] [stderr]    |
[INFO] [stderr] help: consider removing the workspace dependency `bytes`
[INFO] [stderr] warning: unused workspace dependency `clap`
[INFO] [stderr]   --> Cargo.toml:37:25
[INFO] [stderr]    |
[INFO] [stderr] 37 | [workspace.dependencies.clap]
[INFO] [stderr]    |                         ^^^^
[INFO] [stderr]    |
[INFO] [stderr] help: consider removing the workspace dependency `clap`
[INFO] [stderr] warning: unused workspace dependency `criterion`
[INFO] [stderr]   --> Cargo.toml:27:1
[INFO] [stderr]    |
[INFO] [stderr] 27 | criterion = "0.8.2"
[INFO] [stderr]    | ^^^^^^^^^
[INFO] [stderr]    |
[INFO] [stderr] help: consider removing the workspace dependency `criterion`
[INFO] [stderr] warning: unused workspace dependency `rand`
[INFO] [stderr]   --> Cargo.toml:31:1
[INFO] [stderr]    |
[INFO] [stderr] 31 | rand = "0.10.2"
[INFO] [stderr]    | ^^^^
[INFO] [stderr]    |
[INFO] [stderr] help: consider removing the workspace dependency `rand`
[INFO] [stderr] warning: unused workspace dependency `tokio`
[INFO] [stderr]   --> Cargo.toml:64:25
[INFO] [stderr]    |
[INFO] [stderr] 64 | [workspace.dependencies.tokio]
[INFO] [stderr]    |                         ^^^^^
[INFO] [stderr]    |
[INFO] [stderr] help: consider removing the workspace dependency `tokio`
[INFO] [stderr] warning: workspace (manifest) generated 6 warnings
[INFO] [stderr]    Compiling rtpd-srtp v0.1.0 (/opt/rustwide/workdir/crates/rtpd-srtp)
[INFO] [stderr]    Compiling rtpd-core v0.1.0 (/opt/rustwide/workdir/crates/rtpd-core)
[INFO] [stderr]    Compiling rtpd-sdp v0.1.0 (/opt/rustwide/workdir/crates/rtpd-sdp)
[INFO] [stderr]    Compiling rtpd-media v0.1.0 (/opt/rustwide/workdir/crates/rtpd-media)
[INFO] [stderr]    Compiling rtpd-ng v0.1.0 (/opt/rustwide/workdir/crates/rtpd-ng)
[INFO] [stderr]    Compiling rtpd v0.1.0 (/opt/rustwide/workdir/crates/rtpd)
[INFO] [stderr]     Finished `test` profile [unoptimized + debuginfo] target(s) in 4.50s
[INFO] running `Command { std: "docker" "inspect" "fdaf22cac8ad631866ca0f8665fb953112f2f95e9103519fdbb61517557540b8", kill_on_drop: false }`
[INFO] running `Command { std: "docker" "exec" "-e" "SOURCE_DIR=/opt/rustwide/workdir" "-e" "CARGO_HOME=/opt/rustwide/cargo-home" "-e" "RUSTUP_HOME=/opt/rustwide/rustup-home" "-e" "CARGO_TARGET_DIR=/opt/rustwide/target" "-e" "CARGO_INCREMENTAL=0" "-e" "RUST_BACKTRACE=full" "-e" "RUSTFLAGS=--cap-lints=warn" "-e" "RUSTDOCFLAGS=--cap-lints=warn" "-w" "/opt/rustwide/workdir" "--user" "0:0" "fdaf22cac8ad631866ca0f8665fb953112f2f95e9103519fdbb61517557540b8" "/opt/rustwide/cargo-home/bin/cargo" "+1.100.0-beta.1" "test" "--frozen", kill_on_drop: false }`
[INFO] [stderr] warning: unused workspace dependency `anyhow`
[INFO] [stderr]   --> Cargo.toml:23:1
[INFO] [stderr]    |
[INFO] [stderr] 23 | anyhow = "1.0.104"
[INFO] [stderr]    | ^^^^^^
[INFO] [stderr]    |
[INFO] [stderr]    = note: `cargo::unused_workspace_dependencies` is set to `warn` by default
[INFO] [stderr] help: consider removing the workspace dependency `anyhow`
[INFO] [stderr] warning: unused workspace dependency `bytes`
[INFO] [stderr]   --> Cargo.toml:26:1
[INFO] [stderr]    |
[INFO] [stderr] 26 | bytes = "1.12.1"
[INFO] [stderr]    | ^^^^^
[INFO] [stderr]    |
[INFO] [stderr] help: consider removing the workspace dependency `bytes`
[INFO] [stderr] warning: unused workspace dependency `clap`
[INFO] [stderr]   --> Cargo.toml:37:25
[INFO] [stderr]    |
[INFO] [stderr] 37 | [workspace.dependencies.clap]
[INFO] [stderr]    |                         ^^^^
[INFO] [stderr]    |
[INFO] [stderr] help: consider removing the workspace dependency `clap`
[INFO] [stderr] warning: unused workspace dependency `criterion`
[INFO] [stderr]   --> Cargo.toml:27:1
[INFO] [stderr]    |
[INFO] [stderr] 27 | criterion = "0.8.2"
[INFO] [stderr]    | ^^^^^^^^^
[INFO] [stderr]    |
[INFO] [stderr] help: consider removing the workspace dependency `criterion`
[INFO] [stderr] warning: unused workspace dependency `rand`
[INFO] [stderr]   --> Cargo.toml:31:1
[INFO] [stderr]    |
[INFO] [stderr] 31 | rand = "0.10.2"
[INFO] [stderr]    | ^^^^
[INFO] [stderr]    |
[INFO] [stderr] help: consider removing the workspace dependency `rand`
[INFO] [stderr] warning: unused workspace dependency `tokio`
[INFO] [stderr]   --> Cargo.toml:64:25
[INFO] [stderr]    |
[INFO] [stderr] 64 | [workspace.dependencies.tokio]
[INFO] [stderr]    |                         ^^^^^
[INFO] [stderr]    |
[INFO] [stderr] help: consider removing the workspace dependency `tokio`
[INFO] [stderr] warning: workspace (manifest) generated 6 warnings
[INFO] [stderr]     Finished `test` profile [unoptimized + debuginfo] target(s) in 0.12s
[INFO] [stderr]      Running unittests src/main.rs (/opt/rustwide/target/debug/build/rtpd/cf1fc4e0c3e29387/out/rtpd-cf1fc4e0c3e29387)
[INFO] [stdout] 
[INFO] [stdout] running 29 tests
[INFO] [stdout] test config::tests::an_explicit_worker_count_is_honoured ... ok
[INFO] [stdout] test config::tests::optional_tables_fall_back_to_the_contract_defaults ... ok
[INFO] [stdout] test config::tests::advertising_the_unspecified_address_is_refused ... ok
[INFO] [stdout] test http::tests::an_impossible_call_id_in_the_path_is_a_404 ... ok
[INFO] [stdout] test http::tests::healthz_reports_ready_then_draining ... ok
[INFO] [stdout] test config::tests::mismatched_address_families_are_refused ... ok
[INFO] [stdout] test config::tests::nonsensical_port_ranges_are_refused ... ok
[INFO] [stdout] test json::tests::a_listing_is_a_json_array ... ok
[INFO] [stdout] test config::tests::an_unknown_key_is_a_startup_failure_not_a_warning ... ok
[INFO] [stdout] test http::tests::sessions_is_an_array_and_a_missing_one_is_a_404 ... ok
[INFO] [stdout] test http::tests::metrics_are_served_in_the_prometheus_content_type ... ok
[INFO] [stdout] test http::tests::unknown_paths_are_404_and_query_strings_are_ignored ... ok
[INFO] [stdout] test json::tests::an_unlatched_stream_reports_a_null_peer ... ok
[INFO] [stdout] test http::tests::a_non_get_method_is_refused ... ok
[INFO] [stdout] test http::tests::a_real_request_gets_a_well_framed_response ... ok
[INFO] [stdout] test json::tests::ipv6_peers_render_with_their_brackets ... ok
[INFO] [stdout] test json::tests::matches_the_contract_example ... ok
[INFO] [stdout] test config::tests::the_contract_example_parses_exactly ... ok
[INFO] [stdout] test config::tests::an_unknown_log_format_is_refused ... ok
[INFO] [stdout] test manager::tests::a_transport_change_across_the_security_boundary_is_refused ... ok
[INFO] [stdout] test manager::tests::a_reoffer_keeps_the_same_ports ... ok
[INFO] [stdout] test manager::tests::commands_for_an_unknown_dialog_are_refused ... ok
[INFO] [stdout] test manager::tests::a_dtls_offer_is_refused_rather_than_stripped_into_a_broken_call ... ok
[INFO] [stdout] test manager::tests::running_out_of_ports_fails_the_command_without_leaking ... ok
[INFO] [stdout] test json::tests::escaping_covers_everything_json_forbids ... ok
[INFO] [stdout] test manager::tests::allocation_spills_across_workers_rather_than_refusing_while_ports_are_free ... ok
[INFO] [stdout] test manager::tests::query_reports_totals_without_touching_the_session ... ok
[INFO] [stdout] test manager::tests::a_full_call_sets_up_relays_media_and_tears_down ... ok
[INFO] [stderr]      Running unittests src/lib.rs (/opt/rustwide/target/debug/build/rtpd-core/073601afac9b5749/out/rtpd_core-073601afac9b5749)
[INFO] [stdout] test manager::tests::a_third_party_cannot_take_over_a_live_call ... ok
[INFO] [stdout] 
[INFO] [stdout] test result: ok. 29 passed; 0 failed; 0 ignored; 0 measured; 0 filtered out; finished in 0.90s
[INFO] [stdout] 
[INFO] [stdout] 
[INFO] [stdout] running 29 tests
[INFO] [stdout] test error::tests::public_reasons_are_short_and_plain_ascii ... ok
[INFO] [stdout] test id::tests::accepts_a_realistic_call_id ... ok
[INFO] [stdout] test id::tests::rejects_identifiers_that_would_escape_a_log_line_or_a_url_path ... ok
[INFO] [stdout] test id::tests::enforces_the_contract_length_bounds ... ok
[INFO] [stdout] test metrics::tests::nanosecond_formatting_is_exact ... ok
[INFO] [stdout] test metrics::tests::counters_add_up ... ok
[INFO] [stdout] test metrics::tests::histogram_buckets_are_cumulative_and_end_at_inf ... ok
[INFO] [stdout] test error::tests::detail_never_reaches_the_public_reason ... ok
[INFO] [stdout] test session::tests::answered_but_silent_sessions_fall_back_to_creation_time ... ok
[INFO] [stdout] test table::tests::insert_get_remove_round_trips ... ok
[INFO] [stdout] test table::tests::reaping_returns_the_session_and_its_reason ... ok
[INFO] [stdout] test table::tests::reinserting_the_same_call_id_does_not_double_count ... ok
[INFO] [stdout] test session::tests::shared_state_publishes_the_latched_peer ... ok
[INFO] [stdout] test time::tests::the_clock_moves_forward ... ok
[INFO] [stdout] test session::tests::unanswered_sessions_are_reaped_on_the_short_timeout ... ok
[INFO] [stdout] test table::tests::drain_empties_every_shard ... ok
[INFO] [stdout] test session::tests::direction_reverses_for_the_far_side ... ok
[INFO] [stdout] test table::tests::the_session_limit_is_enforced ... ok
[INFO] [stdout] test time::tests::elapsed_saturates_instead_of_wrapping ... ok
[INFO] [stdout] test metrics::tests::batch_size_histogram_records_counts_not_seconds ... ok
[INFO] [stdout] test table::tests::shard_assignment_is_stable ... ok
[INFO] [stdout] test session::tests::summary_lists_side_a_before_side_b ... ok
[INFO] [stdout] test session::tests::transport_family_swap_preserves_feedback ... ok
[INFO] [stdout] test time::tests::wall_clock_is_after_the_epoch ... ok
[INFO] [stdout] test time::tests::timeouts_fire_on_the_boundary ... ok
[INFO] [stdout] test session::tests::answered_sessions_are_reaped_on_silence_not_on_age ... ok
[INFO] [stdout] test id::tests::tags_report_the_field_they_came_from ... ok
[INFO] [stdout] test metrics::tests::exposition_carries_every_contract_metric ... ok
[INFO] [stdout] test table::tests::shards_are_reasonably_balanced ... ok
[INFO] [stdout] 
[INFO] [stdout] test result: ok. 29 passed; 0 failed; 0 ignored; 0 measured; 0 filtered out; finished in 0.03s
[INFO] [stdout] 
[INFO] [stderr]      Running unittests src/lib.rs (/opt/rustwide/target/debug/build/rtpd-media/4ce9f64bf1e71646/out/rtpd_media-4ce9f64bf1e71646)
[INFO] [stdout] 
[INFO] [stdout] running 51 tests
[INFO] [stdout] test batch::tests::sending_nothing_is_not_an_error ... ok
[INFO] [stdout] test batch::tests::a_batch_is_capped_at_max_batch ... ok
[INFO] [stdout] test latch::tests::a_third_party_cannot_steal_a_latched_stream ... ok
[INFO] [stdout] test batch::tests::a_batch_carries_every_packet_with_its_source ... ok
[INFO] [stdout] test batch::tests::an_empty_socket_returns_nothing_rather_than_blocking ... ok
[INFO] [stdout] test batch::tests::packets_survive_a_relay_hop_byte_for_byte ... ok
[INFO] [stdout] test latch::tests::a_port_change_at_the_same_host_is_a_nat_rebinding_not_an_attack ... ok
[INFO] [stdout] test affinity::tests::core_count_is_at_least_one ... ok
[INFO] [stdout] test latch::tests::a_reoffer_can_reset_the_latch ... ok
[INFO] [stdout] test latch::tests::trust_address_only_latches_to_the_advertised_host ... ok
[INFO] [stdout] test poll::tests::the_wakeup_token_cannot_collide_with_a_slot_index ... ok
[INFO] [stdout] test batch::tests::only_the_selected_packets_are_forwarded_and_in_order ... ok
[INFO] [stdout] test batch::tests::an_oversized_datagram_cannot_report_a_length_past_the_buffer ... ok
[INFO] [stdout] test affinity::tests::pinning_to_an_impossible_core_reports_failure_rather_than_dying ... ok
[INFO] [stdout] test poll::tests::a_registered_socket_with_data_is_reported_ready ... ok
[INFO] [stdout] test ports::tests::slot_indices_are_dense_and_start_at_zero ... ok
[INFO] [stdout] test rtp::tests::accounts_for_csrcs_and_header_extensions ... ok
[INFO] [stdout] test ports::tests::partitioning_across_more_workers_than_ports_does_not_overlap ... ok
[INFO] [stdout] test latch::tests::with_nothing_to_go_on_packets_are_dropped_as_unlatched ... ok
[INFO] [stdout] test ports::tests::a_double_release_is_ignored ... ok
[INFO] [stdout] test latch::tests::without_symmetric_the_advertised_host_is_still_accepted ... ok
[INFO] [stdout] test ports::tests::a_degenerate_range_yields_an_allocator_that_simply_fails ... ok
[INFO] [stdout] test rtp::tests::a_compound_whose_lengths_do_not_tile_the_datagram_is_rejected ... ok
[INFO] [stdout] test rtp::tests::a_header_that_claims_more_than_it_carries_is_rejected ... ok
[INFO] [stdout] test ports::tests::released_pairs_go_to_the_back_of_the_queue ... ok
[INFO] [stdout] test ports::tests::an_odd_base_is_rounded_up_rather_than_used ... ok
[INFO] [stdout] test rtp::tests::arbitrary_payloads_do_not_validate_as_media ... ok
[INFO] [stdout] test ports::tests::hands_out_even_odd_pairs_in_range ... ok
[INFO] [stdout] test latch::tests::ipv4_mapped_ipv6_sources_match_their_ipv4_advertisement ... ok
[INFO] [stdout] test rtp::tests::short_and_wrong_version_packets_are_rejected ... ok
[INFO] [stdout] test rtp::tests::walks_a_compound_packet ... ok
[INFO] [stdout] test rtp::tests::mux_demultiplexing_follows_rfc_5761 ... ok
[INFO] [stdout] test rtp::tests::parses_a_plain_rtp_packet ... ok
[INFO] [stdout] test signal::tests::installing_is_not_fatal_on_any_platform ... ok
[INFO] [stdout] test signal::tests::the_terminate_flag_round_trips ... ok
[INFO] [stdout] test socket::tests::ipv6_sockets_bind_too ... ok
[INFO] [stdout] test rtp::tests::the_rtcp_length_field_is_words_minus_one ... ok
[INFO] [stdout] test rtp::tests::drop_reasons_map_onto_the_contract_labels ... ok
[INFO] [stdout] test rtp::tests::reads_the_marker_bit_without_confusing_it_for_a_payload_type ... ok
[INFO] [stdout] test socket::tests::a_media_port_cannot_be_bound_twice ... ok
[INFO] [stdout] test rtp::tests::parses_an_rtcp_receiver_report ... ok
[INFO] [stdout] test socket::tests::binds_a_media_socket_with_the_requested_options ... ok
[INFO] [stdout] test poll::tests::deregistering_removes_the_token ... ok
[INFO] [stdout] test poll::tests::waiting_with_nothing_registered_returns_promptly ... ok
[INFO] [stdout] test latch::tests::symmetric_latching_adopts_the_first_source ... ok
[INFO] [stdout] test ports::tests::partitioning_gives_workers_disjoint_even_aligned_slices ... ok
[INFO] [stdout] test worker::tests::junk_is_neither_forwarded_nor_allowed_to_latch ... ok
[INFO] [stdout] test socket::tests::a_control_socket_blocks_rather_than_spinning ... ok
[INFO] [stdout] test worker::tests::a_third_party_cannot_redirect_a_latched_stream ... ok
[INFO] [stdout] test worker::tests::removing_a_stream_returns_its_ports ... ok
[INFO] [stdout] test worker::tests::a_packet_crosses_from_one_leg_to_the_other_unchanged ... FAILED
[INFO] [stdout] 
[INFO] [stdout] failures:
[INFO] [stdout] 
[INFO] [stdout] ---- worker::tests::a_packet_crosses_from_one_leg_to_the_other_unchanged stdout ----
[INFO] [stdout] 
[INFO] [stdout] thread 'worker::tests::a_packet_crosses_from_one_leg_to_the_other_unchanged' (1371) panicked at crates/rtpd-media/src/worker.rs:848:9:
[INFO] [stdout] assertion failed: harness.metrics.forwarded(Proto::Rtp) >= 1
[INFO] [stdout] stack backtrace:
[INFO] [stdout]    0:     0x55fc88cdaf31 - std[617be2ca0a6fd877]::backtrace_rs::backtrace::libunwind::trace
[INFO] [stdout]                                at /rustc/e3feeb59cd1bdd011a2bfcc0747b55125d9b8527/library/std/src/../../backtrace/src/backtrace/libunwind.rs:117:9
[INFO] [stdout]    1:     0x55fc88cdaf31 - std[617be2ca0a6fd877]::backtrace_rs::backtrace::trace_unsynchronized::<std[617be2ca0a6fd877]::sys::backtrace::_print_fmt::{closure#1}>
[INFO] [stdout]                                at /rustc/e3feeb59cd1bdd011a2bfcc0747b55125d9b8527/library/std/src/../../backtrace/src/backtrace/mod.rs:66:14
[INFO] [stdout]    2:     0x55fc88cdaf31 - std[617be2ca0a6fd877]::sys::backtrace::_print_fmt
[INFO] [stdout]                                at /rustc/e3feeb59cd1bdd011a2bfcc0747b55125d9b8527/library/std/src/sys/backtrace.rs:74:9
[INFO] [stdout]    3:     0x55fc88cdaf31 - <<std[617be2ca0a6fd877]::sys::backtrace::BacktraceLock>::print::DisplayBacktrace as core[a373ad73a504971]::fmt::Display>::fmt
[INFO] [stdout]                                at /rustc/e3feeb59cd1bdd011a2bfcc0747b55125d9b8527/library/std/src/sys/backtrace.rs:44:26
[INFO] [stdout]    4:     0x55fc88cefe2a - <core[a373ad73a504971]::fmt::rt::Argument>::fmt
[INFO] [stdout]                                at /rustc/e3feeb59cd1bdd011a2bfcc0747b55125d9b8527/library/core/src/fmt/rt.rs:152:76
[INFO] [stdout]    5:     0x55fc88cefe2a - core[a373ad73a504971]::fmt::write
[INFO] [stdout]    6:     0x55fc88cdf2fc - core[a373ad73a504971]::io::write::default_write_fmt::<alloc[2e1b2a31b91974c5]::vec::Vec<u8>>
[INFO] [stdout]                                at /rustc/e3feeb59cd1bdd011a2bfcc0747b55125d9b8527/library/core/src/io/write.rs:402:11
[INFO] [stdout]    7:     0x55fc88cdf2fc - <alloc[2e1b2a31b91974c5]::vec::Vec<u8> as core[a373ad73a504971]::io::write::Write>::write_fmt
[INFO] [stdout]                                at /rustc/e3feeb59cd1bdd011a2bfcc0747b55125d9b8527/library/core/src/io/write.rs:335:13
[INFO] [stdout]    8:     0x55fc88cb6af6 - <std[617be2ca0a6fd877]::sys::backtrace::BacktraceLock>::print
[INFO] [stdout]                                at /rustc/e3feeb59cd1bdd011a2bfcc0747b55125d9b8527/library/std/src/sys/backtrace.rs:47:9
[INFO] [stdout]    9:     0x55fc88cb6af6 - std[617be2ca0a6fd877]::panicking::default_hook::{closure#0}
[INFO] [stdout]                                at /rustc/e3feeb59cd1bdd011a2bfcc0747b55125d9b8527/library/std/src/panicking.rs:289:27
[INFO] [stdout]   10:     0x55fc88cd3219 - std[617be2ca0a6fd877]::panicking::default_hook
[INFO] [stdout]                                at /rustc/e3feeb59cd1bdd011a2bfcc0747b55125d9b8527/library/std/src/panicking.rs:313:9
[INFO] [stdout]   11:     0x55fc88c5eef0 - <alloc[2e1b2a31b91974c5]::boxed::Box<dyn for<'a, 'b> core[a373ad73a504971]::ops::function::Fn<(&'a std[617be2ca0a6fd877]::panic::PanicHookInfo<'b>,), Output = ()> + core[a373ad73a504971]::marker::Sync + core[a373ad73a504971]::marker::Send> as core[a373ad73a504971]::ops::function::Fn<(&std[617be2ca0a6fd877]::panic::PanicHookInfo,)>>::call
[INFO] [stdout]                                at /rustc/e3feeb59cd1bdd011a2bfcc0747b55125d9b8527/library/alloc/src/boxed.rs:2328:9
[INFO] [stdout]   12:     0x55fc88c5eef0 - test[aada8e7e76ba119b]::test_main_inner::{closure#0}
[INFO] [stdout]                                at /rustc/e3feeb59cd1bdd011a2bfcc0747b55125d9b8527/library/test/src/lib.rs:137:21
[INFO] [stdout]   13:     0x55fc88cd33d2 - <alloc[2e1b2a31b91974c5]::boxed::Box<dyn for<'a, 'b> core[a373ad73a504971]::ops::function::Fn<(&'a std[617be2ca0a6fd877]::panic::PanicHookInfo<'b>,), Output = ()> + core[a373ad73a504971]::marker::Sync + core[a373ad73a504971]::marker::Send> as core[a373ad73a504971]::ops::function::Fn<(&std[617be2ca0a6fd877]::panic::PanicHookInfo,)>>::call
[INFO] [stdout]                                at /rustc/e3feeb59cd1bdd011a2bfcc0747b55125d9b8527/library/alloc/src/boxed.rs:2328:9
[INFO] [stdout]   14:     0x55fc88cd33d2 - std[617be2ca0a6fd877]::panicking::panic_with_hook
[INFO] [stdout]                                at /rustc/e3feeb59cd1bdd011a2bfcc0747b55125d9b8527/library/std/src/panicking.rs:819:13
[INFO] [stdout]   15:     0x55fc88cb6bd4 - std[617be2ca0a6fd877]::panicking::panic_handler::{closure#0}
[INFO] [stdout]                                at /rustc/e3feeb59cd1bdd011a2bfcc0747b55125d9b8527/library/std/src/panicking.rs:678:13
[INFO] [stdout]   16:     0x55fc88caf889 - std[617be2ca0a6fd877]::sys::backtrace::__rust_end_short_backtrace::<std[617be2ca0a6fd877]::panicking::panic_handler::{closure#0}, !>
[INFO] [stdout]                                at /rustc/e3feeb59cd1bdd011a2bfcc0747b55125d9b8527/library/std/src/sys/backtrace.rs:182:18
[INFO] [stdout]   17:     0x55fc88cb77ad - __rustc[ea4f61d10b84890b]::rust_begin_unwind
[INFO] [stdout]                                at /rustc/e3feeb59cd1bdd011a2bfcc0747b55125d9b8527/library/std/src/panicking.rs:676:5
[INFO] [stdout]   18:     0x55fc88cf064c - core[a373ad73a504971]::panicking::panic_fmt
[INFO] [stdout]                                at /rustc/e3feeb59cd1bdd011a2bfcc0747b55125d9b8527/library/core/src/panicking.rs:80:14
[INFO] [stdout]   19:     0x55fc88cf0612 - core[a373ad73a504971]::panicking::panic
[INFO] [stdout]                                at /rustc/e3feeb59cd1bdd011a2bfcc0747b55125d9b8527/library/core/src/panicking.rs:150:5
[INFO] [stdout]   20:     0x55fc88c211c5 - rtpd_media[f0394bfbb939810e]::worker::tests::a_packet_crosses_from_one_leg_to_the_other_unchanged
[INFO] [stdout]                                at /opt/rustwide/workdir/crates/rtpd-media/src/worker.rs:848:9
[INFO] [stdout]   21:     0x55fc88c188e7 - rtpd_media[f0394bfbb939810e]::worker::tests::a_packet_crosses_from_one_leg_to_the_other_unchanged::{closure#0}
[INFO] [stdout]                                at /opt/rustwide/workdir/crates/rtpd-media/src/worker.rs:820:62
[INFO] [stdout]   22:     0x55fc88c3a6b6 - <rtpd_media[f0394bfbb939810e]::worker::tests::a_packet_crosses_from_one_leg_to_the_other_unchanged::{closure#0} as core[a373ad73a504971]::ops::function::FnOnce<()>>::call_once
[INFO] [stdout]                                at /rustc/e3feeb59cd1bdd011a2bfcc0747b55125d9b8527/library/core/src/ops/function.rs:250:5
[INFO] [stdout]   23:     0x55fc88c5233b - <fn() -> core[a373ad73a504971]::result::Result<(), alloc[2e1b2a31b91974c5]::string::String> as core[a373ad73a504971]::ops::function::FnOnce<()>>::call_once
[INFO] [stdout]                                at /rustc/e3feeb59cd1bdd011a2bfcc0747b55125d9b8527/library/core/src/ops/function.rs:250:5
[INFO] [stdout]   24:     0x55fc88c5233b - test[aada8e7e76ba119b]::__rust_begin_short_backtrace::<core[a373ad73a504971]::result::Result<(), alloc[2e1b2a31b91974c5]::string::String>, fn() -> core[a373ad73a504971]::result::Result<(), alloc[2e1b2a31b91974c5]::string::String>>
[INFO] [stdout]                                at /rustc/e3feeb59cd1bdd011a2bfcc0747b55125d9b8527/library/test/src/lib.rs:701:18
[INFO] [stdout]   25:     0x55fc88c5f515 - test[aada8e7e76ba119b]::run_test_in_process::{closure#0}
[INFO] [stdout]                                at /rustc/e3feeb59cd1bdd011a2bfcc0747b55125d9b8527/library/test/src/lib.rs:724:74
[INFO] [stdout]   26:     0x55fc88c5f515 - <core[a373ad73a504971]::panic::unwind_safe::AssertUnwindSafe<test[aada8e7e76ba119b]::run_test_in_process::{closure#0}> as core[a373ad73a504971]::ops::function::FnOnce<()>>::call_once
[INFO] [stdout]                                at /rustc/e3feeb59cd1bdd011a2bfcc0747b55125d9b8527/library/core/src/panic/unwind_safe.rs:275:9
[INFO] [stdout]   27:     0x55fc88c5f515 - std[617be2ca0a6fd877]::panicking::catch_unwind::do_call::<core[a373ad73a504971]::panic::unwind_safe::AssertUnwindSafe<test[aada8e7e76ba119b]::run_test_in_process::{closure#0}>, core[a373ad73a504971]::result::Result<(), alloc[2e1b2a31b91974c5]::string::String>>
[INFO] [stdout]                                at /rustc/e3feeb59cd1bdd011a2bfcc0747b55125d9b8527/library/std/src/panicking.rs:573:43
[INFO] [stdout]   28:     0x55fc88c5f515 - std[617be2ca0a6fd877]::panicking::catch_unwind::<core[a373ad73a504971]::result::Result<(), alloc[2e1b2a31b91974c5]::string::String>, core[a373ad73a504971]::panic::unwind_safe::AssertUnwindSafe<test[aada8e7e76ba119b]::run_test_in_process::{closure#0}>>
[INFO] [stdout]                                at /rustc/e3feeb59cd1bdd011a2bfcc0747b55125d9b8527/library/std/src/panicking.rs:541:19
[INFO] [stdout]   29:     0x55fc88c5f515 - std[617be2ca0a6fd877]::panic::catch_unwind::<core[a373ad73a504971]::panic::unwind_safe::AssertUnwindSafe<test[aada8e7e76ba119b]::run_test_in_process::{closure#0}>, core[a373ad73a504971]::result::Result<(), alloc[2e1b2a31b91974c5]::string::String>>
[INFO] [stdout]                                at /rustc/e3feeb59cd1bdd011a2bfcc0747b55125d9b8527/library/std/src/panic.rs:359:14
[INFO] [stdout]   30:     0x55fc88c5f515 - test[aada8e7e76ba119b]::run_test_in_process
[INFO] [stdout]                                at /rustc/e3feeb59cd1bdd011a2bfcc0747b55125d9b8527/library/test/src/lib.rs:724:27
[INFO] [stdout]   31:     0x55fc88c5f515 - test[aada8e7e76ba119b]::run_test::{closure#0}
[INFO] [stdout]                                at /rustc/e3feeb59cd1bdd011a2bfcc0747b55125d9b8527/library/test/src/lib.rs:645:43
[INFO] [stdout]   32:     0x55fc88c58e04 - test[aada8e7e76ba119b]::run_test::{closure#1}
[INFO] [stdout]                                at /rustc/e3feeb59cd1bdd011a2bfcc0747b55125d9b8527/library/test/src/lib.rs:675:41
[INFO] [stdout]   33:     0x55fc88c58e04 - std[617be2ca0a6fd877]::sys::backtrace::__rust_begin_short_backtrace::<test[aada8e7e76ba119b]::run_test::{closure#1}, ()>
[INFO] [stdout]                                at /rustc/e3feeb59cd1bdd011a2bfcc0747b55125d9b8527/library/std/src/sys/backtrace.rs:166:18
[INFO] [stdout]   34:     0x55fc88c625a2 - std[617be2ca0a6fd877]::thread::lifecycle::spawn_unchecked::<test[aada8e7e76ba119b]::run_test::{closure#1}, ()>::{closure#1}::{closure#0}
[INFO] [stdout]                                at /rustc/e3feeb59cd1bdd011a2bfcc0747b55125d9b8527/library/std/src/thread/lifecycle.rs:70:13
[INFO] [stdout]   35:     0x55fc88c625a2 - <core[a373ad73a504971]::panic::unwind_safe::AssertUnwindSafe<std[617be2ca0a6fd877]::thread::lifecycle::spawn_unchecked<test[aada8e7e76ba119b]::run_test::{closure#1}, ()>::{closure#1}::{closure#0}> as core[a373ad73a504971]::ops::function::FnOnce<()>>::call_once
[INFO] [stdout]                                at /rustc/e3feeb59cd1bdd011a2bfcc0747b55125d9b8527/library/core/src/panic/unwind_safe.rs:275:9
[INFO] [stdout]   36:     0x55fc88c625a2 - std[617be2ca0a6fd877]::panicking::catch_unwind::do_call::<core[a373ad73a504971]::panic::unwind_safe::AssertUnwindSafe<std[617be2ca0a6fd877]::thread::lifecycle::spawn_unchecked<test[aada8e7e76ba119b]::run_test::{closure#1}, ()>::{closure#1}::{closure#0}>, ()>
[INFO] [stdout]                                at /rustc/e3feeb59cd1bdd011a2bfcc0747b55125d9b8527/library/std/src/panicking.rs:573:43
[INFO] [stdout]   37:     0x55fc88c625a2 - std[617be2ca0a6fd877]::panicking::catch_unwind::<(), core[a373ad73a504971]::panic::unwind_safe::AssertUnwindSafe<std[617be2ca0a6fd877]::thread::lifecycle::spawn_unchecked<test[aada8e7e76ba119b]::run_test::{closure#1}, ()>::{closure#1}::{closure#0}>>
[INFO] [stdout]                                at /rustc/e3feeb59cd1bdd011a2bfcc0747b55125d9b8527/library/std/src/panicking.rs:541:19
[INFO] [stdout]   38:     0x55fc88c625a2 - std[617be2ca0a6fd877]::panic::catch_unwind::<core[a373ad73a504971]::panic::unwind_safe::AssertUnwindSafe<std[617be2ca0a6fd877]::thread::lifecycle::spawn_unchecked<test[aada8e7e76ba119b]::run_test::{closure#1}, ()>::{closure#1}::{closure#0}>, ()>
[INFO] [stdout]                                at /rustc/e3feeb59cd1bdd011a2bfcc0747b55125d9b8527/library/std/src/panic.rs:359:14
[INFO] [stdout]   39:     0x55fc88c625a2 - std[617be2ca0a6fd877]::thread::lifecycle::spawn_unchecked::<test[aada8e7e76ba119b]::run_test::{closure#1}, ()>::{closure#1}
[INFO] [stdout]                                at /rustc/e3feeb59cd1bdd011a2bfcc0747b55125d9b8527/library/std/src/thread/lifecycle.rs:68:26
[INFO] [stdout]   40:     0x55fc88c625a2 - <std[617be2ca0a6fd877]::thread::lifecycle::spawn_unchecked<test[aada8e7e76ba119b]::run_test::{closure#1}, ()>::{closure#1} as core[a373ad73a504971]::ops::function::FnOnce<()>>::call_once::{shim:vtable#0}
[INFO] [stdout]                                at /rustc/e3feeb59cd1bdd011a2bfcc0747b55125d9b8527/library/core/src/ops/function.rs:250:5
[INFO] [stdout]   41:     0x55fc88cda5ef - <alloc[2e1b2a31b91974c5]::boxed::Box<dyn core[a373ad73a504971]::ops::function::FnOnce<(), Output = ()> + core[a373ad73a504971]::marker::Send> as core[a373ad73a504971]::ops::function::FnOnce<()>>::call_once
[INFO] [stdout]                                at /rustc/e3feeb59cd1bdd011a2bfcc0747b55125d9b8527/library/alloc/src/boxed.rs:2314:9
[INFO] [stdout]   42:     0x55fc88cda5ef - <std[617be2ca0a6fd877]::sys::thread::unix::Thread>::new::thread_start
[INFO] [stdout]                                at /rustc/e3feeb59cd1bdd011a2bfcc0747b55125d9b8527/library/std/src/sys/thread/unix.rs:127:17
[INFO] [stdout]   43:     0x7912c25f5dfa - <unknown>
[INFO] [stdout]   44:     0x7912c26893d4 - clone
[INFO] [stdout]   45:                0x0 - <unknown>
[INFO] [stdout] 
[INFO] [stdout] 
[INFO] [stdout] failures:
[INFO] [stdout]     worker::tests::a_packet_crosses_from_one_leg_to_the_other_unchanged
[INFO] [stdout] 
[INFO] [stdout] test result: FAILED. 50 passed; 1 failed; 0 ignored; 0 measured; 0 filtered out; finished in 0.08s
[INFO] [stdout] 
[INFO] [stderr] error: test failed, to rerun pass `-p rtpd-media --lib`
[INFO] running `Command { std: "docker" "inspect" "fdaf22cac8ad631866ca0f8665fb953112f2f95e9103519fdbb61517557540b8", kill_on_drop: false }`
[INFO] running `Command { std: "docker" "rm" "-f" "fdaf22cac8ad631866ca0f8665fb953112f2f95e9103519fdbb61517557540b8", kill_on_drop: false }`
[INFO] [stdout] fdaf22cac8ad631866ca0f8665fb953112f2f95e9103519fdbb61517557540b8
